07-27 11:20:03.557 I/chatty (23658): uid=10231(com.yishouapp.fumi) expire 2 lines
07-27 11:20:03.559 D/ActivityTrigger( 1699): activityResumeTrigger: The activity in ApplicationInfo{88732d9 com.yishouapp.fumi} is now in focus and seems to be in full-screen mode
07-27 11:20:03.559 E/ActivityTrigger( 1699): activityResumeTrigger: not whiteListedcom.yishouapp.fumi/com.yishouapp.fumi.activity.VideoListActivity/430
07-27 11:20:03.577 I/chatty (23658): uid=10231(com.yishouapp.fumi) expire 9 lines
07-27 11:20:03.578 V/MediaRouterService( 1699): restoreBluetoothA2dp(false)
07-27 11:20:03.578 D/AudioPolicyManagerCustom( 1196): setForceUse() usage 1, config 10, mPhoneState 0
07-27 11:20:03.591 V/WindowManager( 1699): Changing focus from null to Window{914263 u0 com.yishouapp.fumi/com.yishouapp.fumi.activity.VideoListActivity}
07-27 11:20:03.599 I/chatty (23658): uid=10231(com.yishouapp.fumi) expire 22 lines
07-27 11:20:03.606 D/xx ( 2513): setInputState isInput=false isPre=false
07-27 11:20:03.606 D/xx ( 2513): updateKeyboardKeys mComposer.update ComposingText()=
07-27 11:20:03.617 D/audio_hw_utils( 711): audio_extn_utils_compress_get_dsp_latency:: Using Fix DSP delay
07-27 11:20:03.617 D/audio_hw_utils( 711): audio_extn_utils_compress_get_dsp_latency:: delay in ms is 50
07-27 11:20:03.637 D/audio_hw_utils( 711): audio_extn_utils_compress_get_dsp_latency:: Using Fix DSP delay
07-27 11:20:03.637 D/audio_hw_utils( 711): audio_extn_utils_compress_get_dsp_latency:: delay in ms is 50
07-27 11:20:03.657 D/audio_hw_utils( 711): audio_extn_utils_compress_get_dsp_latency:: Using Fix DSP delay
07-27 11:20:03.657 D/audio_hw_utils( 711): audio_extn_utils_compress_get_dsp_latency:: delay in ms is 50
07-27 11:20:03.678 D/audio_hw_utils( 711): audio_extn_utils_compress_get_dsp_latency:: Using Fix DSP delay
07-27 11:20:03.678 D/audio_hw_utils( 711): audio_extn_utils_compress_get_dsp_latency:: delay in ms is 50
07-27 11:20:03.697 D/audio_hw_utils( 711): audio_extn_utils_compress_get_dsp_latency:: Using Fix DSP delay
07-27 11:20:03.697 D/audio_hw_utils( 711): audio_extn_utils_compress_get_dsp_latency:: delay in ms is 50
07-27 11:20:03.697 D/audio_hw_primary( 711): copl(0xebe17800):pause compress driver
07-27 11:20:03.697 D/audio_hw_primary( 711): copl(0xebe17800):calling compress flush
07-27 11:20:03.753 D/audio_hw_primary( 711): copl(0xebe17800):out of compress flush
07-27 11:20:03.753 D/LocalSocketClient( 1196): sendMessage info 2:593,3 info length 7
07-27 11:20:03.754 D/LocalSocketClient( 1196): sendMessage end
07-27 11:20:03.754 D/LocalSocketServer( 1699): new client coming !
07-27 11:20:03.756 D/LocalSocketServer( 1699): wait for new client coming !
07-27 11:20:03.756 D/LocalSocketServer( 1699): readBytes = 7
07-27 11:20:03.756 D/LocalSocketServer( 1699): ClientSocket read info = 2:593,3
07-27 11:20:03.766 I/chatty (23909): uid=10231(com.yishouapp.fumi) MsfCoreMsgSende expire 8 lines
07-27 11:20:03.770 I/chatty (23909): uid=10231(com.yishouapp.fumi) MsfCoreSocketRe expire 12 lines
07-27 11:20:03.773 I/chatty (23909): uid=10231(com.yishouapp.fumi) MsfServiceRespH expire 4 lines
07-27 11:20:03.776 D/audio_hw_primary( 711): copl(0xebe17800):send new gapless metadata
07-27 11:20:03.777 D/APM_AudioPolicyManager( 1196): stopOutput() output 157, stream 3, session 593
07-27 11:20:03.777 D/APM_AudioPolicyManager( 1196): setOutputDevice() output 157 device 0000 force 0 delayMs 100
07-27 11:20:03.777 W/AudioFlinger( 1196): moveEffectChain_l() effect chain for session 0 not on source thread 0xe8e7d000
07-27 11:20:03.777 I/chatty (23909): uid=10231(com.yishouapp.fumi) MsfServiceAppMs expire 2 lines
07-27 11:20:03.778 D/audio_hw_primary( 711): out_set_parameters: enter: usecase(4: compress-offload-playback2) kvpairs: routing=0
07-27 11:20:03.778 D/audio_hw_utils( 711): audio_extn_utils_compress_get_dsp_latency:: Using Fix DSP delay
07-27 11:20:03.778 D/audio_hw_utils( 711): audio_extn_utils_compress_get_dsp_latency:: delay in ms is 50
07-27 11:20:03.779 D/audio_hw_primary( 711): out_set_parameters: enter: usecase(4: compress-offload-playback2) kvpairs: closing=true
07-27 11:20:03.780 D/audio_hw_primary( 711): out_set_parameters: enter: usecase(4: compress-offload-playback2) kvpairs: exiting=1
07-27 11:20:03.780 I/chatty (23658): uid=10231(com.yishouapp.fumi) expire 2 lines
07-27 11:20:03.780 D/audio_hw_primary( 711): out_standby: enter: stream (0xebe17800) usecase(4: compress-offload-playback2)
07-27 11:20:03.781 D/knowles_util( 711): +onPlayStopUpdateBaregein+
07-27 11:20:03.781 D/knowles_util( 711): BARGEIN onPlayStopUpdateBaregein : out->dev->isPlaying = 0, out->dev->isSpeakerSelected = 2
07-27 11:20:03.781 D/knowles_util( 711): setBargeinStatus = 0 1
07-27 11:20:03.781 D/knowles_st_hal( 711): ### +stdev_set_bargein+ 0 ###
07-27 11:20:03.781 D/knowles_st_hal( 711): stdev_set_bargein pthread_mutex_lock(&stdev->set_bargein_lock);
07-27 11:20:03.781 D/knowles_st_hal( 711): +stop_bargein+
07-27 11:20:03.781 D/knowles_st_hal( 711): +event_handler+ event(0)
07-27 11:20:03.781 D/knowles_st_hal( 711): +bargein_event_handler+ event(0) bargeinState(1)
07-27 11:20:03.781 D/knowles_st_hal( 711): bargein_event_handler BARGEIN_STARTED_STATE
07-27 11:20:03.781 D/knowles_st_hal( 711): bargein_event_handler receive evt :STOP_BARGEIN_EVT
07-27 11:20:03.781 D/knowles_st_hal( 711): +start_bargein_timer+
07-27 11:20:03.781 D/knowles_st_hal( 711): start_bargein_timer, Timer started
07-27 11:20:03.781 D/knowles_st_hal( 711): -start_bargein_timer-
07-27 11:20:03.781 D/knowles_st_hal( 711): bargein_event_handler timer_lock released (0)
07-27 11:20:03.781 D/knowles_st_hal( 711): -bargein_event_handler- event(0)
07-27 11:20:03.781 D/knowles_st_hal( 711): -event_handler- event(0)
07-27 11:20:03.781 D/knowles_st_hal( 711): -stop_bargein-
07-27 11:20:03.781 D/knowles_st_hal( 711): BARGEIN isTimerBargein = 0, isCvq = 0
07-27 11:20:03.781 D/knowles_st_hal( 711): ### -stdev_set_bargein- 0 ###
07-27 11:20:03.781 D/knowles_util( 711): -setBargeinStatus-
07-27 11:20:03.781 D/knowles_util( 711): -onPlayStopUpdateBaregein-
07-27 11:20:03.781 D/audio_hw_primary( 711): copl(0xebe17800):standby
07-27 11:20:03.781 I/chatty (23658): uid=10231(com.yishouapp.fumi) expire 36 lines
07-27 11:20:03.871 D/offload_visualizer( 711): thread exit
07-27 11:20:03.871 D/audio_hw_primary( 711): disable_audio_route: reset and update mixer path: compress-offload-playback2 speaker
07-27 11:20:03.872 D/hardware_info( 711): hw_info_append_hw_type : device_name = speaker
07-27 11:20:03.872 D/audio_hw_primary( 711): disable_snd_device: snd_device(2: speaker)
07-27 11:20:03.872 D/msm8974_platform( 711): platform_split_snd_device: snd_device(2) num devices(0) new_snd_devices(0)
07-27 11:20:03.872 D/knowles_util( 711): +turnBypassOff+
07-27 11:20:03.872 D/knowles_util( 711): -turnBypassOff-
07-27 11:20:03.872 D/audio_hw_primary( 711): audio_enable_asm_bit_width_enforce_mode: DSP bitwidth feature is disabled.
07-27 11:20:03.872 D/audio_hw_primary( 711): out_standby: exit
07-27 11:20:03.873 D/audio_hw_primary( 711): adev_close_output_stream: enter:stream_handle(compress-offload-playback2)
07-27 11:20:03.873 D/audio_hw_primary( 711): out_standby: enter: stream (0xebe17800) usecase(4: compress-offload-playback2)
07-27 11:20:03.873 D/audio_hw_primary( 711): out_standby: exit
07-27 11:20:03.925 I/WindowManager( 1699): handleOpeningSpecialApp (statusbar != null ) true pkg: com.oppo.launcher start: 3
07-27 11:20:03.926 I/WindowManager( 1699): handleOpeningSpecialApp (statusbar != null ) true pkg: com.coloros.recents start: 4
07-27 11:20:03.940 E/ANDR-PERF-MPCTL( 736): Invalid profile no. 0, total profiles 0 only
07-27 11:20:03.940 E/ANDR-PERF-OPTSHANDLER( 736): Max bounds check failed
07-27 11:20:03.940 E/ANDR-PERF-OPTSHANDLER( 736): Error! Perflock failed, invalid request value 49
07-27 11:20:03.940 E/ANDR-PERF-RESOURCEQS( 736): Failed to apply optimization [6, 0]
07-27 11:20:04.805 I/chatty (23683): uid=10231(com.yishouapp.fumi) pool-5-thread-1 expire 5 lines
07-27 11:20:05.264 W/ActivityManager( 1699): Duplicate finish request for ActivityRecord{c36408c u0 com.yishouapp.fumi/.activity.VideoActivity t1339 f}
07-27 11:20:05.264 E/OppoThermalService( 1699): Could not open ''
07-27 11:20:05.267 W/ActivityManager( 1699): preloadAction is 0, starting intent = cmp=com.yishouapp.fumi/.activity.VideoActivity (has extras)
07-27 11:20:05.268 I/ActivityManager( 1699): START u0 {cmp=com.yishouapp.fumi/.activity.VideoActivity (has extras)} from uid 10231 and from pid 23658
07-27 11:20:05.264 I/chatty ( 1699): uid=1000(system) Binder:1699_1F identical 1 line
07-27 11:20:05.264 E/OppoThermalService( 1699): Could not open ''
07-27 11:20:05.270 E/ANDR-PERF-MPCTL( 736): Invalid profile no. 0, total profiles 0 only
07-27 11:20:05.272 D/ActivityTrigger( 1699): activityStartTrigger: Activity is Triggerred in full screen ApplicationInfo{88732d9 com.yishouapp.fumi}
07-27 11:20:05.272 E/ActivityTrigger( 1699): activityStartTrigger: not whiteListedcom.yishouapp.fumi/com.yishouapp.fumi.activity.VideoActivity/430
07-27 11:20:05.273 D/ActivityTrigger( 1699): activityResumeTrigger: The activity in ApplicationInfo{88732d9 com.yishouapp.fumi} is now in focus and seems to be in full-screen mode
07-27 11:20:05.273 E/ActivityTrigger( 1699): activityResumeTrigger: not whiteListedcom.yishouapp.fumi/com.yishouapp.fumi.activity.VideoActivity/430
07-27 11:20:05.282 I/chatty (23658): uid=10231(com.yishouapp.fumi) expire 90 lines
07-27 11:20:05.286 I/chatty (23658): uid=10231(com.yishouapp.fumi) expire 2 lines
07-27 11:20:05.288 D/ActivityTrigger( 1699): activityResumeTrigger: The activity in ApplicationInfo{88732d9 com.yishouapp.fumi} is now in focus and seems to be in full-screen mode
07-27 11:20:05.288 E/ActivityTrigger( 1699): activityResumeTrigger: not whiteListedcom.yishouapp.fumi/com.yishouapp.fumi.activity.VideoActivity/430
07-27 11:20:05.295 V/WindowManager( 1699): Changing focus from Window{914263 u0 com.yishouapp.fumi/com.yishouapp.fumi.activity.VideoListActivity} to null
07-27 11:20:05.384 W/ContentService( 1699): Observer android.database.IContentObserver$Stub$Proxy@c73aa4d is already registered.
07-27 11:20:05.385 V/WindowManager( 1699): Changing focus from null to Window{fb12902 u0 com.yishouapp.fumi/com.yishouapp.fumi.activity.VideoActivity}
07-27 11:20:05.441 W/ContentService( 1699): Observer android.database.IContentObserver$Stub$Proxy@2794213 is already registered.
07-27 11:20:05.456 D/SurfaceFlinger( 757): duplicate layer name: changing com.yishouapp.fumi/com.yishouapp.fumi.activity.VideoActivity to com.yishouapp.fumi/com.yishouapp.fumi.activity.VideoActivity#1
07-27 11:20:05.504 I/chatty (23658): uid=10231(com.yishouapp.fumi) expire 4 lines
07-27 11:20:05.509 I/chatty (23658): uid=10231(com.yishouapp.fumi) expire 1 line
07-27 11:20:05.516 I/chatty (23658): uid=10231(com.yishouapp.fumi) expire 3 lines
07-27 11:20:05.518 I/chatty (23909): uid=10231(com.yishouapp.fumi) Binder:23909_3 expire 9 lines
07-27 11:20:05.518 I/chatty (23658): uid=10231(com.yishouapp.fumi) expire 27 lines
07-27 11:20:05.533 I/chatty (23658): uid=10231(com.yishouapp.fumi) expire 1 line
07-27 11:20:05.537 D/mmscene ( 1196): getHint applicationScene=com.yishouapp.fumi,idx=3 none
07-27 11:20:05.537 I/AudioPolicyManagerCustom( 1196): setting force DEEP buffer now
07-27 11:20:05.538 I/chatty (23658): uid=10231(com.yishouapp.fumi) expire 2 lines
07-27 11:20:05.538 D/SurfaceFlinger( 757): duplicate layer name: changing com.yishouapp.fumi/com.yishouapp.fumi.activity.VideoActivity to com.yishouapp.fumi/com.yishouapp.fumi.activity.VideoActivity#2
07-27 11:20:05.539 D/mmscene ( 1196): getHint applicationScene=com.yishouapp.fumi,idx=3 none
07-27 11:20:05.539 I/AudioPolicyManagerCustom( 1196): setting force DEEP buffer now
07-27 11:20:05.541 D/mmscene ( 1196): getHint applicationScene=com.yishouapp.fumi,idx=3 none
07-27 11:20:05.541 I/AudioPolicyManagerCustom( 1196): setting force DEEP buffer now
07-27 11:20:05.544 D/audio_hw_spkr_prot( 711): audio_extn_fbsp_get_parameters: Speaker protection disabled
07-27 11:20:05.544 D/audio_hw_extn( 711): audio_extn_get_parameters: returns
07-27 11:20:05.545 I/chatty (23658): uid=10231(com.yishouapp.fumi) expire 20 lines
07-27 11:20:05.553 D/AudioPolicyManagerCustom( 1196): Force Direct Flag .. old flags(0x0)
07-27 11:20:05.553 D/mmscene ( 1196): getHint applicationScene=com.yishouapp.fumi,idx=3 none
07-27 11:20:05.553 D/voice_scence_discern( 1196): add name:sample_rate, value:48000
07-27 11:20:05.553 V/voice_scence_discern( 1196): add name:sample_rate value:48000 list:0xe9da4ff0
07-27 11:20:05.553 D/voice_scence_discern( 1196): add name:channels, value:2
07-27 11:20:05.553 V/voice_scence_discern( 1196): add name:channels value:2 list:0xe9da4ff0
07-27 11:20:05.553 D/voice_scence_discern( 1196): get scence process pid:23658, name:com.yishouapp.fumi
07-27 11:20:05.553 V/voice_scence_discern( 1196): this process not in init apk. apk_list:0xebed4760
07-27 11:20:05.553 I/AudioFlinger( 1196): openOutput() this 0xe9d9f000, module 10 Device 2, SamplingRate 48000, Format 0x000001, Channels 3, flags 1
07-27 11:20:05.553 D/audio_hw_primary( 711): adev_open_output_stream: enter: format(0x1) sample_rate(48000) channel_mask(0x3) devices(0x2) flags(0x1) stream_handle(0xebe17800)
07-27 11:20:05.553 I/audio_hw_utils( 711): PCM offload Fragment size to 7680 bytes
07-27 11:20:05.554 D/audio_hw_primary( 711): adev_open_output_stream: Stream (0xebe17800) picks up usecase (compress-offload-playback2)
07-27 11:20:05.555 I/AudioFlinger( 1196): HAL output buffer size 1920 frames, normal sink buffer size 1920 frames
07-27 11:20:05.556 D/audio_hw_utils( 711): audio_extn_utils_compress_get_dsp_latency:: Using Fix DSP delay
07-27 11:20:05.556 D/audio_hw_utils( 711): audio_extn_utils_compress_get_dsp_latency:: delay in ms is 50
07-27 11:20:05.556 I/AudioFlinger( 1196): AudioFlinger's thread 0xe8010000 tid=26677 ready to run
07-27 11:20:05.556 D/audio_hw_utils( 711): audio_extn_utils_compress_get_dsp_latency:: Using Fix DSP delay
07-27 11:20:05.557 D/audio_hw_utils( 711): audio_extn_utils_compress_get_dsp_latency:: delay in ms is 50
07-27 11:20:05.558 I/chatty (23658): uid=10231(com.yishouapp.fumi) expire 12 lines
07-27 11:20:05.560 D/audio_hw_primary( 711): out_standby: enter: stream (0xebe17800) usecase(4: compress-offload-playback2)
07-27 11:20:05.560 D/audio_hw_primary( 711): out_standby: exit
07-27 11:20:05.562 D/audio_hw_utils( 711): audio_extn_utils_compress_get_dsp_latency:: Using Fix DSP delay
07-27 11:20:05.562 D/audio_hw_utils( 711): audio_extn_utils_compress_get_dsp_latency:: delay in ms is 50
07-27 11:20:05.565 D/AudioFlinger( 1196): game noise value (null) sampleRate 48000
07-27 11:20:05.573 V/MediaRouterService( 1699): restoreBluetoothA2dp(false)
07-27 11:20:05.574 D/AudioPolicyManagerCustom( 1196): setForceUse() usage 1, config 10, mPhoneState 0
07-27 11:20:05.579 W//system/bin/hw/android.hidl.allocator@1.0-service( 710): ashmem_create_region(7680) returning hidl_memory(0x75cda2c520, 7680)
07-27 11:20:05.579 D/APM_AudioPolicyManager( 1196): startOutput() output 165, stream 3, session 601
07-27 11:20:05.580 D/AudioPolicyManagerCustom( 1196): startSource output 165 first active
07-27 11:20:05.580 W/AudioFlinger( 1196): moveEffectChain_l() effect chain for session 0 not on source thread 0xe9793000
07-27 11:20:05.580 D/APM_AudioPolicyManager( 1196): setOutputDevice() output 165 device 0002 force 1 delayMs 0
07-27 11:20:05.581 D/audio_hw_primary( 711): out_set_parameters: enter: usecase(4: compress-offload-playback2) kvpairs: routing=2
07-27 11:20:05.581 D/audio_hw_utils( 711): audio_extn_utils_compress_get_dsp_latency:: Using Fix DSP delay
07-27 11:20:05.581 D/audio_hw_utils( 711): audio_extn_utils_compress_get_dsp_latency:: delay in ms is 50
07-27 11:20:05.583 D/LocalSocketClient( 1196): sendMessage info 1:601,3 info length 7
07-27 11:20:05.584 D/LocalSocketClient( 1196): sendMessage end
07-27 11:20:05.584 D/AudioFlinger( 1196): Notify dirac service when music track add
07-27 11:20:05.584 D/LocalSocketServer( 1699): new client coming !
07-27 11:20:05.584 D/LocalSocketServer( 1699): wait for new client coming !
07-27 11:20:05.584 D/audio_hw_primary( 711): copl(0xebe17800):calling compress flush
07-27 11:20:05.584 W/audio_hw_primary( 711): out_flush called in invalid state 0
07-27 11:20:05.584 D/audio_hw_primary( 711): copl(0xebe17800):out of compress flush
07-27 11:20:05.585 D/LocalSocketServer( 1699): readBytes = 7
07-27 11:20:05.585 D/LocalSocketServer( 1699): ClientSocket read info = 1:601,3
07-27 11:20:05.586 I/AudioService( 1699): setMode(mode = 0, callingPackage = com.yishouapp.fumi, Process ID: 23658
07-27 11:20:05.586 D/AudioFlinger( 1196): socketSendString +++
07-27 11:20:05.587 D/DiracDetectSceneService( 3517): +new tast
07-27 11:20:05.587 D/AudioService( 1699): +notifyMultimediaServiceModesUpdate onlyRead :true
07-27 11:20:05.587 D/AudioService( 1699): modekey = allmodes=
07-27 11:20:05.587 D/DiracDetectSceneService( 3517): -new tast
07-27 11:20:05.587 D/AudioService( 1699): -notifyMultimediaServiceModesUpdate
07-27 11:20:05.587 D/DiracDetectSceneService( 3517): Task.run, effectenable = true
07-27 11:20:05.587 D/AudioFlinger( 1196): socketSendString ---
07-27 11:20:05.588 D/AudioFlinger( 1196): getActiveAudioPids pids = :23658
07-27 11:20:05.588 D/DiracDetectSceneService( 3517): checkAndSetDirac : activeAudioPids = :23658
07-27 11:20:05.588 D/DiracDetectSceneService( 3517): +activePidList = [23658]
07-27 11:20:05.591 D/DiracDetectSceneService( 3517): +activeAudioAppList = [com.yishouapp.fumi]
07-27 11:20:05.591 D/DiracDetectSceneService( 3517): isInMusicAppList appName:com.yishouapp.fumi
07-27 11:20:05.591 D/DiracDetectSceneService( 3517): isInVideoAppList appName:com.yishouapp.fumi
07-27 11:20:05.591 D/DiracDetectSceneService( 3517): isInGameAppList appName:com.yishouapp.fumi
07-27 11:20:05.591 D/OppoDiracService( 3517): commonDiracToast str = this app not in list, Service Close Dirac
07-27 11:20:05.591 D/DiracDetectSceneService( 3517): this case is not in app list
07-27 11:20:05.591 D/OppoDiracService( 3517): setDiracEffectInternal ++++ enable = false mode = NONE mSceneMode:MUSIC
07-27 11:20:05.591 D/OppoDiracService( 3517): isHeadsetOn mWiredHeadsetOn:false mA2dpConnected:false
07-27 11:20:05.591 D/OppoDiracService( 3517): isHeadsetOn mWiredHeadsetOn:false mA2dpConnected:false
07-27 11:20:05.591 D/OppoDiracService( 3517): setDiracEffectInternal --- Dirac internal already disabled
07-27 11:20:05.592 I/chatty (23658): uid=10231(com.yishouapp.fumi) expire 1 line
07-27 11:20:05.593 D/APM_AudioPolicyManager( 1196): setStreamVolumeIndex() stream 3, device 00000002, index 1
07-27 11:20:05.595 D/APM_AudioPolicyManager( 1196): setStreamVolumeIndex() stream 10, device 00000002, index 1
07-27 11:20:05.595 D/APM_AudioPolicyManager( 1196): setStreamVolumeIndex() stream 9, device 00000002, index 1
07-27 11:20:05.602 D/APM_AudioPolicyManager( 1196): setStreamVolumeIndex() stream 8, device 00000002, index 0
07-27 11:20:05.602 D/APM_AudioPolicyManager( 1196): setStreamVolumeIndex() stream 8, device 40000000, index 0
07-27 11:20:05.602 D/APM_AudioPolicyManager( 1196): setStreamVolumeIndex() stream 10, device 00000002, index 1
07-27 11:20:05.602 D/APM_AudioPolicyManager( 1196): setStreamVolumeIndex() stream 10, device 40000000, index 9
07-27 11:20:05.607 I/AudioService( 1699): In setSpeakerphoneOn(), on: true, eventSource: setSpeakerphoneOn(true) from u/pid:10231/23658
07-27 11:20:05.607 I/AudioService( 1699): In setSpeakerphoneOn(), mForcedUseForCommExt: 1
07-27 11:20:05.608 D/AudioPolicyManagerCustom( 1196): setForceUse() usage 0, config 1, mPhoneState 0
07-27 11:20:05.614 I/chatty (23658): uid=10231(com.yishouapp.fumi) expire 1 line
07-27 11:20:05.627 E/volume_listener( 711): check_and_set_gain_dep_cal: Failed to set gain dep cal level
07-27 11:20:05.628 E/audio_hw_primary( 711): out_set_volume: compress mute 0
07-27 11:20:05.628 E/audio_hw_primary( 711): out_set_compr_volume:ctl for mixer cmd - Compress Playback 15 Volume, left 0.003981, right 0.003981
07-27 11:20:05.629 D/audio_hw_primary( 711): start_output_stream: enter: stream(0xebe17800)usecase(4: compress-offload-playback2) devices(0x2)
07-27 11:20:05.629 D/audio_hw_primary( 711): start_output_stream: out->scence:0
07-27 11:20:05.630 D/audio_hw_primary( 711): select_devices for use case (compress-offload-playback2)
07-27 11:20:05.630 D/msm8974_platform( 711): platform_get_output_snd_device: enter: output devices(0x2), mode=0
07-27 11:20:05.630 D/OPPO_AUDIO_SCENCE( 711): handle:165, scence:0, out->usecase:4
07-27 11:20:05.630 D/OPPO_AUDIO_SCENCE( 711): get_output_snd_device_common: is_tmgp_foreground 1
07-27 11:20:05.630 D/OPPO_AUDIO_SCENCE( 711): get_output_snd_device_common: is_dirac_game_foreground 0
07-27 11:20:05.630 D/audio_hw_primary( 711): select_devices: out_snd_device(2: speaker) in_snd_device(0: )
07-27 11:20:05.630 I/msm8974_platform( 711): platform_check_and_set_codec_backend_cfg:becf: afe: bitwidth 16, samplerate 48000 channels 2, backend_idx 0 usecase = 4 device (speaker)
07-27 11:20:05.630 D/msm8974_platform( 711): platform_split_snd_device: snd_device(2) num devices(1) new_snd_devices(0)
07-27 11:20:05.630 I/msm8974_platform( 711): platform_check_and_set_codec_backend_cfg: new_snd_devices[0] is 2
07-27 11:20:05.630 I/msm8974_platform( 711): platform_check_codec_backend_cfg:becf: afe: bitwidth 16, samplerate 48000 channels 2, backend_idx 0 usecase = 4 device (speaker)
07-27 11:20:05.630 D/msm8974_platform( 711): platform_check_codec_backend_cfg:becf: afe: playback on codec device not supporting native playback set default Sample Rate(48k)
07-27 11:20:05.630 I/msm8974_platform( 711): platform_check_codec_backend_cfg:becf: afe: Codec selected backend: 0 updated bit width: 16 and sample rate: 48000
07-27 11:20:05.630 D/audio_hw_primary( 711): check_usecases_codec_backend:becf: force routing 0
07-27 11:20:05.630 E/msm8974_platform( 711): platform_check_backends_match: Invalid snd_device =
07-27 11:20:05.630 D/audio_hw_primary( 711): check_usecases_codec_backend:becf: (63) check_usecases curr device: speaker, usecase device: backends match 0
07-27 11:20:05.630 D/audio_hw_primary( 711): check_usecases_codec_backend:becf: check_usecases num.of Usecases to switch 0
07-27 11:20:05.630 D/hardware_info( 711): hw_info_append_hw_type : device_name = speaker
07-27 11:20:05.630 D/msm8974_platform( 711): platform_split_snd_device: snd_device(2) num devices(0) new_snd_devices(0)
07-27 11:20:05.630 D/audio_hw_primary( 711): enable_snd_device: snd_device(2: speaker)
07-27 11:20:05.630 D/audio_route( 711): Apply path: speaker
07-27 11:20:05.630 D/knowles_util( 711): +turnBypassON+
07-27 11:20:05.630 D/knowles_util( 711): -turnBypassON-
07-27 11:20:05.630 D/knowles_util( 711): +ifSpeakerSetBargein+
07-27 11:20:05.630 D/knowles_util( 711): BARGEIN ifSpeakerSetBargein , snd_device = 2
07-27 11:20:05.630 D/knowles_util( 711): -ifSpeakerSetBargein-
07-27 11:20:05.630 D/audio_hw_utils( 711): audio_extn_utils_send_app_type_cfg: usecase->out_snd_device speaker
07-27 11:20:05.630 D/msm8974_platform( 711): platform_split_snd_device: snd_device(2) num devices(0) new_snd_devices(0)
07-27 11:20:05.630 D/audio_hw_utils( 711): audio_extn_btsco_get_sample_rate:Not a BT SCO device, need not update sampling rate
07-27 11:20:05.630 I/audio_hw_utils( 711): send_app_type_cfg_for_device PLAYBACK app_type 69936, acdb_dev_id 15, sample_rate 48000, snd_device_be_idx 45
07-27 11:20:05.631 D/msm8974_platform( 711): platform_split_snd_device: snd_device(2) num devices(1) new_snd_devices(0)
07-27 11:20:05.631 D/ACDB-LOADER( 711): ACDB -> send_audio_cal, acdb_id = 15, path = 0, app id = 0x11130, sample rate = 48000
07-27 11:20:05.631 D/ACDB-LOADER( 711): ACDB -> send_asm_topology
07-27 11:20:05.631 D/ACDB-LOADER( 711): ACDB -> ACDB_CMD_GET_AUDPROC_STREAM_TOPOLOGY_ID
07-27 11:20:05.631 D/ACDB-LOADER( 711): ACDB -> send_adm_topology
07-27 11:20:05.631 D/ACDB-LOADER( 711): ACDB -> ACDB_CMD_GET_AUDPROC_COMMON_TOPOLOGY_ID
07-27 11:20:05.631 D/ACDB-LOADER( 711): ACDB -> send_audtable
07-27 11:20:05.631 D/ACDB-LOADER( 711): ACDB -> ACDB_CMD_GET_AUDPROC_COMMON_TABLE_SIZE
07-27 11:20:05.631 D/ACDB-LOADER( 711): ACDB -> ACDB_CMD_GET_AUDPROC_COMMON_TABLE
07-27 11:20:05.631 D/ACDB-LOADER( 711): ACDB -> AUDIO_SET_AUDPROC_CAL
07-27 11:20:05.631 D/ACDB-LOADER( 711): ACDB -> send_audvoltable
07-27 11:20:05.631 D/ACDB-LOADER( 711): ACDB -> ACDB_CMD_GET_AUDPROC_VOL_STEP_TABLE_SIZE
07-27 11:20:05.631 D/ACDB-LOADER( 711): ACDB -> ACDB_CMD_GET_AUDPROC_GAIN_DEP_STEP_TABLE, vol index 5
07-27 11:20:05.631 D/ ( 711): Failed to fetch the lookup information of the device 0000000F
07-27 11:20:05.631 E/ACDB-LOADER( 711): Error: ACDB AudProc vol returned = -19
07-27 11:20:05.631 D/ACDB-LOADER( 711): ACDB -> AUDIO_SET_VOL_CAL cal type = 12
07-27 11:20:05.632 D/ACDB-LOADER( 711): ACDB -> ACDB_CMD_GET_AUDPROC_STREAM_TABLE_SIZE
07-27 11:20:05.632 D/ACDB-LOADER( 711): ACDB -> send_audstrmtable
07-27 11:20:05.632 D/ACDB-LOADER( 711): ACDB -> ACDB_CMD_GET_AUDPROC_STREAM_TABLE_V2
07-27 11:20:05.632 D/ACDB-LOADER( 711): ACDB -> audstrm_cal->cal_type.cal_data.cal_size = 488
07-27 11:20:05.632 D/ACDB-LOADER( 711): ACDB -> send_afe_topology
07-27 11:20:05.632 D/ACDB-LOADER( 711): ACDB -> ACDB_CMD_GET_AFE_TOPOLOGY_ID
07-27 11:20:05.632 D/ACDB-LOADER( 711): ACDB -> GET_AFE_TOPOLOGY_ID for adcd_id 15, Topology Id 1001025e
07-27 11:20:05.632 D/ACDB-LOADER( 711): ACDB -> send_afe_cal
07-27 11:20:05.632 D/ACDB-LOADER( 711): ACDB -> ACDB_CMD_GET_AFE_COMMON_TABLE_SIZE
07-27 11:20:05.632 D/ACDB-LOADER( 711): ACDB -> ACDB_CMD_GET_AFE_COMMON_TABLE
07-27 11:20:05.632 D/ACDB-LOADER( 711): ACDB -> AUDIO_SET_AFE_CAL
07-27 11:20:05.632 D/ACDB-LOADER( 711): ACDB -> send_hw_delay : acdb_id = 15 path = 0
07-27 11:20:05.632 D/ACDB-LOADER( 711): ACDB -> ACDB_AVSYNC_INFO: ACDB_CMD_GET_DEVICE_PROPERTY
07-27 11:20:05.632 D/audio_hw_primary( 711): enable_audio_route: apply mixer and update path: compress-offload-playback2 speaker
07-27 11:20:05.632 D/audio_route( 711): Apply path: compress-offload-playback2 speaker
07-27 11:20:05.633 E/msm8974_platform( 711): platform_get_snd_device_acdb_id: Invalid snd_device = 0
07-27 11:20:05.633 D/audio_hw_primary( 711): select_devices: acdb_id_in: -22 acdb_id_out: 15
07-27 11:20:05.633 D/audio_hw_primary( 711): select_devices: done
07-27 11:20:05.633 D/msm8974_platform( 711): platform_set_channel_map mixer_ctl_name:Playback Channel Map15
07-27 11:20:05.633 D/msm8974_platform( 711): platform_set_channel_map: set mapping(1 2 0 0 0 0 0 0) for channel:2
07-27 11:20:05.634 D/audio_hw_primary( 711): audio_enable_asm_bit_width_enforce_mode: DSP bitwidth feature is disabled.
07-27 11:20:05.669 I/chatty (23658): uid=10231(com.yishouapp.fumi) expire 4 lines
07-27 11:20:05.673 I/chatty (23658): uid=10231(com.yishouapp.fumi) expire 1 line
07-27 11:20:05.679 I/chatty (23909): uid=10231(com.yishouapp.fumi) Binder:23909_2 expire 4 lines
07-27 11:20:05.684 V/WindowManager( 1699): Changing focus from Window{fb12902 u0 com.yishouapp.fumi/com.yishouapp.fumi.activity.VideoActivity EXITING} to Window{f5d9e49 u0 com.yishouapp.fumi/com.yishouapp.fumi.activity.VideoActivity}
07-27 11:20:05.693 I/ActivityManager( 1699): Displayed com.yishouapp.fumi/.activity.VideoActivity: +382ms
07-27 11:20:05.695 I/chatty (23909): uid=10231(com.yishouapp.fumi) MsfCoreSocketRe expire 15 lines
07-27 11:20:05.699 W//system/bin/hwservicemanager( 546): getTransport: Cannot find entry vendor.qti.hardware.iop@2.0::IIop/default in either framework or device manifest.
07-27 11:20:05.699 D/audio_hw_utils( 711): audio_extn_utils_compress_set_render_mode:: render mode 0
07-27 11:20:05.699 D/audio_hw_utils( 711): audio_extn_utils_compress_set_clk_rec_mode:: clk recovery is only supported in STC render mode
07-27 11:20:05.699 E/ANDR-PERF-JNI( 1699): Iop tryGetService failed
07-27 11:20:05.700 D/knowles_util( 711): +onPlayStartUpdateBaregein+
07-27 11:20:05.700 D/knowles_util( 711): BARGEIN onPlayStartUpdateBaregein : usecase = 4
07-27 11:20:05.700 E/knowles_util( 711): BARGEIN onPlayStartUpdateBaregein = its not touchtone
07-27 11:20:05.700 D/knowles_util( 711): setBargeinStatus = 1 1
07-27 11:20:05.700 D/knowles_st_hal( 711): ### +stdev_set_bargein+ 1 ###
07-27 11:20:05.700 D/knowles_st_hal( 711): stdev_set_bargein pthread_mutex_lock(&stdev->set_bargein_lock);
07-27 11:20:05.700 D/knowles_st_hal( 711): +start_bargein+
07-27 11:20:05.700 D/knowles_st_hal( 711): +event_handler+ event(1)
07-27 11:20:05.700 D/knowles_st_hal( 711): +bargein_event_handler+ event(1) bargeinState(3)
07-27 11:20:05.700 D/knowles_st_hal( 711): bargein_event_handler STOP_TIMER_RUNNING_STATE
07-27 11:20:05.700 D/knowles_st_hal( 711): bargein_event_handler receive evt :START_BARGEIN_EVT
07-27 11:20:05.700 D/knowles_st_hal( 711): +stop_bargein_timer+
07-27 11:20:05.700 D/knowles_st_hal( 711): -stop_bargein_timer-
07-27 11:20:05.700 D/knowles_st_hal( 711): bargein_event_handler timer_lock released (0)
07-27 11:20:05.700 D/knowles_st_hal( 711): -bargein_event_handler- event(1)
07-27 11:20:05.700 D/knowles_st_hal( 711): -event_handler- event(1)
07-27 11:20:05.700 D/knowles_st_hal( 711): -start_bargein-
07-27 11:20:05.700 D/knowles_st_hal( 711): BARGEIN isTimerBargein = 1, isCvq = 0
07-27 11:20:05.700 D/knowles_st_hal( 711): ### -stdev_set_bargein- 1 ###
07-27 11:20:05.700 D/knowles_util( 711): -setBargeinStatus-
07-27 11:20:05.700 D/knowles_util( 711): -onPlayStartUpdateBaregein-
07-27 11:20:05.700 D/audio_hw_primary( 711): start_output_stream: exit
07-27 11:20:05.700 D/audio_hw_primary( 711): out_write: retry previous failed cal level set
07-27 11:20:05.700 D/msm8974_platform( 711): platform_split_snd_device: snd_device(2) num devices(1) new_snd_devices(0)
07-27 11:20:05.700 D/audio_hw_primary( 711): copl(0xebe17800):send new gapless metadata
07-27 11:20:05.702 D/offload_visualizer( 711): thread enter
07-27 11:20:05.705 I/chatty (23658): uid=10231(com.yishouapp.fumi) expire 3 lines
07-27 11:20:05.716 I/chatty (23909): uid=10231(com.yishouapp.fumi) MsfServiceRespH expire 9 lines
07-27 11:20:05.719 I/chatty (23658): uid=10231(com.yishouapp.fumi) expire 3 lines
07-27 11:20:05.719 I/chatty (23909): uid=10231(com.yishouapp.fumi) MsfServiceAppMs expire 8 lines
07-27 11:20:05.720 I/chatty (23658): uid=10231(com.yishouapp.fumi) expire 17 lines
07-27 11:20:05.720 I/chatty (23658): uid=10231(com.yishouapp.fumi) expire 3 lines
07-27 11:20:05.721 I/chatty (23658): uid=10231(com.yishouapp.fumi) expire 21 lines
07-27 11:20:05.752 I/Choreographer( 6802): Skipped 1 frames! The application may be doing too much work on its main thread.
07-27 11:20:05.780 I/chatty (23658): uid=10231(com.yishouapp.fumi) expire 1 line
07-27 11:20:05.812 I/chatty (23658): uid=10231(com.yishouapp.fumi) expire 4 lines
07-27 11:20:05.815 I/chatty (23658): uid=10231(com.yishouapp.fumi) expire 3 lines
07-27 11:20:05.819 I/chatty (23909): uid=10231(com.yishouapp.fumi) MsfCoreMsgSende expire 2 lines --------- beginning of crash
07-27 11:20:05.860 E/AndroidRuntime(23658): FATAL EXCEPTION: main
07-27 11:20:05.860 E/AndroidRuntime(23658): Process: com.yishouapp.fumi, PID: 23658
07-27 11:20:05.860 E/AndroidRuntime(23658): java.lang.IllegalArgumentException: You cannot start a load for a destroyed activity
07-27 11:20:05.860 E/AndroidRuntime(23658): at com.bumptech.glide.manager.RequestManagerRetriever.assertNotDestroyed(RequestManagerRetriever.java:134)
07-27 11:20:05.860 E/AndroidRuntime(23658): at com.bumptech.glide.manager.RequestManagerRetriever.get(RequestManagerRetriever.java:125)
07-27 11:20:05.860 E/AndroidRuntime(23658): at com.bumptech.glide.Glide.with(Glide.java:632)
07-27 11:20:05.860 E/AndroidRuntime(23658): at com.yishouapp.fumi.fragment.VideoFragmentHandle.showAddCar(VideoFragmentHandle.java:1600)
07-27 11:20:05.860 E/AndroidRuntime(23658): at com.yishouapp.fumi.fragment.VideoFragmentHandle.access$000(VideoFragmentHandle.java:120)
07-27 11:20:05.860 E/AndroidRuntime(23658): at com.yishouapp.fumi.fragment.VideoFragmentHandle$1.handleMessage(VideoFragmentHandle.java:259)
07-27 11:20:05.860 E/AndroidRuntime(23658): at android.os.Handler.dispatchMessage(Handler.java:106)
07-27 11:20:05.860 E/AndroidRuntime(23658): at android.os.Looper.loop(Looper.java:198)
07-27 11:20:05.860 E/AndroidRuntime(23658): at android.app.ActivityThread.main(ActivityThread.java:7015)
07-27 11:20:05.860 E/AndroidRuntime(23658): at java.lang.reflect.Method.invoke(Native Method)
07-27 11:20:05.860 E/AndroidRuntime(23658): at com.android.internal.os.RuntimeInit$MethodAndArgsCaller.run(RuntimeInit.java:523)
07-27 11:20:05.860 E/AndroidRuntime(23658): at com.android.internal.os.ZygoteInit.main(ZygoteInit.java:850)
07-27 11:20:05.869 I/chatty (23658): uid=10231(com.yishouapp.fumi) expire 3 lines
07-27 11:20:05.914 I/chatty (23658): uid=10231(com.yishouapp.fumi) expire 1 line
07-27 11:20:05.977 I/WindowManager( 1699): handleOpeningSpecialApp (statusbar != null ) true pkg: com.oppo.launcher start: 3
07-27 11:20:05.977 I/WindowManager( 1699): handleOpeningSpecialApp (statusbar != null ) true pkg: com.coloros.recents start: 4
07-27 11:20:06.152 I/zygote64( 1699): Background concurrent copying GC freed 343958(20MB) AllocSpace objects, 53(1780KB) LOS objects, 42% free, 29MB/52MB, paused 110us total 126.931ms
07-27 11:20:06.429 W/ActivityManager( 1699): Force finishing activity com.yishouapp.fumi/.activity.VideoActivity
07-27 11:20:06.439 W/ActivityManager( 1699): Force finishing activity 2 com.yishouapp.fumi/.activity.VideoListActivity
07-27 11:20:06.447 I/elsa ( 8312): addCgroupTask, TASK_PID, add the uid: 10069 pid:7471 to cgroup /dev/cpuset
07-27 11:20:06.496 I/elsa ( 8312): addCgroupTask, TASK_PID, add the uid: 10069 pid:7471 to cgroup /dev/cpuset/elsa_bg
07-27 11:20:06.594 W/AudioFlinger( 1196): pause because of UNDERRUN, framesReady = 0,minFrames = 1, mFormat = 0x1
07-27 11:20:06.595 D/audio_hw_primary( 711): copl(0xebe17800):pause compress driver
07-27 11:20:06.596 D/LocalSocketClient( 1196): sendMessage info 2:601,3 info length 7
07-27 11:20:06.597 D/LocalSocketClient( 1196): sendMessage end
07-27 11:20:06.597 D/LocalSocketServer( 1699): new client coming !
07-27 11:20:06.597 D/LocalSocketServer( 1699): wait for new client coming !
07-27 11:20:06.597 D/LocalSocketServer( 1699): readBytes = 7
07-27 11:20:06.597 D/LocalSocketServer( 1699): ClientSocket read info = 2:601,3
07-27 11:20:06.619 D/APM_AudioPolicyManager( 1196): stopOutput() output 165, stream 3, session 601
07-27 11:20:06.620 D/APM_AudioPolicyManager( 1196): setOutputDevice() output 165 device 0000 force 0 delayMs 100
07-27 11:20:06.620 W/AudioFlinger( 1196): moveEffectChain_l() effect chain for session 0 not on source thread 0xe8010000
07-27 11:20:06.624 W/InputDispatcher( 1699): channel 'f5d9e49 com.yishouapp.fumi/com.yishouapp.fumi.activity.VideoActivity (server)' ~ Consumer closed input channel or an error occurred. events=0x9
07-27 11:20:06.624 E/InputDispatcher( 1699): channel 'f5d9e49 com.yishouapp.fumi/com.yishouapp.fumi.activity.VideoActivity (server)' ~ Channel is unrecoverably broken and will be disposed!
07-27 11:20:06.626 W/InputDispatcher( 1699): channel 'b9efaf4 com.yishouapp.fumi/com.yishouapp.fumi.activity.YishouMainActivity (server)' ~ Consumer closed input channel or an error occurred. events=0x9
07-27 11:20:06.627 E/InputDispatcher( 1699): channel 'b9efaf4 com.yishouapp.fumi/com.yishouapp.fumi.activity.YishouMainActivity (server)' ~ Channel is unrecoverably broken and will be disposed!
07-27 11:20:06.773 D/DropBoxManagerService( 1699): file :: /data/system/dropbox/2019@07@27@PBEM00_11.A.26_0261_201906112317@com.yishouapp.fumi@data_app_crash@1579478782_1564197606402_1564197606771.txt.gz tag is data_app_crash
07-27 11:20:06.817 W/InputDispatcher( 1699): channel '29542b3 com.yishouapp.fumi/com.yishouapp.fumi.activity.ApiChoseActivity (server)' ~ Consumer closed input channel or an error occurred. events=0x9
07-27 11:20:06.818 E/InputDispatcher( 1699): channel '29542b3 com.yishouapp.fumi/com.yishouapp.fumi.activity.ApiChoseActivity (server)' ~ Channel is unrecoverably broken and will be disposed!
07-27 11:20:06.818 W/InputDispatcher( 1699): channel '914263 com.yishouapp.fumi/com.yishouapp.fumi.activity.VideoListActivity (server)' ~ Consumer closed input channel or an error occurred. events=0x9
07-27 11:20:06.819 E/InputDispatcher( 1699): channel '914263 com.yishouapp.fumi/com.yishouapp.fumi.activity.VideoListActivity (server)' ~ Channel is unrecoverably broken and will be disposed!
07-27 11:20:06.821 D/ConnectivityService( 1699): ConnectivityService NetworkRequestInfo binderDied(NetworkRequest [ LISTEN id=210, [ Capabilities: INTERNET&NOT_RESTRICTED&TRUSTED] ], android.os.BinderProxy@df02568)
07-27 11:20:06.821 D/Dex2oatManagerService( 1699): Display listener for pid 23658 died.
07-27 11:20:06.823 I/WindowManager( 1699): WIN DEATH: Window{f5d9e49 u0 com.yishouapp.fumi/com.yishouapp.fumi.activity.VideoActivity}
07-27 11:20:06.823 W/InputDispatcher( 1699): Attempted to unregister already unregistered input channel 'f5d9e49 com.yishouapp.fumi/com.yishouapp.fumi.activity.VideoActivity (server)'
07-27 11:20:06.823 I/chatty (23701): uid=10231(com.yishouapp.fumi) Binder:23701_4 expire 1 line
07-27 11:20:06.823 I/ActivityManager( 1699): Process com.yishouapp.fumi (pid 23658) has died: fore TOP
07-27 11:20:06.824 D/audio_hw_primary( 711): out_set_parameters: enter: usecase(4: compress-offload-playback2) kvpairs: routing=0
07-27 11:20:06.824 D/audio_hw_utils( 711): audio_extn_utils_compress_get_dsp_latency:: Using Fix DSP delay
07-27 11:20:06.824 D/audio_hw_utils( 711): audio_extn_utils_compress_get_dsp_latency:: delay in ms is 50
07-27 11:20:06.824 W/zygote64( 1699): kill(-23658, 9) failed: No such process
07-27 11:20:06.827 I/StatusBar( 6802): setNavigationBarColor() vis:2000000 color:0 expandNavBar:false mNavigationBarEnableStatus:2
07-27 11:20:06.827 E/SurfaceFlinger( 757): Failed to find layer (com.yishouapp.fumi/com.yishouapp.fumi.activity.VideoActivity#2) in layer parent (no-parent).
07-27 11:20:06.828 W/SocketClient( 1209): write error (Broken pipe)
07-27 11:20:06.828 W/DnsProxyListener( 1209): Error writing DNS result to client
07-27 11:20:06.828 D/audio_hw_primary( 711): out_set_parameters: enter: usecase(4: compress-offload-playback2) kvpairs: closing=true
07-27 11:20:06.830 D/BarTransitions.NavigationBarView( 6802): setForceOpaque forceOpaque:true color:0 @com.android.systemui.statusbar.phone.NavigationBarTransitions@459b45c
07-27 11:20:06.830 D/audio_hw_primary( 711): out_set_parameters: enter: usecase(4: compress-offload-playback2) kvpairs: exiting=1
07-27 11:20:06.830 D/audio_hw_primary( 711): out_standby: enter: stream (0xebe17800) usecase(4: compress-offload-playback2)
07-27 11:20:06.831 D/knowles_util( 711): +onPlayStopUpdateBaregein+
07-27 11:20:06.831 D/knowles_util( 711): BARGEIN onPlayStopUpdateBaregein : out->dev->isPlaying = 0, out->dev->isSpeakerSelected = 2
07-27 11:20:06.831 D/knowles_util( 711): setBargeinStatus = 0 1
07-27 11:20:06.831 D/knowles_st_hal( 711): ### +stdev_set_bargein+ 0 ###
07-27 11:20:06.831 D/knowles_st_hal( 711): stdev_set_bargein pthread_mutex_lock(&stdev->set_bargein_lock);
07-27 11:20:06.831 D/knowles_st_hal( 711): +stop_bargein+
07-27 11:20:06.831 D/knowles_st_hal( 711): +event_handler+ event(0)
07-27 11:20:06.831 D/knowles_st_hal( 711): +bargein_event_handler+ event(0) bargeinState(1)
07-27 11:20:06.831 D/knowles_st_hal( 711): bargein_event_handler BARGEIN_STARTED_STATE
07-27 11:20:06.831 D/knowles_st_hal( 711): bargein_event_handler receive evt :STOP_BARGEIN_EVT
07-27 11:20:06.831 D/knowles_st_hal( 711): +start_bargein_timer+
07-27 11:20:06.831 D/knowles_st_hal( 711): start_bargein_timer, Timer started
07-27 11:20:06.831 D/knowles_st_hal( 711): -start_bargein_timer-
07-27 11:20:06.831 D/knowles_st_hal( 711): bargein_event_handler timer_lock released (0)
07-27 11:20:06.831 D/knowles_st_hal( 711): -bargein_event_handler- event(0)
07-27 11:20:06.831 D/knowles_st_hal( 711): -event_handler- event(0)
07-27 11:20:06.831 D/knowles_st_hal( 711): -stop_bargein-
07-27 11:20:06.831 D/knowles_st_hal( 711): BARGEIN isTimerBargein = 0, isCvq = 0
07-27 11:20:06.831 D/knowles_st_hal( 711): ### -stdev_set_bargein- 0 ###
07-27 11:20:06.831 D/knowles_util( 711): -setBargeinStatus-
07-27 11:20:06.831 D/knowles_util( 711): -onPlayStopUpdateBaregein-
07-27 11:20:06.831 D/audio_hw_primary( 711): copl(0xebe17800):standby
07-27 11:20:06.832 I/elsa ( 8312): addCgroupTask, TASK_PID, add the uid: 10231 pid:23701 to cgroup /dev/cpuset/elsa_bg
07-27 11:20:06.834 W/zygote64( 1699): kill(-23658, 9) failed: No such process
07-27 11:20:06.835 V/WindowManager( 1699): Changing focus from Window{f5d9e49 u0 com.yishouapp.fumi/com.yishouapp.fumi.activity.VideoActivity} to null
07-27 11:20:06.837 D/Dex2oatManagerService( 1699): Process died; UID 10231 PID 23658
07-27 11:20:06.837 I/WindowManager( 1699): WIN DEATH: Window{914263 u0 com.yishouapp.fumi/com.yishouapp.fumi.activity.VideoListActivity}
07-27 11:20:06.837 W/InputDispatcher( 1699): Attempted to unregister already unregistered input channel '914263 com.yishouapp.fumi/com.yishouapp.fumi.activity.VideoListActivity (server)'
07-27 11:20:06.837 I/elsa ( 8312): addCgroupTask, TASK_PID, add the uid: 10231 pid:23909 to cgroup /dev/cpuset/elsa_bg
07-27 11:20:06.838 I/chatty (23909): uid=10231 com.yishouapp.fumi:QALSERVICE expire 1 line
07-27 11:20:06.842 I/WindowManager( 1699): WIN DEATH: Window{b9efaf4 u0 com.yishouapp.fumi/com.yishouapp.fumi.activity.YishouMainActivity}
07-27 11:20:06.842 W/InputDispatcher( 1699): Attempted to unregister already unregistered input channel 'b9efaf4 com.yishouapp.fumi/com.yishouapp.fumi.activity.YishouMainActivity (server)'
07-27 11:20:06.844 W/zygote64( 1699): kill(-23658, 9) failed: No such process
07-27 11:20:06.845 I/zygote64( 1699): Successfully killed process cgroup uid 10231 pid 23658 in 20ms
07-27 11:20:06.847 I/WindowManager( 1699): WIN DEATH: Window{29542b3 u0 com.yishouapp.fumi/com.yishouapp.fumi.activity.ApiChoseActivity}
07-27 11:20:06.847 W/InputDispatcher( 1699): Attempted to unregister already unregistered input channel '29542b3 com.yishouapp.fumi/com.yishouapp.fumi.activity.ApiChoseActivity (server)'
07-27 11:20:06.858 D/ActivityTrigger( 1699): activityResumeTrigger: The activity in ApplicationInfo{88732d9 com.yishouapp.fumi} is now in focus and seems to be in full-screen mode
07-27 11:20:06.858 E/ActivityTrigger( 1699): activityResumeTrigger: not whiteListedcom.yishouapp.fumi/com.yishouapp.fumi.activity.YishouMainActivity/430
07-27 11:20:06.874 D/WindowManager( 1699): Add to mViews: DecorView@c703980[fumi], this = android.view.WindowManagerGlobal@8d5783f,pkg=com.yishouapp.fumi
07-27 11:20:06.878 I/ActivityManager( 1699): Start proc 26715:com.yishouapp.fumi/u0a231 for activity com.yishouapp.fumi/.activity.YishouMainActivity
07-27 11:20:06.878 E/ANDR-PERF-MPCTL( 736): Invalid profile no. 0, total profiles 0 only
07-27 11:20:06.880 I/elsa ( 8312): addCgroupTask, TASK_PID, add the uid: 10231 pid:26715 to cgroup /dev/cpuset/foreground
07-27 11:20:06.883 I/elsa ( 8312): addCgroupTask, TASK_PID, add the uid: 10231 pid:23683 to cgroup /dev/cpuset/elsa_bg
07-27 11:20:06.883 I/chatty (26715): uid=10231(com.yishouapp.fumi) expire 36 lines
07-27 11:20:06.886 I/OppoPhoneWindowManager( 1699): KeyLockModeReceiver KeyLockMode: 0 ProcessName: com.yishouapp.fumi
07-27 11:20:06.899 W/ActivityManager( 1699): setHasOverlayUi called on unknown pid: 23658
07-27 11:20:06.921 D/offload_visualizer( 711): thread exit
07-27 11:20:06.921 D/audio_hw_primary( 711): disable_audio_route: reset and update mixer path: compress-offload-playback2 speaker
07-27 11:20:06.923 D/hardware_info( 711): hw_info_append_hw_type : device_name = speaker
07-27 11:20:06.923 D/audio_hw_primary( 711): disable_snd_device: snd_device(2: speaker)
07-27 11:20:06.923 D/msm8974_platform( 711): platform_split_snd_device: snd_device(2) num devices(0) new_snd_devices(0)
07-27 11:20:06.923 D/knowles_util( 711): +turnBypassOff+
07-27 11:20:06.923 D/knowles_util( 711): -turnBypassOff-
07-27 11:20:06.923 D/audio_hw_primary( 711): audio_enable_asm_bit_width_enforce_mode: DSP bitwidth feature is disabled.
07-27 11:20:06.923 D/audio_hw_primary( 711): out_standby: exit
07-27 11:20:06.924 D/audio_hw_primary( 711): adev_close_output_stream: enter:stream_handle(compress-offload-playback2)
07-27 11:20:06.924 D/audio_hw_primary( 711): out_standby: enter: stream (0xebe17800) usecase(4: compress-offload-playback2)
07-27 11:20:06.924 D/audio_hw_primary( 711): out_standby: exit
07-27 11:20:06.934 I/elsa ( 8312): addCgroupTask, TASK_PID, add the uid: 10231 pid:26715 to cgroup /dev/cpuset
07-27 11:20:06.963 D/Dex2oatManagerService( 1699): Foreground changed, PID: 26715 UID: 10231 foreground: true
07-27 11:20:06.963 D/Dex2oatManagerService( 1699): Current app:com.yishouapp.fumi/com.yishouapp.fumi.activity.YishouMainActivity
07-27 11:20:06.963 D/Dex2oatManagerService( 1699): Detect cold launch begin
07-27 11:20:06.963 D/Dex2oatManager( 1699): cold launch time:30000
07-27 11:20:06.991 I/ColorReflectWidget( 1699): oppoAMS,DIRECT_REFLECT_TRANSACTION, info: ColorReflectData{mReflectEnable=true, mReflectList=[ColorReflectWidget{packageName='com.tencent.mm', versionCode=1220, className='com.tencent.mm.ui.widget.MMNeatTextView', fieldLevel=1, field='mText'}, ColorReflectWidget{packageName='com.tencent.mm', versionCode=1420, className='com.tencent.mm.ui.widget.MMNeat7extView', fieldLevel=1, field='mText'}]}
07-27 11:20:06.997 I/InputDispatcher( 1699): Dropping event because there is no touchable window at (1008, 85).
07-27 11:20:06.999 E/ANDR-PERF-RESOURCEQS( 736): Failed to reset optimization [3, 0]
07-27 11:20:07.044 I/Choreographer( 6802): Skipped 1 frames! The application may be doing too much work on its main thread.
07-27 11:20:07.151 I/elsa ( 8312): addCgroupTask, TASK_PID, add the uid: 10231 pid:23683 to cgroup /dev/cpuset
07-27 11:20:07.239 I/elsa ( 8312): addCgroupTask, TASK_PID, add the uid: 10231 pid:23701 to cgroup /dev/cpuset
07-27 11:20:07.240 I/chatty (23701): uid=10231 com.yishouapp.fumi:core expire 7 lines
07-27 11:20:07.263 I/chatty (26715): uid=10231(com.yishouapp.fumi) HT-bg_executor expire 1 line
07-27 11:20:07.278 I/WindowManager( 1699): handleOpeningSpecialApp (statusbar != null ) true pkg: com.oppo.launcher start: 3
07-27 11:20:07.278 I/WindowManager( 1699): handleOpeningSpecialApp (statusbar != null ) true pkg: com.coloros.recents start: 4
07-27 11:20:07.280 I/chatty (26715): uid=10231(com.yishouapp.fumi) HT-StatisticsMa expire 1 line
07-27 11:20:07.303 I/chatty (26715): uid=10231(com.yishouapp.fumi) Thread-2 expire 4 lines
07-27 11:20:08.282 I/chatty (26715): uid=10231(com.yishouapp.fumi) Jit thread pool expire 3 lines
07-27 11:20:08.340 E/DexLoadReporter(26715): Could not create the profile directory: /data/app/com.yishouapp.fumi-zJpXfrdUQ-pAEfYU8Tc8Fw==/lib/arm/oat/libsgmain.so.cur.prof
07-27 11:20:08.386 I/chatty (26715): uid=10231(com.yishouapp.fumi) expire 5 lines
07-27 11:20:08.419 E/DexLoadReporter(26715): Could not create the profile directory: /data/app/com.yishouapp.fumi-zJpXfrdUQ-pAEfYU8Tc8Fw==/lib/arm/oat/libsgsecuritybody.so.cur.prof
07-27 11:20:08.424 I/chatty (26715): uid=10231(com.yishouapp.fumi) expire 279 lines
07-27 11:20:08.451 E/DexLoadReporter(26715): Could not create the profile directory: /data/app/com.yishouapp.fumi-zJpXfrdUQ-pAEfYU8Tc8Fw==/lib/arm/oat/libsgavmp.so.cur.prof
07-27 11:20:08.642 I/elsa ( 8312): addCgroupTask, TASK_PID, add the uid: 10110 pid:5765 to cgroup /dev/cpuset
07-27 11:20:08.827 I/chatty (26715): uid=10231(com.yishouapp.fumi) Jit thread pool expire 3 lines
07-27 11:20:08.876 I/chatty (26715): uid=10231(com.yishouapp.fumi) expire 8 lines
07-27 11:20:09.122 I/chatty (26715): uid=10231(com.yishouapp.fumi) RxCachedThreadS expire 8 lines
07-27 11:20:09.234 I/chatty (26715): uid=10231(com.yishouapp.fumi) RxCachedThreadS expire 9 lines
07-27 11:20:09.239 D/Dex2oatManagerService( 1699): registerCallback from pid:26715 from uid:10231
07-27 11:20:09.268 I/chatty (26715): uid=10231(com.yishouapp.fumi) Jit thread pool expire 11 lines
07-27 11:20:09.819 I/chatty (26715): uid=10231(com.yishouapp.fumi) expire 68 lines
07-27 11:20:09.832 D/knowles_st_hal( 711): ### +bargein_timeout_thread_func+ ###
07-27 11:20:09.832 D/knowles_st_hal( 711): +bargein_event_handler+ event(2) bargeinState(3)
07-27 11:20:09.832 D/knowles_st_hal( 711): bargein_event_handler STOP_TIMER_RUNNING_STATE
07-27 11:20:09.832 D/knowles_st_hal( 711): bargein_event_handler receive evt :TIMEOUT_EVT
07-27 11:20:09.832 D/knowles_st_hal( 711): bargein_event_handler timer_lock released (1)
07-27 11:20:09.832 D/knowles_st_hal( 711): ### +set_bargein+ 0 ###
07-27 11:20:09.832 D/knowles_st_hal( 711): +disableEchoReference+
07-27 11:20:09.832 D/knowles_st_hal( 711): -disableEchoReference-
07-27 11:20:09.832 D/knowles_st_hal( 711): BARGEIN isBargein = 0, isCvq = 0
07-27 11:20:09.832 D/knowles_st_hal( 711): ### -set_bargein- 0 ###
07-27 11:20:09.832 D/knowles_st_hal( 711): -bargein_event_handler- event(2)
07-27 11:20:09.832 D/knowles_st_hal( 711): ### -bargein_timeout_thread_func- ###
07-27 11:20:10.193 I/chatty (26715): uid=10231(com.yishouapp.fumi) HT-StatisticsMa expire 5 lines
07-27 11:20:10.344 W/ContentService( 1699): Observer android.database.IContentObserver$Stub$Proxy@6d3f529 is already registered.
07-27 11:20:10.350 I/chatty (26715): uid=10231(com.yishouapp.fumi) RenderThread expire 7 lines
07-27 11:20:10.382 I/chatty (23701): uid=10231(com.yishouapp.fumi) RemoteAgent expire 1 line
07-27 11:20:10.387 E/OppoThermalService( 1699): Could not open ''
07-27 11:20:10.387 I/chatty ( 1699): uid=1000(system) Binder:1699_19 identical 1 line
07-27 11:20:10.387 E/OppoThermalService( 1699): Could not open ''
07-27 11:20:10.395 I/chatty (26715): uid=10231(com.yishouapp.fumi) LocalAgent expire 3 lines
