07-25 14:24:37.568 I/chatty ( 1699): uid=1000(system) Binder:1699_20 expire 11 lines
07-25 14:24:37.725 I/chatty ( 1699): uid=1000(system) Binder:1699_14 expire 6 lines
07-25 14:24:52.664 I/chatty ( 1699): uid=1000(system) Binder:1699_1 expire 1 line
07-25 14:29:25.266 I/chatty ( 1699): uid=1000(system) batterystats-wo expire 1 line
07-25 14:30:00.513 I/chatty ( 1699): uid=1000(system) Binder:1699_3 expire 4 lines
07-25 14:30:05.724 I/chatty ( 1699): uid=1000(system) Binder:1699_13 expire 5 lines
07-25 14:30:06.109 I/chatty ( 1699): uid=1000(system) Binder:1699_11 expire 9 lines
07-25 14:30:06.181 I/chatty ( 1699): uid=1000(system) Binder:1699_A expire 1 line
07-25 14:30:06.214 I/chatty ( 1699): uid=1000(system) Binder:1699_6 expire 3 lines
07-25 14:30:06.285 I/chatty ( 1699): uid=1000(system) android.anim expire 22 lines
07-25 14:30:06.787 I/chatty ( 1699): uid=1000(system) Binder:1699_10 expire 3 lines
07-25 14:30:08.591 I/chatty ( 1699): uid=1000(system) Binder:1699_A expire 1 line
07-25 14:32:48.177 I/chatty ( 1699): uid=1000 system_server expire 4 lines
07-25 14:33:48.427 D/ViewRootImpl( 3385): swipeFromBottom mIgnoring true downY 2298 mScreenHeight 2340 mStatusBarHeight 54 globalScale 1.125
07-25 14:33:48.775 I/chatty ( 1699): uid=1000(system) Binder:1699_20 expire 12 lines
07-25 14:33:48.802 I/chatty ( 1699): uid=1000(system) ns expire 10 lines
07-25 14:33:48.815 I/chatty ( 1699): uid=1000(system) android.ui expire 13 lines
07-25 14:33:48.833 I/chatty ( 1699): uid=1000(system) Binder:1699_1C expire 9 lines
07-25 14:33:48.837 I/chatty ( 1699): uid=1000(system) Binder:1699_1B expire 12 lines
07-25 14:33:51.324 I/chatty ( 1699): uid=1000(system) Binder:1699_E expire 3 lines
07-25 14:34:08.523 I/chatty ( 1699): uid=1000(system) Binder:1699_18 expire 19 lines
07-25 14:34:08.569 I/chatty ( 1699): uid=1000(system) Binder:1699_1E expire 2 lines
07-25 14:34:34.315 I/chatty ( 1699): uid=1000(system) Binder:1699_19 expire 1 line
07-25 14:34:53.574 I/chatty ( 1699): uid=1000(system) Binder:1699_1D expire 8 lines
07-25 14:34:54.801 D/ViewRootImpl(27358): swipeFromBottom mIgnoring true downY 2321 mScreenHeight 2340 mStatusBarHeight 54 globalScale 1.125
07-25 14:34:54.806 D/ViewRootImpl(27358): swipeFromBottom mIgnoring true downY 2321 mScreenHeight 2340 mStatusBarHeight 54 globalScale 1.125
07-25 14:34:54.806 D/ViewRootImpl(27358): swipeFromBottom mIgnoring === false downY 2321 mStatusBarHeight 54
07-25 14:34:55.128 I/chatty ( 1699): uid=1000(system) Binder:1699_20 expire 10 lines
07-25 14:34:58.188 I/chatty ( 1699): uid=1000(system) Binder:1699_16 expire 2 lines
07-25 14:35:00.495 I/chatty ( 1699): uid=1000(system) Binder:1699_1A expire 10 lines
07-25 14:35:00.511 I/chatty ( 1699): uid=1000(system) Binder:1699_1B expire 8 lines
07-25 14:35:05.707 D/ViewRootImpl(27358): swipeFromBottom mIgnoring true downY 2312 mScreenHeight 2340 mStatusBarHeight 54 globalScale 1.125
07-25 14:35:05.714 D/ViewRootImpl(27358): swipeFromBottom mIgnoring true downY 2312 mScreenHeight 2340 mStatusBarHeight 54 globalScale 1.125
07-25 14:35:05.714 D/ViewRootImpl(27358): swipeFromBottom mIgnoring === false downY 2312 mStatusBarHeight 54
07-25 14:35:09.969 I/chatty ( 1699): uid=1000(system) Binder:1699_11 expire 3 lines
07-25 14:35:10.337 I/chatty ( 1699): uid=1000(system) Binder:1699_3 expire 7 lines
07-25 14:35:10.508 I/chatty ( 1699): uid=1000(system) ActivityManager expire 1 line
07-25 14:35:10.729 I/chatty ( 1699): uid=1000(system) android.anim expire 13 lines
07-25 14:35:10.834 I/chatty ( 1699): uid=1000(system) Binder:1699_4 expire 9 lines
07-25 14:35:13.092 I/chatty ( 1699): uid=1000(system) Binder:1699_20 expire 3 lines
07-25 14:35:13.160 I/chatty ( 1699): uid=1000(system) Binder:1699_1F expire 11 lines
07-25 14:35:13.990 D/ViewRootImpl(27358): swipeFromBottom mIgnoring true downY 2298 mScreenHeight 2340 mStatusBarHeight 54 globalScale 1.125
07-25 14:35:13.995 D/ViewRootImpl(27358): swipeFromBottom mIgnoring true downY 2298 mScreenHeight 2340 mStatusBarHeight 54 globalScale 1.125
07-25 14:35:13.995 D/ViewRootImpl(27358): swipeFromBottom mIgnoring === false downY 2298 mStatusBarHeight 54
07-25 14:35:20.916 I/chatty ( 1699): uid=1000(system) ns expire 10 lines
07-25 14:35:20.926 I/chatty ( 1699): uid=1000(system) android.ui expire 12 lines
07-25 14:35:22.103 I/chatty ( 1699): uid=1000(system) android.display expire 1 line
07-25 14:35:22.126 I/chatty ( 1699): uid=1000(system) Binder:1699_2 expire 5 lines
07-25 14:37:32.786 D/ViewRootImpl( 3385): swipeFromBottom mIgnoring true downY 2297 mScreenHeight 2340 mStatusBarHeight 54 globalScale 1.125
07-25 14:37:33.194 I/chatty ( 1699): uid=1000(system) android.ui expire 4 lines
07-25 14:37:33.465 I/chatty ( 1699): uid=1000(system) android.anim expire 21 lines
07-25 14:37:35.865 I/chatty ( 1699): uid=1000(system) Binder:1699_20 expire 6 lines
07-25 14:37:35.867 I/chatty ( 1699): uid=1000(system) android.ui expire 46 lines
07-25 14:37:35.914 I/chatty ( 1699): uid=1000(system) Binder:1699_15 expire 23 lines
07-25 14:37:35.998 I/chatty ( 1699): uid=1000(system) Binder:1699_F expire 1 line
07-25 14:37:36.008 I/chatty ( 1699): uid=1000(system) android.display expire 2 lines
07-25 14:37:36.038 I/chatty ( 1699): uid=1000(system) Binder:1699_11 expire 1 line
07-25 14:37:36.255 I/chatty ( 1699): uid=1000(system) Binder:1699_2 expire 6 lines
07-25 14:37:36.308 I/chatty ( 1699): uid=1000(system) Binder:1699_14 expire 5 lines
07-25 14:37:36.352 I/chatty ( 1699): uid=1000(system) Binder:1699_1A expire 2 lines
07-25 14:37:36.361 I/chatty ( 1699): uid=1000(system) Binder:1699_A expire 3 lines
07-25 14:37:36.388 I/chatty ( 1699): uid=1000(system) Binder:1699_1 expire 5 lines
07-25 14:37:36.446 I/chatty ( 1699): uid=1000(system) Binder:1699_9 expire 5 lines
07-25 14:37:36.575 I/chatty ( 1699): uid=1000(system) Binder:1699_1B expire 12 lines
07-25 14:37:36.609 I/chatty ( 1699): uid=1000(system) Binder:1699_4 expire 9 lines
07-25 14:37:36.652 I/chatty ( 1699): uid=1000(system) Binder:1699_7 expire 6 lines
07-25 14:37:36.789 I/ActivityThread(27358): Removing dead content provider:android.content.ContentProviderProxy@a2e6db8
07-25 14:37:36.791 I/ActivityThread(26889): Removing dead content provider:android.content.ContentProviderProxy@5bfe8e4
07-25 14:37:36.796 I/chatty ( 1699): uid=1000(system) Binder:1699_12 expire 27 lines
07-25 14:37:36.999 I/chatty ( 1699): uid=1000(system) Binder:1699_8 expire 1 line
07-25 14:37:37.012 I/chatty ( 1699): uid=1000(system) Binder:1699_3 expire 7 lines
07-25 14:37:37.095 I/chatty ( 1699): uid=1000(system) ActivityManager expire 4 lines
07-25 14:37:37.901 I/chatty ( 1699): uid=1000(system) Binder:1699_1C expire 5 lines
07-25 14:37:38.054 I/chatty ( 1699): uid=1000 system_server expire 2 lines
07-25 14:37:45.499 I/chatty ( 1699): uid=1000(system) Binder:1699_1F expire 3 lines
07-25 14:37:45.532 I/chatty ( 1699): uid=1000(system) Binder:1699_1E expire 5 lines
07-25 14:37:45.606 I/chatty ( 1699): uid=1000(system) ns expire 10 lines
07-25 14:37:45.794 I/chatty ( 1699): uid=1000(system) Binder:1699_1D expire 6 lines
07-25 14:37:56.118 I/chatty ( 1699): uid=1000(system) Binder:1699_D expire 11 lines
07-25 14:37:57.480 I/chatty ( 1699): uid=1000(system) Binder:1699_10 expire 2 lines
07-25 14:37:57.502 I/chatty ( 1699): uid=1000(system) Binder:1699_18 expire 12 lines
07-25 14:37:57.517 I/chatty ( 1699): uid=1000(system) android.ui expire 12 lines
07-25 14:37:57.528 I/chatty ( 1699): uid=1000(system) android.anim expire 14 lines
07-25 14:38:16.226 I/chatty ( 1699): uid=1000(system) Binder:1699_D expire 5 lines
07-25 14:38:16.279 I/chatty ( 1699): uid=1000(system) Binder:1699_1C expire 18 lines
07-25 14:38:16.315 I/chatty ( 1699): uid=1000(system) ns expire 15 lines
07-25 14:38:16.352 I/chatty ( 1699): uid=1000(system) Binder:1699_20 expire 2 lines
07-25 14:38:16.618 I/chatty ( 1699): uid=1000(system) Binder:1699_C expire 8 lines
07-25 14:38:16.622 I/chatty ( 1699): uid=1000(system) BroadcastQueue expire 3 lines
07-25 14:38:16.627 I/chatty ( 1699): uid=1000(system) Binder:1699_B expire 2 lines
07-25 14:38:16.642 I/chatty ( 1699): uid=1000(system) ActivityManager expire 3 lines
07-25 14:38:18.552 I/chatty ( 1699): uid=1000(system) android.bg expire 1 line
07-25 14:38:29.165 I/chatty ( 1699): uid=1000 system_server expire 4 lines
07-25 14:38:29.173 I/chatty ( 1699): uid=1000(system) batterystats-wo expire 3 lines
07-25 14:39:18.285 D/ViewRootImpl( 9951): swipeFromBottom mIgnoring true downY 2319 mScreenHeight 2340 mStatusBarHeight 54 globalScale 1.125
07-25 14:39:18.338 I/chatty ( 1699): uid=1000(system) Binder:1699_13 expire 1 line
07-25 14:39:18.467 I/chatty ( 1699): uid=1000(system) Binder:1699_11 expire 5 lines
07-25 14:39:18.499 I/chatty ( 1699): uid=1000(system) android.ui expire 24 lines
07-25 14:39:19.320 I/chatty ( 1699): uid=1000(system) Binder:1699_19 expire 4 lines
07-25 14:39:19.348 I/chatty ( 1699): uid=1000(system) Binder:1699_1E expire 12 lines
07-25 14:39:21.797 I/chatty ( 1699): uid=1000(system) Binder:1699_1A expire 12 lines
07-25 14:39:23.653 I/chatty ( 1699): uid=1000(system) Binder:1699_9 expire 3 lines
07-25 14:39:43.228 I/chatty ( 1699): uid=1000(system) Binder:1699_1 expire 1 line
07-25 14:39:43.273 I/chatty ( 1699): uid=1000(system) Binder:1699_1F expire 3 lines
07-25 14:40:09.682 I/chatty ( 1699): uid=1000(system) Binder:1699_14 expire 4 lines
07-25 14:40:26.484 I/chatty ( 1699): uid=1000(system) Binder:1699_16 expire 1 line
07-25 14:40:56.720 D/ViewRootImpl(27358): swipeFromBottom mIgnoring true downY 2321 mScreenHeight 2340 mStatusBarHeight 54 globalScale 1.125
07-25 14:40:56.722 D/ViewRootImpl(27358): swipeFromBottom mIgnoring true downY 2321 mScreenHeight 2340 mStatusBarHeight 54 globalScale 1.125
07-25 14:40:56.723 D/ViewRootImpl(27358): swipeFromBottom mIgnoring === false downY 2321 mStatusBarHeight 54
07-25 14:40:59.849 I/chatty ( 1699): uid=1000(system) android.ui expire 13 lines
07-25 14:40:59.870 I/chatty ( 1699): uid=1000(system) Binder:1699_1D expire 8 lines
07-25 14:41:01.954 I/chatty ( 1699): uid=1000(system) Binder:1699_1B expire 1 line
07-25 14:58:10.641 I/chatty ( 1699): uid=1000(system) Binder:1699_4 expire 3 lines
07-25 14:58:10.658 I/chatty ( 1699): uid=1000(system) BpmThread expire 1 line
07-25 14:58:10.697 I/chatty ( 1699): uid=1000(system) ns expire 10 lines
07-25 14:58:11.129 I/chatty ( 1699): uid=1000(system) android.anim expire 12 lines
07-25 14:58:14.932 I/chatty ( 1699): uid=1000(system) Binder:1699_8 expire 4 lines
07-25 14:58:53.616 I/chatty ( 1699): uid=1000(system) Binder:1699_1E expire 21 lines
07-25 14:58:55.186 I/chatty ( 1699): uid=1000(system) android.ui expire 41 lines
07-25 14:58:55.192 I/chatty ( 1699): uid=1000(system) Binder:1699_18 expire 7 lines
07-25 14:58:55.320 I/chatty ( 1699): uid=1000(system) Binder:1699_1C expire 15 lines
07-25 14:58:55.321 I/chatty ( 1699): uid=1000(system) android.display expire 2 lines
07-25 14:59:04.977 I/chatty ( 1699): uid=1000(system) Binder:1699_19 expire 13 lines
07-25 14:59:05.216 I/chatty ( 1699): uid=1000(system) Binder:1699_1 expire 4 lines
07-25 14:59:05.258 I/chatty ( 1699): uid=1000(system) ns expire 25 lines
07-25 14:59:05.321 I/chatty ( 1699): uid=1000(system) android.anim expire 34 lines
07-25 14:59:12.047 I/chatty ( 1699): uid=1000(system) Binder:1699_16 expire 5 lines
07-25 14:59:12.085 I/chatty ( 1699): uid=1000(system) Binder:1699_6 expire 3 lines
07-25 14:59:12.135 I/chatty ( 1699): uid=1000(system) Binder:1699_20 expire 8 lines
07-25 14:59:12.278 I/chatty ( 1699): uid=1000(system) Binder:1699_1B expire 10 lines
07-25 14:59:16.304 I/chatty ( 1699): uid=1000(system) Binder:1699_15 expire 13 lines
07-25 14:59:16.607 I/chatty ( 1699): uid=1000(system) Binder:1699_1D expire 7 lines
07-25 14:59:17.058 I/chatty ( 1699): uid=1000(system) Binder:1699_12 expire 2 lines
07-25 14:59:18.474 I/chatty ( 1699): uid=1000(system) android.bg expire 1 line
07-25 14:59:23.015 I/chatty ( 1699): uid=1000 system_server expire 3 lines
07-25 14:59:23.021 I/chatty ( 1699): uid=1000(system) batterystats-wo expire 1 line
07-25 14:59:24.859 I/chatty ( 1699): uid=1000(system) Binder:1699_1A expire 1 line
07-25 14:59:24.912 I/chatty ( 1699): uid=1000(system) Binder:1699_C expire 4 lines
07-25 14:59:24.955 I/chatty ( 1699): uid=1000(system) Binder:1699_1F expire 2 lines
07-25 14:59:39.162 I/chatty ( 1699): uid=1000(system) Binder:1699_7 expire 4 lines
07-25 14:59:41.252 I/chatty ( 1699): uid=1000(system) Binder:1699_4 expire 6 lines
07-25 14:59:44.332 I/chatty ( 1699): uid=1000(system) Binder:1699_19 expire 2 lines
07-25 14:59:44.339 I/chatty ( 1699): uid=1000(system) android.display expire 3 lines
07-25 14:59:44.356 I/chatty ( 1699): uid=1000(system) Binder:1699_16 expire 5 lines
07-25 14:59:44.367 I/chatty ( 1699): uid=1000(system) android.ui expire 38 lines
07-25 14:59:44.381 I/chatty ( 1699): uid=1000(system) android.anim expire 46 lines
07-25 14:59:49.119 I/chatty ( 1699): uid=1000 system_server expire 1 line
07-25 14:59:49.614 I/chatty ( 1699): uid=1000(system) Binder:1699_1D expire 10 lines
07-25 14:59:49.644 I/chatty ( 1699): uid=1000(system) Binder:1699_1C expire 6 lines
07-25 14:59:49.730 I/chatty ( 1699): uid=1000(system) ns expire 15 lines
07-25 14:59:49.841 I/chatty ( 1699): uid=1000(system) Binder:1699_1E expire 14 lines
07-25 14:59:49.913 I/chatty ( 1699): uid=1000(system) Binder:1699_20 expire 18 lines
07-25 14:59:53.790 I/chatty ( 1699): uid=1000(system) Binder:1699_1F expire 3 lines
07-25 14:59:54.111 I/chatty ( 1699): uid=1000(system) Binder:1699_3 expire 1 line
07-25 14:59:54.244 I/chatty ( 1699): uid=1000(system) Binder:1699_D expire 6 lines
07-25 14:59:54.584 I/chatty ( 1699): uid=1000(system) Binder:1699_C expire 18 lines
07-25 14:59:58.303 I/chatty ( 1699): uid=1000(system) Binder:1699_18 expire 3 lines
07-25 14:59:58.314 I/chatty ( 1699): uid=1000(system) Binder:1699_15 expire 7 lines
07-25 14:59:58.537 I/chatty ( 1699): uid=1000(system) Binder:1699_13 expire 1 line
07-25 15:00:00.560 I/chatty ( 1699): uid=1000(system) Binder:1699_1A expire 7 lines
07-25 15:00:01.717 I/chatty ( 1699): uid=1000(system) Binder:1699_17 expire 6 lines
07-25 15:00:02.024 I/chatty ( 1699): uid=1000(system) Binder:1699_1B expire 5 lines
07-25 15:00:03.105 I/chatty ( 1699): uid=1000(system) Binder:1699_11 expire 1 line
07-25 15:00:06.072 I/chatty ( 1699): uid=1000(system) Binder:1699_12 expire 6 lines
07-25 15:00:12.611 I/chatty ( 1699): uid=1000(system) android.anim expire 33 lines
07-25 15:00:13.084 I/chatty ( 1699): uid=1000(system) Binder:1699_20 expire 11 lines
07-25 15:00:15.548 I/chatty ( 1699): uid=1000(system) Binder:1699_1B expire 22 lines
07-25 15:00:15.915 I/chatty ( 1699): uid=1000(system) ns expire 15 lines
07-25 15:00:15.930 I/chatty ( 1699): uid=1000(system) android.ui expire 43 lines
07-25 15:00:15.956 I/chatty ( 1699): uid=1000(system) Binder:1699_5 expire 10 lines
07-25 15:00:16.590 I/chatty ( 1699): uid=1000(system) Binder:1699_1A expire 7 lines
07-25 15:00:16.919 I/chatty ( 1699): uid=1000(system) Binder:1699_11 expire 1 line
07-25 15:00:16.933 I/chatty ( 1699): uid=1000(system) Binder:1699_1E expire 12 lines
07-25 15:00:17.027 I/chatty ( 1699): uid=1000(system) Binder:1699_C expire 4 lines
07-25 15:00:17.028 I/chatty ( 1699): uid=1000(system) Binder:1699_E expire 3 lines
07-25 15:00:17.056 I/chatty ( 1699): uid=1000(system) android.display expire 3 lines
07-25 15:00:19.972 I/chatty ( 1699): uid=1000(system) Binder:1699_1C expire 3 lines
07-25 15:00:21.803 I/chatty ( 1699): uid=1000(system) Binder:1699_1D expire 6 lines
07-25 15:00:22.325 I/chatty ( 1699): uid=1000(system) Binder:1699_17 expire 4 lines
07-25 15:00:25.139 I/chatty ( 1699): uid=1000(system) Binder:1699_1F expire 5 lines
07-25 15:00:28.553 I/chatty ( 1699): uid=1000(system) Binder:1699_4 expire 12 lines
07-25 15:00:28.571 I/chatty ( 1699): uid=1000(system) Binder:1699_2 expire 4 lines
07-25 15:00:32.651 I/chatty ( 1699): uid=1000(system) Binder:1699_1 expire 5 lines
07-25 15:00:32.996 I/chatty ( 1699): uid=1000(system) Binder:1699_16 expire 1 line
07-25 15:00:33.017 I/chatty ( 1699): uid=1000(system) Binder:1699_15 expire 13 lines
07-25 15:00:33.093 I/chatty ( 1699): uid=1000(system) Binder:1699_B expire 7 lines
07-25 15:00:33.141 I/chatty ( 1699): uid=1000(system) android.anim expire 25 lines
07-25 15:00:33.148 I/chatty ( 1699): uid=1000(system) android.ui expire 12 lines
07-25 15:00:58.417 I/chatty ( 1699): uid=1000(system) Binder:1699_20 expire 21 lines
07-25 15:01:46.978 I/chatty ( 1699): uid=1000 system_server expire 10 lines
07-25 15:02:07.072 I/chatty ( 1699): uid=1000(system) InputReader expire 6 lines
07-25 15:02:07.073 I/chatty ( 1699): uid=1000(system) aceService.Main expire 3 lines
07-25 15:02:07.273 I/chatty ( 1699): uid=1000(system) PowerManagerSer expire 25 lines
07-25 15:02:07.306 I/chatty ( 1699): uid=1000(system) android.display expire 6 lines
07-25 15:02:07.588 I/chatty ( 1699): uid=1000(system) Binder:1699_1C expire 6 lines
07-25 15:02:07.750 I/chatty ( 1699): uid=1000(system) android.bg expire 3 lines
07-25 15:02:08.061 I/chatty ( 1699): uid=1000(system) Binder:1699_1F expire 18 lines
07-25 15:02:08.213 I/chatty ( 1699): uid=1000(system) PhoneWinHandler expire 6 lines
07-25 15:02:09.586 I/chatty ( 1699): uid=1000(system) Binder:1699_1 expire 12 lines
07-25 15:02:10.296 I/chatty ( 1699): uid=1000(system) Binder:1699_1D expire 8 lines
07-25 15:02:10.961 I/chatty ( 1699): uid=1000(system) Binder:1699_12 expire 1 line
07-25 15:02:12.792 I/chatty ( 1699): uid=1000(system) Binder:1699_13 expire 5 lines
07-25 15:02:32.683 I/chatty ( 1699): uid=1000(system) Binder:1699_18 expire 1 line
07-25 15:02:40.936 I/chatty ( 1699): uid=1000(system) Thread-40 expire 1 line
07-25 15:10:44.010 I/chatty ( 1699): uid=1000(system) BroadcastQueue expire 1 line
07-25 15:15:53.799 I/chatty ( 1699): uid=1000(system) Binder:1699_9 expire 1 line
07-25 15:15:54.303 D/ViewRootImpl(27358): swipeFromBottom mIgnoring true downY 2311 mScreenHeight 2340 mStatusBarHeight 54 globalScale 1.125
07-25 15:15:54.308 D/ViewRootImpl(27358): swipeFromBottom mIgnoring true downY 2311 mScreenHeight 2340 mStatusBarHeight 54 globalScale 1.125
07-25 15:15:54.308 D/ViewRootImpl(27358): swipeFromBottom mIgnoring === false downY 2311 mStatusBarHeight 54
07-25 15:15:54.377 I/chatty ( 1699): uid=1000(system) Binder:1699_A expire 4 lines
07-25 15:16:00.020 I/chatty ( 1699): uid=1000(system) Binder:1699_C expire 9 lines
07-25 15:16:01.081 D/ViewRootImpl(27358): swipeFromBottom mIgnoring true downY 2309 mScreenHeight 2340 mStatusBarHeight 54 globalScale 1.125
07-25 15:16:01.086 D/ViewRootImpl(27358): swipeFromBottom mIgnoring true downY 2309 mScreenHeight 2340 mStatusBarHeight 54 globalScale 1.125
07-25 15:16:01.086 D/ViewRootImpl(27358): swipeFromBottom mIgnoring === false downY 2309 mStatusBarHeight 54
07-25 15:16:04.306 I/chatty ( 1699): uid=1000(system) android.ui expire 10 lines
07-25 15:16:04.320 I/chatty ( 1699): uid=1000(system) ns expire 5 lines
07-25 15:16:04.423 I/chatty ( 1699): uid=1000(system) Binder:1699_1B expire 1 line
07-25 15:16:10.274 I/chatty ( 1699): uid=1000 system_server expire 1 line
07-25 15:16:10.800 I/chatty ( 1699): uid=1000(system) Binder:1699_8 expire 10 lines
07-25 15:16:13.228 I/chatty ( 1699): uid=1000(system) Binder:1699_17 expire 4 lines
07-25 15:16:13.660 I/chatty ( 1699): uid=1000(system) ActivityManager expire 2 lines
07-25 15:16:13.992 I/chatty ( 1699): uid=1000(system) Binder:1699_1E expire 15 lines
07-25 15:16:24.023 I/chatty ( 1699): uid=1000(system) Binder:1699_1F expire 21 lines
07-25 15:16:24.381 I/chatty ( 1699): uid=1000(system) android.anim expire 54 lines
07-25 15:16:24.789 I/chatty ( 1699): uid=1000(system) Binder:1699_14 expire 7 lines
07-25 15:16:32.023 I/chatty ( 1699): uid=1000(system) Binder:1699_20 expire 11 lines
07-25 15:16:32.180 I/chatty ( 1699): uid=1000(system) Binder:1699_6 expire 1 line
07-25 15:16:32.554 I/chatty ( 1699): uid=1000(system) Binder:1699_B expire 4 lines
07-25 15:16:32.965 I/chatty ( 1699): uid=1000(system) Binder:1699_17 expire 6 lines
07-25 15:16:34.646 I/chatty ( 1699): uid=1000 system_server expire 6 lines
07-25 15:16:45.054 I/chatty ( 1699): uid=1000(system) Binder:1699_C expire 4 lines
07-25 15:16:48.856 I/chatty ( 1699): uid=1000(system) Binder:1699_1 expire 1 line
07-25 15:16:50.012 I/chatty ( 1699): uid=1000(system) Binder:1699_1C expire 5 lines
07-25 15:16:57.952 I/chatty ( 1699): uid=1000(system) Binder:1699_3 expire 3 lines
07-25 15:16:57.983 I/chatty ( 1699): uid=1000(system) Binder:1699_9 expire 4 lines
07-25 15:17:02.832 I/chatty ( 1699): uid=1000(system) Binder:1699_1D expire 4 lines
07-25 15:17:04.589 I/chatty ( 1699): uid=1000(system) Binder:1699_19 expire 9 lines
07-25 15:17:04.621 I/chatty ( 1699): uid=1000(system) Binder:1699_1B expire 14 lines
07-25 15:17:04.626 I/chatty ( 1699): uid=1000(system) android.ui expire 14 lines
07-25 15:17:04.636 I/chatty ( 1699): uid=1000(system) batterystats-wo expire 2 lines
07-25 15:17:11.165 I/chatty ( 1699): uid=1000(system) Binder:1699_11 expire 2 lines
07-25 15:17:15.146 I/chatty ( 1699): uid=1000(system) Binder:1699_E expire 7 lines
07-25 15:17:33.983 I/chatty ( 1699): uid=1000(system) Binder:1699_A expire 3 lines
07-25 15:17:37.850 I/chatty ( 1699): uid=1000(system) Binder:1699_4 expire 3 lines
07-25 15:17:37.894 I/chatty ( 1699): uid=1000(system) ns expire 5 lines
07-25 15:17:39.069 I/chatty ( 1699): uid=1000(system) Binder:1699_13 expire 5 lines
07-25 15:17:41.205 I/chatty ( 1699): uid=1000(system) Binder:1699_12 expire 1 line
07-25 15:17:41.223 I/chatty ( 1699): uid=1000(system) Binder:1699_15 expire 16 lines
07-25 15:17:41.287 I/chatty ( 1699): uid=1000(system) android.ui expire 28 lines
07-25 15:17:41.289 I/chatty ( 1699): uid=1000(system) Binder:1699_14 expire 5 lines
07-25 15:17:41.339 I/chatty ( 1699): uid=1000(system) Binder:1699_D expire 2 lines
07-25 15:17:41.367 I/chatty ( 1699): uid=1000(system) Binder:1699_E expire 5 lines
07-25 15:17:41.392 I/chatty ( 1699): uid=1000(system) android.anim expire 54 lines
07-25 15:17:41.422 I/chatty ( 1699): uid=1000(system) Binder:1699_11 expire 6 lines
07-25 15:17:41.423 I/chatty ( 1699): uid=1000(system) android.display expire 2 lines
07-25 15:17:42.328 I/chatty ( 1699): uid=1000(system) Binder:1699_16 expire 2 lines
07-25 15:17:44.039 I/chatty ( 1699): uid=1000(system) Binder:1699_9 expire 5 lines
07-25 15:17:44.554 I/chatty ( 1699): uid=1000(system) Binder:1699_6 expire 2 lines
07-25 15:17:44.582 I/chatty ( 1699): uid=1000(system) Binder:1699_C expire 7 lines
07-25 15:17:45.011 I/chatty ( 1699): uid=1000(system) Binder:1699_1D expire 10 lines
07-25 15:17:45.581 I/chatty ( 1699): uid=1000(system) Binder:1699_7 expire 7 lines
07-25 15:17:46.720 I/chatty ( 1699): uid=1000(system) Binder:1699_1E expire 5 lines
07-25 15:17:48.726 I/chatty ( 1699): uid=1000(system) ns expire 5 lines
07-25 15:17:48.783 I/chatty ( 1699): uid=1000(system) Binder:1699_1C expire 8 lines
07-25 15:17:49.602 I/chatty ( 1699): uid=1000(system) Binder:1699_13 expire 18 lines
07-25 15:17:49.707 I/chatty ( 1699): uid=1000(system) Binder:1699_12 expire 11 lines
07-25 15:17:50.890 I/chatty ( 1699): uid=1000(system) Binder:1699_A expire 3 lines
07-25 15:17:55.671 I/chatty ( 1699): uid=1000(system) Binder:1699_4 expire 5 lines
07-25 15:17:58.378 I/chatty ( 1699): uid=1000(system) Binder:1699_1 expire 5 lines
07-25 15:17:59.122 I/chatty ( 1699): uid=1000(system) Binder:1699_8 expire 1 line
07-25 15:18:03.343 I/chatty ( 1699): uid=1000(system) Binder:1699_2 expire 3 lines
07-25 15:18:03.531 I/chatty ( 1699): uid=1000(system) Binder:1699_1F expire 1 line
07-25 15:18:04.741 I/chatty ( 1699): uid=1000(system) Binder:1699_20 expire 1 line
07-25 15:18:08.996 I/chatty ( 1699): uid=1000(system) Binder:1699_1B expire 2 lines
07-25 15:18:09.682 I/chatty ( 1699): uid=1000(system) Binder:1699_1A expire 5 lines
07-25 15:18:12.723 I/chatty ( 1699): uid=1000(system) Binder:1699_19 expire 37 lines
07-25 15:18:14.667 I/chatty ( 1699): uid=1000(system) Binder:1699_1C expire 4 lines
07-25 15:18:15.051 I/chatty ( 1699): uid=1000 system_server expire 16 lines
07-25 15:18:15.117 I/chatty ( 1699): uid=1000(system) Binder:1699_1B expire 2 lines
07-25 15:18:15.170 I/chatty ( 1699): uid=1000(system) android.anim expire 24 lines
07-25 15:18:22.718 I/chatty ( 1699): uid=1000(system) ActivityManager expire 1 line
07-25 15:18:29.191 I/chatty ( 1699): uid=1000(system) android.ui expire 22 lines
07-25 15:18:40.656 I/chatty ( 1699): uid=1000(system) Binder:1699_20 expire 21 lines
07-25 15:18:41.946 I/chatty ( 1699): uid=1000(system) Binder:1699_1F expire 12 lines
07-25 15:18:42.735 I/chatty ( 1699): uid=1000(system) Binder:1699_18 expire 5 lines
07-25 15:18:44.155 I/chatty ( 1699): uid=1000(system) Binder:1699_16 expire 10 lines
07-25 15:18:51.118 I/chatty ( 1699): uid=1000(system) Binder:1699_1D expire 4 lines
07-25 15:18:51.385 I/chatty ( 1699): uid=1000(system) Binder:1699_1A expire 7 lines
07-25 15:18:55.703 I/chatty ( 1699): uid=1000(system) Binder:1699_14 expire 2 lines
07-25 15:18:59.678 I/chatty ( 1699): uid=1000(system) Binder:1699_C expire 3 lines
07-25 15:19:02.470 I/chatty ( 1699): uid=1000(system) Binder:1699_1E expire 3 lines
07-25 15:19:03.993 I/chatty ( 1699): uid=1000(system) Binder:1699_10 expire 1 line
07-25 15:19:05.523 I/chatty ( 1699): uid=1000(system) Binder:1699_15 expire 1 line
07-25 15:19:10.055 I/chatty ( 1699): uid=1000(system) batterystats-wo expire 1 line
07-25 15:19:18.012 I/chatty ( 1699): uid=1000(system) InputReader expire 5 lines
07-25 15:19:18.013 I/chatty ( 1699): uid=1000(system) aceService.Main expire 1 line
07-25 15:19:18.203 I/chatty ( 1699): uid=1000(system) PowerManagerSer expire 5 lines
07-25 15:19:18.238 I/chatty ( 1699): uid=1000(system) android.display expire 2 lines
07-25 15:19:18.491 I/chatty ( 1699): uid=1000(system) Thread-140 expire 3 lines
07-25 15:19:18.520 I/chatty ( 1699): uid=1000(system) Binder:1699_12 expire 4 lines
07-25 15:19:18.555 I/chatty ( 1699): uid=1000(system) Binder:1699_11 expire 3 lines
07-25 15:19:18.587 I/chatty ( 1699): uid=1000(system) android.bg expire 2 lines
07-25 15:19:18.621 I/chatty ( 1699): uid=1000(system) Binder:1699_F expire 2 lines
07-25 15:19:24.209 I/chatty ( 1699): uid=1000(system) Thread-40 expire 2 lines
07-25 15:24:20.154 I/chatty ( 1699): uid=1000(system) Binder:1699_1 expire 1 line
07-25 15:29:20.512 I/chatty ( 1699): uid=1000(system) Binder:1699_D expire 6 lines
07-25 15:29:20.548 I/chatty ( 1699): uid=1000(system) Binder:1699_6 expire 3 lines
07-25 15:39:26.340 I/chatty ( 1699): uid=1000(system) BroadcastQueue expire 3 lines
07-25 15:39:29.421 I/chatty ( 1699): uid=1000(system) Binder:1699_5 expire 5 lines
07-25 15:51:39.396 I/chatty ( 1699): uid=1000(system) InputReader expire 2 lines
07-25 15:51:39.416 I/chatty ( 1699): uid=1000(system) PowerManagerSer expire 3 lines
07-25 15:51:39.419 I/chatty ( 1699): uid=1000(system) android.display expire 1 line
07-25 15:51:39.427 I/chatty ( 1699): uid=1000(system) Binder:1699_20 expire 23 lines
07-25 15:51:39.431 I/chatty ( 1699): uid=1000(system) batterystats-wo expire 1 line
07-25 15:51:39.436 I/chatty ( 1699): uid=1000(system) PhoneWinHandler expire 2 lines
07-25 15:51:39.437 I/chatty ( 1699): uid=1000 system_server expire 7 lines
07-25 15:51:39.554 I/chatty ( 1699): uid=1000(system) BroadcastQueue expire 2 lines
07-25 15:51:39.826 I/chatty ( 1699): uid=1000(system) android.ui expire 18 lines
07-25 15:51:40.038 D/ViewRootImpl(27358): swipeFromBottom mIgnoring true downY 2307 mScreenHeight 2340 mStatusBarHeight 54 globalScale 1.125
07-25 15:51:40.043 D/ViewRootImpl(27358): swipeFromBottom mIgnoring true downY 2307 mScreenHeight 2340 mStatusBarHeight 54 globalScale 1.125
07-25 15:51:40.043 D/ViewRootImpl(27358): swipeFromBottom mIgnoring === false downY 2307 mStatusBarHeight 54
07-25 15:51:40.103 I/chatty ( 1699): uid=1000(system) Binder:1699_1C expire 6 lines
07-25 15:51:42.239 I/chatty ( 1699): uid=1000(system) Binder:1699_1F expire 17 lines
07-25 15:51:42.281 I/chatty ( 1699): uid=1000(system) Binder:1699_19 expire 2 lines
07-25 15:51:42.318 I/chatty ( 1699): uid=1000(system) Binder:1699_1E expire 10 lines
07-25 15:51:42.325 I/chatty ( 1699): uid=1000(system) Binder:1699_1A expire 1 line
07-25 15:51:42.341 I/chatty ( 1699): uid=1000(system) ns expire 5 lines
07-25 15:51:42.368 I/chatty ( 1699): uid=1000(system) Thread-140 expire 3 lines
07-25 15:51:42.409 I/chatty ( 1699): uid=1000(system) android.anim expire 55 lines
07-25 15:51:43.340 I/chatty ( 1699): uid=1000(system) Binder:1699_1D expire 14 lines
07-25 15:51:43.368 I/chatty ( 1699): uid=1000(system) BpmThread expire 1 line
07-25 15:51:43.533 I/chatty ( 1699): uid=1000(system) Binder:1699_1B expire 13 lines
07-25 15:51:49.458 I/chatty ( 1699): uid=1000(system) ActivityManager expire 2 lines
07-25 15:51:54.418 I/chatty ( 1699): uid=1000(system) Binder:1699_3 expire 1 line
07-25 15:51:54.420 I/chatty ( 1699): uid=1000(system) Binder:1699_17 expire 6 lines
07-25 15:51:59.013 I/chatty ( 1699): uid=1000(system) Binder:1699_2 expire 3 lines
07-25 15:52:18.878 I/chatty ( 1699): uid=1000(system) Binder:1699_18 expire 4 lines
07-25 15:52:19.611 I/chatty ( 1699): uid=1000(system) Binder:1699_15 expire 4 lines
07-25 15:52:32.355 I/chatty ( 1699): uid=1000(system) Binder:1699_16 expire 7 lines
07-25 15:52:43.573 I/chatty ( 1699): uid=1000(system) Binder:1699_10 expire 1 line
07-25 15:52:44.559 I/chatty ( 1699): uid=1000(system) Binder:1699_1 expire 4 lines
07-25 15:52:54.961 I/chatty ( 1699): uid=1000(system) Binder:1699_F expire 1 line
07-25 15:52:55.049 I/chatty ( 1699): uid=1000(system) Binder:1699_11 expire 6 lines
07-25 15:53:25.879 I/chatty ( 1699): uid=1000(system) Binder:1699_C expire 6 lines
07-25 15:53:25.895 I/chatty ( 1699): uid=1000(system) android.ui expire 18 lines
07-25 15:53:25.907 I/chatty ( 1699): uid=1000(system) batterystats-wo expire 7 lines
07-25 15:53:37.145 I/chatty ( 1699): uid=1000(system) Binder:1699_1B expire 8 lines
07-25 15:53:37.330 I/chatty ( 1699): uid=1000(system) Binder:1699_1 expire 4 lines
07-25 15:53:37.734 I/chatty ( 1699): uid=1000(system) android.anim expire 17 lines
07-25 15:53:40.501 I/chatty ( 1699): uid=1000(system) Binder:1699_1A expire 5 lines
07-25 15:53:40.631 I/chatty ( 1699): uid=1000(system) Binder:1699_19 expire 1 line
07-25 15:53:42.778 I/chatty ( 1699): uid=1000(system) Binder:1699_1C expire 4 lines
07-25 15:54:35.126 I/chatty ( 1699): uid=1000 system_server expire 21 lines
07-25 16:02:08.773 I/chatty ( 1699): uid=1000(system) Binder:1699_1E expire 9 lines
07-25 16:02:09.394 I/chatty ( 1699): uid=1000(system) Binder:1699_16 expire 1 line
07-25 16:02:09.451 I/chatty ( 1699): uid=1000(system) Binder:1699_18 expire 1 line
07-25 16:03:12.208 I/chatty ( 1699): uid=1000(system) android.bg expire 3 lines
07-25 16:11:46.944 I/chatty ( 1699): uid=1000(system) Binder:1699_5 expire 2 lines
07-25 16:23:42.661 I/chatty ( 1699): uid=1000(system) PowerManagerSer expire 9 lines
07-25 16:23:42.662 I/chatty ( 1699): uid=1000(system) aceService.Main expire 1 line
07-25 16:23:42.950 I/chatty ( 1699): uid=1000(system) android.display expire 3 lines
07-25 16:23:43.188 I/chatty ( 1699): uid=1000(system) Thread-140 expire 6 lines
07-25 16:23:43.212 I/chatty ( 1699): uid=1000(system) Binder:1699_A expire 34 lines
07-25 16:23:43.716 I/chatty ( 1699): uid=1000(system) Binder:1699_15 expire 8 lines
07-25 16:24:01.986 I/chatty ( 1699): uid=1000(system) Thread-40 expire 2 lines
07-25 16:28:45.022 I/chatty ( 1699): uid=1000(system) Binder:1699_14 expire 1 line
07-25 16:38:44.181 I/chatty ( 1699): uid=1000(system) BroadcastQueue expire 10 lines
07-25 16:43:50.987 I/chatty ( 1699): uid=1000(system) ActivityManager expire 1 line
07-25 16:51:19.873 I/chatty ( 1699): uid=1000(system) Binder:1699_13 expire 5 lines
07-25 17:07:44.647 I/chatty ( 1699): uid=1000(system) InputReader expire 2 lines
07-25 17:07:44.680 I/chatty ( 1699): uid=1000(system) Binder:1699_F expire 11 lines
07-25 17:07:44.690 I/chatty ( 1699): uid=1000(system) PhoneWinHandler expire 2 lines
07-25 17:07:46.037 D/ViewRootImpl(27358): swipeFromBottom mIgnoring true downY 2335 mScreenHeight 2340 mStatusBarHeight 54 globalScale 1.125
07-25 17:07:46.045 D/ViewRootImpl(27358): swipeFromBottom mIgnoring true downY 2335 mScreenHeight 2340 mStatusBarHeight 54 globalScale 1.125
07-25 17:07:46.045 D/ViewRootImpl(27358): swipeFromBottom mIgnoring === false downY 2335 mStatusBarHeight 54
07-25 17:07:47.096 I/chatty ( 1699): uid=1000(system) android.ui expire 11 lines
07-25 17:07:47.948 I/chatty ( 1699): uid=1000 system_server expire 1 line
07-25 17:07:48.164 I/chatty ( 1699): uid=1000(system) ns expire 5 lines
07-25 17:07:48.221 I/chatty ( 1699): uid=1000(system) Binder:1699_3 expire 11 lines
07-25 17:07:50.462 I/chatty ( 1699): uid=1000(system) BpmThread expire 1 line
07-25 17:07:50.609 I/chatty ( 1699): uid=1000(system) Binder:1699_4 expire 1 line
07-25 17:07:56.870 I/chatty ( 1699): uid=1000(system) Binder:1699_1F expire 1 line
07-25 17:07:57.153 I/chatty ( 1699): uid=1000(system) Binder:1699_20 expire 16 lines
07-25 17:07:59.238 I/chatty ( 1699): uid=1000(system) Binder:1699_1E expire 20 lines
07-25 17:07:59.461 I/chatty ( 1699): uid=1000(system) Binder:1699_C expire 12 lines
07-25 17:07:59.747 I/chatty ( 1699): uid=1000(system) ActivityManager expire 4 lines
07-25 17:08:00.357 I/chatty ( 1699): uid=1000(system) Binder:1699_3 expire 5 lines
07-25 17:08:01.561 I/chatty ( 1699): uid=1000(system) android.anim expire 52 lines
07-25 17:08:07.957 I/chatty ( 1699): uid=1000(system) Binder:1699_1F expire 10 lines
07-25 17:08:10.649 I/chatty ( 1699): uid=1000(system) android.ui expire 17 lines
07-25 17:08:18.391 I/chatty ( 1699): uid=1000(system) Binder:1699_19 expire 8 lines
07-25 17:08:18.521 I/chatty ( 1699): uid=1000(system) Binder:1699_15 expire 10 lines
07-25 17:08:22.967 I/chatty ( 1699): uid=1000(system) Binder:1699_1C expire 7 lines
07-25 17:08:23.132 I/chatty ( 1699): uid=1000(system) Binder:1699_12 expire 4 lines
07-25 17:08:25.147 I/chatty ( 1699): uid=1000 system_server expire 20 lines
07-25 17:08:27.904 I/chatty ( 1699): uid=1000(system) Binder:1699_B expire 9 lines
07-25 17:08:35.913 I/chatty ( 1699): uid=1000(system) PowerManagerSer expire 2 lines
07-25 17:08:36.024 I/chatty ( 1699): uid=1000(system) Binder:1699_11 expire 5 lines
07-25 17:13:28.337 I/chatty ( 1699): uid=1000(system) batterystats-wo expire 3 lines
07-25 17:13:58.932 I/chatty ( 1699): uid=1000(system) Binder:1699_9 expire 6 lines
07-25 17:13:58.956 I/chatty ( 1699): uid=1000(system) Binder:1699_1B expire 7 lines
07-25 17:25:48.919 I/chatty ( 1699): uid=1000(system) Binder:1699_16 expire 7 lines
07-25 17:25:53.400 I/chatty ( 1699): uid=1000(system) Binder:1699_10 expire 2 lines
07-25 17:25:53.432 I/chatty ( 1699): uid=1000(system) Binder:1699_F expire 2 lines
07-25 17:26:13.559 I/chatty ( 1699): uid=1000(system) Binder:1699_4 expire 1 line
07-25 17:26:15.616 I/chatty ( 1699): uid=1000(system) Binder:1699_E expire 3 lines
07-25 17:26:18.067 I/chatty ( 1699): uid=1000(system) Binder:1699_1D expire 4 lines
07-25 17:26:18.211 I/chatty ( 1699): uid=1000(system) Binder:1699_18 expire 5 lines
07-25 17:26:25.624 I/chatty ( 1699): uid=1000(system) Binder:1699_2 expire 3 lines
07-25 17:26:26.354 I/chatty ( 1699): uid=1000(system) Binder:1699_17 expire 1 line
07-25 17:26:28.624 I/chatty ( 1699): uid=1000(system) Binder:1699_14 expire 3 lines
07-25 17:26:37.693 I/chatty ( 1699): uid=1000(system) android.bg expire 1 line
07-25 17:26:39.045 I/chatty ( 1699): uid=1000(system) BroadcastQueue expire 3 lines
07-25 17:26:39.094 I/chatty ( 1699): uid=1000(system) ns expire 10 lines
07-25 17:26:40.701 I/chatty ( 1699): uid=1000(system) Binder:1699_1B expire 10 lines
07-25 17:26:40.768 I/chatty ( 1699): uid=1000(system) Binder:1699_1E expire 13 lines
07-25 17:26:40.781 I/chatty ( 1699): uid=1000(system) BroadcastQueue expire 5 lines
07-25 17:26:40.851 I/chatty ( 1699): uid=1000(system) android.anim expire 48 lines
07-25 17:26:40.854 I/chatty ( 1699): uid=1000(system) android.ui expire 60 lines
07-25 17:26:40.879 V/ActivityThread(19932): disableDeathOnFileUriExposure com.oppo.camera
07-25 17:26:41.153 I/chatty ( 1699): uid=1000(system) ActivityManager expire 2 lines
07-25 17:26:41.198 I/chatty ( 1699): uid=1000(system) Binder:1699_20 expire 8 lines
07-25 17:26:42.034 I/chatty ( 1699): uid=1000(system) PowerManagerSer expire 1 line
07-25 17:26:45.074 I/chatty ( 1699): uid=1000(system) Binder:1699_1 expire 14 lines
07-25 17:26:46.219 I/chatty ( 1699): uid=1000(system) Binder:1699_3 expire 5 lines
07-25 17:26:46.352 I/chatty ( 1699): uid=1000(system) Binder:1699_1A expire 12 lines
07-25 17:26:46.644 I/chatty ( 1699): uid=1000(system) Binder:1699_1C expire 10 lines
07-25 17:26:51.331 I/chatty ( 1699): uid=1000(system) Binder:1699_1F expire 17 lines
07-25 17:26:54.235 I/chatty ( 1699): uid=1000(system) Binder:1699_1D expire 10 lines
07-25 17:26:55.626 I/chatty ( 1699): uid=1000 system_server expire 7 lines
07-25 17:27:30.982 I/chatty ( 1699): uid=1000(system) Binder:1699_16 expire 5 lines
07-25 17:27:37.053 I/chatty ( 1699): uid=1000(system) Binder:1699_19 expire 3 lines
07-25 17:27:37.937 I/chatty ( 1699): uid=1000(system) Binder:1699_15 expire 2 lines
07-25 17:27:58.901 I/chatty ( 1699): uid=1000(system) Binder:1699_8 expire 1 line
07-25 17:28:07.228 I/chatty ( 1699): uid=1000(system) Binder:1699_6 expire 2 lines
07-25 17:28:10.736 I/chatty ( 1699): uid=1000(system) Binder:1699_B expire 1 line
07-25 17:28:26.235 I/chatty ( 1699): uid=1000(system) Binder:1699_14 expire 1 line
07-25 17:28:45.388 I/chatty ( 1699): uid=1000(system) Binder:1699_C expire 4 lines
07-25 17:28:46.716 I/chatty ( 1699): uid=1000(system) Binder:1699_2 expire 1 line
07-25 17:28:54.642 I/chatty ( 1699): uid=1000(system) Binder:1699_4 expire 1 line
07-25 17:29:15.363 I/chatty ( 1699): uid=1000(system) Binder:1699_E expire 1 line
07-25 17:29:27.381 I/chatty ( 1699): uid=1000(system) BroadcastQueue expire 18 lines
07-25 17:29:27.390 I/chatty ( 1699): uid=1000(system) ns expire 15 lines
07-25 17:29:27.392 I/chatty ( 1699): uid=1000(system) android.ui expire 12 lines
07-25 17:29:27.414 I/chatty ( 1699): uid=1000(system) Binder:1699_19 expire 9 lines
07-25 17:29:27.507 I/chatty ( 1699): uid=1000(system) Binder:1699_1A expire 1 line
07-25 17:29:27.585 I/chatty ( 1699): uid=1000(system) android.anim expire 14 lines
07-25 17:29:27.759 I/chatty ( 1699): uid=1000(system) ActivityManager expire 5 lines
07-25 17:29:27.765 I/chatty ( 1699): uid=1000(system) Binder:1699_18 expire 12 lines
07-25 17:29:27.767 I/chatty ( 1699): uid=1000(system) PowerManagerSer expire 2 lines
07-25 17:29:31.230 I/chatty ( 1699): uid=1000(system) Binder:1699_16 expire 3 lines
07-25 17:29:32.448 I/chatty ( 1699): uid=1000(system) Binder:1699_20 expire 15 lines
07-25 17:29:32.482 I/chatty ( 1699): uid=1000(system) Binder:1699_17 expire 8 lines
07-25 17:29:40.555 I/chatty ( 1699): uid=1000(system) Binder:1699_1E expire 4 lines
07-25 17:29:40.766 I/chatty ( 1699): uid=1000(system) Binder:1699_15 expire 2 lines
07-25 17:29:40.849 I/chatty ( 1699): uid=1000(system) Binder:1699_1C expire 3 lines
07-25 17:29:40.906 I/chatty ( 1699): uid=1000(system) Binder:1699_C expire 15 lines
07-25 17:29:44.445 I/chatty ( 1699): uid=1000(system) Binder:1699_1 expire 24 lines
07-25 17:29:45.666 D/ViewRootImpl(19932): swipeFromBottom mIgnoring true downY 2324 mScreenHeight 2340 mStatusBarHeight 54 globalScale 1.125
07-25 17:29:45.841 I/chatty ( 1699): uid=1000(system) ns expire 15 lines
07-25 17:29:45.854 I/chatty ( 1699): uid=1000(system) android.ui expire 25 lines
07-25 17:29:45.937 I/chatty ( 1699): uid=1000(system) android.anim expire 19 lines
07-25 17:29:46.054 I/chatty ( 1699): uid=1000(system) Binder:1699_5 expire 3 lines
07-25 17:29:48.174 I/chatty ( 1699): uid=1000(system) Binder:1699_1D expire 8 lines
07-25 17:29:53.115 I/chatty ( 1699): uid=1000(system) Thread-140 expire 6 lines
07-25 17:29:53.135 I/chatty ( 1699): uid=1000(system) Binder:1699_8 expire 3 lines
07-25 17:29:57.592 I/chatty ( 1699): uid=1000(system) batterystats-wo expire 1 line
07-25 17:29:57.601 I/chatty ( 1699): uid=1000(system) Binder:1699_14 expire 7 lines
07-25 17:29:57.602 I/chatty ( 1699): uid=1000(system) Binder:1699_7 expire 1 line
07-25 17:29:57.603 I/chatty ( 1699): uid=1000(system) android.display expire 1 line
07-25 17:30:00.696 I/chatty ( 1699): uid=1000(system) Binder:1699_1F expire 17 lines
07-25 17:30:00.758 I/chatty ( 1699): uid=1000(system) android.ui expire 57 lines
07-25 17:30:00.880 I/chatty ( 1699): uid=1000(system) Binder:1699_18 expire 3 lines
07-25 17:30:00.944 I/chatty ( 1699): uid=1000(system) Binder:1699_14 expire 7 lines
07-25 17:30:01.084 I/chatty ( 1699): uid=1000(system) ActivityManager expire 2 lines
07-25 17:30:03.038 I/chatty ( 1699): uid=1000(system) Binder:1699_1B expire 3 lines
07-25 17:30:03.206 I/chatty ( 1699): uid=1000(system) android.anim expire 70 lines
07-25 17:30:05.197 I/chatty ( 1699): uid=1000(system) Binder:1699_17 expire 3 lines
07-25 17:30:06.844 I/chatty ( 1699): uid=1000 system_server expire 9 lines
07-25 17:30:08.387 I/chatty ( 1699): uid=1000(system) Binder:1699_1D expire 18 lines
07-25 17:30:08.426 I/chatty ( 1699): uid=1000(system) Binder:1699_1 expire 7 lines
07-25 17:30:19.021 I/chatty ( 1699): uid=1000(system) Binder:1699_1C expire 8 lines
07-25 17:30:19.050 I/chatty ( 1699): uid=1000(system) Binder:1699_15 expire 5 lines
07-25 17:30:27.605 I/chatty ( 1699): uid=1000(system) Binder:1699_20 expire 8 lines
07-25 17:30:33.017 I/chatty ( 1699): uid=1000(system) Binder:1699_1E expire 5 lines
07-25 17:30:43.714 I/chatty ( 1699): uid=1000(system) Binder:1699_10 expire 1 line
07-25 17:30:44.603 I/chatty ( 1699): uid=1000(system) Binder:1699_F expire 2 lines
07-25 17:30:44.627 I/chatty ( 1699): uid=1000(system) Binder:1699_1A expire 10 lines
07-25 17:30:44.728 I/chatty ( 1699): uid=1000(system) Binder:1699_11 expire 2 lines
07-25 17:30:54.701 I/chatty ( 1699): uid=1000(system) batterystats-wo expire 1 line
07-25 17:31:05.596 I/chatty ( 1699): uid=1000(system) Binder:1699_16 expire 6 lines
07-25 17:31:08.550 I/chatty ( 1699): uid=1000(system) Binder:1699_19 expire 3 lines
07-25 17:31:09.347 I/chatty ( 1699): uid=1000(system) Binder:1699_E expire 2 lines
07-25 17:31:13.647 I/chatty ( 1699): uid=1000(system) Binder:1699_C expire 2 lines
07-25 17:31:27.793 I/chatty ( 1699): uid=1000(system) Binder:1699_12 expire 1 line
07-25 17:31:34.413 I/chatty ( 1699): uid=1000(system) Binder:1699_13 expire 4 lines
07-25 17:31:43.682 I/chatty ( 1699): uid=1000(system) Binder:1699_2 expire 4 lines
07-25 17:32:08.474 I/chatty ( 1699): uid=1000(system) Binder:1699_7 expire 10 lines
07-25 17:32:09.579 I/chatty ( 1699): uid=1000(system) Binder:1699_1C expire 10 lines
07-25 17:32:09.939 I/chatty ( 1699): uid=1000(system) android.anim expire 33 lines
07-25 17:32:11.382 I/chatty ( 1699): uid=1000(system) Binder:1699_1A expire 9 lines
07-25 17:32:12.508 I/chatty ( 1699): uid=1000(system) Binder:1699_19 expire 5 lines
07-25 17:32:19.940 I/chatty ( 1699): uid=1000 system_server expire 21 lines
07-25 17:32:21.370 I/chatty ( 1699): uid=1000(system) ActivityManager expire 2 lines
07-25 17:32:21.453 I/chatty ( 1699): uid=1000(system) Binder:1699_1E expire 7 lines
07-25 17:32:21.504 I/chatty ( 1699): uid=1000(system) Binder:1699_18 expire 4 lines
07-25 17:32:21.517 I/chatty ( 1699): uid=1000(system) android.ui expire 7 lines
07-25 17:32:21.533 I/chatty ( 1699): uid=1000(system) batterystats-wo expire 13 lines
07-25 17:32:36.239 I/chatty ( 1699): uid=1000(system) Binder:1699_F expire 10 lines
07-25 17:32:53.085 I/chatty ( 1699): uid=1000(system) Binder:1699_1B expire 11 lines
07-25 17:32:53.115 I/chatty ( 1699): uid=1000(system) Binder:1699_1D expire 5 lines
07-25 17:32:58.058 I/chatty ( 1699): uid=1000(system) Binder:1699_1 expire 7 lines
07-25 17:32:58.896 I/chatty ( 1699): uid=1000(system) Binder:1699_11 expire 2 lines
07-25 17:33:49.313 I/chatty ( 1699): uid=1000(system) Binder:1699_6 expire 3 lines
07-25 17:33:53.966 I/chatty ( 1699): uid=1000(system) Binder:1699_8 expire 5 lines
07-25 17:34:00.419 I/chatty ( 1699): uid=1000(system) Binder:1699_1F expire 13 lines
07-25 17:36:39.462 I/chatty ( 1699): uid=1000(system) Binder:1699_17 expire 4 lines
07-25 17:36:40.910 I/chatty ( 1699): uid=1000(system) Binder:1699_16 expire 2 lines
07-25 17:36:40.982 I/chatty ( 1699): uid=1000(system) Binder:1699_13 expire 1 line
07-25 17:41:13.423 I/chatty ( 1699): uid=1000(system) Binder:1699_15 expire 3 lines
07-25 17:41:53.623 I/chatty ( 1699): uid=1000(system) Binder:1699_E expire 3 lines
07-25 17:42:08.531 I/chatty ( 1699): uid=1000(system) Binder:1699_20 expire 18 lines
07-25 17:42:53.747 I/chatty ( 1699): uid=1000(system) Binder:1699_12 expire 3 lines
07-25 17:44:32.475 I/chatty ( 1699): uid=1000(system) Binder:1699_10 expire 2 lines
07-25 17:46:14.549 I/chatty ( 1699): uid=1000(system) Binder:1699_5 expire 4 lines
07-25 17:46:38.943 I/chatty ( 1699): uid=1000(system) android.bg expire 2 lines
07-25 17:47:09.719 I/chatty ( 1699): uid=1000(system) Binder:1699_A expire 1 line
07-25 17:47:14.755 I/chatty ( 1699): uid=1000(system) Binder:1699_3 expire 4 lines
07-25 17:47:14.769 I/chatty ( 1699): uid=1000(system) Binder:1699_9 expire 2 lines
07-25 17:49:15.182 I/chatty ( 1699): uid=1000(system) Binder:1699_B expire 3 lines
07-25 17:50:15.433 I/chatty ( 1699): uid=1000(system) Binder:1699_D expire 2 lines
07-25 17:50:54.817 I/chatty ( 1699): uid=1000(system) OppoBatteryServ expire 24 lines
07-25 17:51:10.579 I/chatty ( 1699): uid=1000(system) Binder:1699_4 expire 1 line
07-25 17:54:11.239 I/chatty ( 1699): uid=1000(system) Binder:1699_C expire 1 line
07-25 17:59:48.680 I/chatty ( 1699): uid=1000(system) Binder:1699_14 expire 5 lines
07-25 18:01:08.218 I/chatty ( 1699): uid=1000(system) android.anim expire 10 lines
07-25 18:01:13.155 I/chatty ( 1699): uid=1000(system) Binder:1699_7 expire 1 line
07-25 18:01:14.578 I/chatty ( 1699): uid=1000(system) Binder:1699_16 expire 5 lines
07-25 18:01:14.632 I/chatty ( 1699): uid=1000(system) Binder:1699_1F expire 12 lines
07-25 18:01:15.300 I/chatty ( 1699): uid=1000(system) Binder:1699_19 expire 7 lines
07-25 18:01:18.248 I/chatty ( 1699): uid=1000(system) Binder:1699_20 expire 14 lines
07-25 18:01:22.784 I/chatty ( 1699): uid=1000(system) Binder:1699_A expire 2 lines
07-25 18:01:22.809 I/chatty ( 1699): uid=1000(system) android.ui expire 10 lines
07-25 18:01:23.046 I/chatty ( 1699): uid=1000(system) Binder:1699_17 expire 2 lines
07-25 18:01:32.051 I/chatty ( 1699): uid=1000(system) ActivityManager expire 25 lines
07-25 18:02:00.934 I/chatty ( 1699): uid=1000 system_server expire 21 lines
07-25 18:02:13.406 I/chatty ( 1699): uid=1000(system) Binder:1699_1C expire 11 lines
07-25 18:02:54.722 I/chatty ( 1699): uid=1000(system) batterystats-wo expire 10 lines
07-25 18:02:54.833 I/chatty ( 1699): uid=1000(system) Binder:1699_15 expire 8 lines
07-25 18:03:13.615 I/chatty ( 1699): uid=1000(system) Binder:1699_1D expire 18 lines
07-25 18:03:18.697 I/chatty ( 1699): uid=1000(system) Binder:1699_1E expire 11 lines
07-25 18:04:13.915 I/chatty ( 1699): uid=1000(system) Binder:1699_1 expire 10 lines
07-25 18:04:59.135 I/chatty ( 1699): uid=1000(system) Binder:1699_10 expire 2 lines
07-25 18:05:14.224 I/chatty ( 1699): uid=1000(system) Binder:1699_11 expire 3 lines
07-25 18:05:19.318 I/chatty ( 1699): uid=1000(system) Binder:1699_1A expire 5 lines
07-25 18:05:48.842 I/chatty ( 1699): uid=1000(system) BroadcastQueue expire 1 line
07-25 18:05:49.364 W/ActivityThread(23480): ClassLoader.loadClass: The class loader returned by Thread.getContextClassLoader() may fail for processes that host multiple applications. You should explicitly specify a context class loader. For example: Thread.setContextClassLoader(getClass().getClassLoader());
07-25 18:06:19.575 I/chatty ( 1699): uid=1000(system) Binder:1699_2 expire 7 lines
07-25 18:06:54.762 I/chatty ( 1699): uid=1000(system) android.bg expire 2 lines
07-25 18:06:59.745 I/chatty ( 1699): uid=1000(system) Binder:1699_1B expire 8 lines
07-25 18:07:11.523 I/chatty ( 1699): uid=1000(system) android.anim expire 4 lines
07-25 18:07:14.779 I/chatty ( 1699): uid=1000(system) Binder:1699_12 expire 2 lines
07-25 18:07:26.044 I/chatty ( 1699): uid=1000(system) Binder:1699_18 expire 6 lines
07-25 18:08:51.805 I/chatty ( 1699): uid=1000(system) OppoBatteryServ expire 25 lines
07-25 18:09:13.406 W/ActivityThread(22370): ClassLoader.loadClass: The class loader returned by Thread.getContextClassLoader() may fail for processes that host multiple applications. You should explicitly specify a context class loader. For example: Thread.setContextClassLoader(getClass().getClassLoader());
07-25 18:10:15.683 I/chatty ( 1699): uid=1000(system) Binder:1699_3 expire 1 line
07-25 18:10:20.764 I/chatty ( 1699): uid=1000(system) Binder:1699_C expire 4 lines
07-25 18:11:15.972 I/chatty ( 1699): uid=1000(system) Binder:1699_E expire 1 line
07-25 18:15:02.153 I/chatty ( 1699): uid=1000(system) Binder:1699_5 expire 1 line
07-25 18:19:18.243 I/chatty ( 1699): uid=1000(system) Binder:1699_D expire 1 line
07-25 18:19:23.323 I/chatty ( 1699): uid=1000(system) Binder:1699_8 expire 2 lines
07-25 18:22:19.235 I/chatty ( 1699): uid=1000(system) Binder:1699_13 expire 1 line
07-25 18:27:05.002 I/chatty ( 1699): uid=1000(system) ActivityManager expire 10 lines
07-25 18:27:05.662 I/chatty ( 1699): uid=1000(system) Binder:1699_1 expire 8 lines
07-25 18:27:20.786 I/chatty ( 1699): uid=1000(system) Binder:1699_1E expire 6 lines
07-25 18:27:25.845 I/chatty ( 1699): uid=1000(system) Binder:1699_1A expire 16 lines
07-25 18:27:26.690 I/chatty ( 1699): uid=1000(system) OppoBatteryServ expire 4 lines
07-25 18:28:06.030 I/chatty ( 1699): uid=1000(system) Binder:1699_F expire 27 lines
07-25 18:28:21.073 I/chatty ( 1699): uid=1000(system) Binder:1699_12 expire 7 lines
07-25 18:28:26.176 I/chatty ( 1699): uid=1000(system) Binder:1699_20 expire 4 lines
