07-27 11:21:52.244 D/jni_imsdk(26715): [19-07-27 11:21:52.243][DEBUG][][CoreWrapper][CoreWrapper handlePushMsg] recv push cmd: im_open_push.msg_push:msf cmd:onRecvPushMsg:1926200859
07-27 11:21:52.244 D/jni_imsdk(26715): [19-07-27 11:21:52.244][DEBUG][][imsdk.IMMsfCoreProxy]cmd:im_open_push.msg_push|req:0AD6010A97010A2108B404101718F0910320ACA192C20328CF86EFE90530CF86EFE90540ACA192C20312680A171A1510E5FD8A800228A883D29B055A07416E64726F6964224B089787E3F0A58080800210D6CA8294DE808080021805200538928CF0F117420C44656661756C7447726F7570620E4054475323615351425944374651720D320B4054494D2353595354454D3A0022082202080028005002123A1238080210D6CA8294DE80808002188EDECB8BC32D22002A0032003A1D08D6CA8294DE8080800210C801420E7573657269645F3138393831343112200D0AE21B9015739A000018D49F9DF1C7ACDCF91E2A0A10D6CA8294DE8080800218012000
07-27 11:21:52.248 D/jni_imsdk(26715): [19-07-27 11:21:52.248][DEBUG][sqlite_store.cc:2582][WriteGroupInfos][IMCore]WriteGroupInfos, groupid:@TGS#aSQBYD7FQ
07-27 11:21:52.252 D/jni_imsdk(26715): [19-07-27 11:21:52.252][DEBUG][group_manager_task.cc:1093][run][IMCore]end sync group @TGS#aSQBYD7FQ from server
07-27 11:21:52.252 D/jni_imsdk(26715): [19-07-27 11:21:52.252][INFO][][imsdk.IMMsfCoreProxy]RecvMsg|1-OnlinePush|Succ|cmd=im_open_push.msg_push, userid_1898141|userid_1898141
07-27 11:21:52.254 D/QALSDKManager(26715): sendmsg:userid_1898141:im_open_push.msg_push:0
07-27 11:21:52.255 D/MsfServiceSdk(26715): sdk sendMsg. ssoCmd:im_open_push.msg_push msfCmd:unknown appSeq:1155
07-27 11:21:52.255 D/MsfServiceProxy(26715): send req to msfService:ToServiceMsg msName:unknown ssoSeq:-1 appId:537050853 appSeq:1155 sName:com.tencent.qalsdk.service.QalService uin:144115213350774102 sCmd:im_open_push.msg_push t:10000 needResp:falsehttpReq:false
07-27 11:21:52.256 D/jni_imsdk(26715): [19-07-27 11:21:52.256][DEBUG][imcore_user_impl.cc:272][ManualPush][IMCore]manual push need_ack|1 need_sync|1
07-27 11:21:52.256 D/jni_imsdk(26715): [19-07-27 11:21:52.256][DEBUG][][imcore_jni]request user: userid_1898141|cmd:im_open_push.msg_push
07-27 11:21:52.256 D/jni_imsdk(26715): [19-07-27 11:21:52.256][DEBUG][][imsdk.IMMsfCoreProxy]request user: userid_1898141|cmd:im_open_push.msg_push|req
07-27 11:21:52.256 D/jni_imsdk(26715): [19-07-27 11:21:52.256][EVENT][][IMMsgSender]sendmsg cb: null
07-27 11:21:52.258 D/QalService(23909): service rcvmsg. ssoCmd:im_open_push.msg_push msfCmd:unknown appSeq:1155
07-27 11:21:52.258 D/MSF.C.NetConnTag(23909): ping pkg sent, buffer size: 21
07-27 11:21:52.259 D/MSF.C.NetConnTag(23909): add ToServiceMsg msName:qal_Hello ssoSeq:45765 appId:537050853 appSeq:-1 sName: uin:0 sCmd:MSF t:10000 needResp:truehttpReq:false to send
07-27 11:21:52.261 D/jni_imsdk(26715): [19-07-27 11:21:52.261][INFO][imcore_user_impl.cc:284][ManualPush][IMCore]RecvMsg|2-IMBegin|Succ|msgtype=564 subtype=23
07-27 11:21:52.261 D/jni_imsdk(26715): [19-07-27 11:21:52.261][DEBUG][imcore_user_impl.cc:294][ManualPush][IMCore]msgtype: 0x234 subtype:0x17
07-27 11:21:52.261 I/MSF.C.NetConnTag(23909): netSend ssoSeq:45765 appSeq:-1 uin:0 cmd:MSF 45786
07-27 11:21:52.261 D/jni_imsdk(26715): [19-07-27 11:21:52.261][DEBUG][msg.cc:1701][GetMsgTinyidList][IMCore]write tinyid: sdkappid=, acctype=, identifier=@TIM#SYSTEM, tinyid=144115198244471703
07-27 11:21:52.261 D/jni_imsdk(26715): [19-07-27 11:21:52.261][DEBUG][msg.cc:1790][GetMsgTinyidList][IMCore]write tinyid: sdkappid=, acctype=, identifier=userid_1898141, tinyid=144115213350774102
07-27 11:21:52.261 D/jni_imsdk(26715): [19-07-27 11:21:52.261][INFO][msg.cc:1254][BuildLocalPbMsg][IMCore]group report|0x2: GetMsgSeq
07-27 11:21:52.261 D/jni_imsdk(26715): [19-07-27 11:21:52.261][INFO][msg.cc:1256][BuildLocalPbMsg][IMCore]group report|0x6: GetMsgSeq
07-27 11:21:52.261 D/jni_imsdk(26715): [19-07-27 11:21:52.261][INFO][msg.cc:1258][BuildLocalPbMsg][IMCore]group report|0x7: GetMsgSeq
07-27 11:21:52.261 D/jni_imsdk(26715): [19-07-27 11:21:52.261][DEBUG][][imcore_jni]request user: userid_1898141|cmd:group_open_svc.get_group_info
07-27 11:21:52.261 D/jni_imsdk(26715): [19-07-27 11:21:52.261][DEBUG][][imsdk.IMMsfCoreProxy]request user: userid_1898141|cmd:group_open_svc.get_group_info|req
07-27 11:21:52.262 D/jni_imsdk(26715): [19-07-27 11:21:52.262][EVENT][][IMMsgSender]sendmsg cb: com.tencent.imsdk.ac@4098d8e
07-27 11:21:52.262 D/QALSDKManager(26715): sendmsg:userid_1898141:group_open_svc.get_group_info:0
07-27 11:21:52.262 D/MsfServiceSdk(26715): sdk sendMsg. ssoCmd:group_open_svc.get_group_info msfCmd:unknown appSeq:1156
07-27 11:21:52.262 D/MSF.D.RemoteServiceProxy(26715): waiteSendSeqSet put:144115213350774102group_open_svc.get_group_info :-1:1156
07-27 11:21:52.262 D/MsfServiceProxy(26715): send req to msfService:ToServiceMsg msName:unknown ssoSeq:-1 appId:537050853 appSeq:1156 sName:com.tencent.qalsdk.service.QalService uin:144115213350774102 sCmd:group_open_svc.get_group_info t:10000 needResp:truehttpReq:false
07-27 11:21:52.263 I/MSF.C.NetConnTag(23909): netSend ssoSeq:45764 appSeq:1155 uin:*4102 cmd:im_open_push.msg_push 46104
07-27 11:21:52.263 D/QalService(23909): service rcvmsg. ssoCmd:group_open_svc.get_group_info msfCmd:unknown appSeq:1156
07-27 11:21:52.264 D/jni_imsdk(26715): [19-07-27 11:21:52.264][DEBUG][msg.cc:1287][BuildLocalPbMsg][IMCore]0x17 Message: type=2, group=@TGS#aSQBYD7FQ, op_user=userid_1898141 msg_key=1564197711630 auth_size=0
07-27 11:21:52.265 I/MSF.C.NetConnTag(23909): netSend ssoSeq:45766 appSeq:1156 uin:*4102 cmd:group_open_svc.get_group_info 46130
07-27 11:21:52.265 D/jni_imsdk(26715): [19-07-27 11:21:52.265][INFO][msg_manager.cc:1918][operator()][IMCore]RecvMsg|3-ParseOver|Succ|C2C:sid=@TIM#SYSTEM, tinyid=144115198244471703, subtype=0x17, rand=944017580, seq=944017580, time=1564197711, isRead=0 status=2
07-27 11:21:52.265 D/jni_imsdk(26715): [19-07-27 11:21:52.265][DEBUG][msg_manager.cc:1520][ProcSyncMsgsResult][IMCore]MsgManager ProcSyncMsgsResultDone update session: 3|
07-27 11:21:52.265 D/jni_imsdk(26715): [19-07-27 11:21:52.265][DEBUG][msg_manager.cc:326][CheckC2COtherDupMsg][IMCore]CheckC2COtherDup: is_self=0, seq=944017580, rand=944017580, sid=, type=3, time=1564197711
07-27 11:21:52.265 D/jni_imsdk(26715): [19-07-27 11:21:52.265][DEBUG][msg_cache.cc:227][AddMsg][IMCore]insert into c2c_msgs: client_time=1564197711, server_time=1564197711, seq=944017580, rand=944017580
07-27 11:21:52.265 D/jni_imsdk(26715): [19-07-27 11:21:52.265][DEBUG][group_assistant.cc:193][OnGroupAdd][IMCore]group @TGS#aSQBYD7FQ not exist, sync from server
07-27 11:21:52.265 D/jni_imsdk(26715): [19-07-27 11:21:52.265][DEBUG][group_assistant.cc:184][SyncFreqenceCheck][IMCore]sync group info prevented by frequence control, groupid: @TGS#aSQBYD7FQ
07-27 11:21:52.265 D/jni_imsdk(26715): [19-07-27 11:21:52.265][DEBUG][sso_task.cc:42][run][IMCore]sso send cmd:im_open_msg.msg_sync|req:0a1808cf86efe90510cf86efe905288ae0a7dc0838a4acb5de0b100020012800
07-27 11:21:52.265 D/jni_imsdk(26715): [19-07-27 11:21:52.265][DEBUG][][imcore_jni]request user: userid_1898141|cmd:im_open_msg.msg_sync
07-27 11:21:52.265 D/jni_imsdk(26715): [19-07-27 11:21:52.265][DEBUG][][imsdk.IMMsfCoreProxy]request user: userid_1898141|cmd:im_open_msg.msg_sync|req
07-27 11:21:52.266 D/jni_imsdk(26715): [19-07-27 11:21:52.266][EVENT][][IMMsgSender]sendmsg cb: com.tencent.imsdk.ac@b06b9af
07-27 11:21:52.266 D/QALSDKManager(26715): sendmsg:userid_1898141:im_open_msg.msg_sync:0
07-27 11:21:52.266 D/MsfServiceSdk(26715): sdk sendMsg. ssoCmd:im_open_msg.msg_sync msfCmd:unknown appSeq:1157
07-27 11:21:52.266 D/MSF.D.RemoteServiceProxy(26715): waiteSendSeqSet put:144115213350774102im_open_msg.msg_sync :-1:1157
07-27 11:21:52.266 I/MSF.C.NetConnTag(23909): netRecv ssoSeq:45763 uin:*4102 cmd:imopenstat.report 45859
07-27 11:21:52.266 D/MsfServiceProxy(26715): send req to msfService:ToServiceMsg msName:unknown ssoSeq:-1 appId:537050853 appSeq:1157 sName:com.tencent.qalsdk.service.QalService uin:144115213350774102 sCmd:im_open_msg.msg_sync t:10000 needResp:truehttpReq:false
07-27 11:21:52.267 D/MSF.C.MsfCore(23909): service recv msg . ssoCmd:imopenstat.report ssoSeq:45763
07-27 11:21:52.269 I/MSF.C.NetConnTag(23909): netRecv ssoSeq:45746 uin:*4102 cmd:group_open_long_polling_svc.get_msg 46178
07-27 11:21:52.269 D/QalService(23909): service rcvmsg. ssoCmd:im_open_msg.msg_sync msfCmd:unknown appSeq:1157
07-27 11:21:52.270 D/MSF.C.MsfCore(23909): service recv msg . ssoCmd:group_open_long_polling_svc.get_msg ssoSeq:45746
07-27 11:21:52.270 D/MSF.S.RespHandler(23909): service getMsfMessagePairs resp:imopenstat.report:45763:1154
07-27 11:21:52.270 D/MSF.S.AppProcessManager(23909): service add queue last:1564197712270|imopenstat.report|45763
07-27 11:21:52.271 I/MSF.C.NetConnTag(23909): netSend ssoSeq:45767 appSeq:1157 uin:*4102 cmd:im_open_msg.msg_sync 46107
07-27 11:21:52.272 D/MSF.S.RespHandler(23909): service getMsfMessagePairs resp:group_open_long_polling_svc.get_msg:45746:1142
07-27 11:21:52.272 D/MSF.S.AppProcessManager(23909): service add queue last:1564197712272|group_open_long_polling_svc.get_msg|45746
07-27 11:21:52.273 I/MSF.S.AppProcessManager(23909): service send resp :com.yishouapp.fumi| from:144115213350774102|imopenstat.report|45763|1154
07-27 11:21:52.274 D/MSF.C.NetConnTag(23909): ping pkg ack received
07-27 11:21:52.275 I/MSF.C.NetConnTag(23909): netRecv ssoSeq:45765 uin: cmd:MSF 45786
07-27 11:21:52.275 I/MSF.S.AppProcessManager(23909): service send resp :com.yishouapp.fumi| from:144115213350774102|group_open_long_polling_svc.get_msg|45746|1142
07-27 11:21:52.277 D/MsfServiceProxy(26715): msfProxy onReceiveResp:144115213350774102:imopenstat.report :45763:1154
07-27 11:21:52.277 D/MsfServiceProxy(26715): waiteSendSeqSet receiveResp remove:144115213350774102:imopenstat.report :45763:1154
07-27 11:21:52.277 D/MsfServiceProxy(26715): onReceiveResp SsoCmd:imopenstat.report ssoSeq:45763
07-27 11:21:52.278 D/MsfServiceProxy(26715): sdk add queue req:ToServiceMsg msName:unknown ssoSeq:45763 appId:537050853 appSeq:1154 sName:com.tencent.qalsdk.service.QalService uin:144115213350774102 sCmd:imopenstat.report t:10000 needResp:truehttpReq:false from:FromServiceMsg msName:unknown ssoSeq:45763 failCode:1000 errorMsg: uin:144115213350774102 serviceCmd:imopenstat.report appId:537050853 appSeq:1154
07-27 11:21:52.278 D/MsfServiceSub(26715): serviceSub add last:1564197712278|imopenstat.report|45763
07-27 11:21:52.278 I/CoreWrapper(26715): [CoreWrapper handleRespMsg] recv resp msg:1564197712278|imopenstat.report|45763|1154
07-27 11:21:52.278 D/jni_imsdk(26715): [19-07-27 11:21:52.278][DEBUG][][CoreWrapper][CoreWrapper handleRespMsg] recv resp msg:1564197712278|imopenstat.report|45763|1154
07-27 11:21:52.278 D/jni_imsdk(26715): [19-07-27 11:21:52.278][DEBUG][][imsdk.IMMsfCoreProxy]request user: userid_1898141|cmd:imopenstat.report|rsp
07-27 11:21:52.279 D/jni_imsdk(26715): [19-07-27 11:21:52.278][DEBUG][qr_task.cc:132][operator()][IMCore]ApiCall(imopenstat.report) done. rsp: 0a020800
07-27 11:21:52.282 D/MsfServiceProxy(26715): msfProxy onReceiveResp:144115213350774102:group_open_long_polling_svc.get_msg :45746:1142
07-27 11:21:52.282 D/jni_imsdk(26715): [19-07-27 11:21:52.282][DEBUG][][imcore_jni]request user: userid_1898141|cmd:imopenstat.report
07-27 11:21:52.282 D/MsfServiceProxy(26715): waiteSendSeqSet receiveResp remove:144115213350774102:group_open_long_polling_svc.get_msg :45746:1142
07-27 11:21:52.282 D/jni_imsdk(26715): [19-07-27 11:21:52.282][DEBUG][][imsdk.IMMsfCoreProxy]request user: userid_1898141|cmd:imopenstat.report|req
07-27 11:21:52.282 D/QALSDKManager(26715): sendmsg:userid_1898141:imopenstat.report:0
07-27 11:21:52.282 D/MsfServiceProxy(26715): onReceiveResp SsoCmd:group_open_long_polling_svc.get_msg ssoSeq:45746
07-27 11:21:52.282 D/jni_imsdk(26715): [19-07-27 11:21:52.282][EVENT][][IMMsgSender]sendmsg cb: com.tencent.imsdk.ac@9795c54
07-27 11:21:52.282 D/MsfServiceProxy(26715): sdk add queue req:ToServiceMsg msName:unknown ssoSeq:45746 appId:537050853 appSeq:1142 sName:com.tencent.qalsdk.service.QalService uin:144115213350774102 sCmd:group_open_long_polling_svc.get_msg t:5000 needResp:truehttpReq:false from:FromServiceMsg msName:unknown ssoSeq:45746 failCode:1000 errorMsg: uin:144115213350774102 serviceCmd:group_open_long_polling_svc.get_msg appId:537050853 appSeq:1142
07-27 11:21:52.283 D/MsfServiceSub(26715): serviceSub add last:1564197712283|group_open_long_polling_svc.get_msg|45746
07-27 11:21:52.283 D/MsfServiceSdk(26715): sdk sendMsg. ssoCmd:imopenstat.report msfCmd:unknown appSeq:1158
07-27 11:21:52.283 I/CoreWrapper(26715): [CoreWrapper handleRespMsg] recv resp msg:1564197712283|group_open_long_polling_svc.get_msg|45746|1142
07-27 11:21:52.283 D/MSF.D.RemoteServiceProxy(26715): waiteSendSeqSet put:144115213350774102imopenstat.report :-1:1158
07-27 11:21:52.283 D/jni_imsdk(26715): [19-07-27 11:21:52.283][DEBUG][][CoreWrapper][CoreWrapper handleRespMsg] recv resp msg:1564197712283|group_open_long_polling_svc.get_msg|45746|1142
07-27 11:21:52.283 D/jni_imsdk(26715): [19-07-27 11:21:52.283][DEBUG][][imsdk.IMMsfCoreProxy]request user: userid_1898141|cmd:group_open_long_polling_svc.get_msg|rsp
07-27 11:21:52.283 D/jni_imsdk(26715): [19-07-27 11:21:52.283][DEBUG][sso_task.cc:53][operator()][IMCore]sso recv cmd:group_open_long_polling_svc.get_msg|rsp
07-27 11:21:52.283 D/MsfServiceProxy(26715): send req to msfService:ToServiceMsg msName:unknown ssoSeq:-1 appId:537050853 appSeq:1158 sName:com.tencent.qalsdk.service.QalService uin:144115213350774102 sCmd:imopenstat.report t:10000 needResp:truehttpReq:false
07-27 11:21:52.283 D/jni_imsdk(26715): [19-07-27 11:21:52.283][INFO][long_polling_msg.cc:136][run][IMCore]long polling ret: code=0, msg=
07-27 11:21:52.283 D/QALSDKManager(26715): sendmsg:userid_1898141:group_open_long_polling_svc.get_msg:5000
07-27 11:21:52.283 D/jni_imsdk(26715): [19-07-27 11:21:52.283][DEBUG][sso_task.cc:42][run][IMCore]sso send cmd:group_open_long_polling_svc.get_msg|req:0a403158394d396341474e426e6b506972786d79456d2f77666e47384e4f43672b324a2f48366e747846347151395264362f516c6d542b7653364670726969737a7410c7231805
07-27 11:21:52.283 D/jni_imsdk(26715): [19-07-27 11:21:52.283][DEBUG][][imcore_jni]request user: userid_1898141|cmd:group_open_long_polling_svc.get_msg
07-27 11:21:52.284 D/jni_imsdk(26715): [19-07-27 11:21:52.283][DEBUG][][imsdk.IMMsfCoreProxy]request user: userid_1898141|cmd:group_open_long_polling_svc.get_msg|req
07-27 11:21:52.284 D/jni_imsdk(26715): [19-07-27 11:21:52.284][EVENT][][IMMsgSender]sendmsg cb: com.tencent.imsdk.ac@fc617fd
07-27 11:21:52.284 D/MsfServiceSdk(26715): sdk sendMsg. ssoCmd:group_open_long_polling_svc.get_msg msfCmd:unknown appSeq:1159
07-27 11:21:52.284 D/MSF.D.RemoteServiceProxy(26715): waiteSendSeqSet put:144115213350774102group_open_long_polling_svc.get_msg :-1:1159
07-27 11:21:52.284 D/MsfServiceProxy(26715): send req to msfService:ToServiceMsg msName:unknown ssoSeq:-1 appId:537050853 appSeq:1159 sName:com.tencent.qalsdk.service.QalService uin:144115213350774102 sCmd:group_open_long_polling_svc.get_msg t:5000 needResp:truehttpReq:false
07-27 11:21:52.285 D/QalService(23909): service rcvmsg. ssoCmd:group_open_long_polling_svc.get_msg msfCmd:unknown appSeq:1159
07-27 11:21:52.285 D/MSF.C.NetConnTag(23909): ping pkg sent, buffer size: 21
07-27 11:21:52.285 D/QalService(23909): service rcvmsg. ssoCmd:imopenstat.report msfCmd:unknown appSeq:1158
07-27 11:21:52.286 D/MSF.C.NetConnTag(23909): ping pkg sent, buffer size: 21
07-27 11:21:52.286 D/MSF.C.NetConnTag(23909): add ToServiceMsg msName:qal_Hello ssoSeq:45769 appId:537050853 appSeq:-1 sName: uin:0 sCmd:MSF t:10000 needResp:truehttpReq:false to send
07-27 11:21:52.287 D/MSF.C.NetConnTag(23909): add ToServiceMsg msName:qal_Hello ssoSeq:45771 appId:537050853 appSeq:-1 sName: uin:0 sCmd:MSF t:10000 needResp:truehttpReq:false to send
07-27 11:21:52.287 I/MSF.C.NetConnTag(23909): netSend ssoSeq:45769 appSeq:-1 uin:0 cmd:MSF 45790
07-27 11:21:52.289 D/jni_imsdk(26715): [19-07-27 11:21:52.289][DEBUG][msg.cc:1701][GetMsgTinyidList][IMCore]write tinyid: sdkappid=, acctype=, identifier=@TIM#SYSTEM, tinyid=144115198244471703
07-27 11:21:52.289 D/jni_imsdk(26715): [19-07-27 11:21:52.289][DEBUG][msg.cc:1750][GetMsgTinyidList][IMCore]write tinyid: sdkappid=, acctype=, identifier=userid_1898141, tinyid=144115213350774102
07-27 11:21:52.289 D/jni_imsdk(26715): [19-07-27 11:21:52.289][DEBUG][msg.cc:1763][GetMsgTinyidList][IMCore]write tinyid: sdkappid=, acctype=, identifier=userid_1898141, tinyid=144115213350774102
07-27 11:21:52.289 D/jni_imsdk(26715): [19-07-27 11:21:52.289][INFO][online_msg_task.cc:132][run][IMCore]subtype 0x38
07-27 11:21:52.289 D/jni_imsdk(26715): [19-07-27 11:21:52.289][INFO][online_msg_task.cc:336][run][IMCore]msg 0x38: 080110d6ca8294de8080800218d6ca8294de80808002321d08d6ca8294de8080800210c801420e7573657269645f313839383134313a1d08d6ca8294de8080800210c801420e7573657269645f3138393831343140a701
07-27 11:21:52.289 D/jni_imsdk(26715): [19-07-27 11:21:52.289][INFO][online_msg_task.cc:378][run][IMCore]group member update, 0x1
07-27 11:21:52.289 D/jni_imsdk(26715): [19-07-27 11:21:52.289][DEBUG][sso_task.cc:42][run][IMCore]sso send cmd:group_open_svc.get_group_info|req:081032240a0e405447532361535142594437465110d6ca8294de808080021a081000280030004200
07-27 11:21:52.289 D/QALSDKManager(26715): sendmsg:userid_1898141:group_open_svc.get_group_info:0
07-27 11:21:52.289 I/MSF.C.NetConnTag(23909): netSend ssoSeq:45771 appSeq:-1 uin:0 cmd:MSF 45792
07-27 11:21:52.290 D/MsfServiceSdk(26715): sdk sendMsg. ssoCmd:group_open_svc.get_group_info msfCmd:unknown appSeq:1160
07-27 11:21:52.290 D/MSF.D.RemoteServiceProxy(26715): waiteSendSeqSet put:144115213350774102group_open_svc.get_group_info :-1:1160
07-27 11:21:52.290 D/MsfServiceProxy(26715): send req to msfService:ToServiceMsg msName:unknown ssoSeq:-1 appId:537050853 appSeq:1160 sName:com.tencent.qalsdk.service.QalService uin:144115213350774102 sCmd:group_open_svc.get_group_info t:10000 needResp:truehttpReq:false
07-27 11:21:52.291 D/jni_imsdk(26715): [19-07-27 11:21:52.291][DEBUG][][imcore_jni]request user: userid_1898141|cmd:group_open_svc.get_group_info
07-27 11:21:52.291 D/jni_imsdk(26715): [19-07-27 11:21:52.291][DEBUG][][imsdk.IMMsfCoreProxy]request user: userid_1898141|cmd:group_open_svc.get_group_info|req
07-27 11:21:52.291 D/jni_imsdk(26715): [19-07-27 11:21:52.291][EVENT][][IMMsgSender]sendmsg cb: com.tencent.imsdk.ac@bba763e
07-27 11:21:52.292 I/MSF.C.NetConnTag(23909): netSend ssoSeq:45768 appSeq:1159 uin:*4102 cmd:group_open_long_polling_svc.get_msg 46164
07-27 11:21:52.294 I/MSF.C.NetConnTag(23909): netSend ssoSeq:45770 appSeq:1158 uin:*4102 cmd:imopenstat.report 46126
07-27 11:21:52.294 D/QalService(23909): service rcvmsg. ssoCmd:group_open_svc.get_group_info msfCmd:unknown appSeq:1160
07-27 11:21:52.296 I/MSF.C.NetConnTag(23909): netRecv ssoSeq:45766 uin:*4102 cmd:group_open_svc.get_group_info 45942
07-27 11:21:52.297 I/MSF.C.NetConnTag(23909): netSend ssoSeq:45772 appSeq:1160 uin:*4102 cmd:group_open_svc.get_group_info 46128
07-27 11:21:52.298 D/MSF.C.MsfCore(23909): service recv msg . ssoCmd:group_open_svc.get_group_info ssoSeq:45766
07-27 11:21:52.300 D/MSF.S.RespHandler(23909): service getMsfMessagePairs resp:group_open_svc.get_group_info:45766:1156
07-27 11:21:52.300 D/MSF.S.AppProcessManager(23909): service add queue last:1564197712300|group_open_svc.get_group_info|45766
07-27 11:21:52.302 I/MSF.S.AppProcessManager(23909): service send resp :com.yishouapp.fumi| from:144115213350774102|group_open_svc.get_group_info|45766|1156
07-27 11:21:52.302 I/Choreographer(26715): Skipped 2 frames! The application may be doing too much work on its main thread.
07-27 11:21:52.305 D/MsfServiceProxy(26715): msfProxy onReceiveResp:144115213350774102:group_open_svc.get_group_info :45766:1156
07-27 11:21:52.306 D/MsfServiceProxy(26715): waiteSendSeqSet receiveResp remove:144115213350774102:group_open_svc.get_group_info :45766:1156
07-27 11:21:52.306 D/MsfServiceProxy(26715): onReceiveResp SsoCmd:group_open_svc.get_group_info ssoSeq:45766
07-27 11:21:52.306 D/MsfServiceProxy(26715): sdk add queue req:ToServiceMsg msName:unknown ssoSeq:45766 appId:537050853 appSeq:1156 sName:com.tencent.qalsdk.service.QalService uin:144115213350774102 sCmd:group_open_svc.get_group_info t:10000 needResp:truehttpReq:false from:FromServiceMsg msName:unknown ssoSeq:45766 failCode:1000 errorMsg: uin:144115213350774102 serviceCmd:group_open_svc.get_group_info appId:537050853 appSeq:1156
07-27 11:21:52.306 D/MsfServiceSub(26715): serviceSub add last:1564197712306|group_open_svc.get_group_info|45766
07-27 11:21:52.306 I/CoreWrapper(26715): [CoreWrapper handleRespMsg] recv resp msg:1564197712306|group_open_svc.get_group_info|45766|1156
07-27 11:21:52.307 D/jni_imsdk(26715): [19-07-27 11:21:52.307][DEBUG][][CoreWrapper][CoreWrapper handleRespMsg] recv resp msg:1564197712306|group_open_svc.get_group_info|45766|1156
07-27 11:21:52.307 D/jni_imsdk(26715): [19-07-27 11:21:52.307][DEBUG][][imsdk.IMMsfCoreProxy]request user: userid_1898141|cmd:group_open_svc.get_group_info|rsp
07-27 11:21:52.307 D/jni_imsdk(26715): [19-07-27 11:21:52.307][INFO][group_manager_proto.cc:1676][operator()][IMCore]ApiCall(group_open_svc.get_group_info) done.
07-27 11:21:52.307 D/jni_imsdk(26715): [19-07-27 11:21:52.307][DEBUG][group_manager_proto.cc:1696][operator()][IMCore]cmd: group_open_svc.get_group_info|rsp: 0a06080012026f6b10091a170a150a0e4054475323615351425944374651100040c723321f0a0e4054475323615351425944374651120d08d6ca8294de8080800220c623
07-27 11:21:52.307 D/jni_imsdk(26715): [19-07-27 11:21:52.307][DEBUG][group_manager_proto.cc:1715][operator()][IMCore]update group seq: @TGS#aSQBYD7FQ|svrseq: 4550|readseq: 4550
07-27 11:21:52.307 D/jni_imsdk(26715): [19-07-27 11:21:52.307][INFO][msg.cc:1261][operator()][IMCore]group report: GetMsgSeq
07-27 11:21:52.310 D/jni_imsdk(26715): [19-07-27 11:21:52.310][INFO][online_msg_task.cc:384][operator()][IMCore]group member update callback invoke
07-27 11:21:52.311 D/jni_imsdk(26715): [19-07-27 11:21:52.311][DEBUG][][IMCoreGroupUpdateCallback]no group member update listener registered
07-27 11:21:52.311 D/jni_imsdk(26715): [19-07-27 11:21:52.311][INFO][online_msg_task.cc:539][operator()][IMCore]group tips event callback invoke
07-27 11:21:52.313 D/jni_imsdk(26715): [19-07-27 11:21:52.313][INFO][][IMCoreNotify]listeners size: 1|msg size: 1|pid:26715
07-27 11:21:52.314 D/jni_imsdk(26715): [19-07-27 11:21:52.314][INFO][][imsdk.TIMMessage]msgid 944017580
07-27 11:21:52.314 D/jni_imsdk(26715): [19-07-27 11:21:52.314][INFO][][IMCoreNotify]RecvMsg|4-Callback|Succ|type=System, sid=, msgid=944017580, seq=944017580, rand=944017580, time=1564197711, isRead=false
07-27 11:21:52.343 D/MSF.C.NetConnTag(23909): ping pkg ack received
07-27 11:21:52.345 I/MSF.C.NetConnTag(23909): netRecv ssoSeq:45771 uin: cmd:MSF 45792
07-27 11:21:52.347 D/MSF.C.NetConnTag(23909): ping pkg ack received
07-27 11:21:52.348 I/MSF.C.NetConnTag(23909): netRecv ssoSeq:45771 uin: cmd:MSF 45792
07-27 11:21:52.350 I/MSF.C.NetConnTag(23909): netRecv ssoSeq:45770 uin:*4102 cmd:imopenstat.report 45866
07-27 11:21:52.352 D/MSF.C.MsfCore(23909): service recv msg . ssoCmd:imopenstat.report ssoSeq:45770
07-27 11:21:52.354 D/MSF.S.RespHandler(23909): service getMsfMessagePairs resp:imopenstat.report:45770:1158
07-27 11:21:52.354 D/MSF.S.AppProcessManager(23909): service add queue last:1564197712354|imopenstat.report|45770
07-27 11:21:52.354 I/MSF.C.NetConnTag(23909): netRecv ssoSeq:45772 uin:*4102 cmd:group_open_svc.get_group_info 45932
07-27 11:21:52.355 D/MSF.C.MsfCore(23909): service recv msg . ssoCmd:group_open_svc.get_group_info ssoSeq:45772
07-27 11:21:52.356 I/MSF.S.AppProcessManager(23909): service send resp :com.yishouapp.fumi| from:144115213350774102|imopenstat.report|45770|1158
07-27 11:21:52.356 D/MSF.S.RespHandler(23909): service getMsfMessagePairs resp:group_open_svc.get_group_info:45772:1160
07-27 11:21:52.356 D/MSF.S.AppProcessManager(23909): service add queue last:1564197712356|group_open_svc.get_group_info|45772
07-27 11:21:52.357 I/MSF.C.NetConnTag(23909): netRecv ssoSeq:45767 uin:*4102 cmd:im_open_msg.msg_sync 46151
07-27 11:21:52.358 I/MSF.S.AppProcessManager(23909): service send resp :com.yishouapp.fumi| from:144115213350774102|group_open_svc.get_group_info|45772|1160
07-27 11:21:52.358 D/MsfServiceProxy(26715): msfProxy onReceiveResp:144115213350774102:imopenstat.report :45770:1158
07-27 11:21:52.358 D/MsfServiceProxy(26715): waiteSendSeqSet receiveResp remove:144115213350774102:imopenstat.report :45770:1158
07-27 11:21:52.358 D/MsfServiceProxy(26715): onReceiveResp SsoCmd:imopenstat.report ssoSeq:45770
07-27 11:21:52.358 D/MsfServiceProxy(26715): sdk add queue req:ToServiceMsg msName:unknown ssoSeq:45770 appId:537050853 appSeq:1158 sName:com.tencent.qalsdk.service.QalService uin:144115213350774102 sCmd:imopenstat.report t:10000 needResp:truehttpReq:false from:FromServiceMsg msName:unknown ssoSeq:45770 failCode:1000 errorMsg: uin:144115213350774102 serviceCmd:imopenstat.report appId:537050853 appSeq:1158
07-27 11:21:52.359 D/MSF.C.MsfCore(23909): service recv msg . ssoCmd:im_open_msg.msg_sync ssoSeq:45767
07-27 11:21:52.359 I/CoreWrapper(26715): [CoreWrapper handleRespMsg] recv resp msg:1564197712359|imopenstat.report|45770|1158
07-27 11:21:52.359 D/jni_imsdk(26715): [19-07-27 11:21:52.359][DEBUG][][CoreWrapper][CoreWrapper handleRespMsg] recv resp msg:1564197712359|imopenstat.report|45770|1158
07-27 11:21:52.360 D/jni_imsdk(26715): [19-07-27 11:21:52.360][DEBUG][][imsdk.IMMsfCoreProxy]request user: userid_1898141|cmd:imopenstat.report|rsp
07-27 11:21:52.360 D/jni_imsdk(26715): [19-07-27 11:21:52.360][DEBUG][qr_task.cc:132][operator()][IMCore]ApiCall(imopenstat.report) done. rsp: 0a020800
07-27 11:21:52.360 D/MSF.S.RespHandler(23909): service getMsfMessagePairs resp:im_open_msg.msg_sync:45767:1157
07-27 11:21:52.360 D/MSF.S.AppProcessManager(23909): service add queue last:1564197712360|im_open_msg.msg_sync|45767
07-27 11:21:52.362 D/MsfServiceSub(26715): serviceSub add last:1564197712360|imopenstat.report|45770
07-27 11:21:52.364 D/MsfServiceProxy(26715): msfProxy onReceiveResp:144115213350774102:group_open_svc.get_group_info :45772:1160
07-27 11:21:52.364 D/MsfServiceProxy(26715): waiteSendSeqSet receiveResp remove:144115213350774102:group_open_svc.get_group_info :45772:1160
07-27 11:21:52.364 D/MsfServiceProxy(26715): onReceiveResp SsoCmd:group_open_svc.get_group_info ssoSeq:45772
07-27 11:21:52.365 I/MSF.S.AppProcessManager(23909): service send resp :com.yishouapp.fumi| from:144115213350774102|im_open_msg.msg_sync|45767|1157
07-27 11:21:52.365 D/MsfServiceProxy(26715): sdk add queue req:ToServiceMsg msName:unknown ssoSeq:45772 appId:537050853 appSeq:1160 sName:com.tencent.qalsdk.service.QalService uin:144115213350774102 sCmd:group_open_svc.get_group_info t:10000 needResp:truehttpReq:false from:FromServiceMsg msName:unknown ssoSeq:45772 failCode:1000 errorMsg: uin:144115213350774102 serviceCmd:group_open_svc.get_group_info appId:537050853 appSeq:1160
07-27 11:21:52.366 D/MsfServiceSub(26715): serviceSub add last:1564197712366|group_open_svc.get_group_info|45772
07-27 11:21:52.366 I/CoreWrapper(26715): [CoreWrapper handleRespMsg] recv resp msg:1564197712366|group_open_svc.get_group_info|45772|1160
07-27 11:21:52.367 D/jni_imsdk(26715): [19-07-27 11:21:52.367][DEBUG][][CoreWrapper][CoreWrapper handleRespMsg] recv resp msg:1564197712366|group_open_svc.get_group_info|45772|1160
07-27 11:21:52.367 D/jni_imsdk(26715): [19-07-27 11:21:52.367][DEBUG][][imsdk.IMMsfCoreProxy]request user: userid_1898141|cmd:group_open_svc.get_group_info|rsp
07-27 11:21:52.367 D/jni_imsdk(26715): [19-07-27 11:21:52.367][DEBUG][sso_task.cc:51][operator()][IMCore]sso recv cmd:group_open_svc.get_group_info|rsp:0a06080012026f6b10103a270a0e4054475323615351425944374651121508d6ca8294de8080800210e585efe90528c8013000
07-27 11:21:52.371 D/MsfServiceProxy(26715): msfProxy onReceiveResp:144115213350774102:im_open_msg.msg_sync :45767:1157
07-27 11:21:52.371 D/MsfServiceProxy(26715): waiteSendSeqSet receiveResp remove:144115213350774102:im_open_msg.msg_sync :45767:1157
07-27 11:21:52.371 D/MsfServiceProxy(26715): onReceiveResp SsoCmd:im_open_msg.msg_sync ssoSeq:45767
07-27 11:21:52.371 D/MsfServiceProxy(26715): sdk add queue req:ToServiceMsg msName:unknown ssoSeq:45767 appId:537050853 appSeq:1157 sName:com.tencent.qalsdk.service.QalService uin:144115213350774102 sCmd:im_open_msg.msg_sync t:10000 needResp:truehttpReq:false from:FromServiceMsg msName:unknown ssoSeq:45767 failCode:1000 errorMsg: uin:144115213350774102 serviceCmd:im_open_msg.msg_sync appId:537050853 appSeq:1157
07-27 11:21:52.372 D/MsfServiceSub(26715): serviceSub add last:1564197712372|im_open_msg.msg_sync|45767
07-27 11:21:52.372 I/CoreWrapper(26715): [CoreWrapper handleRespMsg] recv resp msg:1564197712372|im_open_msg.msg_sync|45767|1157
07-27 11:21:52.372 D/jni_imsdk(26715): [19-07-27 11:21:52.372][DEBUG][][CoreWrapper][CoreWrapper handleRespMsg] recv resp msg:1564197712372|im_open_msg.msg_sync|45767|1157
07-27 11:21:52.372 D/jni_imsdk(26715): [19-07-27 11:21:52.372][DEBUG][][imsdk.IMMsfCoreProxy]request user: userid_1898141|cmd:im_open_msg.msg_sync|rsp
07-27 11:21:52.376 D/jni_imsdk(26715): [19-07-27 11:21:52.376][DEBUG][sso_task.cc:51][operator()][IMCore]sso recv cmd:im_open_msg.msg_sync|rsp:0a020800121808cf86efe90510cf86efe905288af4949b0238a6c5c6e00b180222f60108ce86efe905109787e3f0a5808080021ae1010aa2010a2108b404101718f0910320aca192c20328cf86efe90530cf86efe90540aca192c20312680a171a1510e5fd8a800228a883d29b055a07416e64726f6964224b089787e3f0a58080800210d6ca8294de808080021805200538928cf0f117420c44656661756c7447726f7570620e4054475323615351425944374651720d320b4054494d2353595354454d3a002213220d320b4054494d2353595354454d28005002123a1238080210d6ca8294de80808002188edecb8bc32d22002a0032003a1d08d6ca8294de8080800210c801420e7573657269645f31383938313431200128cf86efe9053001
07-27 11:21:52.376 D/jni_imsdk(26715): [19-07-27 11:21:52.376][DEBUG][msg.cc:1701][GetMsgTinyidList][IMCore]write tinyid: sdkappid=, acctype=, identifier=@TIM#SYSTEM, tinyid=144115198244471703
07-27 11:21:52.376 D/QALSDKManager(26715): sendmsg:userid_1898141:group_open_svc.get_group_info:0
07-27 11:21:52.376 D/jni_imsdk(26715): [19-07-27 11:21:52.376][DEBUG][msg.cc:1790][GetMsgTinyidList][IMCore]write tinyid: sdkappid=, acctype=, identifier=userid_1898141, tinyid=144115213350774102
07-27 11:21:52.376 D/jni_imsdk(26715): [19-07-27 11:21:52.376][INFO][msg.cc:1254][BuildLocalPbMsg][IMCore]group report|0x2: GetMsgSeq
07-27 11:21:52.376 D/jni_imsdk(26715): [19-07-27 11:21:52.376][INFO][msg.cc:1256][BuildLocalPbMsg][IMCore]group report|0x6: GetMsgSeq
07-27 11:21:52.376 D/jni_imsdk(26715): [19-07-27 11:21:52.376][INFO][msg.cc:1258][BuildLocalPbMsg][IMCore]group report|0x7: GetMsgSeq
07-27 11:21:52.377 D/MsfServiceSdk(26715): sdk sendMsg. ssoCmd:group_open_svc.get_group_info msfCmd:unknown appSeq:1161
07-27 11:21:52.377 D/jni_imsdk(26715): [19-07-27 11:21:52.376][DEBUG][][imcore_jni]request user: userid_1898141|cmd:group_open_svc.get_group_info
07-27 11:21:52.377 D/jni_imsdk(26715): [19-07-27 11:21:52.377][DEBUG][][imsdk.IMMsfCoreProxy]request user: userid_1898141|cmd:group_open_svc.get_group_info|req
07-27 11:21:52.377 D/MSF.D.RemoteServiceProxy(26715): waiteSendSeqSet put:144115213350774102group_open_svc.get_group_info :-1:1161
07-27 11:21:52.377 D/jni_imsdk(26715): [19-07-27 11:21:52.377][EVENT][][IMMsgSender]sendmsg cb: com.tencent.imsdk.ac@cf549b5
07-27 11:21:52.377 D/MsfServiceProxy(26715): send req to msfService:ToServiceMsg msName:unknown ssoSeq:-1 appId:537050853 appSeq:1161 sName:com.tencent.qalsdk.service.QalService uin:144115213350774102 sCmd:group_open_svc.get_group_info t:10000 needResp:truehttpReq:false
07-27 11:21:52.378 D/QalService(23909): service rcvmsg. ssoCmd:group_open_svc.get_group_info msfCmd:unknown appSeq:1161
07-27 11:21:52.379 D/MSF.C.NetConnTag(23909): ping pkg sent, buffer size: 21
07-27 11:21:52.380 D/MSF.C.NetConnTag(23909): add ToServiceMsg msName:qal_Hello ssoSeq:45774 appId:537050853 appSeq:-1 sName: uin:0 sCmd:MSF t:10000 needResp:truehttpReq:false to send
07-27 11:21:52.381 I/MSF.C.NetConnTag(23909): netSend ssoSeq:45774 appSeq:-1 uin:0 cmd:MSF 45795
07-27 11:21:52.382 D/QALSDKManager(26715): sendmsg:userid_1898141:im_open_msg.msg_sync:0
07-27 11:21:52.382 D/MsfServiceSdk(26715): sdk sendMsg. ssoCmd:im_open_msg.msg_sync msfCmd:unknown appSeq:1162
07-27 11:21:52.382 D/MsfServiceProxy(26715): send req to msfService:ToServiceMsg msName:unknown ssoSeq:-1 appId:537050853 appSeq:1162 sName:com.tencent.qalsdk.service.QalService uin:144115213350774102 sCmd:im_open_msg.msg_sync t:10000 needResp:falsehttpReq:false
07-27 11:21:52.382 D/jni_imsdk(26715): [19-07-27 11:21:52.382][DEBUG][msg.cc:1287][BuildLocalPbMsg][IMCore]0x17 Message: type=2, group=@TGS#aSQBYD7FQ, op_user=userid_1898141 msg_key=1564197711630 auth_size=0
07-27 11:21:52.382 D/jni_imsdk(26715): [19-07-27 11:21:52.382][DEBUG][login_task.cc:147][run][IMCore]cmd: im_open_msg.msg_sync|req: 0a1808cf86efe90510cf86efe905288af4949b0238a6c5c6e00b100220012800
07-27 11:21:52.382 D/jni_imsdk(26715): [19-07-27 11:21:52.382][DEBUG][][imcore_jni]request user: userid_1898141|cmd:im_open_msg.msg_sync
07-27 11:21:52.382 D/jni_imsdk(26715): [19-07-27 11:21:52.382][DEBUG][][imsdk.IMMsfCoreProxy]request user: userid_1898141|cmd:im_open_msg.msg_sync|req
07-27 11:21:52.382 D/jni_imsdk(26715): [19-07-27 11:21:52.382][EVENT][][IMMsgSender]sendmsg cb: null
07-27 11:21:52.383 D/QalService(23909): service rcvmsg. ssoCmd:im_open_msg.msg_sync msfCmd:unknown appSeq:1162
07-27 11:21:52.383 I/MSF.C.NetConnTag(23909): netSend ssoSeq:45773 appSeq:1161 uin:*4102 cmd:group_open_svc.get_group_info 46137
07-27 11:21:52.384 D/jni_imsdk(26715): [19-07-27 11:21:52.384][DEBUG][login_task.cc:151][run][IMCore]send im_open_msg.msg_sync:SYNC_END
07-27 11:21:52.384 D/jni_imsdk(26715): [19-07-27 11:21:52.384][DEBUG][msg_manager.cc:1520][ProcSyncMsgsResult][IMCore]MsgManager ProcSyncMsgsResultDone update session: 3|
07-27 11:21:52.384 D/jni_imsdk(26715): [19-07-27 11:21:52.384][DEBUG][msg_manager.cc:326][CheckC2COtherDupMsg][IMCore]CheckC2COtherDup: is_self=0, seq=944017580, rand=944017580, sid=, type=3, time=1564197711
07-27 11:21:52.384 D/jni_imsdk(26715): [19-07-27 11:21:52.384][WARN][msg_manager.cc:330][CheckC2COtherDupMsg][IMCore]dup msg key: 3--S-944017580
07-27 11:21:52.384 D/jni_imsdk(26715): [19-07-27 11:21:52.384][INFO][msg_manager.cc:1543][ProcSyncMsgsResult][IMCore]RecvMsg|CheckDup|found dup:type=3, conversation=, seq=944017580, rand=944017580, time=1564197711
07-27 11:21:52.384 D/jni_imsdk(26715): [19-07-27 11:21:52.384][DEBUG][sso_task.cc:42][run][IMCore]sso send cmd:im_open_msg.msg_remove|req:0a1e089787e3f0a58080800210d6ca8294de8080800218f0910320aca192c203
07-27 11:21:52.385 D/jni_imsdk(26715): [19-07-27 11:21:52.385][DEBUG][][imcore_jni]request user: userid_1898141|cmd:im_open_msg.msg_remove
07-27 11:21:52.385 D/jni_imsdk(26715): [19-07-27 11:21:52.385][DEBUG][][imsdk.IMMsfCoreProxy]request user: userid_1898141|cmd:im_open_msg.msg_remove|req
07-27 11:21:52.385 D/QALSDKManager(26715): sendmsg:userid_1898141:im_open_msg.msg_remove:0
07-27 11:21:52.385 D/MsfServiceSdk(26715): sdk sendMsg. ssoCmd:im_open_msg.msg_remove msfCmd:unknown appSeq:1163
07-27 11:21:52.385 D/jni_imsdk(26715): [19-07-27 11:21:52.385][EVENT][][IMMsgSender]sendmsg cb: com.tencent.imsdk.ac@7e3b84a
07-27 11:21:52.385 D/MSF.D.RemoteServiceProxy(26715): waiteSendSeqSet put:144115213350774102im_open_msg.msg_remove :-1:1163
07-27 11:21:52.385 I/MSF.C.NetConnTag(23909): netSend ssoSeq:45775 appSeq:1162 uin:*4102 cmd:im_open_msg.msg_sync 46115
07-27 11:21:52.385 D/MsfServiceProxy(26715): send req to msfService:ToServiceMsg msName:unknown ssoSeq:-1 appId:537050853 appSeq:1163 sName:com.tencent.qalsdk.service.QalService uin:144115213350774102 sCmd:im_open_msg.msg_remove t:10000 needResp:truehttpReq:false
07-27 11:21:52.387 D/QalService(23909): service rcvmsg. ssoCmd:im_open_msg.msg_remove msfCmd:unknown appSeq:1163
07-27 11:21:52.388 I/MSF.C.NetConnTag(23909): netSend ssoSeq:45776 appSeq:1163 uin:*4102 cmd:im_open_msg.msg_remove 46116
07-27 11:21:52.391 D/MSF.C.NetConnTag(23909): ping pkg ack received
07-27 11:21:52.392 I/MSF.C.NetConnTag(23909): netRecv ssoSeq:45774 uin: cmd:MSF 45795
07-27 11:21:52.439 I/MSF.C.NetConnTag(23909): netRecv ssoSeq:45773 uin:*4102 cmd:group_open_svc.get_group_info 45949
07-27 11:21:52.441 D/MSF.C.MsfCore(23909): service recv msg . ssoCmd:group_open_svc.get_group_info ssoSeq:45773
07-27 11:21:52.443 D/MSF.S.RespHandler(23909): service getMsfMessagePairs resp:group_open_svc.get_group_info:45773:1161
07-27 11:21:52.443 D/MSF.S.AppProcessManager(23909): service add queue last:1564197712443|group_open_svc.get_group_info|45773
07-27 11:21:52.444 I/MSF.C.NetConnTag(23909): netRecv ssoSeq:45775 uin:*4102 cmd:im_open_msg.msg_sync 45879
07-27 11:21:52.445 W/MSF.C.PushManager(23909): found not handle push msg FromServiceMsg msName:unknown ssoSeq:45775 failCode:1000 errorMsg: uin:144115213350774102 serviceCmd:im_open_msg.msg_sync appId:-1 appSeq:45775
07-27 11:21:52.446 I/MSF.S.AppProcessManager(23909): service send resp :com.yishouapp.fumi| from:144115213350774102|group_open_svc.get_group_info|45773|1161
07-27 11:21:52.449 I/MSF.C.NetConnTag(23909): netRecv ssoSeq:45776 uin:*4102 cmd:im_open_msg.msg_remove 45872
07-27 11:21:52.450 D/MsfServiceProxy(26715): msfProxy onReceiveResp:144115213350774102:group_open_svc.get_group_info :45773:1161
07-27 11:21:52.450 D/MsfServiceProxy(26715): waiteSendSeqSet receiveResp remove:144115213350774102:group_open_svc.get_group_info :45773:1161
07-27 11:21:52.450 D/MsfServiceProxy(26715): onReceiveResp SsoCmd:group_open_svc.get_group_info ssoSeq:45773
07-27 11:21:52.450 D/MsfServiceProxy(26715): sdk add queue req:ToServiceMsg msName:unknown ssoSeq:45773 appId:537050853 appSeq:1161 sName:com.tencent.qalsdk.service.QalService uin:144115213350774102 sCmd:group_open_svc.get_group_info t:10000 needResp:truehttpReq:false from:FromServiceMsg msName:unknown ssoSeq:45773 failCode:1000 errorMsg: uin:144115213350774102 serviceCmd:group_open_svc.get_group_info appId:537050853 appSeq:1161
07-27 11:21:52.450 D/MsfServiceSub(26715): serviceSub add last:1564197712450|group_open_svc.get_group_info|45773
07-27 11:21:52.451 I/CoreWrapper(26715): [CoreWrapper handleRespMsg] recv resp msg:1564197712451|group_open_svc.get_group_info|45773|1161
07-27 11:21:52.452 D/MSF.C.MsfCore(23909): service recv msg . ssoCmd:im_open_msg.msg_remove ssoSeq:45776
07-27 11:21:52.452 D/jni_imsdk(26715): [19-07-27 11:21:52.452][DEBUG][][CoreWrapper][CoreWrapper handleRespMsg] recv resp msg:1564197712451|group_open_svc.get_group_info|45773|1161
07-27 11:21:52.452 D/jni_imsdk(26715): [19-07-27 11:21:52.452][DEBUG][][imsdk.IMMsfCoreProxy]request user: userid_1898141|cmd:group_open_svc.get_group_info|rsp
07-27 11:21:52.452 D/jni_imsdk(26715): [19-07-27 11:21:52.452][INFO][group_manager_proto.cc:1676][operator()][IMCore]ApiCall(group_open_svc.get_group_info) done.
07-27 11:21:52.452 D/jni_imsdk(26715): [19-07-27 11:21:52.452][DEBUG][group_manager_proto.cc:1696][operator()][IMCore]cmd: group_open_svc.get_group_info|rsp: 0a06080012026f6b10091a170a150a0e4054475323615351425944374651100040c723321f0a0e4054475323615351425944374651120d08d6ca8294de8080800220c623
07-27 11:21:52.452 D/jni_imsdk(26715): [19-07-27 11:21:52.452][DEBUG][group_manager_proto.cc:1715][operator()][IMCore]update group seq: @TGS#aSQBYD7FQ|svrseq: 4550|readseq: 4550
07-27 11:21:52.452 D/jni_imsdk(26715): [19-07-27 11:21:52.452][INFO][msg.cc:1261][operator()][IMCore]group report: GetMsgSeq
07-27 11:21:52.454 D/MSF.S.RespHandler(23909): service getMsfMessagePairs resp:im_open_msg.msg_remove:45776:1163
07-27 11:21:52.454 D/MSF.S.AppProcessManager(23909): service add queue last:1564197712454|im_open_msg.msg_remove|45776
07-27 11:21:52.459 I/MSF.S.AppProcessManager(23909): service send resp :com.yishouapp.fumi| from:144115213350774102|im_open_msg.msg_remove|45776|1163
07-27 11:21:52.460 D/MsfServiceProxy(26715): msfProxy onReceiveResp:144115213350774102:im_open_msg.msg_remove :45776:1163
07-27 11:21:52.461 D/MsfServiceProxy(26715): waiteSendSeqSet receiveResp remove:144115213350774102:im_open_msg.msg_remove :45776:1163
07-27 11:21:52.461 D/MsfServiceProxy(26715): onReceiveResp SsoCmd:im_open_msg.msg_remove ssoSeq:45776
07-27 11:21:52.461 D/MsfServiceProxy(26715): sdk add queue req:ToServiceMsg msName:unknown ssoSeq:45776 appId:537050853 appSeq:1163 sName:com.tencent.qalsdk.service.QalService uin:144115213350774102 sCmd:im_open_msg.msg_remove t:10000 needResp:truehttpReq:false from:FromServiceMsg msName:unknown ssoSeq:45776 failCode:1000 errorMsg: uin:144115213350774102 serviceCmd:im_open_msg.msg_remove appId:537050853 appSeq:1163
07-27 11:21:52.461 D/MsfServiceSub(26715): serviceSub add last:1564197712461|im_open_msg.msg_remove|45776
07-27 11:21:52.461 I/CoreWrapper(26715): [CoreWrapper handleRespMsg] recv resp msg:1564197712461|im_open_msg.msg_remove|45776|1163
07-27 11:21:52.461 D/jni_imsdk(26715): [19-07-27 11:21:52.461][DEBUG][][CoreWrapper][CoreWrapper handleRespMsg] recv resp msg:1564197712461|im_open_msg.msg_remove|45776|1163
07-27 11:21:52.461 D/jni_imsdk(26715): [19-07-27 11:21:52.461][EVENT][][imsdk.IMMsfCoreProxy]cmd:im_open_msg.msg_remove|rsp: null or zero size buff from server
07-27 11:21:52.462 D/jni_imsdk(26715): [19-07-27 11:21:52.462][DEBUG][][imsdk.IMMsfCoreProxy]request user: userid_1898141|cmd:im_open_msg.msg_remove|rsp
07-27 11:21:52.462 D/jni_imsdk(26715): [19-07-27 11:21:52.462][DEBUG][sso_task.cc:51][operator()][IMCore]sso recv cmd:im_open_msg.msg_remove|rsp:
07-27 11:21:52.651 D/Unknow (26715): [txg_jni_util.cpp, getEnv, 173]:JniHelper::getEnv() env == null ptr
07-27 11:21:52.651 D/Unknow (26715): [txg_jni_util.cpp, cacheEnv, 301]:Success cacheEnv JNI_OK
07-27 11:21:52.653 D/Unknow (26715): [tx_dr_base.cpp, RecvResponse, 404]:moudleID:1004, streamID:, result:0, errInfo:
07-27 11:21:52.653 D/TXCDataReport(26715): report evt 40101: token=bf81c21f-d31f-4997-a12b-473d7e4e5347 u64_timestamp=1564197712651 str_device_type=PBEM00 u32_network_type=1 u32_dns_time=3 u32_server_ip=183.2.192.57 u32_connect_server_time=120 u32_stream_begin=-1 u32_first_i_frame=402 u32_first_frame_down=166 str_user_id=8c9336a4d97de2e2fef9baf5b77a3983;e3f5536a141811db40efd6400f1d0a4e;0f61c71a2a01b3501b082b1e437891c3 str_package_name=com.yishouapp.fumi str_app_version= dev_uuid=f61b7a1c0c60b07b4df059687440825e u32_isp2p=0
07-27 11:21:52.707 I/MSF.C.NetConnTag(23909): netRecv ssoSeq:45768 uin:*4102 cmd:group_open_long_polling_svc.get_msg 46200
07-27 11:21:52.710 D/MSF.C.MsfCore(23909): service recv msg . ssoCmd:group_open_long_polling_svc.get_msg ssoSeq:45768
07-27 11:21:52.714 D/MSF.S.RespHandler(23909): service getMsfMessagePairs resp:group_open_long_polling_svc.get_msg:45768:1159
07-27 11:21:52.714 D/MSF.S.AppProcessManager(23909): service add queue last:1564197712714|group_open_long_polling_svc.get_msg|45768
07-27 11:21:52.720 I/MSF.S.AppProcessManager(23909): service send resp :com.yishouapp.fumi| from:144115213350774102|group_open_long_polling_svc.get_msg|45768|1159
07-27 11:21:52.724 D/MsfServiceProxy(26715): msfProxy onReceiveResp:144115213350774102:group_open_long_polling_svc.get_msg :45768:1159
07-27 11:21:52.724 D/MsfServiceProxy(26715): waiteSendSeqSet receiveResp remove:144115213350774102:group_open_long_polling_svc.get_msg :45768:1159
07-27 11:21:52.724 D/MsfServiceProxy(26715): onReceiveResp SsoCmd:group_open_long_polling_svc.get_msg ssoSeq:45768
07-27 11:21:52.724 D/MsfServiceProxy(26715): sdk add queue req:ToServiceMsg msName:unknown ssoSeq:45768 appId:537050853 appSeq:1159 sName:com.tencent.qalsdk.service.QalService uin:144115213350774102 sCmd:group_open_long_polling_svc.get_msg t:5000 needResp:truehttpReq:false from:FromServiceMsg msName:unknown ssoSeq:45768 failCode:1000 errorMsg: uin:144115213350774102 serviceCmd:group_open_long_polling_svc.get_msg appId:537050853 appSeq:1159
07-27 11:21:52.725 D/MsfServiceSub(26715): serviceSub add last:1564197712725|group_open_long_polling_svc.get_msg|45768
07-27 11:21:52.725 I/CoreWrapper(26715): [CoreWrapper handleRespMsg] recv resp msg:1564197712725|group_open_long_polling_svc.get_msg|45768|1159
07-27 11:21:52.726 D/jni_imsdk(26715): [19-07-27 11:21:52.726][DEBUG][][CoreWrapper][CoreWrapper handleRespMsg] recv resp msg:1564197712725|group_open_long_polling_svc.get_msg|45768|1159
07-27 11:21:52.727 D/jni_imsdk(26715): [19-07-27 11:21:52.726][DEBUG][][imsdk.IMMsfCoreProxy]request user: userid_1898141|cmd:group_open_long_polling_svc.get_msg|rsp
07-27 11:21:52.727 D/jni_imsdk(26715): [19-07-27 11:21:52.727][DEBUG][sso_task.cc:53][operator()][IMCore]sso recv cmd:group_open_long_polling_svc.get_msg|rsp
07-27 11:21:52.727 D/QALSDKManager(26715): sendmsg:userid_1898141:group_open_long_polling_svc.get_msg:5000
07-27 11:21:52.728 D/MsfServiceSdk(26715): sdk sendMsg. ssoCmd:group_open_long_polling_svc.get_msg msfCmd:unknown appSeq:1164
07-27 11:21:52.728 D/MSF.D.RemoteServiceProxy(26715): waiteSendSeqSet put:144115213350774102group_open_long_polling_svc.get_msg :-1:1164
07-27 11:21:52.728 D/MsfServiceProxy(26715): send req to msfService:ToServiceMsg msName:unknown ssoSeq:-1 appId:537050853 appSeq:1164 sName:com.tencent.qalsdk.service.QalService uin:144115213350774102 sCmd:group_open_long_polling_svc.get_msg t:5000 needResp:truehttpReq:false
07-27 11:21:52.729 D/jni_imsdk(26715): [19-07-27 11:21:52.729][INFO][long_polling_msg.cc:136][run][IMCore]long polling ret: code=0, msg=
07-27 11:21:52.729 D/jni_imsdk(26715): [19-07-27 11:21:52.729][DEBUG][sso_task.cc:42][run][IMCore]sso send cmd:group_open_long_polling_svc.get_msg|req:0a4077713251336b53324365534b554c317a546b4f4d73784b526d4d394a4b524e43454476502b73773544746d67336e6b5542485933326a566a37526a796a6d6f6310c8231805
07-27 11:21:52.729 D/jni_imsdk(26715): [19-07-27 11:21:52.729][DEBUG][][imcore_jni]request user: userid_1898141|cmd:group_open_long_polling_svc.get_msg
07-27 11:21:52.729 D/jni_imsdk(26715): [19-07-27 11:21:52.729][DEBUG][][imsdk.IMMsfCoreProxy]request user: userid_1898141|cmd:group_open_long_polling_svc.get_msg|req
07-27 11:21:52.729 D/jni_imsdk(26715): [19-07-27 11:21:52.729][EVENT][][IMMsgSender]sendmsg cb: com.tencent.imsdk.ac@15833bb
07-27 11:21:52.733 D/QalService(23909): service rcvmsg. ssoCmd:group_open_long_polling_svc.get_msg msfCmd:unknown appSeq:1164
07-27 11:21:52.733 D/MSF.C.NetConnTag(23909): ping pkg sent, buffer size: 21
07-27 11:21:52.736 D/MSF.C.NetConnTag(23909): add ToServiceMsg msName:qal_Hello ssoSeq:45778 appId:537050853 appSeq:-1 sName: uin:0 sCmd:MSF t:10000 needResp:truehttpReq:false to send
07-27 11:21:52.740 I/MSF.C.NetConnTag(23909): netSend ssoSeq:45778 appSeq:-1 uin:0 cmd:MSF 45799
07-27 11:21:52.741 D/jni_imsdk(26715): [19-07-27 11:21:52.741][DEBUG][msg.cc:1701][GetMsgTinyidList][IMCore]write tinyid: sdkappid=, acctype=, identifier=@TIM#SYSTEM, tinyid=144115198244471703
07-27 11:21:52.741 D/jni_imsdk(26715): [19-07-27 11:21:52.741][DEBUG][msg.cc:1750][GetMsgTinyidList][IMCore]write tinyid: sdkappid=, acctype=, identifier=userid_2088694, tinyid=144115213598407987
07-27 11:21:52.741 D/jni_imsdk(26715): [19-07-27 11:21:52.741][DEBUG][msg.cc:1763][GetMsgTinyidList][IMCore]write tinyid: sdkappid=, acctype=, identifier=userid_2088694, tinyid=144115213598407987
07-27 11:21:52.741 D/jni_imsdk(26715): [19-07-27 11:21:52.741][INFO][online_msg_task.cc:132][run][IMCore]subtype 0x38
07-27 11:21:52.741 D/jni_imsdk(26715): [19-07-27 11:21:52.741][INFO][online_msg_task.cc:336][run][IMCore]msg 0x38: 080110b3fa8c8adf8080800218b3fa8c8adf80808002321d08b3fa8c8adf8080800210c801420e7573657269645f323038383639343a1d08b3fa8c8adf8080800210c801420e7573657269645f3230383836393440a801
07-27 11:21:52.741 D/jni_imsdk(26715): [19-07-27 11:21:52.741][INFO][online_msg_task.cc:378][run][IMCore]group member update, 0x1
07-27 11:21:52.741 D/jni_imsdk(26715): [19-07-27 11:21:52.741][DEBUG][sso_task.cc:42][run][IMCore]sso send cmd:group_open_svc.get_group_info|req:081032240a0e405447532361535142594437465110b3fa8c8adf808080021a081000280030004200
07-27 11:21:52.742 D/jni_imsdk(26715): [19-07-27 11:21:52.742][INFO][online_msg_task.cc:384][operator()][IMCore]group member update callback invoke
07-27 11:21:52.742 D/jni_imsdk(26715): [19-07-27 11:21:52.742][DEBUG][][imcore_jni]request user: userid_1898141|cmd:group_open_svc.get_group_info
07-27 11:21:52.742 D/jni_imsdk(26715): [19-07-27 11:21:52.742][DEBUG][][IMCoreGroupUpdateCallback]no group member update listener registered
07-27 11:21:52.742 D/jni_imsdk(26715): [19-07-27 11:21:52.742][DEBUG][][imsdk.IMMsfCoreProxy]request user: userid_1898141|cmd:group_open_svc.get_group_info|req
07-27 11:21:52.742 D/jni_imsdk(26715): [19-07-27 11:21:52.742][EVENT][][IMMsgSender]sendmsg cb: com.tencent.imsdk.ac@ff330d8
07-27 11:21:52.742 D/QALSDKManager(26715): sendmsg:userid_1898141:group_open_svc.get_group_info:0
07-27 11:21:52.742 D/jni_imsdk(26715): [19-07-27 11:21:52.742][INFO][online_msg_task.cc:539][operator()][IMCore]group tips event callback invoke
07-27 11:21:52.743 D/MsfServiceSdk(26715): sdk sendMsg. ssoCmd:group_open_svc.get_group_info msfCmd:unknown appSeq:1165
07-27 11:21:52.743 D/MSF.D.RemoteServiceProxy(26715): waiteSendSeqSet put:144115213350774102group_open_svc.get_group_info :-1:1165
07-27 11:21:52.743 D/MsfServiceProxy(26715): send req to msfService:ToServiceMsg msName:unknown ssoSeq:-1 appId:537050853 appSeq:1165 sName:com.tencent.qalsdk.service.QalService uin:144115213350774102 sCmd:group_open_svc.get_group_info t:10000 needResp:truehttpReq:false
07-27 11:21:52.744 I/MSF.C.NetConnTag(23909): netSend ssoSeq:45777 appSeq:1164 uin:*4102 cmd:group_open_long_polling_svc.get_msg 46173
07-27 11:21:52.748 D/QalService(23909): service rcvmsg. ssoCmd:group_open_svc.get_group_info msfCmd:unknown appSeq:1165
