07-27 11:23:12.141 I/RESP (27310): response = {"data":{"im_user_id":"userid_1898141","user_sig":"eJxNjl9PgzAUR78LrzNyy1r*mOxhMmAzGLNs4LaQkAoFKg6wLc5p-O4SskVfz7nnl-utbcPNLc2ytm9Uqs4d0*400G5GzHPWKF5wJgbYSyZ4niLbsRFGlwvadQOjKp2K-F8o8zod1cAQBkAYG455keyz44KltFDjLiKEGADX9IMJydtmEAYggowpwJ9U-MjGxMTIsSzn*obk5YAfvbW78idVH*PAiA5eGKhFs9w9vG7J2l0U8VcrI989ZXWinwVJ9ArP*b1lP6-eaxl7-jHREST6S1kGGY2W*zfThZD6aFPtJk9Q8daZz2bazy8lgVoK"},"code":200,"msg":"success"}
07-27 11:23:12.142 I/imsdk.IMMsfCoreProxy(27310): [E]Login|1-Begin|Succ|identifer=1400144296::userid_1898141:, sdkappid=1400144296
07-27 11:23:12.143 D/IMMsfUserInfo(27310): [E]update login state: 0-->1|userid_1898141
07-27 11:23:12.154 D/IMMsfUserInfo(27310): [E]update login state: 1-->0|userid_1898141
07-27 11:23:12.159 W/imsdk.QualityReportHelper(27310): [E]ignore reportQrEvent event:1|code:6013|descr:sdk not initialized.
07-27 11:23:12.159 I/Choreographer(27310): Skipped 1 frames! The application may be doing too much work on its main thread.
07-27 11:23:12.189 W/StaticLayout(27310): maxLineHeight should not be -1. maxLines:2 lineCount:2
07-27 11:23:12.190 W/StaticLayout(27310): maxLineHeight should not be -1. maxLines:2 lineCount:2
07-27 11:23:12.201 D/logUrlResponse(27310): http://api.yishouapp.com/live/pre_live_data
07-27 11:23:12.201 D/logUrlResponse(27310): room_id=3599&uid=1898141&version_name=4.3.0&_abtest=1&plat_type=Android&version_code=430&t_t=1564197791&model=PBEM00&udid=7ad5a76f-5add-4b35-8191-13d25815b6ef_ys&version=27&token=c73cd61253f12578927e4cd14e8e4f75
07-27 11:23:12.201 D/logUrlResponse(27310): {"data":{"pre_data":{"room_id":"3599","video_back_img":"","info":"反季双面呢\/颗粒绒超值特价\n限量疯抢\n超高性价比\n等你来抢~","video_url":"","imgs":["http:\/\/img.yishouapp.com\/2019\/07\/26\/Ksa8pL2eZw80J.jpg?imageView2\/2\/w\/600\/h\/1334\/format\/jpg\/q\/75\/","http:\/\/img.yishouapp.com\/2019\/07\/26\/fUaEBvFYq35SU.jpg?imageView2\/2\/w\/600\/h\/1334\/format\/jpg\/q\/75\/","http:\/\/img.yishouapp.com\/2019\/07\/26\/PvA3bvYU6jlOM.jpg?imageView2\/2\/w\/600\/h\/1334\/format\/jpg\/q\/75\/","http:\/\/img.yishouapp.com\/2019\/07\/26\/eH4dp4sTuR0DL.jpg?imageView2\/2\/w\/600\/h\/1334\/format\/jpg\/q\/75\/","http:\/\/img.yishouapp.com\/2019\/07\/26\/WHzrpvHTnrSi0.jpg?imageView2\/2\/w\/600\/h\/1334\/format\/jpg\/q\/75\/","http:\/\/img.yishouapp.com\/2019\/07\/26\/MOpzUpfqgB88Y.jpg?imageView2\/2\/w\/600\/h\/1334\/format\/jpg\/q\/75\/","http:\/\/img.yishouapp.com\/2019\/07\/26\/XsyqOWT0iDPUr.jpg?imageView2\/2\/w\/600\/h\/1334\/format\/jpg\/q\/75\/"],"create_time":"1564132168"}},"msg":"success","code":"200"}
07-27 11:23:12.212 W/StaticLayout(27310): maxLineHeight should not be -1. maxLines:2 lineCount:2
07-27 11:23:12.273 I/chatty (27310): uid=10231(com.yishouapp.fumi) identical 6 lines
07-27 11:23:12.273 W/StaticLayout(27310): maxLineHeight should not be -1. maxLines:2 lineCount:2
07-27 11:23:12.291 I/imsdk.IMMsfCoreProxy(27310): [E]
07-27 11:23:12.291 I/imsdk.IMMsfCoreProxy(27310): =====================================================
07-27 11:23:12.292 I/imsdk.IMMsfCoreProxy(27310): [E]try initIMCore msfCoreProxy|appid: 537050853
07-27 11:23:12.292 I/imsdk.IMMsfCoreProxy(27310): [E]initIMCore msfCoreProxy...
07-27 11:23:12.292 I/imsdk.IMCoreWrapper(27310): [E]LoadLibrary|1-Begin|succ
07-27 11:23:12.315 I/imsdk.IMCoreWrapper(27310): [E]LoadLibrary|2-Loading|system load succ
07-27 11:23:12.323 I/WindowManager( 1699): handleOpeningSpecialApp (statusbar != null ) true pkg: com.oppo.launcher start: 3
07-27 11:23:12.323 I/WindowManager( 1699): handleOpeningSpecialApp (statusbar != null ) true pkg: com.coloros.recents start: 4
07-27 11:23:12.325 I/imsdk.IMCoreWrapper(27310): [E]LoadLibrary|3-MethodTest|succ
07-27 11:23:12.326 I/imsdk.IMCoreWrapper(27310): [E]LoadLibrary|4-End|succ
07-27 11:23:12.327 I/QALSDKManager(27310): setPushCallBack: im_open_push.msg_push
07-27 11:23:12.329 D/CoreWrapper(27310): add pushim_open_push.msg_push
07-27 11:23:12.329 I/QALSDKManager(27310): setNoGuestMode
07-27 11:23:12.330 E/QALSDKManager(27310): init qal sdk,version:2.2.17.106265
07-27 11:23:12.344 D/appMemory(27310): QLog init retry
07-27 11:23:12.345 D/appMemory(27310): QLog init retry
07-27 11:23:12.345 I/tls_sdk (27310): [TLSHelper.java:229]Generate Shared Key Begin ...
07-27 11:23:12.369 D/MSF.D.QLogImpl(27310): delete log file before:sdk.19.07.20.11.log
07-27 11:23:12.376 D/MSF.D.QLogImpl(27310): delete log file before:app.19.07.20.11.log
07-27 11:23:12.398 E/OppoThermalService( 1699): Could not open ''
07-27 11:23:12.398 I/chatty ( 1699): uid=1000(system) Binder:1699_1A identical 1 line
07-27 11:23:12.398 E/OppoThermalService( 1699): Could not open ''
07-27 11:23:12.422 I/zygote (27310): Do partial code cache collection, code=1011KB, data=715KB
07-27 11:23:12.423 I/zygote (27310): After code cache collection, code=1009KB, data=715KB
07-27 11:23:12.423 I/zygote (27310): Increasing code cache capacity to 3MB
07-27 11:23:12.437 I/tls_sdk (27310): [TLSHelper.java:223]create key pair and shared key with bouncycastle OK
07-27 11:23:12.472 I/tls_sdk (27310): [TLSHelper.java:261]android version:8.1.0 saved_network_type:2 network_type:2 release time:2018/02/08 13:59:50 svn ver:2259
07-27 11:23:12.473 D/QALSDKManager(27310): init tls sdk done:1400144296
07-27 11:23:12.478 D/MsfServiceProxy(27310): start service finish
07-27 11:23:12.479 I/elsa ( 8312): addCgroupTask, TASK_PID, add the uid: 10231 pid:23909 to cgroup /dev/cpuset
07-27 11:23:12.480 D/QalService(23909): serivce onStart
07-27 11:23:12.482 D/MsfServiceProxy(27310): threadID:2, threadName: main bind com.tencent.qalsdk.service.QalService service finished true
07-27 11:23:12.485 D/MSF.C.CoreUtil(27310): load save root dir is /data/user/0/com.yishouapp.fumi/files
07-27 11:23:12.487 D/MSF.C.AccountCenter(27310): try load accounts 1
07-27 11:23:12.491 I/MSF.C.AccountCenter(27310): load account tinyid:144115213350774102:userid_1898141 registed:0
07-27 11:23:12.494 I/MSF.C.AccountCenter(27310): addAccount 144115213350774102:userid_1898141
07-27 11:23:12.497 I/MSF.C.AccountCenter(27310): handle account: 144115213350774102:userid_1898141
07-27 11:23:12.498 I/CoreWrapper(27310): store accout:144115213350774102:userid_1898141
07-27 11:23:12.499 I/QALSDKManager(27310): setOutputLogLevel:5
07-27 11:23:12.499 I/QLog (27310): set service log level:5
07-27 11:23:12.501 D/CoreWrapper(27310): set service loglevel:5
07-27 11:23:12.511 D/MsfServiceSdk(27310): sdk sendMsg. ssoCmd:qal.setLogLevel msfCmd:qal_setLogLevel appSeq:64325
07-27 11:23:12.519 D/MsfServiceProxy(27310): start service finish
07-27 11:23:12.521 D/QalService(23909): serivce onStart
07-27 11:23:12.521 D/MsfServiceProxy(27310): threadID:2, threadName: main bind com.tencent.qalsdk.service.QalService service finished true
07-27 11:23:12.533 D/jni_imsdk(27310): [19-07-27 11:23:12.532][DEBUG][timer_queue.cc:121][RunLoop][IMCore]timer runloop: name|ctx_timer_queue fire_time_ms|916096786
07-27 11:23:12.533 D/jni_imsdk(27310): [19-07-27 11:23:12.533][DEBUG][timer_queue.cc:81][AddTimer][IMCore]add timer: id=report_task
07-27 11:23:12.533 D/jni_imsdk(27310): [19-07-27 11:23:12.533][INFO][qr_proto.cc:37][InitVersion][IMCore]StatBuilder InitVersion:2.7.2-13738.13756
07-27 11:23:12.533 D/jni_imsdk(27310): [19-07-27 11:23:12.533][DEBUG][timer_queue.cc:121][RunLoop][IMCore]timer runloop: name|ctx_timer_queue fire_time_ms|829996788
07-27 11:23:12.533 D/jni_imsdk(27310): [19-07-27 11:23:12.533][INFO][][imsdk.IMMsfCoreProxy]init with imcore
07-27 11:23:12.533 D/jni_imsdk(27310): [19-07-27 11:23:12.533][INFO][][imsdk.IMMsfCoreProxy]initIMCore msfCoreProxy done
07-27 11:23:12.536 D/jni_imsdk(27310): [19-07-27 11:23:12.536][EVENT][][imsdk.IMMsfCoreProxy]Login|5-Callback|Succ|Login failed! code:6013, desc:sdk not initialized.
07-27 11:23:12.537 I/RESP (27310): response = {"data":{"pre_data":{"imgs":["http://img.yishouapp.com/2019/07/26/Ksa8pL2eZw80J.jpg?imageView2/2/w/600/h/1334/format/jpg/q/75/","http://img.yishouapp.com/2019/07/26/fUaEBvFYq35SU.jpg?imageView2/2/w/600/h/1334/format/jpg/q/75/","http://img.yishouapp.com/2019/07/26/PvA3bvYU6jlOM.jpg?imageView2/2/w/600/h/1334/format/jpg/q/75/","http://img.yishouapp.com/2019/07/26/eH4dp4sTuR0DL.jpg?imageView2/2/w/600/h/1334/format/jpg/q/75/","http://img.yishouapp.com/2019/07/26/WHzrpvHTnrSi0.jpg?imageView2/2/w/600/h/1334/format/jpg/q/75/","http://img.yishouapp.com/2019/07/26/MOpzUpfqgB88Y.jpg?imageView2/2/w/600/h/1334/format/jpg/q/75/","http://img.yishouapp.com/2019/07/26/XsyqOWT0iDPUr.jpg?imageView2/2/w/600/h/1334/format/jpg/q/75/"],"info":"反季双面呢/颗粒绒超值特价\n限量疯抢\n超高性价比\n等你来抢~","video_back_img":"","video_url":""}},"code":200,"msg":"success"}
07-27 11:23:12.538 D/paramsStr(27310): uid=1898141&version_name=4.3.0&_abtest=1&plat_type=Android&version_code=430&t_t=1564197792&model=PBEM00&udid=7ad5a76f-5add-4b35-8191-13d25815b6ef_ys&version=27&token=c73cd61253f12578927e4cd14e8e4f75
07-27 11:23:12.544 D/MSF.D.RemoteServiceProxy(27310): threadID:2 onServiceConnected service:ComponentInfo{com.yishouapp.fumi/com.tencent.qalsdk.service.QalService}
07-27 11:23:12.545 D/MsfServiceProxy(27310): send req to msfService:ToServiceMsg msName:registerMsfService ssoSeq:-1 appId:537050853 appSeq:64326 sName:com.tencent.qalsdk.service.QalService uin:0 sCmd:cmd_RegisterMsfService t:10000 needResp:falsehttpReq:false
07-27 11:23:12.547 D/QalService(23909): service rcvmsg. ssoCmd:cmd_RegisterMsfService msfCmd:registerMsfService appSeq:64326
07-27 11:23:12.548 D/MSF.S.AppProcessInfo(23909): com.yishouapp.fumi onAppBind, isAppConnected true
07-27 11:23:12.548 I/MSF.S.AppProcessManager(23909): onRegisterApp: com.yishouapp.fumi
07-27 11:23:12.549 I/MSF.C.MsfCore(23909): send to sdk server env:0
07-27 11:23:12.550 D/MSF.C.MsfCore(23909): service recv msg . ssoCmd:qal.setServerEnv ssoSeq:-1
07-27 11:23:12.550 D/MSF.S.AppProcessManager(23909): send push com.yishouapp.fumi from:0|cmd_pushSetConfig|-1
07-27 11:23:12.550 D/MsfServiceProxy(27310): registerMsfService result:45824
07-27 11:23:12.551 E/QALSDKManager(27310): com.yishouapp.fumi init qal sdk done!
07-27 11:23:12.551 D/jni_imsdk(27310): [19-07-27 11:23:12.551][WARN][][QALSDKManager]com.yishouapp.fumi init qal sdk done!
07-27 11:23:12.552 D/MsfServiceProxy(27310): onRecvPushResp FromServiceMsg msName:pushSetConfig ssoSeq:-1 failCode:1000 errorMsg: uin:0 serviceCmd:cmd_pushSetConfig appId:537050853 appSeq:-1
07-27 11:23:12.552 D/MsfServiceProxy(27310): send req to msfService:ToServiceMsg msName:qal_setLogLevel ssoSeq:-1 appId:537050853 appSeq:64325 sName:com.tencent.qalsdk.service.QalService uin:0 sCmd:qal.setLogLevel t:10000 needResp:falsehttpReq:false
07-27 11:23:12.552 D/MsfServiceProxy(27310): server interval time:0
07-27 11:23:12.552 D/MSF.S.AppProcessManager(23909): send push com.yishouapp.fumi from:0|qal.setServerEnv|-1
07-27 11:23:12.555 D/QalService(23909): service rcvmsg. ssoCmd:qal.setLogLevel msfCmd:qal_setLogLevel appSeq:64325
07-27 11:23:12.555 D/MsfServiceProxy(27310): onRecvPushResp FromServiceMsg msName:qal_setServerEnv ssoSeq:-1 failCode:1000 errorMsg: uin:0 serviceCmd:qal.setServerEnv appId:537050853 appSeq:45825
07-27 11:23:12.555 D/MsfServiceProxy(27310): onRecvServicePushResp SsoCmd:qal.setServerEnv ssoSeq:-1
07-27 11:23:12.556 I/QLog (23909): set service log level:5
07-27 11:23:12.583 D/CoreWrapper(27310): [CoreWrapper handlePushMsg] recv push cmd: qal.setServerEnv:msf cmd:qal_setServerEnv:-1
07-27 11:23:12.583 D/jni_imsdk(27310): [19-07-27 11:23:12.583][DEBUG][][CoreWrapper][CoreWrapper handlePushMsg] recv push cmd: qal.setServerEnv:msf cmd:qal_setServerEnv:-1
07-27 11:23:12.584 I/CoreWrapper(27310): recv service serverEnv:0
07-27 11:23:12.584 D/jni_imsdk(27310): [19-07-27 11:23:12.584][DEBUG][][CoreWrapper]recv service serverEnv:0
07-27 11:23:12.601 D/商品s列表图(27310): 宽:1080 高:960 位置:5
07-27 11:23:12.624 D/logUrlResponse(27310): http://api.yishouapp.com/live/get_user_sig
07-27 11:23:12.624 D/logUrlResponse(27310): uid=1898141&version_name=4.3.0&_abtest=1&plat_type=Android&version_code=430&t_t=1564197792&model=PBEM00&udid=7ad5a76f-5add-4b35-8191-13d25815b6ef_ys&version=27&token=c73cd61253f12578927e4cd14e8e4f75
07-27 11:23:12.624 D/logUrlResponse(27310): {"data":{"im_user_id":"userid_1898141","user_sig":"eJxNjV1PgzAYRv8LtxhpS8uHd9uccXXgnLCIISEFCjRGaEo3QeN-l5At7vac9zzvjxFtX29ZUXTHVmd6lNy4M4BxM2NR8laLSnA1wWPPlSgz6PkexPB8waScGNOZrcqrsC8-sllNDGIAIMbId86SD1IonrFKz7uQEIIAuKQnrnrRtZNAABKIbAD*pRaffE4cDH3X9dHln6gnHKyT1eblnqTWsxfvd8mQWo*HcCHtPd2Rr0TQyMyfQjwW4*h6BV5Rs643zSIwx0oN7uG9y5soTNbLmHyjpuNbGTnBG62YOtH4QeSpxXvj9w*-41rS"},"msg":"success","code":"200"}
07-27 11:23:12.645 D/商品s列表图(27310): 宽:1080 高:976 位置:4
07-27 11:23:12.645 D/商品s列表图(27310): 宽:1080 高:960 位置:2
07-27 11:23:12.646 I/RESP (27310): response = {"data":{"im_user_id":"userid_1898141","user_sig":"eJxNjV1PgzAYRv8LtxhpS8uHd9uccXXgnLCIISEFCjRGaEo3QeN-l5At7vac9zzvjxFtX29ZUXTHVmd6lNy4M4BxM2NR8laLSnA1wWPPlSgz6PkexPB8waScGNOZrcqrsC8-sllNDGIAIMbId86SD1IonrFKz7uQEIIAuKQnrnrRtZNAABKIbAD*pRaffE4cDH3X9dHln6gnHKyT1eblnqTWsxfvd8mQWo*HcCHtPd2Rr0TQyMyfQjwW4*h6BV5Rs643zSIwx0oN7uG9y5soTNbLmHyjpuNbGTnBG62YOtH4QeSpxXvj9w*-41rS"},"code":200,"msg":"success"}
07-27 11:23:12.647 D/jni_imsdk(27310): [19-07-27 11:23:12.647][INFO][][imsdk.IMMsfCoreProxy]Login|1-Begin|Succ|identifer=1400144296::userid_1898141:, sdkappid=1400144296
07-27 11:23:12.647 D/jni_imsdk(27310): [19-07-27 11:23:12.647][DEBUG][][IMMsfUserInfo]update login state: 0-->1|userid_1898141
07-27 11:23:12.647 D/jni_imsdk(27310): [19-07-27 11:23:12.647][EVENT][][imsdk.IMMsfCoreProxy]invalid accountType:
07-27 11:23:12.653 D/商品s列表图(27310): 宽:1080 高:960 位置:0
07-27 11:23:12.653 D/商品s列表图(27310): 宽:1080 高:960 位置:3
07-27 11:23:12.654 I/tls_sdk (27310): [WorkThread.java:60]run at Thread-41
07-27 11:23:12.655 D/jni_imsdk(27310): [19-07-27 11:23:12.655][DEBUG][][tls_sdk][WorkThread.java:60]run at Thread-41
07-27 11:23:12.656 I/tls_sdk (27310): [TLSHelper.java:1780]user:userid_1898141 sdkAppid:1400144296 role:6269 Seq:1 RequestTransport...
07-27 11:23:12.657 D/jni_imsdk(27310): [19-07-27 11:23:12.657][DEBUG][][tls_sdk][TLSHelper.java:1780]user:userid_1898141 sdkAppid:1400144296 role:6269 Seq:1 RequestTransport...
07-27 11:23:12.666 D/商品s列表图(27310): 宽:1080 高:960 位置:1
07-27 11:23:12.667 D/商品s列表图(27310): 宽:1080 高:1113 位置:6
07-27 11:23:12.674 I/tls_sdk (27310): [oicq_request.java:317]ecdh req body 463
07-27 11:23:12.675 I/tls_sdk (27310): [oicq_request.java:487]tencent.tls.request.req_transport:snd_rcv_req_sso ...
07-27 11:23:12.675 D/jni_imsdk(27310): [19-07-27 11:23:12.675][DEBUG][][tls_sdk][oicq_request.java:317]ecdh req body 463
07-27 11:23:12.675 I/tls_sdk (27310): [oicq_request.java:494]SSORunner service_cmd:wtlogin64.trans_emp timeout:10000
07-27 11:23:12.675 D/jni_imsdk(27310): [19-07-27 11:23:12.675][DEBUG][][tls_sdk][oicq_request.java:487]tencent.tls.request.req_transport:snd_rcv_req_sso ...
07-27 11:23:12.678 I/tls_sdk (27310): [SSORunner.java:98]proxy hashCode
07-27 11:23:12.680 I/tls_sdk (27310): [SSORunner.java:53]SSORunner serviceCmd=wtlogin64.trans_emp reqData.length=496 timeout=10000
07-27 11:23:12.680 D/QALSDKManager(27310): sendmsg:0:wtlogin64.trans_emp:10000
07-27 11:23:12.681 D/MsfServiceSdk(27310): sdk sendMsg. ssoCmd:wtlogin64.trans_emp msfCmd:unknown appSeq:64327
07-27 11:23:12.681 D/MSF.D.RemoteServiceProxy(27310): waiteSendSeqSet put:0wtlogin64.trans_emp :-1:64327
07-27 11:23:12.682 D/jni_imsdk(27310): [19-07-27 11:23:12.682][DEBUG][][tls_sdk][oicq_request.java:494]SSORunner service_cmd:wtlogin64.trans_emp timeout:10000
07-27 11:23:12.682 D/jni_imsdk(27310): [19-07-27 11:23:12.682][DEBUG][][tls_sdk][SSORunner.java:98]proxy hashCode
07-27 11:23:12.682 D/jni_imsdk(27310): [19-07-27 11:23:12.682][DEBUG][][tls_sdk][SSORunner.java:53]SSORunner serviceCmd=wtlogin64.trans_emp reqData.length=496 timeout=10000
07-27 11:23:12.682 D/MsfServiceProxy(27310): send req to msfService:ToServiceMsg msName:unknown ssoSeq:-1 appId:537050853 appSeq:64327 sName:com.tencent.qalsdk.service.QalService uin:0 sCmd:wtlogin64.trans_emp t:10000 needResp:truehttpReq:false
07-27 11:23:12.686 D/QalService(23909): service rcvmsg. ssoCmd:wtlogin64.trans_emp msfCmd:unknown appSeq:64327
07-27 11:23:12.686 D/MSF.C.NetConnTag(23909): ping pkg sent, buffer size: 21
07-27 11:23:12.688 D/MSF.C.NetConnTag(23909): add ToServiceMsg msName:qal_Hello ssoSeq:45828 appId:537050853 appSeq:-1 sName: uin:0 sCmd:MSF t:10000 needResp:truehttpReq:false to send
07-27 11:23:12.691 I/MSF.C.NetConnTag(23909): netSend ssoSeq:45828 appSeq:-1 uin:0 cmd:MSF 45849
07-27 11:23:12.692 I/tls_sdk (27310): [SSORunner.java:60]timeout 10000 before wait
07-27 11:23:12.692 D/jni_imsdk(27310): [19-07-27 11:23:12.692][DEBUG][][tls_sdk][SSORunner.java:60]timeout 10000 before wait
07-27 11:23:12.695 I/MSF.C.NetConnTag(23909): netSend ssoSeq:45827 appSeq:64327 uin:0 cmd:wtlogin64.trans_emp 46470
07-27 11:23:12.700 D/MSF.C.NetConnTag(23909): ping pkg ack received
07-27 11:23:12.702 I/MSF.C.NetConnTag(23909): netRecv ssoSeq:45828 uin: cmd:MSF 45849
07-27 11:23:12.734 I/MSF.C.NetConnTag(23909): netRecv ssoSeq:45827 uin:0 cmd:wtlogin64.trans_emp 46146
07-27 11:23:12.737 D/MSF.C.MsfCore(23909): service recv msg . ssoCmd:wtlogin64.trans_emp ssoSeq:45827
07-27 11:23:12.741 D/MSF.S.RespHandler(23909): service getMsfMessagePairs resp:wtlogin64.trans_emp:45827:64327
07-27 11:23:12.742 D/MSF.S.AppProcessManager(23909): service add queue last:1564197792742|wtlogin64.trans_emp|45827
07-27 11:23:12.747 I/MSF.S.AppProcessManager(23909): service send resp :com.yishouapp.fumi| from:0|wtlogin64.trans_emp|45827|64327
07-27 11:23:12.753 D/MsfServiceProxy(27310): msfProxy onReceiveResp:0:wtlogin64.trans_emp :45827:64327
07-27 11:23:12.753 D/MsfServiceProxy(27310): waiteSendSeqSet receiveResp remove:0:wtlogin64.trans_emp :45827:64327
07-27 11:23:12.753 D/MsfServiceProxy(27310): onReceiveResp SsoCmd:wtlogin64.trans_emp ssoSeq:45827
07-27 11:23:12.754 D/MsfServiceProxy(27310): sdk add queue req:ToServiceMsg msName:unknown ssoSeq:45827 appId:537050853 appSeq:64327 sName:com.tencent.qalsdk.service.QalService uin:0 sCmd:wtlogin64.trans_emp t:10000 needResp:truehttpReq:false from:FromServiceMsg msName:unknown ssoSeq:45827 failCode:1000 errorMsg: uin:0 serviceCmd:wtlogin64.trans_emp appId:537050853 appSeq:64327
07-27 11:23:12.754 D/MsfServiceSub(27310): serviceSub add last:1564197792754|wtlogin64.trans_emp|45827
07-27 11:23:12.754 I/CoreWrapper(27310): [CoreWrapper handleRespMsg] recv resp msg:1564197792754|wtlogin64.trans_emp|45827|64327
07-27 11:23:12.755 I/tls_sdk (27310): [SSORunner.java:98]proxy onSuccess
07-27 11:23:12.756 D/jni_imsdk(27310): [19-07-27 11:23:12.756][DEBUG][][CoreWrapper][CoreWrapper handleRespMsg] recv resp msg:1564197792754|wtlogin64.trans_emp|45827|64327
07-27 11:23:12.756 I/tls_sdk (27310): [SSORunner.java:62]timeout 10000 or notified
07-27 11:23:12.756 D/jni_imsdk(27310): [19-07-27 11:23:12.756][DEBUG][][tls_sdk][SSORunner.java:98]proxy onSuccess
07-27 11:23:12.756 D/jni_imsdk(27310): [19-07-27 11:23:12.756][DEBUG][][tls_sdk][SSORunner.java:62]timeout 10000 or notified
07-27 11:23:12.756 I/tls_sdk (27310): [oicq_request.java:525]tencent.tls.request.req_transport:snd_rcv_req_sso ret=0
07-27 11:23:12.757 D/jni_imsdk(27310): [19-07-27 11:23:12.757][DEBUG][][tls_sdk][oicq_request.java:525]tencent.tls.request.req_transport:snd_rcv_req_sso ret=0
07-27 11:23:12.762 I/tls_sdk (27310): [req_transport.java:245]type=0
07-27 11:23:12.762 D/jni_imsdk(27310): [19-07-27 11:23:12.762][DEBUG][][tls_sdk][req_transport.java:245]type=0
07-27 11:23:12.763 I/tls_sdk (27310): [req_transport.java:199]req_transport rsp: ret=0
07-27 11:23:12.763 D/jni_imsdk(27310): [19-07-27 11:23:12.763][DEBUG][][tls_sdk][req_transport.java:199]req_transport rsp: ret=0
07-27 11:23:12.764 I/tls_sdk (27310): [req_global.java:411]close_transport_connect
07-27 11:23:12.764 D/jni_imsdk(27310): [19-07-27 11:23:12.764][DEBUG][][tls_sdk][req_global.java:411]close_transport_connect
07-27 11:23:12.764 I/tls_sdk (27310): [TLSHelper.java:1790]user:userid_1898141 sdkAppid:1400144296 role:6269 Seq:1 RequestTransport ret=0
07-27 11:23:12.764 D/jni_imsdk(27310): [19-07-27 11:23:12.764][DEBUG][][tls_sdk][TLSHelper.java:1790]user:userid_1898141 sdkAppid:1400144296 role:6269 Seq:1 RequestTransport ret=0
07-27 11:23:12.765 I/tls_sdk (27310): [WorkThread.java:65]receive at main
07-27 11:23:12.766 D/jni_imsdk(27310): [19-07-27 11:23:12.766][DEBUG][][tls_sdk][WorkThread.java:65]receive at main
07-27 11:23:12.770 I/tls_sdk (27310): [account_sig_info_map.java:251]putTinyInfo userid_1898141 userType USER_TYPE_NORMAL tinyid 144115213350774102
07-27 11:23:12.770 D/jni_imsdk(27310): [19-07-27 11:23:12.770][DEBUG][][tls_sdk][account_sig_info_map.java:251]putTinyInfo userid_1898141 userType USER_TYPE_NORMAL tinyid 144115213350774102
07-27 11:23:12.770 I/tls_sdk (27310): [account_sig_info_map.java:285]getTinyInfo [req_global.java:486][TLSHelper.java:1996]
07-27 11:23:12.770 D/jni_imsdk(27310): [19-07-27 11:23:12.770][DEBUG][][tls_sdk][account_sig_info_map.java:285]getTinyInfo [req_global.java:486][TLSHelper.java:1996]
07-27 11:23:12.779 I/tls_sdk (27310): [account_sig_info_map.java:421]get_from_db len:496
07-27 11:23:12.779 D/jni_imsdk(27310): [19-07-27 11:23:12.779][DEBUG][][tls_sdk][account_sig_info_map.java:421]get_from_db len:496
07-27 11:23:12.800 I/tls_sdk (27310): [account_sig_info_map.java:421]get_from_db len:496
07-27 11:23:12.800 D/jni_imsdk(27310): [19-07-27 11:23:12.800][DEBUG][][tls_sdk][account_sig_info_map.java:421]get_from_db len:496
07-27 11:23:12.830 I/tls_sdk (27310): [account_sig_info_map.java:49][2000005e280a556]before put_siginfo
07-27 11:23:12.830 D/jni_imsdk(27310): [19-07-27 11:23:12.830][DEBUG][][tls_sdk][account_sig_info_map.java:49][2000005e280a556]before put_siginfo
07-27 11:23:12.835 I/tls_sdk (27310): [account_sig_info_map.java:421]get_from_db len:1376
07-27 11:23:12.836 D/jni_imsdk(27310): [19-07-27 11:23:12.835][DEBUG][][tls_sdk][account_sig_info_map.java:421]get_from_db len:1376
07-27 11:23:12.892 I/tls_sdk (27310): [account_sig_info_map.java:101][2000005e280a556]after put_siginfo
07-27 11:23:12.892 D/jni_imsdk(27310): [19-07-27 11:23:12.892][DEBUG][][tls_sdk][account_sig_info_map.java:101][2000005e280a556]after put_siginfo
07-27 11:23:12.892 I/tls_sdk (27310): [TLSHelper.java:2268]GetLocalSig name:userid_1898141
07-27 11:23:12.893 D/jni_imsdk(27310): [19-07-27 11:23:12.893][DEBUG][][tls_sdk][TLSHelper.java:2268]GetLocalSig name:userid_1898141
07-27 11:23:12.893 I/tls_sdk (27310): [account_sig_info_map.java:285]getTinyInfo [TLSHelper.java:2269][TLSHelper.java:409]
07-27 11:23:12.893 D/jni_imsdk(27310): [19-07-27 11:23:12.893][DEBUG][][tls_sdk][account_sig_info_map.java:285]getTinyInfo [TLSHelper.java:2269][TLSHelper.java:409]
07-27 11:23:12.893 I/tls_sdk (27310): [req_global.java:425][2000005e280a556]get_siginfo
07-27 11:23:12.893 D/jni_imsdk(27310): [19-07-27 11:23:12.893][DEBUG][][tls_sdk][req_global.java:425][2000005e280a556]get_siginfo
07-27 11:23:12.893 I/tls_sdk (27310): [account_sig_info_map.java:148][2000005e280a556]get_siginfo
07-27 11:23:12.893 I/tls_sdk (27310): [account_sig_info_map.java:109][2000005e280a556]get_all_siginfo
07-27 11:23:12.894 D/jni_imsdk(27310): [19-07-27 11:23:12.893][DEBUG][][tls_sdk][account_sig_info_map.java:148][2000005e280a556]get_siginfo
07-27 11:23:12.894 D/jni_imsdk(27310): [19-07-27 11:23:12.894][DEBUG][][tls_sdk][account_sig_info_map.java:109][2000005e280a556]get_all_siginfo
07-27 11:23:12.894 I/tls_sdk (27310): [TLSHelper.java:2315] type:40 sig:72 key:0 create time:1564197792 expire time:1566357792
07-27 11:23:12.894 D/jni_imsdk(27310): [19-07-27 11:23:12.894][DEBUG][][tls_sdk][TLSHelper.java:2315] type:40 sig:72 key:0 create time:1564197792 expire time:1566357792
07-27 11:23:12.894 I/tls_sdk (27310): [TLSHelper.java:2315] type:40000 sig:72 key:16 create time:1564197792 expire time:1566357792
07-27 11:23:12.894 D/jni_imsdk(27310): [19-07-27 11:23:12.894][DEBUG][][tls_sdk][TLSHelper.java:2315] type:40000 sig:72 key:16 create time:1564197792 expire time:1566357792
07-27 11:23:12.895 D/jni_imsdk(27310): [19-07-27 11:23:12.895][WARN][][imsdk.IMMsfCoreProxy]IMMsfCoreProxy|login update id:userid_1898141/userid_1898141
07-27 11:23:12.895 I/QALSDKManager(27310): begin bindID:userid_1898141
07-27 11:23:12.895 D/jni_imsdk(27310): [19-07-27 11:23:12.895][EVENT][][imsdk.IMMsfCoreProxy]Login|2-Ticket|Succ|OnExchangeTicketSuccess, tinyid:144115213350774102
07-27 11:23:12.895 D/CoreWrapper(27310): getTicket:userid_1898141
07-27 11:23:12.895 D/jni_imsdk(27310): [19-07-27 11:23:12.895][DEBUG][][QALSDKManager]begin bindID:userid_1898141
07-27 11:23:12.895 I/tls_sdk (27310): [TLSHelper.java:2268]GetLocalSig name:userid_1898141
07-27 11:23:12.896 D/jni_imsdk(27310): [19-07-27 11:23:12.896][DEBUG][][tls_sdk][TLSHelper.java:2268]GetLocalSig name:userid_1898141
07-27 11:23:12.896 I/tls_sdk (27310): [account_sig_info_map.java:285]getTinyInfo [TLSHelper.java:2269][TLSHelper.java:409]
07-27 11:23:12.896 D/jni_imsdk(27310): [19-07-27 11:23:12.896][DEBUG][][tls_sdk][account_sig_info_map.java:285]getTinyInfo [TLSHelper.java:2269][TLSHelper.java:409]
07-27 11:23:12.896 I/tls_sdk (27310): [req_global.java:425][2000005e280a556]get_siginfo
07-27 11:23:12.897 I/tls_sdk (27310): [account_sig_info_map.java:148][2000005e280a556]get_siginfo
07-27 11:23:12.897 D/jni_imsdk(27310): [19-07-27 11:23:12.897][DEBUG][][tls_sdk][req_global.java:425][2000005e280a556]get_siginfo
07-27 11:23:12.897 D/jni_imsdk(27310): [19-07-27 11:23:12.897][DEBUG][][tls_sdk][account_sig_info_map.java:148][2000005e280a556]get_siginfo
07-27 11:23:12.897 I/tls_sdk (27310): [account_sig_info_map.java:109][2000005e280a556]get_all_siginfo
07-27 11:23:12.897 D/jni_imsdk(27310): [19-07-27 11:23:12.897][DEBUG][][tls_sdk][account_sig_info_map.java:109][2000005e280a556]get_all_siginfo
07-27 11:23:12.898 I/tls_sdk (27310): [TLSHelper.java:2315] type:40 sig:72 key:0 create time:1564197792 expire time:1566357792
07-27 11:23:12.898 D/jni_imsdk(27310): [19-07-27 11:23:12.898][DEBUG][][tls_sdk][TLSHelper.java:2315] type:40 sig:72 key:0 create time:1564197792 expire time:1566357792
07-27 11:23:12.898 I/tls_sdk (27310): [TLSHelper.java:2315] type:40000 sig:72 key:16 create time:1564197792 expire time:1566357792
07-27 11:23:12.898 D/jni_imsdk(27310): [19-07-27 11:23:12.898][DEBUG][][tls_sdk][TLSHelper.java:2315] type:40000 sig:72 key:16 create time:1564197792 expire time:1566357792
07-27 11:23:12.899 I/CoreWrapper(27310): user:userid_1898141 bind id:tinyID: 144115213350774102
07-27 11:23:12.900 D/jni_imsdk(27310): [19-07-27 11:23:12.899][DEBUG][][CoreWrapper]user:userid_1898141 bind id:tinyID: 144115213350774102
07-27 11:23:12.902 I/CoreWrapper(27310): regPushNew |userid_1898141:64328
07-27 11:23:12.903 D/jni_imsdk(27310): [19-07-27 11:23:12.903][DEBUG][][CoreWrapper]regPushNew |userid_1898141:64328
07-27 11:23:12.903 D/MsfServiceSdk(27310): sdk sendMsg. ssoCmd:im_open_status.stat_reg msfCmd:registerPush appSeq:64328
07-27 11:23:12.903 D/MSF.D.RemoteServiceProxy(27310): waiteSendSeqSet put:144115213350774102im_open_status.stat_reg :-1:64328
07-27 11:23:12.903 D/MsfServiceProxy(27310): send req to msfService:ToServiceMsg msName:registerPush ssoSeq:-1 appId:537050853 appSeq:64328 sName:com.tencent.qalsdk.service.QalService uin:144115213350774102 sCmd:im_open_status.stat_reg t:10000 needResp:truehttpReq:false
07-27 11:23:12.903 D/EAP_frame( 5840): skippedFrames : com.yishouapp.fumi(27310), 23
07-27 11:23:12.906 D/QalService(23909): service rcvmsg. ssoCmd:im_open_status.stat_reg msfCmd:registerPush appSeq:64328
07-27 11:23:12.908 I/MSF.C.AccountCenter(23909): addAccount 144115213350774102:userid_1898141
07-27 11:23:12.911 I/MSF.C.AccountCenter(23909): storeAccount tinyID:144115213350774102
07-27 11:23:12.913 D/MSF.C.PushManager(23909): recv regPush:com.yishouapp.fumi:com.yishouapp.fumi144115213350774102
07-27 11:23:12.915 D/MSF.C.PushManager(23909): recv processName:com.yishouapp.fumi144115213350774102 recv regPush
07-27 11:23:12.916 D/MSF.C.PushManager(23909): handlerPush not found the same register Push iStatus:11
07-27 11:23:12.922 D/MSF.C.PushManager:PushCoder(23909): ConfigManager.isAutoStarting():false
07-27 11:23:12.925 D/MSF.C.NetConnTag(23909): ping pkg sent, buffer size: 21
07-27 11:23:12.927 D/MSF.C.NetConnTag(23909): add ToServiceMsg msName:qal_Hello ssoSeq:45831 appId:537050853 appSeq:-1 sName: uin:0 sCmd:MSF t:10000 needResp:truehttpReq:false to send
07-27 11:23:12.929 I/MSF.C.PushManager:PushCoder(23909): send register. push id 1 pushStatus:11 bRegType:0 timeStamp:1564197792:1564197792929
07-27 11:23:12.930 I/MSF.C.NetConnTag(23909): netSend ssoSeq:45831 appSeq:-1 uin:0 cmd:MSF 45852
07-27 11:23:12.933 I/MSF.C.NetConnTag(23909): netSend ssoSeq:45830 appSeq:64328 uin:*4102 cmd:im_open_status.stat_reg 46218
07-27 11:23:12.939 D/paramsStr(27310): room_id=3599&uid=1898141&version_name=4.3.0&_abtest=1&plat_type=Android&version_code=430&t_t=1564197792&model=PBEM00&udid=7ad5a76f-5add-4b35-8191-13d25815b6ef_ys&version=27&token=c73cd61253f12578927e4cd14e8e4f75
07-27 11:23:12.940 D/MSF.C.NetConnTag(23909): ping pkg ack received
07-27 11:23:12.943 I/MSF.C.NetConnTag(23909): netRecv ssoSeq:45831 uin: cmd:MSF 45852
07-27 11:23:12.974 I/MSF.C.NetConnTag(23909): netRecv ssoSeq:45830 uin:*4102 cmd:im_open_status.stat_reg 45966
07-27 11:23:12.978 D/MSF.C.NetConnInfoCenter(23909): set serverTime is 19-07-27 11:23:12
07-27 11:23:12.980 D/MSF.C.PushManager:PushCoder(23909): handlerPush register push succ bUpdateFlag:0 timeStamp:0 cReplyCode:0
07-27 11:23:12.982 D/MSF.S.AppProcessManager(23909): send push com.yishouapp.fumi from:0|cmd_pushSetConfig|-1
07-27 11:23:12.982 I/hellotest(23909): recv register push resp.iInterval=120, queryIntervTime=120000, next query time is 27 11:25:12
07-27 11:23:12.984 I/hellotest(23909): 144115213350774102:true:com.yishouapp.fumi144115213350774102
07-27 11:23:12.984 E/alarm (23909): doRegistertAlarm hello repeat:com.yishouapp.fumi144115213350774102
07-27 11:23:12.984 D/MsfServiceProxy(27310): onRecvPushResp FromServiceMsg msName:pushSetConfig ssoSeq:-1 failCode:1000 errorMsg: uin:0 serviceCmd:cmd_pushSetConfig appId:537050853 appSeq:-1
07-27 11:23:12.985 D/MsfServiceProxy(27310): server interval time:0
07-27 11:23:12.988 D/MSF.C.MsfCore(23909): service recv msg . ssoCmd:im_open_status.stat_reg ssoSeq:45830
07-27 11:23:12.990 D/MSF.S.RespHandler(23909): service getMsfMessagePairs resp:im_open_status.stat_reg:45830:64328
07-27 11:23:12.991 D/MSF.S.AppProcessManager(23909): service add queue last:1564197792991|im_open_status.stat_reg|45830
07-27 11:23:12.993 I/MSF.S.AppProcessManager(23909): service send resp :com.yishouapp.fumi| from:144115213350774102|im_open_status.stat_reg|45830|64328
07-27 11:23:12.995 D/MsfServiceProxy(27310): msfProxy onReceiveResp:144115213350774102:im_open_status.stat_reg :45830:64328
07-27 11:23:12.995 D/MsfServiceProxy(27310): waiteSendSeqSet receiveResp remove:144115213350774102:im_open_status.stat_reg :45830:64328
07-27 11:23:12.995 D/MsfServiceProxy(27310): onReceiveResp SsoCmd:im_open_status.stat_reg ssoSeq:45830
07-27 11:23:12.995 D/MsfServiceProxy(27310): sdk add queue req:ToServiceMsg msName:_msf_RegPush ssoSeq:45830 appId:537050853 appSeq:64328 sName: uin:144115213350774102 sCmd:im_open_status.stat_reg t:10000 needResp:truehttpReq:false from:FromServiceMsg msName:registerPush ssoSeq:45830 failCode:1000 errorMsg: uin:144115213350774102 serviceCmd:im_open_status.stat_reg appId:537050853 appSeq:64328
07-27 11:23:12.996 I/CoreWrapper(27310): [CoreWrapper handleRespMsg] recv resp msg:1564197792996|im_open_status.stat_reg|45830|64328
07-27 11:23:12.996 D/CoreWrapper(27310): handle server msg [register push]
07-27 11:23:12.996 I/CoreWrapper(27310): userid_1898141 register resp.im_open_status.stat_reg:1000:45830
07-27 11:23:12.996 D/MSF.C.SSORespHandler(23909): send conn info:null:100:59.37.116.121:219.135.147.242
07-27 11:23:12.998 D/MSF.C.MsfCore(23909): service recv msg . ssoCmd:cmd_connInfo ssoSeq:-1
07-27 11:23:12.998 D/MsfServiceSdk(27310): sdk sendMsg. ssoCmd:push.cmdRegister msfCmd:registerCmdCallback appSeq:-1
07-27 11:23:12.998 D/MSF.D.RemoteServiceProxy(27310): waiteSendSeqSet put:144115213350774102push.cmdRegister :-1:64329
07-27 11:23:12.998 D/MsfServiceProxy(27310): send req to msfService:ToServiceMsg msName:registerCmdCallback ssoSeq:-1 appId:537050853 appSeq:64329 sName:com.tencent.qalsdk.service.QalService uin:144115213350774102 sCmd:push.cmdRegister t:10000 needResp:truehttpReq:false
07-27 11:23:12.999 D/jni_imsdk(27310): [19-07-27 11:23:12.999][DEBUG][][CoreWrapper][CoreWrapper handleRespMsg] recv resp msg:1564197792996|im_open_status.stat_reg|45830|64328
07-27 11:23:12.999 D/jni_imsdk(27310): [19-07-27 11:23:12.999][DEBUG][][CoreWrapper]userid_1898141 register resp.im_open_status.stat_reg:1000:45830
07-27 11:23:13.000 D/MsfServiceSub(27310): serviceSub add last:1564197793000|im_open_status.stat_reg|45830
07-27 11:23:13.000 D/MSF.S.AppProcessManager(23909): send push com.yishouapp.fumi from:0|cmd_connInfo|-1
07-27 11:23:13.000 D/QalService(23909): service rcvmsg. ssoCmd:push.cmdRegister msfCmd:registerCmdCallback appSeq:64329
07-27 11:23:13.002 D/MSF.C.PushManager(23909): recv processName:com.yishouapp.fumi appCmdCallbacker uin: 144115213350774102
07-27 11:23:13.002 D/MSF.C.PushManager(23909): cmds: 2, [
07-27 11:23:13.002 D/MSF.C.PushManager(23909): im_open_push.msg_push
07-27 11:23:13.002 D/MSF.C.PushManager(23909): im_open_status.stat_forceoffline
07-27 11:23:13.002 D/MSF.C.PushManager(23909): ]
07-27 11:23:13.003 D/MSF.C.MsfCore(23909): service recv msg . ssoCmd:push.cmdRegister ssoSeq:45833
07-27 11:23:13.003 D/MSF.S.RespHandler(23909): service getMsfMessagePairs resp:push.cmdRegister:45833:64329
07-27 11:23:13.004 D/MSF.S.AppProcessManager(23909): service add queue last:1564197793004|push.cmdRegister|45833
07-27 11:23:13.004 D/MsfServiceProxy(27310): onRecvPushResp FromServiceMsg msName:onConnInfo ssoSeq:-1 failCode:1000 errorMsg: uin:0 serviceCmd:cmd_connInfo appId:537050853 appSeq:45832
07-27 11:23:13.005 D/MsfServiceProxy(27310): onRecvServicePushResp SsoCmd:cmd_connInfo ssoSeq:-1
07-27 11:23:13.006 I/MSF.S.AppProcessManager(23909): service send resp :com.yishouapp.fumi| from:144115213350774102|push.cmdRegister|45833|64329
07-27 11:23:13.007 D/CoreWrapper(27310): pushReason:appRegistercmd:registerPush:im_open_status.stat_reg
07-27 11:23:13.008 D/MsfServiceProxy(27310): msfProxy onReceiveResp:144115213350774102:push.cmdRegister :45833:64329
07-27 11:23:13.008 D/MsfServiceProxy(27310): waiteSendSeqSet receiveResp remove:144115213350774102:push.cmdRegister :45833:64329
07-27 11:23:13.008 D/MsfServiceProxy(27310): onReceiveResp SsoCmd:push.cmdRegister ssoSeq:45833
07-27 11:23:13.008 D/MsfServiceProxy(27310): sdk add queue req:ToServiceMsg msName:registerCmdCallback ssoSeq:45833 appId:537050853 appSeq:64329 sName:com.tencent.qalsdk.service.QalService uin:144115213350774102 sCmd:push.cmdRegister t:10000 needResp:truehttpReq:false from:FromServiceMsg msName:registerCmdCallback ssoSeq:45833 failCode:1000 errorMsg: uin:144115213350774102 serviceCmd:push.cmdRegister appId:537050853 appSeq:64329
07-27 11:23:13.009 D/MsfServiceSub(27310): serviceSub add last:1564197793008|push.cmdRegister|45833
07-27 11:23:13.009 D/CoreWrapper(27310): setRegisterStatus:REGISTERD
07-27 11:23:13.009 I/CoreWrapper(27310): im_open_status.stat_reg succ,app cb return. registerPush
07-27 11:23:13.011 D/jni_imsdk(27310): [19-07-27 11:23:13.11][DEBUG][][CoreWrapper]im_open_status.stat_reg succ,app cb return. registerPush
07-27 11:23:13.011 D/jni_imsdk(27310): [19-07-27 11:23:13.11][DEBUG][][IMMsfUserInfo]update login state: 1-->2|userid_1898141
07-27 11:23:13.011 D/jni_imsdk(27310): [19-07-27 11:23:13.11][EVENT][][imsdk.IMMsfCoreProxy]Login|3-Online|Succ|bindID succ
07-27 11:23:13.012 D/jni_imsdk(27310): [19-07-27 11:23:13.12][INFO][][imsdk.IMCoreWrapper]welcome to imsdk, version: 2.7.2.13738.13756
07-27 11:23:13.012 D/jni_imsdk(27310): [19-07-27 11:23:13.12][INFO][][imsdk.IMCoreWrapper]servertimediff: 0
07-27 11:23:13.012 I/tls_sdk (27310): [TLSHelper.java:2268]GetLocalSig name:userid_1898141
07-27 11:23:13.013 D/jni_imsdk(27310): [19-07-27 11:23:13.13][DEBUG][][tls_sdk][TLSHelper.java:2268]GetLocalSig name:userid_1898141
07-27 11:23:13.013 I/tls_sdk (27310): [account_sig_info_map.java:285]getTinyInfo [TLSHelper.java:2269][TLSHelper.java:409]
07-27 11:23:13.013 D/jni_imsdk(27310): [19-07-27 11:23:13.13][DEBUG][][tls_sdk][account_sig_info_map.java:285]getTinyInfo [TLSHelper.java:2269][TLSHelper.java:409]
07-27 11:23:13.013 I/tls_sdk (27310): [req_global.java:425][2000005e280a556]get_siginfo
07-27 11:23:13.013 D/jni_imsdk(27310): [19-07-27 11:23:13.13][DEBUG][][tls_sdk][req_global.java:425][2000005e280a556]get_siginfo
07-27 11:23:13.014 I/tls_sdk (27310): [account_sig_info_map.java:148][2000005e280a556]get_siginfo
07-27 11:23:13.014 I/tls_sdk (27310): [account_sig_info_map.java:109][2000005e280a556]get_all_siginfo
07-27 11:23:13.014 D/jni_imsdk(27310): [19-07-27 11:23:13.14][DEBUG][][tls_sdk][account_sig_info_map.java:148][2000005e280a556]get_siginfo
07-27 11:23:13.014 D/jni_imsdk(27310): [19-07-27 11:23:13.14][DEBUG][][tls_sdk][account_sig_info_map.java:109][2000005e280a556]get_all_siginfo
07-27 11:23:13.015 I/tls_sdk (27310): [TLSHelper.java:2315] type:40 sig:72 key:0 create time:1564197792 expire time:1566357792
07-27 11:23:13.015 D/jni_imsdk(27310): [19-07-27 11:23:13.15][DEBUG][][tls_sdk][TLSHelper.java:2315] type:40 sig:72 key:0 create time:1564197792 expire time:1566357792
07-27 11:23:13.015 I/tls_sdk (27310): [TLSHelper.java:2315] type:40000 sig:72 key:16 create time:1564197792 expire time:1566357792
07-27 11:23:13.015 D/jni_imsdk(27310): [19-07-27 11:23:13.15][DEBUG][][tls_sdk][TLSHelper.java:2315] type:40000 sig:72 key:16 create time:1564197792 expire time:1566357792
07-27 11:23:13.019 D/logUrlResponse(27310): http://api.yishouapp.com/live/get_room_person_num
07-27 11:23:13.020 D/logUrlResponse(27310): room_id=3599&uid=1898141&version_name=4.3.0&_abtest=1&plat_type=Android&version_code=430&t_t=1564197792&model=PBEM00&udid=7ad5a76f-5add-4b35-8191-13d25815b6ef_ys&version=27&token=c73cd61253f12578927e4cd14e8e4f75
07-27 11:23:13.020 D/logUrlResponse(27310): {"data":{"person_num":20487,"words":["哪个色档口最好卖?^_^","这款最大穿到多少斤?","走远转一圈,再看看面料细节,么么哒 ","😀优秀","主播理理我呀,等到花儿都谢了~ Ծ‸Ծ"]},"msg":"success","code":"200"}
07-27 11:23:13.023 D/jni_imsdk(27310): [19-07-27 11:23:13.23][INFO][imcore_user_impl.cc:140][InitUser][IMCore]IMCoreCtx init: build-Jun 25 2018...
07-27 11:23:13.023 D/jni_imsdk(27310): [19-07-27 11:23:13.23][DEBUG][imcore_user_impl.cc:191][InitUser][IMCore]init pic_up_mgr : tinyid=144115213350774102 sdkappid=1400144296
07-27 11:23:13.023 D/jni_imsdk(27310): [19-07-27 11:23:13.23][DEBUG][timer_queue.cc:81][AddTimer][IMCore]add timer: id=userid_1898141_UpdatePicAddrAndKey
07-27 11:23:13.023 D/jni_imsdk(27310): [19-07-27 11:23:13.23][DEBUG][timer_queue.cc:121][RunLoop][IMCore]timer runloop: name|ctx_timer_queue fire_time_ms|829996788
07-27 11:23:13.026 I/RESP (27310): response = {"data":{"person_num":"20487","words":["哪个色档口最好卖?^_^","这款最大穿到多少斤?","走远转一圈,再看看面料细节,么么哒 ","😀优秀","主播理理我呀,等到花儿都谢了~ Ծ‸Ծ"]},"code":200,"msg":"success"}
07-27 11:23:13.030 D/jni_imsdk(27310): [19-07-27 11:23:13.30][DEBUG][sqlite_store.cc:247][UpgradeForOpenDB][IMCore]colName :id
07-27 11:23:13.030 D/jni_imsdk(27310): [19-07-27 11:23:13.30][DEBUG][sqlite_store.cc:247][UpgradeForOpenDB][IMCore]colName :type
07-27 11:23:13.030 D/jni_imsdk(27310): [19-07-27 11:23:13.30][DEBUG][sqlite_store.cc:247][UpgradeForOpenDB][IMCore]colName :sid
07-27 11:23:13.030 D/jni_imsdk(27310): [19-07-27 11:23:13.30][DEBUG][sqlite_store.cc:247][UpgradeForOpenDB][IMCore]colName :msg_unread
07-27 11:23:13.030 D/jni_imsdk(27310): [19-07-27 11:23:13.30][DEBUG][sqlite_store.cc:247][UpgradeForOpenDB][IMCore]colName :active_time
07-27 11:23:13.031 D/jni_imsdk(27310): [19-07-27 11:23:13.31][DEBUG][sqlite_store.cc:247][UpgradeForOpenDB][IMCore]colName :content
07-27 11:23:13.031 D/jni_imsdk(27310): [19-07-27 11:23:13.31][INFO][sqlite_store.cc:269][UpgradeForOpenDB][IMCore]session table has been update before
07-27 11:23:13.032 D/jni_imsdk(27310): [19-07-27 11:23:13.32][EVENT][msg_manager.cc:962][DoLoadFromStore][IMCore]read msgs to cache begin
07-27 11:23:13.032 D/jni_imsdk(27310): [19-07-27 11:23:13.32][EVENT][sqlite_store.cc:471][ReadMsgs][IMCore]ReadMsgs: last == nullptr, use time now
07-27 11:23:13.032 D/jni_imsdk(27310): [19-07-27 11:23:13.32][WARN][][imsdk.QualityReportHelper]ignore reportQrEvent event:1|code:0|descr:
07-27 11:23:13.033 I/CoreWrapper(27310): [CoreWrapper handleRespMsg] recv resp msg:1564197793033|push.cmdRegister|45833|64329
07-27 11:23:13.033 D/jni_imsdk(27310): [19-07-27 11:23:13.33][DEBUG][][CoreWrapper][CoreWrapper handleRespMsg] recv resp msg:1564197793033|push.cmdRegister|45833|64329
07-27 11:23:13.033 D/jni_imsdk(27310): [19-07-27 11:23:13.33][DEBUG][msg_cache.cc:227][AddMsg][IMCore]insert into c2c_msgs: client_time=1564197717, server_time=1564197717, seq=672123925, rand=672123925
07-27 11:23:13.033 D/jni_imsdk(27310): [19-07-27 11:23:13.33][DEBUG][msg_manager.cc:326][CheckC2COtherDupMsg][IMCore]CheckC2COtherDup: is_self=0, seq=672123925, rand=672123925, sid=, type=3, time=1564197717
07-27 11:23:13.033 D/jni_imsdk(27310): [19-07-27 11:23:13.33][DEBUG][msg_cache.cc:227][AddMsg][IMCore]insert into c2c_msgs: client_time=1564197711, server_time=1564197711, seq=944017580, rand=944017580
07-27 11:23:13.033 D/jni_imsdk(27310): [19-07-27 11:23:13.33][DEBUG][msg_manager.cc:326][CheckC2COtherDupMsg][IMCore]CheckC2COtherDup: is_self=0, seq=944017580, rand=944017580, sid=, type=3, time=1564197711
07-27 11:23:13.033 D/jni_imsdk(27310): [19-07-27 11:23:13.33][DEBUG][msg_cache.cc:227][AddMsg][IMCore]insert into c2c_msgs: client_time=1564197605, server_time=1564197605, seq=816563914, rand=816563914
07-27 11:23:13.033 D/jni_imsdk(27310): [19-07-27 11:23:13.33][DEBUG][msg_manager.cc:326][CheckC2COtherDupMsg][IMCore]CheckC2COtherDup: is_self=0, seq=816563914, rand=816563914, sid=, type=3, time=1564197605
07-27 11:23:13.034 D/jni_imsdk(27310): [19-07-27 11:23:13.33][DEBUG][msg_cache.cc:227][AddMsg][IMCore]insert into c2c_msgs: client_time=1564197597, server_time=1564197597, seq=1805758002, rand=1805758002
07-27 11:23:13.034 D/jni_imsdk(27310): [19-07-27 11:23:13.34][DEBUG][msg_manager.cc:326][CheckC2COtherDupMsg][IMCore]CheckC2COtherDup: is_self=0, seq=1805758002, rand=1805758002, sid=, type=3, time=1564197597
07-27 11:23:13.034 D/jni_imsdk(27310): [19-07-27 11:23:13.34][DEBUG][msg_cache.cc:227][AddMsg][IMCore]insert into c2c_msgs: client_time=1564197589, server_time=1564197589, seq=1055261218, rand=1055261218
07-27 11:23:13.034 D/jni_imsdk(27310): [19-07-27 11:23:13.34][DEBUG][msg_manager.cc:326][CheckC2COtherDupMsg][IMCore]CheckC2COtherDup: is_self=0, seq=1055261218, rand=1055261218, sid=, type=3, time=1564197589
07-27 11:23:13.034 D/jni_imsdk(27310): [19-07-27 11:23:13.34][DEBUG][msg_cache.cc:227][AddMsg][IMCore]insert into c2c_msgs: client_time=1564197246, server_time=1564197246, seq=2283303623, rand=2283303623
07-27 11:23:13.034 D/jni_imsdk(27310): [19-07-27 11:23:13.34][DEBUG][msg_manager.cc:326][CheckC2COtherDupMsg][IMCore]CheckC2COtherDup: is_self=0, seq=2283303623, rand=2283303623, sid=, type=3, time=1564197246
07-27 11:23:13.034 D/jni_imsdk(27310): [19-07-27 11:23:13.34][DEBUG][msg_cache.cc:227][AddMsg][IMCore]insert into c2c_msgs: client_time=1564197236, server_time=1564197236, seq=1567016821, rand=1567016821
07-27 11:23:13.034 D/jni_imsdk(27310): [19-07-27 11:23:13.34][DEBUG][msg_manager.cc:326][CheckC2COtherDupMsg][IMCore]CheckC2COtherDup: is_self=0, seq=1567016821, rand=1567016821, sid=, type=3, time=1564197236
07-27 11:23:13.034 D/jni_imsdk(27310): [19-07-27 11:23:13.34][DEBUG][msg_cache.cc:227][AddMsg][IMCore]insert into c2c_msgs: client_time=1564197220, server_time=1564197220, seq=1387920833, rand=1387920833
07-27 11:23:13.034 D/jni_imsdk(27310): [19-07-27 11:23:13.34][DEBUG][msg_manager.cc:326][CheckC2COtherDupMsg][IMCore]CheckC2COtherDup: is_self=0, seq=1387920833, rand=1387920833, sid=, type=3, time=1564197220
07-27 11:23:13.034 D/jni_imsdk(27310): [19-07-27 11:23:13.34][DEBUG][msg_cache.cc:227][AddMsg][IMCore]insert into c2c_msgs: client_time=1564197210, server_time=1564197210, seq=598922808, rand=598922808
07-27 11:23:13.034 D/jni_imsdk(27310): [19-07-27 11:23:13.34][DEBUG][msg_manager.cc:326][CheckC2COtherDupMsg][IMCore]CheckC2COtherDup: is_self=0, seq=598922808, rand=598922808, sid=, type=3, time=1564197210
07-27 11:23:13.034 D/jni_imsdk(27310): [19-07-27 11:23:13.34][DEBUG][msg_cache.cc:227][AddMsg][IMCore]insert into c2c_msgs: client_time=1564197127, server_time=1564197127, seq=1566997526, rand=1566997526
07-27 11:23:13.034 D/jni_imsdk(27310): [19-07-27 11:23:13.34][DEBUG][msg_manager.cc:326][CheckC2COtherDupMsg][IMCore]CheckC2COtherDup: is_self=0, seq=1566997526, rand=1566997526, sid=, type=3, time=1564197127
07-27 11:23:13.034 D/jni_imsdk(27310): [19-07-27 11:23:13.34][DEBUG][session.cc:780][AddSession][IMCore]add session, type: 3, sid:
07-27 11:23:13.034 D/jni_imsdk(27310): [19-07-27 11:23:13.34][EVENT][msg_manager.cc:979][DoLoadFromStore][IMCore]read msgs to cache end
07-27 11:23:13.042 D/CoreWrapper(27310): [CoreWrapper handlePushMsg] recv push cmd: cmd_connInfo:msf cmd:onConnInfo:-1
07-27 11:23:13.042 D/jni_imsdk(27310): [19-07-27 11:23:13.42][DEBUG][][CoreWrapper][CoreWrapper handlePushMsg] recv push cmd: cmd_connInfo:msf cmd:onConnInfo:-1
07-27 11:23:13.042 D/jni_imsdk(27310): [19-07-27 11:23:13.42][INFO][imcore_user_impl.cc:216][operator()][IMCore]IMCoreCtx init done
07-27 11:23:13.043 D/jni_imsdk(27310): [19-07-27 11:23:13.43][DEBUG][group_assistant.cc:59][Init][IMCore]GroupAssistant init begin, isEnabled: 1, isInited: 0
07-27 11:23:13.043 D/jni_imsdk(27310): [19-07-27 11:23:13.43][EVENT][fake_store.cc:8][FakeMsgStore][IMCore]FakeMsgStore
07-27 11:23:13.049 D/QALSDKManager(27310): sendmsg:userid_1898141:IMBDH.GetKeyAndIp:0
07-27 11:23:13.050 D/jni_imsdk(27310): [19-07-27 11:23:13.50][DEBUG][sqlite_store.cc:2750][WriteMemberInfoFlags][IMCore]WriteMemberInfoFlags: ret=1, flags=0xbcb0bf47
07-27 11:23:13.050 D/jni_imsdk(27310): [19-07-27 11:23:13.50][DEBUG][sqlite_store.cc:2693][ReadGroupInfoFlags][IMCore]ReadGroupInfoFlags: flags=0xffff7fff
07-27 11:23:13.050 D/jni_imsdk(27310): [19-07-27 11:23:13.50][DEBUG][group_assistant.cc:99][Init][IMCore]GroupAssistant isSettingChanged 0
07-27 11:23:13.050 D/jni_imsdk(27310): [19-07-27 11:23:13.50][DEBUG][sqlite_store.cc:2540][ReadGroupInfosAll][IMCore]ReadGroupInfosAll, total 0
07-27 11:23:13.050 D/MsfServiceSdk(27310): sdk sendMsg. ssoCmd:IMBDH.GetKeyAndIp msfCmd:unknown appSeq:64330
07-27 11:23:13.050 D/jni_imsdk(27310): [19-07-27 11:23:13.50][DEBUG][group_assistant.cc:114][operator()][IMCore]GroupAssistant init end
07-27 11:23:13.050 D/jni_imsdk(27310): [19-07-27 11:23:13.50][DEBUG][sso_task.cc:42][run][IMCore]sso send cmd:IMBDH.GetKeyAndIp|req:0a1231343431313532313333353037373431303210001a52082310a883d29b051a48308e5f0cad8aff90da7956939a2a5bb333dfc43cf9c76335423d87cf12b78f836b606e4448c7f9f2d6b59c8961ab4796d10547193761ac9b3719d2894f5b10690d2adaf8213af01a200328012802280430e5fd8a8002
07-27 11:23:13.050 D/jni_imsdk(27310): [19-07-27 11:23:13.50][DEBUG][][imcore_jni]request user: userid_1898141|cmd:IMBDH.GetKeyAndIp
07-27 11:23:13.050 D/jni_imsdk(27310): [19-07-27 11:23:13.50][DEBUG][][imsdk.IMMsfCoreProxy]request user: userid_1898141|cmd:IMBDH.GetKeyAndIp|req
07-27 11:23:13.050 D/MSF.D.RemoteServiceProxy(27310): waiteSendSeqSet put:144115213350774102IMBDH.GetKeyAndIp :-1:64330
07-27 11:23:13.050 D/jni_imsdk(27310): [19-07-27 11:23:13.50][EVENT][][IMMsgSender]sendmsg cb: com.tencent.imsdk.ac@9a00a00
07-27 11:23:13.051 D/MsfServiceProxy(27310): send req to msfService:ToServiceMsg msName:unknown ssoSeq:-1 appId:537050853 appSeq:64330 sName:com.tencent.qalsdk.service.QalService uin:144115213350774102 sCmd:IMBDH.GetKeyAndIp t:10000 needResp:truehttpReq:false
07-27 11:23:13.054 D/QalService(23909): service rcvmsg. ssoCmd:IMBDH.GetKeyAndIp msfCmd:unknown appSeq:64330
07-27 11:23:13.055 D/MSF.C.NetConnTag(23909): ping pkg sent, buffer size: 21
07-27 11:23:13.056 D/MSF.C.NetConnTag(23909): add ToServiceMsg msName:qal_Hello ssoSeq:45835 appId:537050853 appSeq:-1 sName: uin:0 sCmd:MSF t:10000 needResp:truehttpReq:false to send
07-27 11:23:13.058 I/MSF.C.NetConnTag(23909): netSend ssoSeq:45835 appSeq:-1 uin:0 cmd:MSF 45856
07-27 11:23:13.060 D/jni_imsdk(27310): [19-07-27 11:23:13.60][EVENT][][imsdk.IMCoreWrapper]Login|4-InitIMCore|Succ|imcore init succ
07-27 11:23:13.060 I/MSF.C.NetConnTag(23909): netSend ssoSeq:45834 appSeq:64330 uin:*4102 cmd:IMBDH.GetKeyAndIp 46254
07-27 11:23:13.061 D/QALSDKManager(27310): sendmsg:userid_1898141:group_open_tcp_svc.get_group_list:0
07-27 11:23:13.062 D/MsfServiceSdk(27310): sdk sendMsg. ssoCmd:group_open_tcp_svc.get_group_list msfCmd:unknown appSeq:64331
07-27 11:23:13.062 D/MSF.D.RemoteServiceProxy(27310): waiteSendSeqSet put:144115213350774102group_open_tcp_svc.get_group_list :-1:64331
07-27 11:23:13.062 D/MsfServiceProxy(27310): send req to msfService:ToServiceMsg msName:unknown ssoSeq:-1 appId:537050853 appSeq:64331 sName:com.tencent.qalsdk.service.QalService uin:144115213350774102 sCmd:group_open_tcp_svc.get_group_list t:10000 needResp:truehttpReq:false
07-27 11:23:13.064 D/jni_imsdk(27310): [19-07-27 11:23:13.64][DEBUG][][IMMsfUserInfo]update login state: 2-->2|userid_1898141
07-27 11:23:13.064 I/IMMsgSender(27310): need resend
07-27 11:23:13.064 D/jni_imsdk(27310): [19-07-27 11:23:13.64][DEBUG][sso_task.cc:42][run][IMCore]sso send cmd:group_open_tcp_svc.get_group_list|req:080112370a300a001200180120012801300138014001500158016a0072007a00820100880100a2010a10011800200128013001a801011090031800
07-27 11:23:13.064 D/jni_imsdk(27310): [19-07-27 11:23:13.64][DEBUG][][imcore_jni]request user: userid_1898141|cmd:group_open_tcp_svc.get_group_list
