07-27 11:17:53.169 I/OppoScene-NearbyPoiSceneService( 6535): sendPoiInfoUpdate sendEmptyMessageDelayed; reportTime = 10000; true; true; true
07-27 11:17:54.205 E/ANDR-PERF-MPCTL( 736): Invalid profile no. 0, total profiles 0 only
07-27 11:17:54.206 E/ANDR-PERF-OPTSHANDLER( 736): Max bounds check failed
07-27 11:17:54.206 E/ANDR-PERF-OPTSHANDLER( 736): Error! Perflock failed, invalid request value 49
07-27 11:17:54.207 E/ANDR-PERF-RESOURCEQS( 736): Failed to apply optimization [6, 0]
07-27 11:17:54.654 D/WorkerThreadMonitor( 6366): Kill MSF check result[ senderSize:0,sendInterval:6488439,receiveInterval=6492465,addCmdCount=27
07-27 11:17:55.211 E/ANDR-PERF-RESOURCEQS( 736): Failed to reset optimization [3, 0]
07-27 11:17:55.792 I/elsa ( 8312): addCgroupTask, TASK_PID, add the uid: 10072 pid:26074 to cgroup /dev/cpuset
07-27 11:17:55.840 I/chatty (23909): uid=10231(com.yishouapp.fumi) MsfCoreMsgSende expire 8 lines
07-27 11:17:55.845 I/elsa ( 8312): addCgroupTask, TASK_PID, add the uid: 10072 pid:26074 to cgroup /dev/cpuset/elsa_bg
07-27 11:17:55.866 I/chatty (23909): uid=10231(com.yishouapp.fumi) MsfCoreSocketRe expire 10 lines
07-27 11:17:57.212 E/ANDR-PERF-MPCTL( 736): Invalid profile no. 0, total profiles 0 only
07-27 11:17:57.212 E/ANDR-PERF-OPTSHANDLER( 736): Max bounds check failed
07-27 11:17:57.212 E/ANDR-PERF-OPTSHANDLER( 736): Error! Perflock failed, invalid request value 49
07-27 11:17:57.212 E/ANDR-PERF-RESOURCEQS( 736): Failed to apply optimization [6, 0]
07-27 11:17:57.236 I/chatty (23909): uid=10231(com.yishouapp.fumi) Jit thread pool expire 3 lines
07-27 11:17:57.845 I/SocketReaderNew( 6366): SocketReader(2368) continue
07-27 11:17:57.846 D/MSF.C.NetConnTag( 6366): MsfCoreSocketReaderNew closeConn readError
07-27 11:17:57.849 D/MSF.C.NetConnTag( 6366): conn is already closed on readError
07-27 11:17:57.850 W/System.err( 6366): java.net.SocketException: Socket is closed
07-27 11:17:57.851 W/System.err( 6366): at java.net.Socket.getSoTimeout(Socket.java:1191)
07-27 11:17:57.851 W/System.err( 6366): at com.tencent.qphone.base.util.MsfSocketInputBuffer.isDataAvailable(MsfSocketInputBuffer.java:71)
07-27 11:17:57.851 W/System.err( 6366): at com.tencent.mobileqq.msf.core.net.l$b.run(SocketEngine.java:525)
07-27 11:17:57.851 I/SocketReaderNew( 6366): SocketReader(2368) wait
07-27 11:17:58.026 E/MSM-irqbalance( 1484): IRQ 136 not found in internal structure or should be ignored
07-27 11:17:58.217 E/ANDR-PERF-RESOURCEQS( 736): Failed to reset optimization [3, 0]
07-27 11:18:00.013 I/elsa ( 8312): addCgroupTask, TASK_PID, add the uid: 10083 pid:31881 to cgroup /dev/cpuset
07-27 11:18:00.040 I/elsa ( 8312): addCgroupTask, TASK_PID, add the uid: 10083 pid:31881 to cgroup /dev/cpuset/elsa_bg
07-27 11:18:00.216 E/ANDR-PERF-MPCTL( 736): Invalid profile no. 0, total profiles 0 only
07-27 11:18:00.217 E/ANDR-PERF-OPTSHANDLER( 736): Max bounds check failed
07-27 11:18:00.217 E/ANDR-PERF-OPTSHANDLER( 736): Error! Perflock failed, invalid request value 49
07-27 11:18:00.217 E/ANDR-PERF-RESOURCEQS( 736): Failed to apply optimization [6, 0]
07-27 11:18:01.223 E/ANDR-PERF-RESOURCEQS( 736): Failed to reset optimization [3, 0]
07-27 11:18:03.037 E/MSM-irqbalance( 1484): IRQ 136 not found in internal structure or should be ignored
07-27 11:18:03.202 I/OppoScene-NearbyPoiSceneService( 6535): updateDataJob begin, dataSource = 0; synthesis = 0; mScreenOn = true
07-27 11:18:03.203 I/OppoScene-PoiSceneUtils( 6535): checkResidentShop end, result = false; step - stepThree = 0 ## stepSecond = 509 & stepThree = 509& stepCur = 509
07-27 11:18:03.204 I/OppoScene-NearbyPoiSceneService( 6535): sendPoiInfoUpdate sendEmptyMessageDelayed; reportTime = 10000; true; true; true
07-27 11:18:03.235 E/ANDR-PERF-MPCTL( 736): Invalid profile no. 0, total profiles 0 only
07-27 11:18:03.236 E/ANDR-PERF-OPTSHANDLER( 736): Max bounds check failed
07-27 11:18:03.236 E/ANDR-PERF-OPTSHANDLER( 736): Error! Perflock failed, invalid request value 49
07-27 11:18:03.236 E/ANDR-PERF-RESOURCEQS( 736): Failed to apply optimization [6, 0]
07-27 11:18:03.367 I/chatty ( 1699): uid=1000(system) Binder:1699_13 expire 4 lines
07-27 11:18:04.246 E/ANDR-PERF-RESOURCEQS( 736): Failed to reset optimization [3, 0]
07-27 11:18:06.242 E/ANDR-PERF-MPCTL( 736): Invalid profile no. 0, total profiles 0 only
07-27 11:18:06.242 E/ANDR-PERF-OPTSHANDLER( 736): Max bounds check failed
07-27 11:18:06.242 E/ANDR-PERF-OPTSHANDLER( 736): Error! Perflock failed, invalid request value 49
07-27 11:18:06.242 E/ANDR-PERF-RESOURCEQS( 736): Failed to apply optimization [6, 0]
07-27 11:18:07.247 E/ANDR-PERF-RESOURCEQS( 736): Failed to reset optimization [3, 0]
07-27 11:18:08.044 E/MSM-irqbalance( 1484): IRQ 136 not found in internal structure or should be ignored
07-27 11:18:09.249 E/ANDR-PERF-MPCTL( 736): Invalid profile no. 0, total profiles 0 only
07-27 11:18:09.250 E/ANDR-PERF-OPTSHANDLER( 736): Max bounds check failed
07-27 11:18:09.250 E/ANDR-PERF-OPTSHANDLER( 736): Error! Perflock failed, invalid request value 49
07-27 11:18:09.250 E/ANDR-PERF-RESOURCEQS( 736): Failed to apply optimization [6, 0]
07-27 11:18:09.270 I/chatty (23658): uid=10231(com.yishouapp.fumi) expire 12 lines
07-27 11:18:09.312 I/chatty ( 1699): uid=1000(system) Binder:1699_1A expire 5 lines
07-27 11:18:10.261 E/ANDR-PERF-RESOURCEQS( 736): Failed to reset optimization [3, 0]
07-27 11:18:11.707 D/ ( 1181): thermal_monitor msm_therm: open fail -1
07-27 11:18:12.259 E/ANDR-PERF-MPCTL( 736): Invalid profile no. 0, total profiles 0 only
07-27 11:18:12.261 E/ANDR-PERF-OPTSHANDLER( 736): Max bounds check failed
07-27 11:18:12.261 E/ANDR-PERF-OPTSHANDLER( 736): Error! Perflock failed, invalid request value 49
07-27 11:18:12.261 E/ANDR-PERF-RESOURCEQS( 736): Failed to apply optimization [6, 0]
07-27 11:18:12.733 I/chatty (23658): uid=10231(com.yishouapp.fumi) expire 24 lines
07-27 11:18:12.733 I/chatty (23658): uid=10231(com.yishouapp.fumi) expire 4 lines
07-27 11:18:12.745 I/chatty (23909): uid=10231(com.yishouapp.fumi) Binder:23909_2 expire 9 lines
07-27 11:18:12.789 I/chatty (23909): uid=10231(com.yishouapp.fumi) MsfServiceRespH expire 4 lines
07-27 11:18:12.793 I/chatty (23909): uid=10231(com.yishouapp.fumi) MsfServiceAppMs expire 2 lines
07-27 11:18:12.797 I/chatty (23658): uid=10231(com.yishouapp.fumi) expire 5 lines
07-27 11:18:12.798 I/chatty (23658): uid=10231(com.yishouapp.fumi) expire 2 lines
07-27 11:18:13.028 E/MSM-irqbalance( 1484): IRQ 136 not found in internal structure or should be ignored
07-27 11:18:13.227 I/OppoScene-NearbyPoiSceneService( 6535): updateDataJob begin, dataSource = 0; synthesis = 0; mScreenOn = true
07-27 11:18:13.227 I/OppoScene-PoiSceneUtils( 6535): checkResidentShop end, result = false; step - stepThree = 0 ## stepSecond = 509 & stepThree = 509& stepCur = 509
07-27 11:18:13.228 I/OppoScene-NearbyPoiSceneService( 6535): sendPoiInfoUpdate sendEmptyMessageDelayed; reportTime = 10000; true; true; true
07-27 11:18:13.269 E/ANDR-PERF-RESOURCEQS( 736): Failed to reset optimization [3, 0]
07-27 11:18:15.270 E/ANDR-PERF-MPCTL( 736): Invalid profile no. 0, total profiles 0 only
07-27 11:18:15.271 E/ANDR-PERF-OPTSHANDLER( 736): Max bounds check failed
07-27 11:18:15.271 E/ANDR-PERF-OPTSHANDLER( 736): Error! Perflock failed, invalid request value 49
07-27 11:18:15.271 E/ANDR-PERF-RESOURCEQS( 736): Failed to apply optimization [6, 0]
07-27 11:18:16.274 E/ANDR-PERF-RESOURCEQS( 736): Failed to reset optimization [3, 0]
07-27 11:18:18.045 E/MSM-irqbalance( 1484): IRQ 136 not found in internal structure or should be ignored
07-27 11:18:18.280 E/ANDR-PERF-MPCTL( 736): Invalid profile no. 0, total profiles 0 only
07-27 11:18:18.281 E/ANDR-PERF-OPTSHANDLER( 736): Max bounds check failed
07-27 11:18:18.281 E/ANDR-PERF-OPTSHANDLER( 736): Error! Perflock failed, invalid request value 49
07-27 11:18:18.281 E/ANDR-PERF-RESOURCEQS( 736): Failed to apply optimization [6, 0]
07-27 11:18:18.759 I/batch (26074): start BatchUpdateInfoTransaction
07-27 11:18:18.803 W/System.err(26074): SLF4J: Failed to load class "org.slf4j.impl.StaticLoggerBinder".
07-27 11:18:18.803 W/System.err(26074): SLF4J: Defaulting to no-operation (NOP) logger implementation
07-27 11:18:18.803 W/System.err(26074): SLF4J: See http://www.slf4j.org/codes.html#StaticLoggerBinder for further details.
07-27 11:18:18.806 W/ActivityThread(26074): ClassLoader.loadClass: The class loader returned by Thread.getContextClassLoader() may fail for processes that host multiple applications. You should explicitly specify a context class loader. For example: Thread.setContextClassLoader(getClass().getClassLoader());
07-27 11:18:18.846 W/network (26074): [, , 0]:CokaIO-2|https://i.instant.oppomobile.com/jits/widget/check4Update
07-27 11:18:18.846 W/network (26074): CokaIO-2|https://i.instant.oppomobile.com/jits/widget/check4Update
07-27 11:18:18.905 V/NativeCrypto(26074): Registering org/conscrypt/NativeCrypto's 284 native methods...
07-27 11:18:19.078 W/network (26074): [, , 0]:CokaIO-2|https://i.instant.oppomobile.com/jits/widget/check4Update
07-27 11:18:19.079 W/network (26074): CokaIO-2|https://i.instant.oppomobile.com/jits/widget/check4Update
07-27 11:18:19.120 W/httpdns (26074): [, , 0]:HttpDnsThread|HttpDnsQuerier::query
07-27 11:18:19.120 W/httpdns (26074): HttpDnsThread|HttpDnsQuerier::query
07-27 11:18:19.128 W/NetMonitor(26074): [, , 0]:CokaIO-3|CallStart seq: 11736 retry: 0 method: POST url: https://epoch.cdo.oppomobile.com/soporcollect/appevent/v1/event port: 443 originDn: epoch.cdo.oppomobile.com httpDnsIp: null
07-27 11:18:19.128 W/NetMonitor(26074): [, , 0]:CokaIO-1|CallStart seq: 11735 retry: 0 method: POST url: https://epoch.cdo.oppomobile.com/soporcollect/appevent/v1/event port: 443 originDn: epoch.cdo.oppomobile.com httpDnsIp: null
07-27 11:18:19.128 W/NetMonitor(26074): [, , 0]:CokaIO-2|CallStart seq: 11737 retry: 0 method: POST url: https://59.37.130.38/jits/widget/check4Update port: 443 originDn: i.instant.oppomobile.com httpDnsIp: 59.37.130.38
07-27 11:18:19.136 W/NetMonitor(26074): [, , 0]:CokaIO-4|CallStart seq: 11738 retry: 0 method: POST url: https://gslb.cdo.oppomobile.com/gslb/d/v2 port: 443 originDn: gslb.cdo.oppomobile.com httpDnsIp: null
07-27 11:18:19.257 W/NetMonitor(26074): [, , 0]:CokaIO-2|ConnSucc seq: 11737 retry: 0 result: 1 costtime: 129 detail:
07-27 11:18:19.257 W/NetMonitor(26074): (11737)DNS[1|0|59.37.130.38|1]
07-27 11:18:19.257 W/NetMonitor(26074): (11737)SOCKET[1|28|59.37.130.38:443|null]
07-27 11:18:19.257 W/NetMonitor(26074): (11737)TSL[1|96|TLSv1.2|49199|null]
07-27 11:18:19.260 W/NetMonitor(26074): [, , 0]:CokaIO-2|ConnAcquired seq: 11737 retry: 0 address: 59.37.130.38:443 hashcode: 156518265 proto: http/1.1 costtime: 132
07-27 11:18:19.267 W/NetMonitor(26074): [, , 0]:CokaIO-2|SendReq seq: 11737 retry: 0 code: 1 contentLength: 122 msg: null
07-27 11:18:19.278 W/NetMonitor(26074): [, , 0]:CokaIO-2|RecvResp seq: 11737 retry: 0 code: 1 httpCode: 200 contentLength: -1 costtime: 12 msg: null
07-27 11:18:19.279 W/NetMonitor(26074): [, , 0]:CokaIO-2|refreshClientIp: 219.135.147.242
07-27 11:18:19.280 I/RemoteConfig(26074): RemoteConfig updateRemoteConfig
07-27 11:18:19.287 E/ANDR-PERF-RESOURCEQS( 736): Failed to reset optimization [3, 0]
07-27 11:18:19.296 W/NetMonitor(26074): [, , 0]:CokaIO-5|CallStart seq: 11739 retry: 0 method: POST url: https://api.cdo.oppomobile.com/configx/v1/net port: 443 originDn: api.cdo.oppomobile.com httpDnsIp: null
07-27 11:18:19.320 W/NetMonitor(26074): [, , 0]:CokaIO-2|CallStart seq: 11740 retry: 0 method: POST url: https://epoch.cdo.oppomobile.com/soporcollect/appevent/v1/event port: 443 originDn: epoch.cdo.oppomobile.com httpDnsIp: null
07-27 11:18:19.337 W/NetMonitor(26074): [, , 0]:CokaIO-3|ConnSucc seq: 11736 retry: 0 result: 1 costtime: 209 detail:
07-27 11:18:19.337 W/NetMonitor(26074): (11736)DNS[1|19|epoch.cdo.oppomobile.com|1]
07-27 11:18:19.337 W/NetMonitor(26074): (11736)SOCKET[1|41|223.202.217.13:443|null]
07-27 11:18:19.337 W/NetMonitor(26074): (11736)TSL[1|146|TLSv1.2|49199|null]
07-27 11:18:19.338 W/NetMonitor(26074): [, , 0]:CokaIO-3|ConnAcquired seq: 11736 retry: 0 address: 223.202.217.13:443 hashcode: 245491868 proto: http/1.1 costtime: 211
07-27 11:18:19.343 W/NetMonitor(26074): [, , 0]:CokaIO-3|SendReq seq: 11736 retry: 0 code: 1 contentLength: 344 msg: null
07-27 11:18:19.355 W/NetMonitor(26074): [, , 0]:CokaIO-4|ConnSucc seq: 11738 retry: 0 result: 1 costtime: 219 detail:
07-27 11:18:19.355 W/NetMonitor(26074): (11738)DNS[1|18|gslb.cdo.oppomobile.com|1]
07-27 11:18:19.355 W/NetMonitor(26074): (11738)SOCKET[1|40|223.202.217.4:443|null]
07-27 11:18:19.355 W/NetMonitor(26074): (11738)TSL[1|158|TLSv1.2|49199|null]
07-27 11:18:19.355 W/NetMonitor(26074): [, , 0]:CokaIO-5|ConnSucc seq: 11739 retry: 0 result: 1 costtime: 60 detail:
07-27 11:18:19.355 W/NetMonitor(26074): (11739)DNS[1|13|api.cdo.oppomobile.com|1]
07-27 11:18:19.355 W/NetMonitor(26074): (11739)SOCKET[1|8|114.67.34.37:443|null]
07-27 11:18:19.355 W/NetMonitor(26074): (11739)TSL[1|37|TLSv1.2|49199|null]
07-27 11:18:19.356 W/NetMonitor(26074): [, , 0]:CokaIO-4|ConnAcquired seq: 11738 retry: 0 address: 223.202.217.4:443 hashcode: 234437330 proto: http/1.1 costtime: 221
07-27 11:18:19.356 W/NetMonitor(26074): [, , 0]:CokaIO-5|ConnAcquired seq: 11739 retry: 0 address: 114.67.34.37:443 hashcode: 156994208 proto: http/1.1 costtime: 61
07-27 11:18:19.359 W/NetMonitor(26074): [, , 0]:CokaIO-5|SendReq seq: 11739 retry: 0 code: 1 contentLength: 42 msg: null
07-27 11:18:19.361 W/NetMonitor(26074): [, , 0]:CokaIO-4|SendReq seq: 11738 retry: 0 code: 1 contentLength: 49 msg: null
07-27 11:18:19.361 W/NetMonitor(26074): [, , 0]:CokaIO-1|ConnSucc seq: 11735 retry: 0 result: 1 costtime: 234 detail:
07-27 11:18:19.361 W/NetMonitor(26074): (11735)DNS[1|19|epoch.cdo.oppomobile.com|1]
07-27 11:18:19.361 W/NetMonitor(26074): (11735)SOCKET[1|39|223.202.217.13:443|null]
07-27 11:18:19.361 W/NetMonitor(26074): (11735)TSL[1|173|TLSv1.2|49199|null]
07-27 11:18:19.362 W/NetMonitor(26074): [, , 0]:CokaIO-1|ConnAcquired seq: 11735 retry: 0 address: 223.202.217.13:443 hashcode: 84685342 proto: http/1.1 costtime: 234
07-27 11:18:19.364 W/NetMonitor(26074): [, , 0]:CokaIO-1|SendReq seq: 11735 retry: 0 code: 1 contentLength: 361 msg: null
07-27 11:18:19.385 W/NetMonitor(26074): [, , 0]:CokaIO-3|RecvResp seq: 11736 retry: 0 code: 1 httpCode: 200 contentLength: -1 costtime: 43 msg: null
07-27 11:18:19.411 W/NetMonitor(26074): [, , 0]:CokaIO-4|RecvResp seq: 11738 retry: 0 code: 1 httpCode: 200 contentLength: -1 costtime: 51 msg: null
07-27 11:18:19.411 W/NetMonitor(26074): [, , 0]:CokaIO-5|RecvResp seq: 11739 retry: 0 code: 1 httpCode: 200 contentLength: -1 costtime: 52 msg: null
07-27 11:18:19.413 W/NetMonitor(26074): [, , 0]:CokaIO-2|ConnSucc seq: 11740 retry: 0 result: 1 costtime: 93 detail:
07-27 11:18:19.413 W/NetMonitor(26074): (11740)DNS[1|0|epoch.cdo.oppomobile.com|1]
07-27 11:18:19.413 W/NetMonitor(26074): (11740)SOCKET[1|40|223.202.217.13:443|null]
07-27 11:18:19.413 W/NetMonitor(26074): (11740)TSL[1|52|TLSv1.2|49199|null]
07-27 11:18:19.414 W/NetMonitor(26074): [, , 0]:CokaIO-2|ConnAcquired seq: 11740 retry: 0 address: 223.202.217.13:443 hashcode: 251572428 proto: http/1.1 costtime: 94
07-27 11:18:19.416 W/NetMonitor(26074): [, , 0]:CokaIO-1|RecvResp seq: 11735 retry: 0 code: 1 httpCode: 200 contentLength: -1 costtime: 51 msg: null
07-27 11:18:19.420 W/NetMonitor(26074): [, , 0]:CokaIO-2|SendReq seq: 11740 retry: 0 code: 1 contentLength: 410 msg: null
07-27 11:18:19.427 I/RemoteConfig(26074): RemoteConfig updateRemoteConfig succ
07-27 11:18:19.428 I/RemoteConfig(26074): RemoteConfig updateRemoteConfig savedata: null
07-27 11:18:19.448 W/NetMonitor(26074): [, , 0]:CokaIO-3|CallStart seq: 11741 retry: 0 method: POST url: https://epoch.cdo.oppomobile.com/soporcollect/appevent/v1/event port: 443 originDn: epoch.cdo.oppomobile.com httpDnsIp: null
07-27 11:18:19.450 W/NetMonitor(26074): [, , 0]:CokaIO-3|ConnAcquired seq: 11741 retry: 0 address: 223.202.217.13:443 hashcode: 245491868 proto: http/1.1 costtime: 1
07-27 11:18:19.452 W/NetMonitor(26074): [, , 0]:CokaIO-1|CallStart seq: 11742 retry: 0 method: POST url: https://epoch.cdo.oppomobile.com/soporcollect/appevent/v1/event port: 443 originDn: epoch.cdo.oppomobile.com httpDnsIp: null
07-27 11:18:19.453 W/NetMonitor(26074): [, , 0]:CokaIO-1|ConnAcquired seq: 11742 retry: 0 address: 223.202.217.13:443 hashcode: 84685342 proto: http/1.1 costtime: 1
07-27 11:18:19.455 W/NetMonitor(26074): [, , 0]:CokaIO-3|SendReq seq: 11741 retry: 0 code: 1 contentLength: 394 msg: null
07-27 11:18:19.459 W/NetMonitor(26074): [, , 0]:CokaIO-1|SendReq seq: 11742 retry: 0 code: 1 contentLength: 400 msg: null
07-27 11:18:19.503 W/NetMonitor(26074): [, , 0]:CokaIO-1|RecvResp seq: 11742 retry: 0 code: 1 httpCode: 200 contentLength: -1 costtime: 44 msg: null
07-27 11:18:19.508 W/NetMonitor(26074): [, , 0]:CokaIO-3|RecvResp seq: 11741 retry: 0 code: 1 httpCode: 200 contentLength: -1 costtime: 53 msg: null
07-27 11:18:19.527 W/NetMonitor(26074): [, , 0]:CokaIO-2|RecvResp seq: 11740 retry: 0 code: 1 httpCode: 200 contentLength: -1 costtime: 107 msg: null
07-27 11:18:20.326 I/chatty ( 1699): uid=1000(system) Binder:1699_17 expire 10 lines
07-27 11:18:21.300 E/ANDR-PERF-MPCTL( 736): Invalid profile no. 0, total profiles 0 only
07-27 11:18:21.301 E/ANDR-PERF-OPTSHANDLER( 736): Max bounds check failed
07-27 11:18:21.301 E/ANDR-PERF-OPTSHANDLER( 736): Error! Perflock failed, invalid request value 49
07-27 11:18:21.301 E/ANDR-PERF-RESOURCEQS( 736): Failed to apply optimization [6, 0]
07-27 11:18:21.459 W/upgrade (26074): checkUpgrade type : 1 info : PhoneInfo:{product_code:58, version_code:2803, platform:27, system_type:0, rom_version:8.1.0, mobile_name:PBEM00, brand:oppo}
07-27 11:18:21.462 W/upgrade (26074): onCheckStart : PhoneInfo:{product_code:58, version_code:2803, platform:27, system_type:0, rom_version:8.1.0, mobile_name:PBEM00, brand:oppo}
07-27 11:18:22.286 W/upgrade (26074): onCheckUpgradeComplete : false
07-27 11:18:22.305 E/ANDR-PERF-RESOURCEQS( 736): Failed to reset optimization [3, 0]
07-27 11:18:23.049 E/MSM-irqbalance( 1484): IRQ 136 not found in internal structure or should be ignored
07-27 11:18:23.249 I/OppoScene-NearbyPoiSceneService( 6535): updateDataJob begin, dataSource = 0; synthesis = 0; mScreenOn = true
07-27 11:18:23.249 I/OppoScene-PoiSceneUtils( 6535): checkResidentShop end, result = false; step - stepThree = 0 ## stepSecond = 509 & stepThree = 509& stepCur = 509
07-27 11:18:23.249 I/OppoScene-NearbyPoiSceneService( 6535): sendPoiInfoUpdate sendEmptyMessageDelayed; reportTime = 10000; true; true; true
07-27 11:18:23.963 W/ActivityManager( 1699): preloadAction is 0, starting intent = cmp=com.yishouapp.fumi/.activity.GoodsDetailActivity (has extras)
07-27 11:18:23.965 I/ActivityManager( 1699): START u0 {cmp=com.yishouapp.fumi/.activity.GoodsDetailActivity (has extras)} from uid 10231 and from pid 23658
07-27 11:18:23.967 E/ANDR-PERF-MPCTL( 736): Invalid profile no. 0, total profiles 0 only
07-27 11:18:23.980 I/chatty (23658): uid=10231(com.yishouapp.fumi) expire 80 lines
07-27 11:18:23.984 I/chatty (23658): uid=10231(com.yishouapp.fumi) expire 14 lines
07-27 11:18:23.998 V/WindowManager( 1699): Changing focus from Window{56cbd8e u0 com.yishouapp.fumi/com.yishouapp.fumi.activity.SimilarGoodActivity} to null
07-27 11:18:24.109 V/WindowManager( 1699): Changing focus from null to Window{a1f0076 u0 com.yishouapp.fumi/com.yishouapp.fumi.activity.GoodsDetailActivity}
07-27 11:18:24.115 I/StatusBar( 6802): setNavigationBarColor() vis:0 color:fffbfbfb expandNavBar:false mNavigationBarEnableStatus:2
07-27 11:18:24.116 D/BarTransitions.NavigationBarView( 6802): setForceOpaque forceOpaque:true color:0 @com.android.systemui.statusbar.phone.NavigationBarTransitions@459b45c
07-27 11:18:24.126 D/xx ( 2513): setInputState isInput=false isPre=false
07-27 11:18:24.127 D/xx ( 2513): updateKeyboardKeys mComposer.update ComposingText()=
07-27 11:18:24.147 I/chatty ( 1699): uid=1000(system) android.display expire 6 lines
07-27 11:18:24.149 W//system/bin/hwservicemanager( 546): getTransport: Cannot find entry vendor.qti.hardware.iop@2.0::IIop/default in either framework or device manifest.
07-27 11:18:24.372 E/ANDR-PERF-MPCTL( 736): Invalid profile no. 0, total profiles 0 only
07-27 11:18:24.372 E/ANDR-PERF-OPTSHANDLER( 736): Max bounds check failed
07-27 11:18:24.372 E/ANDR-PERF-OPTSHANDLER( 736): Error! Perflock failed, invalid request value 49
07-27 11:18:24.372 E/ANDR-PERF-RESOURCEQS( 736): Failed to apply optimization [6, 0]
07-27 11:18:24.472 I/WindowManager( 1699): handleOpeningSpecialApp (statusbar != null ) true pkg: com.oppo.launcher start: 3
07-27 11:18:24.472 I/WindowManager( 1699): handleOpeningSpecialApp (statusbar != null ) true pkg: com.coloros.recents start: 4
07-27 11:18:25.050 I/chatty (23658): uid=10231(com.yishouapp.fumi) expire 8 lines
07-27 11:18:25.097 V/WindowManager( 1699): Changing focus from Window{a1f0076 u0 com.yishouapp.fumi/com.yishouapp.fumi.activity.GoodsDetailActivity} to null
07-27 11:18:25.254 V/WindowManager( 1699): Changing focus from null to Window{56cbd8e u0 com.yishouapp.fumi/com.yishouapp.fumi.activity.SimilarGoodActivity}
07-27 11:18:25.254 I/StatusBar( 6802): setNavigationBarColor() vis:2000000 color:ffffffff expandNavBar:false mNavigationBarEnableStatus:2
07-27 11:18:25.255 D/BarTransitions.NavigationBarView( 6802): setForceOpaque forceOpaque:true color:0 @com.android.systemui.statusbar.phone.NavigationBarTransitions@459b45c
07-27 11:18:25.268 D/xx ( 2513): setInputState isInput=false isPre=false
07-27 11:18:25.268 D/xx ( 2513): updateKeyboardKeys mComposer.update ComposingText()=
07-27 11:18:25.307 I/chatty (23658): uid=10231(com.yishouapp.fumi) expire 4 lines
07-27 11:18:25.606 I/WindowManager( 1699): handleOpeningSpecialApp (statusbar != null ) true pkg: com.oppo.launcher start: 3
07-27 11:18:25.606 I/WindowManager( 1699): handleOpeningSpecialApp (statusbar != null ) true pkg: com.coloros.recents start: 4
07-27 11:18:27.384 E/ANDR-PERF-MPCTL( 736): Invalid profile no. 0, total profiles 0 only
07-27 11:18:27.385 E/ANDR-PERF-OPTSHANDLER( 736): Max bounds check failed
07-27 11:18:27.385 E/ANDR-PERF-OPTSHANDLER( 736): Error! Perflock failed, invalid request value 49
07-27 11:18:27.385 E/ANDR-PERF-RESOURCEQS( 736): Failed to apply optimization [6, 0]
07-27 11:18:27.857 I/SocketReaderNew( 6366): SocketReader(2368) continue
07-27 11:18:27.858 D/MSF.C.NetConnTag( 6366): MsfCoreSocketReaderNew closeConn readError
07-27 11:18:27.862 D/MSF.C.NetConnTag( 6366): conn is already closed on readError
07-27 11:18:27.864 W/System.err( 6366): java.net.SocketException: Socket is closed
07-27 11:18:27.864 W/System.err( 6366): at java.net.Socket.getSoTimeout(Socket.java:1191)
07-27 11:18:27.864 W/System.err( 6366): at com.tencent.qphone.base.util.MsfSocketInputBuffer.isDataAvailable(MsfSocketInputBuffer.java:71)
07-27 11:18:27.864 W/System.err( 6366): at com.tencent.mobileqq.msf.core.net.l$b.run(SocketEngine.java:525)
07-27 11:18:27.864 I/SocketReaderNew( 6366): SocketReader(2368) wait
07-27 11:18:28.040 E/MSM-irqbalance( 1484): IRQ 136 not found in internal structure or should be ignored
07-27 11:18:28.391 E/ANDR-PERF-RESOURCEQS( 736): Failed to reset optimization [3, 0]
07-27 11:18:30.393 E/ANDR-PERF-MPCTL( 736): Invalid profile no. 0, total profiles 0 only
07-27 11:18:30.394 E/ANDR-PERF-OPTSHANDLER( 736): Max bounds check failed
07-27 11:18:30.394 E/ANDR-PERF-OPTSHANDLER( 736): Error! Perflock failed, invalid request value 49
07-27 11:18:30.394 E/ANDR-PERF-RESOURCEQS( 736): Failed to apply optimization [6, 0]
07-27 11:18:31.404 E/ANDR-PERF-RESOURCEQS( 736): Failed to reset optimization [3, 0]
07-27 11:18:31.675 I/chatty (23658): uid=10231(com.yishouapp.fumi) expire 12 lines
07-27 11:18:31.708 D/ ( 1181): thermal_monitor msm_therm: open fail -1
07-27 11:18:33.055 E/MSM-irqbalance( 1484): IRQ 136 not found in internal structure or should be ignored
07-27 11:18:33.278 I/OppoScene-NearbyPoiSceneService( 6535): updateDataJob begin, dataSource = 0; synthesis = 0; mScreenOn = true
07-27 11:18:33.278 I/OppoScene-PoiSceneUtils( 6535): checkResidentShop end, result = false; step - stepThree = 0 ## stepSecond = 509 & stepThree = 509& stepCur = 509
07-27 11:18:33.279 I/OppoScene-NearbyPoiSceneService( 6535): sendPoiInfoUpdate sendEmptyMessageDelayed; reportTime = 10000; true; true; true
07-27 11:18:33.407 E/ANDR-PERF-MPCTL( 736): Invalid profile no. 0, total profiles 0 only
07-27 11:18:33.408 E/ANDR-PERF-OPTSHANDLER( 736): Max bounds check failed
07-27 11:18:33.408 E/ANDR-PERF-OPTSHANDLER( 736): Error! Perflock failed, invalid request value 49
07-27 11:18:33.408 E/ANDR-PERF-RESOURCEQS( 736): Failed to apply optimization [6, 0]
07-27 11:18:34.412 E/ANDR-PERF-RESOURCEQS( 736): Failed to reset optimization [3, 0]
07-27 11:18:36.414 E/ANDR-PERF-MPCTL( 736): Invalid profile no. 0, total profiles 0 only
07-27 11:18:36.415 E/ANDR-PERF-OPTSHANDLER( 736): Max bounds check failed
07-27 11:18:36.415 E/ANDR-PERF-OPTSHANDLER( 736): Error! Perflock failed, invalid request value 49
07-27 11:18:36.415 E/ANDR-PERF-RESOURCEQS( 736): Failed to apply optimization [6, 0]
07-27 11:18:37.213 I/chatty ( 1699): uid=1000(system) Binder:1699_20 expire 5 lines
07-27 11:18:37.420 E/ANDR-PERF-RESOURCEQS( 736): Failed to reset optimization [3, 0]
07-27 11:18:38.061 E/MSM-irqbalance( 1484): IRQ 136 not found in internal structure or should be ignored
07-27 11:18:39.429 E/ANDR-PERF-MPCTL( 736): Invalid profile no. 0, total profiles 0 only
07-27 11:18:39.430 E/ANDR-PERF-OPTSHANDLER( 736): Max bounds check failed
07-27 11:18:39.430 E/ANDR-PERF-OPTSHANDLER( 736): Error! Perflock failed, invalid request value 49
07-27 11:18:39.431 E/ANDR-PERF-RESOURCEQS( 736): Failed to apply optimization [6, 0]
07-27 11:18:39.589 I/UsageStatsService( 1699): User[0] Flushing usage stats to disk
07-27 11:18:39.926 I/chatty (23658): uid=10231(com.yishouapp.fumi) expire 508 lines
07-27 11:18:39.944 V/WindowManager( 1699): Changing focus from Window{56cbd8e u0 com.yishouapp.fumi/com.yishouapp.fumi.activity.SimilarGoodActivity} to null
07-27 11:18:39.989 V/WindowManager( 1699): Changing focus from null to Window{e19a363 u0 com.yishouapp.fumi/com.yishouapp.fumi.refactor.activity.NewGoodsActivity}
07-27 11:18:40.005 D/xx ( 2513): setInputState isInput=false isPre=false
07-27 11:18:40.006 D/xx ( 2513): updateKeyboardKeys mComposer.update ComposingText()=
07-27 11:18:40.094 E/sensors-hal( 724): handle_sns_client_event:75, device_orient_event: ts=370356078076871, type=0
07-27 11:18:40.096 V/WindowOrientationListener( 1699): onSensorChanged mDesiredRotation = 0 newRotation = -1
07-27 11:18:40.349 I/WindowManager( 1699): handleOpeningSpecialApp (statusbar != null ) true pkg: com.oppo.launcher start: 3
07-27 11:18:40.349 I/WindowManager( 1699): handleOpeningSpecialApp (statusbar != null ) true pkg: com.coloros.recents start: 4
07-27 11:18:40.407 V/WindowOrientationListener( 1699): Runnable mRotationEvaluator newRotation : 0
07-27 11:18:40.434 E/ANDR-PERF-RESOURCEQS( 736): Failed to reset optimization [3, 0]
07-27 11:18:40.670 E/sensors-hal( 724): handle_sns_client_event:75, device_orient_event: ts=370356649343017, type=4
07-27 11:18:40.671 V/WindowOrientationListener( 1699): onSensorChanged mDesiredRotation = 4
07-27 11:18:41.357 I/chatty ( 1699): uid=1000(system) Binder:1699_1E expire 9 lines
07-27 11:18:41.360 V/WindowManager( 1699): Changing focus from Window{e19a363 u0 com.yishouapp.fumi/com.yishouapp.fumi.refactor.activity.NewGoodsActivity} to null
07-27 11:18:41.389 I/chatty (23658): uid=10231(com.yishouapp.fumi) expire 12 lines
07-27 11:18:41.405 V/WindowManager( 1699): Changing focus from null to Window{b9efaf4 u0 com.yishouapp.fumi/com.yishouapp.fumi.activity.YishouMainActivity}
07-27 11:18:41.423 D/xx ( 2513): setInputState isInput=false isPre=false
07-27 11:18:41.423 D/xx ( 2513): updateKeyboardKeys mComposer.update ComposingText()=
07-27 11:18:41.882 V/WindowManager( 1699): Changing focus from Window{b9efaf4 u0 com.yishouapp.fumi/com.yishouapp.fumi.activity.YishouMainActivity} to Window{84cf681 u0 com.yishouapp.fumi/com.yishouapp.fumi.activity.YishouMainActivity}
07-27 11:18:41.981 D/EAP_frame( 5840): skippedFrames : com.yishouapp.fumi(23658), 30
07-27 11:18:42.071 D/SurfaceFlinger( 757): duplicate layer name: changing com.yishouapp.fumi/com.yishouapp.fumi.activity.YishouMainActivity to com.yishouapp.fumi/com.yishouapp.fumi.activity.YishouMainActivity#1
07-27 11:18:42.098 V/WindowManager( 1699): Changing focus from Window{84cf681 u0 com.yishouapp.fumi/com.yishouapp.fumi.activity.YishouMainActivity EXITING} to Window{b9efaf4 u0 com.yishouapp.fumi/com.yishouapp.fumi.activity.YishouMainActivity}
07-27 11:18:42.103 I/WindowManager( 1699): handleOpeningSpecialApp (statusbar != null ) true pkg: com.oppo.launcher start: 3
07-27 11:18:42.103 I/WindowManager( 1699): handleOpeningSpecialApp (statusbar != null ) true pkg: com.coloros.recents start: 4
07-27 11:18:42.435 E/ANDR-PERF-MPCTL( 736): Invalid profile no. 0, total profiles 0 only
07-27 11:18:42.436 E/ANDR-PERF-OPTSHANDLER( 736): Max bounds check failed
07-27 11:18:42.436 E/ANDR-PERF-OPTSHANDLER( 736): Error! Perflock failed, invalid request value 49
07-27 11:18:42.436 E/ANDR-PERF-RESOURCEQS( 736): Failed to apply optimization [6, 0]
07-27 11:18:42.495 V/LocSvc_HIDL_IzatProvider( 732): [onLocationChanged][70] [HS] =>>>> [HC]
07-27 11:18:42.788 W/ActivityManager( 1699): preloadAction is 0, starting intent = cmp=com.yishouapp.fumi/.refactor.activity.DiscountGoodsActivity
07-27 11:18:42.789 I/ActivityManager( 1699): START u0 {cmp=com.yishouapp.fumi/.refactor.activity.DiscountGoodsActivity} from uid 10231 and from pid 23658
07-27 11:18:42.846 V/WindowManager( 1699): Changing focus from Window{b9efaf4 u0 com.yishouapp.fumi/com.yishouapp.fumi.activity.YishouMainActivity} to null
07-27 11:18:42.873 E/sensors-hal( 724): handle_sns_client_event:75, device_orient_event: ts=370358905898538, type=0
07-27 11:18:42.873 V/WindowOrientationListener( 1699): onSensorChanged mDesiredRotation = 0 newRotation = -1
07-27 11:18:42.938 V/WindowManager( 1699): Changing focus from null to Window{3cb514b u0 com.yishouapp.fumi/com.yishouapp.fumi.refactor.activity.DiscountGoodsActivity}
07-27 11:18:43.037 D/SurfaceFlinger( 757): duplicate layer name: changing com.yishouapp.fumi/com.yishouapp.fumi.refactor.activity.DiscountGoodsActivity to com.yishouapp.fumi/com.yishouapp.fumi.refactor.activity.DiscountGoodsActivity#1
07-27 11:18:43.050 E/MSM-irqbalance( 1484): IRQ 136 not found in internal structure or should be ignored
07-27 11:18:43.054 D/EAP_frame( 5840): skippedFrames : com.yishouapp.fumi(23658), 34
07-27 11:18:43.090 W//system/bin/hwservicemanager( 546): getTransport: Cannot find entry vendor.qti.hardware.iop@2.0::IIop/default in either framework or device manifest.
07-27 11:18:43.137 V/WindowOrientationListener( 1699): Runnable mRotationEvaluator newRotation : -1
07-27 11:18:43.138 V/WindowOrientationListener( 1699): Runnable mRotationEvaluator newRotation : 0
07-27 11:18:43.160 E/sensors-hal( 724): handle_sns_client_event:75, device_orient_event: ts=370359191532028, type=4
07-27 11:18:43.167 V/WindowOrientationListener( 1699): onSensorChanged mDesiredRotation = 4
07-27 11:18:43.216 V/WindowManager( 1699): Changing focus from Window{3cb514b u0 com.yishouapp.fumi/com.yishouapp.fumi.refactor.activity.DiscountGoodsActivity EXITING} to Window{716b5e6 u0 com.yishouapp.fumi/com.yishouapp.fumi.refactor.activity.DiscountGoodsActivity}
07-27 11:18:43.286 D/xx ( 2513): setInputState isInput=false isPre=false
07-27 11:18:43.286 D/xx ( 2513): updateKeyboardKeys mComposer.update ComposingText()=
07-27 11:18:43.292 I/OppoScene-NearbyPoiSceneService( 6535): updateDataJob begin, dataSource = 0; synthesis = 0; mScreenOn = true
07-27 11:18:43.292 I/OppoScene-PoiSceneUtils( 6535): checkResidentShop end, result = false; step - stepThree = 0 ## stepSecond = 509 & stepThree = 509& stepCur = 509
07-27 11:18:43.293 I/OppoScene-NearbyPoiSceneService( 6535): sendPoiInfoUpdate sendEmptyMessageDelayed; reportTime = 10000; true; true; true
07-27 11:18:43.342 I/rmt_storage( 746): rmt_storage_connect_cb: clnt_h=0x1e conn_h=0x73e4c2c440
07-27 11:18:43.342 I/rmt_storage( 746): rmt_storage_rw_iovec_cb: /boot/modem_fs2: req_h=0x1e msg_id=3: R/W request received
07-27 11:18:43.342 I/rmt_storage( 746): wakelock acquired: 1, error no: 42
07-27 11:18:43.342 I/rmt_storage( 746): rmt_storage_client_thread: /boot/modem_fs2: Unblock worker thread (th_id: 497753806064)
07-27 11:18:43.362 I/rmt_storage( 746): rmt_storage_client_thread: /boot/modem_fs2: req_h=0x1e msg_id=3: Bytes written = 2097152
07-27 11:18:43.362 I/rmt_storage( 746): rmt_storage_client_thread: /boot/modem_fs2: req_h=0x1e msg_id=3: Send response: res=0 err=0
07-27 11:18:43.362 I/rmt_storage( 746): rmt_storage_client_thread: /boot/modem_fs2: About to block rmt_storage client thread (th_id: 497753806064) wakelock released: 1, error no: 0
07-27 11:18:43.362 I/rmt_storage( 746):
07-27 11:18:43.362 I/rmt_storage( 746): rmt_storage_disconnect_cb: clnt_h=0x1e conn_h=0x73e4c2c440
07-27 11:18:43.363 E/RTPServiceImpl( 1849): [IMS_AP]"ims-rtp-daemon ims_rtp_qmi_handler_thread_func waiting on select thread>"
07-27 11:18:43.387 I/WindowManager( 1699): handleOpeningSpecialApp (statusbar != null ) true pkg: com.oppo.launcher start: 3
07-27 11:18:43.387 I/WindowManager( 1699): handleOpeningSpecialApp (statusbar != null ) true pkg: com.coloros.recents start: 4
07-27 11:18:43.438 E/ANDR-PERF-RESOURCEQS( 736): Failed to reset optimization [3, 0]
07-27 11:18:43.443 I/chatty (23658): uid=10231(com.yishouapp.fumi) expire 3 lines
07-27 11:18:45.239 I/chatty ( 1699): uid=1000(system) HeapTaskDaemon expire 1 line
07-27 11:18:45.438 E/ANDR-PERF-MPCTL( 736): Invalid profile no. 0, total profiles 0 only
07-27 11:18:45.438 E/ANDR-PERF-OPTSHANDLER( 736): Max bounds check failed
07-27 11:18:45.438 E/ANDR-PERF-OPTSHANDLER( 736): Error! Perflock failed, invalid request value 49
07-27 11:18:45.438 E/ANDR-PERF-RESOURCEQS( 736): Failed to apply optimization [6, 0]
07-27 11:18:45.857 W/ActivityManager( 1699): preloadAction is 0, starting intent = cmp=com.yishouapp.fumi/.activity.GoodsDetailActivity (has extras)
07-27 11:18:45.859 I/ActivityManager( 1699): START u0 {cmp=com.yishouapp.fumi/.activity.GoodsDetailActivity (has extras)} from uid 10231 and from pid 23658
07-27 11:18:45.862 I/chatty ( 1699): uid=1000(system) Binder:1699_16 expire 9 lines
07-27 11:18:45.889 V/WindowManager( 1699): Changing focus from Window{716b5e6 u0 com.yishouapp.fumi/com.yishouapp.fumi.refactor.activity.DiscountGoodsActivity} to null
07-27 11:18:45.979 V/WindowManager( 1699): Changing focus from null to Window{3aab817 u0 com.yishouapp.fumi/com.yishouapp.fumi.activity.GoodsDetailActivity}
07-27 11:18:45.979 I/StatusBar( 6802): setNavigationBarColor() vis:0 color:fffbfbfb expandNavBar:false mNavigationBarEnableStatus:2
07-27 11:18:45.980 D/BarTransitions.NavigationBarView( 6802): setForceOpaque forceOpaque:true color:0 @com.android.systemui.statusbar.phone.NavigationBarTransitions@459b45c
07-27 11:18:46.013 W//system/bin/hwservicemanager( 546): getTransport: Cannot find entry vendor.qti.hardware.iop@2.0::IIop/default in either framework or device manifest.
07-27 11:18:46.013 D/xx ( 2513): setInputState isInput=false isPre=false
07-27 11:18:46.013 D/xx ( 2513): updateKeyboardKeys mComposer.update ComposingText()=
07-27 11:18:46.323 I/WindowManager( 1699): handleOpeningSpecialApp (statusbar != null ) true pkg: com.oppo.launcher start: 3
07-27 11:18:46.323 I/WindowManager( 1699): handleOpeningSpecialApp (statusbar != null ) true pkg: com.coloros.recents start: 4
07-27 11:18:47.016 V/WindowManager( 1699): Changing focus from Window{3aab817 u0 com.yishouapp.fumi/com.yishouapp.fumi.activity.GoodsDetailActivity} to null
07-27 11:18:47.058 V/WindowManager( 1699): Changing focus from null to Window{716b5e6 u0 com.yishouapp.fumi/com.yishouapp.fumi.refactor.activity.DiscountGoodsActivity}
07-27 11:18:47.059 I/StatusBar( 6802): setNavigationBarColor() vis:2000000 color:ffffffff expandNavBar:false mNavigationBarEnableStatus:2
07-27 11:18:47.059 D/BarTransitions.NavigationBarView( 6802): setForceOpaque forceOpaque:true color:0 @com.android.systemui.statusbar.phone.NavigationBarTransitions@459b45c
07-27 11:18:47.076 D/xx ( 2513): setInputState isInput=false isPre=false
07-27 11:18:47.076 D/xx ( 2513): updateKeyboardKeys mComposer.update ComposingText()=
07-27 11:18:47.177 I/chatty (23658): uid=10231(com.yishouapp.fumi) expire 14 lines
07-27 11:18:47.439 I/WindowManager( 1699): handleOpeningSpecialApp (statusbar != null ) true pkg: com.oppo.launcher start: 3
07-27 11:18:47.439 I/WindowManager( 1699): handleOpeningSpecialApp (statusbar != null ) true pkg: com.coloros.recents start: 4
07-27 11:18:47.717 D/ActivityTrigger( 1699): activityResumeTrigger: The activity in ApplicationInfo{88732d9 com.yishouapp.fumi} is now in focus and seems to be in full-screen mode
07-27 11:18:47.718 E/ActivityTrigger( 1699): activityResumeTrigger: not whiteListedcom.yishouapp.fumi/com.yishouapp.fumi.activity.YishouMainActivity/430
07-27 11:18:47.722 V/WindowManager( 1699): Changing focus from Window{716b5e6 u0 com.yishouapp.fumi/com.yishouapp.fumi.refactor.activity.DiscountGoodsActivity} to null
07-27 11:18:47.771 V/WindowManager( 1699): Changing focus from null to Window{b9efaf4 u0 com.yishouapp.fumi/com.yishouapp.fumi.activity.YishouMainActivity}
07-27 11:18:47.794 D/xx ( 2513): setInputState isInput=false isPre=false
07-27 11:18:47.794 D/xx ( 2513): updateKeyboardKeys mComposer.update ComposingText()=
07-27 11:18:47.872 E/sensors-hal( 724): handle_sns_client_event:75, device_orient_event: ts=370363895055726, type=0
07-27 11:18:47.874 V/WindowOrientationListener( 1699): onSensorChanged mDesiredRotation = 0 newRotation = -1
07-27 11:18:47.996 V/WindowManager( 1699): Changing focus from Window{b9efaf4 u0 com.yishouapp.fumi/com.yishouapp.fumi.activity.YishouMainActivity} to Window{473512b u0 com.yishouapp.fumi/com.yishouapp.fumi.activity.YishouMainActivity}
07-27 11:18:48.118 D/SurfaceFlinger( 757): duplicate layer name: changing com.yishouapp.fumi/com.yishouapp.fumi.activity.YishouMainActivity to com.yishouapp.fumi/com.yishouapp.fumi.activity.YishouMainActivity#1
07-27 11:18:48.173 V/WindowManager( 1699): Changing focus from Window{473512b u0 com.yishouapp.fumi/com.yishouapp.fumi.activity.YishouMainActivity EXITING} to Window{b9efaf4 u0 com.yishouapp.fumi/com.yishouapp.fumi.activity.YishouMainActivity}
07-27 11:18:48.178 I/WindowManager( 1699): handleOpeningSpecialApp (statusbar != null ) true pkg: com.oppo.launcher start: 3
07-27 11:18:48.178 I/WindowManager( 1699): handleOpeningSpecialApp (statusbar != null ) true pkg: com.coloros.recents start: 4
07-27 11:18:48.208 V/WindowOrientationListener( 1699): Runnable mRotationEvaluator newRotation : 0
07-27 11:18:48.208 E/OppoThermalService( 1699): Could not open ''
07-27 11:18:48.208 E/OppoThermalService( 1699): Could not open ''
07-27 11:18:48.348 E/sensors-hal( 724): handle_sns_client_event:75, device_orient_event: ts=370364323512496, type=4
07-27 11:18:48.349 V/WindowOrientationListener( 1699): onSensorChanged mDesiredRotation = 4
07-27 11:18:48.441 E/ANDR-PERF-MPCTL( 736): Invalid profile no. 0, total profiles 0 only
07-27 11:18:48.441 E/ANDR-PERF-OPTSHANDLER( 736): Max bounds check failed
07-27 11:18:48.441 E/ANDR-PERF-OPTSHANDLER( 736): Error! Perflock failed, invalid request value 49
07-27 11:18:48.441 E/ANDR-PERF-RESOURCEQS( 736): Failed to apply optimization [6, 0]
07-27 11:18:49.043 W/ActivityManager( 1699): preloadAction is 0, starting intent = flg=0x10000000 cmp=com.yishouapp.fumi/.activity.WebViewActivity (has extras)
07-27 11:18:49.044 I/ActivityManager( 1699): START u0 {flg=0x10000000 cmp=com.yishouapp.fumi/.activity.WebViewActivity (has extras)} from uid 10231 and from pid 23658
07-27 11:18:49.050 D/ActivityTrigger( 1699): activityStartTrigger: Activity is Triggerred in full screen ApplicationInfo{88732d9 com.yishouapp.fumi}
07-27 11:18:49.050 E/ActivityTrigger( 1699): activityStartTrigger: not whiteListedcom.yishouapp.fumi/com.yishouapp.fumi.activity.WebViewActivity/430
07-27 11:18:49.051 D/ActivityTrigger( 1699): activityResumeTrigger: The activity in ApplicationInfo{88732d9 com.yishouapp.fumi} is now in focus and seems to be in full-screen mode
07-27 11:18:49.051 E/ActivityTrigger( 1699): activityResumeTrigger: not whiteListedcom.yishouapp.fumi/com.yishouapp.fumi.activity.WebViewActivity/430
07-27 11:18:49.094 D/ActivityTrigger( 1699): activityResumeTrigger: The activity in ApplicationInfo{88732d9 com.yishouapp.fumi} is now in focus and seems to be in full-screen mode
07-27 11:18:49.094 E/ActivityTrigger( 1699): activityResumeTrigger: not whiteListedcom.yishouapp.fumi/com.yishouapp.fumi.activity.WebViewActivity/430
07-27 11:18:49.102 V/WindowManager( 1699): Changing focus from Window{b9efaf4 u0 com.yishouapp.fumi/com.yishouapp.fumi.activity.YishouMainActivity} to null
07-27 11:18:49.138 D/EAP_frame( 5840): skippedFrames : com.yishouapp.fumi(23658), 29
07-27 11:18:49.254 I/chatty (23658): uid=10231(com.yishouapp.fumi) expire 2 lines
07-27 11:18:49.265 E//system/bin/webview_zygote32(26371): Failed to make and chown /acct/uid_99084: Permission denied
07-27 11:18:49.265 E/Zygote (26371): createProcessGroup(99084, 0) failed: Permission denied
07-27 11:18:49.265 I/ActivityManager( 1699): Start proc 26371:com.google.android.webview:sandboxed_process0/u0i84 for webview_service com.yishouapp.fumi/org.chromium.content.app.SandboxedProcessService0
07-27 11:18:49.266 I/elsa ( 8312): addCgroupTask, TASK_PID, add the uid: 99084 pid:26371 to cgroup /dev/cpuset
07-27 11:18:49.268 W//system/bin/webview_zygote32(26371): Using default instruction set features for ARM CPU variant (cortex-a9) using conservative defaults
07-27 11:18:49.279 W/ContentService( 1699): Observer android.database.IContentObserver$Stub$Proxy@8f7b4b8 is already registered.
07-27 11:18:49.307 D/ (26371): Regionalization Environment load packages for Carrier error!
07-27 11:18:49.310 E/asset (26385): setgid: Operation not permitted
07-27 11:18:49.311 I/elsa ( 8312): addCgroupTask, TASK_PID, add the uid: 99084 pid:26385 to cgroup /dev/cpuset
07-27 11:18:49.318 V/WindowManager( 1699): Changing focus from null to Window{9be5f6 u0 com.yishouapp.fumi/com.yishouapp.fumi.activity.WebViewActivity}
07-27 11:18:49.373 I/ActivityManager( 1699): Displayed com.yishouapp.fumi/.activity.WebViewActivity: +275ms
07-27 11:18:49.375 D/xx ( 2513): setInputState isInput=false isPre=false
07-27 11:18:49.375 D/xx ( 2513): updateKeyboardKeys mComposer.update ComposingText()=
07-27 11:18:49.376 W//system/bin/hwservicemanager( 546): getTransport: Cannot find entry vendor.qti.hardware.iop@2.0::IIop/default in either framework or device manifest.
07-27 11:18:49.377 E/ANDR-PERF-JNI( 1699): Iop tryGetService failed
07-27 11:18:49.379 E/ANDR-PERF-UTIL( 736): Failed to update node /proc/sys/kernel/sched_upmigrate with value 50
07-27 11:18:49.380 E/ANDR-PERF-RESOURCEQS( 736): Failed to reset optimization [3, 7]
07-27 11:18:49.383 E/libc (26371): Access denied finding property "oppo.hide.navigationbar"
07-27 11:18:49.387 I/ColorReflectWidget( 1699): oppoAMS,DIRECT_REFLECT_TRANSACTION, info: ColorReflectData{mReflectEnable=true, mReflectList=[ColorReflectWidget{packageName='com.tencent.mm', versionCode=1220, className='com.tencent.mm.ui.widget.MMNeatTextView', fieldLevel=1, field='mText'}, ColorReflectWidget{packageName='com.tencent.mm', versionCode=1420, className='com.tencent.mm.ui.widget.MMNeat7extView', fieldLevel=1, field='mText'}]}
07-27 11:18:49.392 E/libc (26371): Access denied finding property "oppo.hide.navigationbar"
07-27 11:18:49.395 E/libc (26371): Access denied finding property "oppo.hide.navigationbar"
07-27 11:18:49.397 I/LoadedApk(26371): No resource references to update in package com.google.android.webview
07-27 11:18:49.400 I/cr_ChildProcessService(26371): Creating new ChildProcessService pid=26371
07-27 11:18:49.417 I/cr_LibraryLoader(26371): Time to load native libraries: 0 ms (timestamps 4182-4182)
07-27 11:18:49.417 I/cr_LibraryLoader(26371): Using linker: org.chromium.base.library_loader.ModernLinker
07-27 11:18:49.418 I/chromium(26371): [INFO:library_loader_hooks.cc(46)] Chromium logging enabled: level = 0, default verbosity = 0
07-27 11:18:49.419 I/elsa ( 8312): addCgroupTask, TASK_PID, add the uid: 99084 pid:26371 to cgroup /dev/cpuset
07-27 11:18:49.419 I/cr_LibraryLoader(26371): Expected native library version number "62.0.3202.84", actual native library version number "62.0.3202.84"
07-27 11:18:49.426 E/libc (26371): Access denied finding property "oppo.hide.navigationbar"
07-27 11:18:49.430 E/libc (26371): Access denied finding property "oppo.hide.navigationbar"
07-27 11:18:49.676 I/WindowManager( 1699): handleOpeningSpecialApp (statusbar != null ) true pkg: com.oppo.launcher start: 3
07-27 11:18:49.676 I/WindowManager( 1699): handleOpeningSpecialApp (statusbar != null ) true pkg: com.coloros.recents start: 4
07-27 11:18:51.459 E/ANDR-PERF-MPCTL( 736): Invalid profile no. 0, total profiles 0 only
07-27 11:18:51.460 E/ANDR-PERF-OPTSHANDLER( 736): Max bounds check failed
07-27 11:18:51.460 E/ANDR-PERF-OPTSHANDLER( 736): Error! Perflock failed, invalid request value 49
07-27 11:18:51.460 E/ANDR-PERF-RESOURCEQS( 736): Failed to apply optimization [6, 0]
07-27 11:18:51.708 D/ ( 1181): thermal_monitor msm_therm: open fail -1
07-27 11:18:52.461 E/ANDR-PERF-RESOURCEQS( 736): Failed to reset optimization [3, 0]
07-27 11:18:53.037 D/ActivityTrigger( 1699): activityResumeTrigger: The activity in ApplicationInfo{88732d9 com.yishouapp.fumi} is now in focus and seems to be in full-screen mode
07-27 11:18:53.037 E/ActivityTrigger( 1699): activityResumeTrigger: not whiteListedcom.yishouapp.fumi/com.yishouapp.fumi.activity.YishouMainActivity/430
07-27 11:18:53.041 V/WindowManager( 1699): Changing focus from Window{9be5f6 u0 com.yishouapp.fumi/com.yishouapp.fumi.activity.WebViewActivity} to null
07-27 11:18:53.069 I/chatty (23658): uid=10231(com.yishouapp.fumi) expire 282 lines
07-27 11:18:53.081 I/chatty (23658): uid=10231(com.yishouapp.fumi) expire 9 lines
07-27 11:18:53.101 V/WindowManager( 1699): Changing focus from null to Window{b9efaf4 u0 com.yishouapp.fumi/com.yishouapp.fumi.activity.YishouMainActivity}
07-27 11:18:53.121 D/xx ( 2513): setInputState isInput=false isPre=false
07-27 11:18:53.121 D/xx ( 2513): updateKeyboardKeys mComposer.update ComposingText()=
07-27 11:18:53.233 E/sensors-hal( 724): handle_sns_client_event:75, device_orient_event: ts=370369265103672, type=0
07-27 11:18:53.233 V/WindowOrientationListener( 1699): onSensorChanged mDesiredRotation = 0 newRotation = -1
07-27 11:18:53.307 I/OppoScene-NearbyPoiSceneService( 6535): updateDataJob begin, dataSource = 0; synthesis = 0; mScreenOn = true
07-27 11:18:53.307 I/OppoScene-PoiSceneUtils( 6535): checkResidentShop end, result = false; step - stepThree = 0 ## stepSecond = 509 & stepThree = 509& stepCur = 509
07-27 11:18:53.307 I/OppoScene-NearbyPoiSceneService( 6535): sendPoiInfoUpdate sendEmptyMessageDelayed; reportTime = 10000; true; true; true
07-27 11:18:53.328 E/OppoThermalService( 1699): Could not open ''
07-27 11:18:53.329 I/chatty ( 1699): uid=1000(system) Binder:1699_1B identical 1 line
07-27 11:18:53.329 E/OppoThermalService( 1699): Could not open ''
07-27 11:18:53.506 V/WindowOrientationListener( 1699): Runnable mRotationEvaluator newRotation : 0
07-27 11:18:53.592 V/WindowManager( 1699): Changing focus from Window{b9efaf4 u0 com.yishouapp.fumi/com.yishouapp.fumi.activity.YishouMainActivity} to Window{5fac4ef u0 com.yishouapp.fumi/com.yishouapp.fumi.activity.YishouMainActivity}
07-27 11:18:53.765 D/SurfaceFlinger( 757): duplicate layer name: changing com.yishouapp.fumi/com.yishouapp.fumi.activity.YishouMainActivity to com.yishouapp.fumi/com.yishouapp.fumi.activity.YishouMainActivity#1
07-27 11:18:53.802 V/WindowManager( 1699): Changing focus from Window{5fac4ef u0 com.yishouapp.fumi/com.yishouapp.fumi.activity.YishouMainActivity EXITING} to Window{b9efaf4 u0 com.yishouapp.fumi/com.yishouapp.fumi.activity.YishouMainActivity}
07-27 11:18:53.811 I/WindowManager( 1699): handleOpeningSpecialApp (statusbar != null ) true pkg: com.oppo.launcher start: 3
07-27 11:18:53.811 I/WindowManager( 1699): handleOpeningSpecialApp (statusbar != null ) true pkg: com.coloros.recents start: 4
07-27 11:18:53.992 E/sensors-hal( 724): handle_sns_client_event:75, device_orient_event: ts=370369948888463, type=4
07-27 11:18:53.993 V/WindowOrientationListener( 1699): onSensorChanged mDesiredRotation = 4
07-27 11:18:54.218 D/EAP_frame( 5840): skippedFrames : com.yishouapp.fumi(23658), 36
07-27 11:18:54.466 E/ANDR-PERF-MPCTL( 736): Invalid profile no. 0, total profiles 0 only
07-27 11:18:54.467 E/ANDR-PERF-OPTSHANDLER( 736): Max bounds check failed
07-27 11:18:54.467 E/ANDR-PERF-OPTSHANDLER( 736): Error! Perflock failed, invalid request value 49
07-27 11:18:54.467 E/ANDR-PERF-RESOURCEQS( 736): Failed to apply optimization [6, 0]
07-27 11:18:54.657 D/WorkerThreadMonitor( 6366): Kill MSF check result[ senderSize:0,sendInterval:6548442,receiveInterval=6552468,addCmdCount=27
07-27 11:18:54.680 E/sensors-hal( 724): handle_sns_client_event:75, device_orient_event: ts=370370712488724, type=0
07-27 11:18:54.681 V/WindowOrientationListener( 1699): onSensorChanged mDesiredRotation = 0 newRotation = -1
07-27 11:18:54.836 W/ActivityManager( 1699): preloadAction is 0, starting intent = flg=0x10000000 cmp=com.yishouapp.fumi/.activity.WebViewActivity (has extras)
07-27 11:18:54.837 I/ActivityManager( 1699): START u0 {flg=0x10000000 cmp=com.yishouapp.fumi/.activity.WebViewActivity (has extras)} from uid 10231 and from pid 23658
