07-27 11:18:54.847 D/ActivityTrigger( 1699): activityStartTrigger: Activity is Triggerred in full screen ApplicationInfo{88732d9 com.yishouapp.fumi}
07-27 11:18:54.848 E/ActivityTrigger( 1699): activityStartTrigger: not whiteListedcom.yishouapp.fumi/com.yishouapp.fumi.activity.WebViewActivity/430
07-27 11:18:54.849 D/ActivityTrigger( 1699): activityResumeTrigger: The activity in ApplicationInfo{88732d9 com.yishouapp.fumi} is now in focus and seems to be in full-screen mode
07-27 11:18:54.849 E/ActivityTrigger( 1699): activityResumeTrigger: not whiteListedcom.yishouapp.fumi/com.yishouapp.fumi.activity.WebViewActivity/430
07-27 11:18:54.899 D/ActivityTrigger( 1699): activityResumeTrigger: The activity in ApplicationInfo{88732d9 com.yishouapp.fumi} is now in focus and seems to be in full-screen mode
07-27 11:18:54.899 E/ActivityTrigger( 1699): activityResumeTrigger: not whiteListedcom.yishouapp.fumi/com.yishouapp.fumi.activity.WebViewActivity/430
07-27 11:18:54.905 V/WindowManager( 1699): Changing focus from Window{b9efaf4 u0 com.yishouapp.fumi/com.yishouapp.fumi.activity.YishouMainActivity} to null
07-27 11:18:55.000 V/WindowOrientationListener( 1699): Runnable mRotationEvaluator newRotation : 0
07-27 11:18:55.058 W/ContentService( 1699): Observer android.database.IContentObserver$Stub$Proxy@7ea2000 is already registered.
07-27 11:18:55.062 E/sensors-hal( 724): handle_sns_client_event:75, device_orient_event: ts=370371045739505, type=4
07-27 11:18:55.063 V/WindowOrientationListener( 1699): onSensorChanged mDesiredRotation = 4
07-27 11:18:55.069 W/ActivityManager( 1699): Duplicate finish request for ActivityRecord{a16d988 u0 com.yishouapp.fumi/.activity.WebViewActivity t1339 f}
07-27 11:18:55.104 V/WindowManager( 1699): Changing focus from null to Window{a23367e u0 com.yishouapp.fumi/com.yishouapp.fumi.activity.WebViewActivity}
07-27 11:18:55.168 D/xx ( 2513): setInputState isInput=false isPre=false
07-27 11:18:55.168 D/xx ( 2513): updateKeyboardKeys mComposer.update ComposingText()=
07-27 11:18:55.169 I/ActivityManager( 1699): Displayed com.yishouapp.fumi/.activity.WebViewActivity: +264ms
07-27 11:18:55.170 W//system/bin/hwservicemanager( 546): getTransport: Cannot find entry vendor.qti.hardware.iop@2.0::IIop/default in either framework or device manifest.
07-27 11:18:55.170 E/ANDR-PERF-JNI( 1699): Iop tryGetService failed
07-27 11:18:55.275 D/EAP_frame( 5840): skippedFrames : com.yishouapp.fumi(23658), 35
07-27 11:18:55.468 E/ANDR-PERF-RESOURCEQS( 736): Failed to reset optimization [3, 0]
07-27 11:18:55.482 I/WindowManager( 1699): handleOpeningSpecialApp (statusbar != null ) true pkg: com.oppo.launcher start: 3
07-27 11:18:55.482 I/WindowManager( 1699): handleOpeningSpecialApp (statusbar != null ) true pkg: com.coloros.recents start: 4
07-27 11:18:57.472 E/ANDR-PERF-MPCTL( 736): Invalid profile no. 0, total profiles 0 only
07-27 11:18:57.472 E/ANDR-PERF-OPTSHANDLER( 736): Max bounds check failed
07-27 11:18:57.472 E/ANDR-PERF-OPTSHANDLER( 736): Error! Perflock failed, invalid request value 49
07-27 11:18:57.472 E/ANDR-PERF-RESOURCEQS( 736): Failed to apply optimization [6, 0]
07-27 11:18:57.865 I/SocketReaderNew( 6366): SocketReader(2368) continue
07-27 11:18:57.866 D/MSF.C.NetConnTag( 6366): MsfCoreSocketReaderNew closeConn readError
07-27 11:18:57.869 D/MSF.C.NetConnTag( 6366): conn is already closed on readError
07-27 11:18:57.871 W/System.err( 6366): java.net.SocketException: Socket is closed
07-27 11:18:57.871 W/System.err( 6366): at java.net.Socket.getSoTimeout(Socket.java:1191)
07-27 11:18:57.872 W/System.err( 6366): at com.tencent.qphone.base.util.MsfSocketInputBuffer.isDataAvailable(MsfSocketInputBuffer.java:71)
07-27 11:18:57.872 W/System.err( 6366): at com.tencent.mobileqq.msf.core.net.l$b.run(SocketEngine.java:525)
07-27 11:18:57.872 I/SocketReaderNew( 6366): SocketReader(2368) wait
07-27 11:18:58.481 E/ANDR-PERF-RESOURCEQS( 736): Failed to reset optimization [3, 0]
07-27 11:18:58.729 I/chatty (23658): uid=10231(com.yishouapp.fumi) expire 6 lines
07-27 11:18:58.732 D/ActivityTrigger( 1699): activityResumeTrigger: The activity in ApplicationInfo{88732d9 com.yishouapp.fumi} is now in focus and seems to be in full-screen mode
07-27 11:18:58.733 E/ActivityTrigger( 1699): activityResumeTrigger: not whiteListedcom.yishouapp.fumi/com.yishouapp.fumi.activity.YishouMainActivity/430
07-27 11:18:58.738 V/WindowManager( 1699): Changing focus from Window{a23367e u0 com.yishouapp.fumi/com.yishouapp.fumi.activity.WebViewActivity} to null
07-27 11:18:58.783 I/chatty (23658): uid=10231(com.yishouapp.fumi) expire 7 lines
07-27 11:18:58.801 V/WindowManager( 1699): Changing focus from null to Window{b9efaf4 u0 com.yishouapp.fumi/com.yishouapp.fumi.activity.YishouMainActivity}
07-27 11:18:58.866 D/xx ( 2513): setInputState isInput=false isPre=false
07-27 11:18:58.866 D/xx ( 2513): updateKeyboardKeys mComposer.update ComposingText()=
07-27 11:18:59.055 V/WindowManager( 1699): Changing focus from Window{b9efaf4 u0 com.yishouapp.fumi/com.yishouapp.fumi.activity.YishouMainActivity} to Window{42bef18 u0 com.yishouapp.fumi/com.yishouapp.fumi.activity.YishouMainActivity}
07-27 11:18:59.155 D/SurfaceFlinger( 757): duplicate layer name: changing com.yishouapp.fumi/com.yishouapp.fumi.activity.YishouMainActivity to com.yishouapp.fumi/com.yishouapp.fumi.activity.YishouMainActivity#1
07-27 11:18:59.166 I/WindowManager( 1699): handleOpeningSpecialApp (statusbar != null ) true pkg: com.oppo.launcher start: 3
07-27 11:18:59.167 I/WindowManager( 1699): handleOpeningSpecialApp (statusbar != null ) true pkg: com.coloros.recents start: 4
07-27 11:18:59.184 V/WindowManager( 1699): Changing focus from Window{42bef18 u0 com.yishouapp.fumi/com.yishouapp.fumi.activity.YishouMainActivity EXITING} to Window{b9efaf4 u0 com.yishouapp.fumi/com.yishouapp.fumi.activity.YishouMainActivity}
07-27 11:18:59.219 E/OppoThermalService( 1699): Could not open ''
07-27 11:18:59.220 E/OppoThermalService( 1699): Could not open ''
07-27 11:18:59.342 D/EAP_frame( 5840): skippedFrames : com.yishouapp.fumi(23658), 25
07-27 11:19:00.009 I/elsa ( 8312): addCgroupTask, TASK_PID, add the uid: 10083 pid:31881 to cgroup /dev/cpuset
07-27 11:19:00.017 I/elsa ( 8312): addCgroupTask, TASK_PID, add the uid: 10083 pid:31881 to cgroup /dev/cpuset/elsa_bg
07-27 11:19:00.031 E/ANDR-PERF-MPCTL( 736): Invalid profile no. 0, total profiles 0 only
07-27 11:19:00.031 E/ANDR-PERF-OPTSHANDLER( 736): Max bounds check failed
07-27 11:19:00.031 E/ANDR-PERF-OPTSHANDLER( 736): Error! Perflock failed, invalid request value 49
07-27 11:19:00.031 E/ANDR-PERF-RESOURCEQS( 736): Failed to apply optimization [6, 0]
07-27 11:19:00.157 E/ANDR-PERF-RESOURCEQS( 736): Failed to reset optimization [3, 0]
07-27 11:19:00.466 E/ANDR-PERF-MPCTL( 736): Invalid profile no. 0, total profiles 0 only
07-27 11:19:00.466 E/ANDR-PERF-OPTSHANDLER( 736): Max bounds check failed
07-27 11:19:00.466 E/ANDR-PERF-OPTSHANDLER( 736): Error! Perflock failed, invalid request value 49
07-27 11:19:00.466 E/ANDR-PERF-RESOURCEQS( 736): Failed to apply optimization [6, 0]
07-27 11:19:00.488 E/ANDR-PERF-OPTSHANDLER( 736): Max bounds check failed
07-27 11:19:00.488 E/ANDR-PERF-OPTSHANDLER( 736): Error! Perflock failed, invalid request value 49
07-27 11:19:00.488 E/ANDR-PERF-RESOURCEQS( 736): Failed to apply optimization [6, 0]
07-27 11:19:01.410 D/EAP_frame( 5840): skippedFrames : com.yishouapp.fumi(23658), 20
07-27 11:19:01.489 E/ANDR-PERF-RESOURCEQS( 736): Failed to reset optimization [3, 0]
07-27 11:19:01.533 E/ANDR-PERF-MPCTL( 736): Invalid profile no. 0, total profiles 0 only
07-27 11:19:01.534 E/ANDR-PERF-OPTSHANDLER( 736): Max bounds check failed
07-27 11:19:01.534 E/ANDR-PERF-OPTSHANDLER( 736): Error! Perflock failed, invalid request value 49
07-27 11:19:01.534 E/ANDR-PERF-RESOURCEQS( 736): Failed to apply optimization [6, 0]
07-27 11:19:01.615 E/ANDR-PERF-RESOURCEQS( 736): Failed to reset optimization [3, 0]
07-27 11:19:02.873 W/Watchdog_N( 1699): !@WatchDog_3385;
07-27 11:19:03.302 E/ANDR-PERF-MPCTL( 736): Invalid profile no. 0, total profiles 0 only
07-27 11:19:03.302 E/ANDR-PERF-OPTSHANDLER( 736): Max bounds check failed
07-27 11:19:03.302 E/ANDR-PERF-OPTSHANDLER( 736): Error! Perflock failed, invalid request value 49
07-27 11:19:03.302 E/ANDR-PERF-RESOURCEQS( 736): Failed to apply optimization [6, 0]
07-27 11:19:03.320 I/OppoScene-NearbyPoiSceneService( 6535): updateDataJob begin, dataSource = 0; synthesis = 0; mScreenOn = true
07-27 11:19:03.320 I/OppoScene-PoiSceneUtils( 6535): checkResidentShop end, result = false; step - stepThree = 0 ## stepSecond = 509 & stepThree = 509& stepCur = 509
07-27 11:19:03.320 I/OppoScene-NearbyPoiSceneService( 6535): sendPoiInfoUpdate sendEmptyMessageDelayed; reportTime = 10000; true; true; true
07-27 11:19:03.533 E/ANDR-PERF-OPTSHANDLER( 736): Max bounds check failed
07-27 11:19:03.533 E/ANDR-PERF-OPTSHANDLER( 736): Error! Perflock failed, invalid request value 49
07-27 11:19:03.533 E/ANDR-PERF-RESOURCEQS( 736): Failed to apply optimization [6, 0]
07-27 11:19:03.903 E/ANDR-PERF-OPTSHANDLER( 736): Max bounds check failed
07-27 11:19:03.903 E/ANDR-PERF-OPTSHANDLER( 736): Error! Perflock failed, invalid request value 49
07-27 11:19:03.903 E/ANDR-PERF-RESOURCEQS( 736): Failed to apply optimization [6, 0]
07-27 11:19:04.322 E/ANDR-PERF-OPTSHANDLER( 736): Max bounds check failed
07-27 11:19:04.322 E/ANDR-PERF-OPTSHANDLER( 736): Error! Perflock failed, invalid request value 49
07-27 11:19:04.322 E/ANDR-PERF-RESOURCEQS( 736): Failed to apply optimization [6, 0]
07-27 11:19:04.337 E/OppoThermalService( 1699): Could not open ''
07-27 11:19:04.338 I/chatty ( 1699): uid=1000(system) Binder:1699_1F identical 1 line
07-27 11:19:04.338 E/OppoThermalService( 1699): Could not open ''
07-27 11:19:04.427 D/EAP_frame( 5840): skippedFrames : com.yishouapp.fumi(23658), 19
07-27 11:19:04.534 E/ANDR-PERF-RESOURCEQS( 736): Failed to reset optimization [3, 0]
07-27 11:19:06.549 E/ANDR-PERF-MPCTL( 736): Invalid profile no. 0, total profiles 0 only
07-27 11:19:06.550 E/ANDR-PERF-OPTSHANDLER( 736): Max bounds check failed
07-27 11:19:06.550 E/ANDR-PERF-OPTSHANDLER( 736): Error! Perflock failed, invalid request value 49
07-27 11:19:06.550 E/ANDR-PERF-RESOURCEQS( 736): Failed to apply optimization [6, 0]
07-27 11:19:06.903 I/chatty (23658): uid=10231(com.yishouapp.fumi) expire 13 lines
07-27 11:19:07.438 D/EAP_frame( 5840): skippedFrames : com.yishouapp.fumi(23658), 19
07-27 11:19:07.551 E/ANDR-PERF-RESOURCEQS( 736): Failed to reset optimization [3, 0]
07-27 11:19:08.722 W/ActivityManager( 1699): Launch timeout has expired, giving up wake lock!
07-27 11:19:08.790 W/ActivityManager( 1699): Duplicate finish request for ActivityRecord{106ae94 u0 com.yishouapp.fumi/.activity.WebViewActivity t1339 f}
07-27 11:19:08.844 I/elsa ( 8312): addCgroupTask, TASK_PID, add the uid: 99084 pid:26371 to cgroup /dev/cpuset/elsa_bg
07-27 11:19:08.863 I/ActivityManager( 1699): Killing 26371:com.google.android.webview:sandboxed_process0/u0a231i84 (adj 0): isolated not needed
07-27 11:19:08.865 W/zygote64( 1699): Failed to open process cgroup uid 99084 pid 26371: No such file or directory
07-27 11:19:08.865 E/zygote64( 1699): Error encountered killing process cgroup uid 99084 pid 26371: No such file or directory
07-27 11:19:08.905 D/Dex2oatManagerService( 1699): Process died; UID 10231 PID 26371
07-27 11:19:08.919 D/KernelUidCpuTimeReader( 1699): Removing uids 99084-99084
07-27 11:19:09.567 E/ANDR-PERF-MPCTL( 736): Invalid profile no. 0, total profiles 0 only
07-27 11:19:09.567 E/ANDR-PERF-OPTSHANDLER( 736): Max bounds check failed
07-27 11:19:09.567 E/ANDR-PERF-OPTSHANDLER( 736): Error! Perflock failed, invalid request value 49
07-27 11:19:09.567 E/ANDR-PERF-RESOURCEQS( 736): Failed to apply optimization [6, 0]
07-27 11:19:10.230 E/OppoThermalService( 1699): Could not open ''
07-27 11:19:10.230 I/chatty ( 1699): uid=1000(system) Binder:1699_4 identical 1 line
07-27 11:19:10.230 E/OppoThermalService( 1699): Could not open ''
07-27 11:19:10.459 D/EAP_frame( 5840): skippedFrames : com.yishouapp.fumi(23658), 20
07-27 11:19:10.571 E/ANDR-PERF-RESOURCEQS( 736): Failed to reset optimization [3, 0]
07-27 11:19:11.709 D/ ( 1181): thermal_monitor msm_therm: open fail -1
07-27 11:19:12.589 E/ANDR-PERF-MPCTL( 736): Invalid profile no. 0, total profiles 0 only
07-27 11:19:12.589 E/ANDR-PERF-OPTSHANDLER( 736): Max bounds check failed
07-27 11:19:12.589 E/ANDR-PERF-OPTSHANDLER( 736): Error! Perflock failed, invalid request value 49
07-27 11:19:12.589 E/ANDR-PERF-RESOURCEQS( 736): Failed to apply optimization [6, 0]
07-27 11:19:13.334 I/OppoScene-NearbyPoiSceneService( 6535): updateDataJob begin, dataSource = 0; synthesis = 0; mScreenOn = true
07-27 11:19:13.334 I/OppoScene-PoiSceneUtils( 6535): checkResidentShop end, result = false; step - stepThree = 0 ## stepSecond = 509 & stepThree = 509& stepCur = 509
07-27 11:19:13.335 I/OppoScene-NearbyPoiSceneService( 6535): sendPoiInfoUpdate sendEmptyMessageDelayed; reportTime = 10000; true; true; true
07-27 11:19:13.482 D/EAP_frame( 5840): skippedFrames : com.yishouapp.fumi(23658), 24
07-27 11:19:15.346 E/OppoThermalService( 1699): Could not open ''
07-27 11:19:15.346 I/chatty ( 1699): uid=1000(system) Binder:1699_19 identical 1 line
07-27 11:19:15.346 E/OppoThermalService( 1699): Could not open ''
07-27 11:19:15.622 E/ANDR-PERF-MPCTL( 736): Invalid profile no. 0, total profiles 0 only
07-27 11:19:15.623 E/ANDR-PERF-OPTSHANDLER( 736): Max bounds check failed
07-27 11:19:15.623 E/ANDR-PERF-OPTSHANDLER( 736): Error! Perflock failed, invalid request value 49
07-27 11:19:15.623 E/ANDR-PERF-RESOURCEQS( 736): Failed to apply optimization [6, 0]
07-27 11:19:16.040 E/ANDR-PERF-OPTSHANDLER( 736): Max bounds check failed
07-27 11:19:16.040 E/ANDR-PERF-OPTSHANDLER( 736): Error! Perflock failed, invalid request value 49
07-27 11:19:16.040 E/ANDR-PERF-RESOURCEQS( 736): Failed to apply optimization [6, 0]
07-27 11:19:16.168 E/ANDR-PERF-OPTSHANDLER( 736): Max bounds check failed
07-27 11:19:16.168 E/ANDR-PERF-OPTSHANDLER( 736): Error! Perflock failed, invalid request value 49
07-27 11:19:16.168 E/ANDR-PERF-RESOURCEQS( 736): Failed to apply optimization [6, 0]
07-27 11:19:16.499 D/EAP_frame( 5840): skippedFrames : com.yishouapp.fumi(23658), 23
07-27 11:19:16.517 E/ANDR-PERF-OPTSHANDLER( 736): Max bounds check failed
07-27 11:19:16.517 E/ANDR-PERF-OPTSHANDLER( 736): Error! Perflock failed, invalid request value 49
07-27 11:19:16.517 E/ANDR-PERF-RESOURCEQS( 736): Failed to apply optimization [6, 0]
07-27 11:19:16.624 E/ANDR-PERF-RESOURCEQS( 736): Failed to reset optimization [3, 0]
07-27 11:19:18.644 E/ANDR-PERF-MPCTL( 736): Invalid profile no. 0, total profiles 0 only
07-27 11:19:18.644 E/ANDR-PERF-OPTSHANDLER( 736): Max bounds check failed
07-27 11:19:18.644 E/ANDR-PERF-OPTSHANDLER( 736): Error! Perflock failed, invalid request value 49
07-27 11:19:18.644 E/ANDR-PERF-RESOURCEQS( 736): Failed to apply optimization [6, 0]
07-27 11:19:18.988 I/chatty (23658): uid=10231(com.yishouapp.fumi) expire 10 lines
07-27 11:19:19.518 D/EAP_frame( 5840): skippedFrames : com.yishouapp.fumi(23658), 19
07-27 11:19:21.232 E/OppoThermalService( 1699): Could not open ''
07-27 11:19:21.232 E/OppoThermalService( 1699): Could not open ''
07-27 11:19:21.660 E/ANDR-PERF-MPCTL( 736): Invalid profile no. 0, total profiles 0 only
07-27 11:19:21.660 E/ANDR-PERF-OPTSHANDLER( 736): Max bounds check failed
07-27 11:19:21.660 E/ANDR-PERF-OPTSHANDLER( 736): Error! Perflock failed, invalid request value 49
07-27 11:19:21.660 E/ANDR-PERF-RESOURCEQS( 736): Failed to apply optimization [6, 0]
07-27 11:19:22.535 D/EAP_frame( 5840): skippedFrames : com.yishouapp.fumi(23658), 18
07-27 11:19:22.661 E/ANDR-PERF-RESOURCEQS( 736): Failed to reset optimization [3, 0]
07-27 11:19:23.349 I/OppoScene-NearbyPoiSceneService( 6535): updateDataJob begin, dataSource = 0; synthesis = 0; mScreenOn = true
07-27 11:19:23.349 I/OppoScene-PoiSceneUtils( 6535): checkResidentShop end, result = false; step - stepThree = 0 ## stepSecond = 509 & stepThree = 509& stepCur = 509
07-27 11:19:23.349 I/OppoScene-NearbyPoiSceneService( 6535): sendPoiInfoUpdate sendEmptyMessageDelayed; reportTime = 10000; true; true; true
07-27 11:19:24.685 E/ANDR-PERF-MPCTL( 736): Invalid profile no. 0, total profiles 0 only
07-27 11:19:24.685 E/ANDR-PERF-OPTSHANDLER( 736): Max bounds check failed
07-27 11:19:24.685 E/ANDR-PERF-OPTSHANDLER( 736): Error! Perflock failed, invalid request value 49
07-27 11:19:24.685 E/ANDR-PERF-RESOURCEQS( 736): Failed to apply optimization [6, 0]
07-27 11:19:25.552 D/EAP_frame( 5840): skippedFrames : com.yishouapp.fumi(23658), 26
07-27 11:19:26.228 I/LocationControllerImpl( 6802): refreshViews mAreActiveLocationRequests=false
07-27 11:19:26.359 E/OppoThermalService( 1699): Could not open ''
07-27 11:19:26.359 E/OppoThermalService( 1699): Could not open ''
07-27 11:19:27.717 E/ANDR-PERF-MPCTL( 736): Invalid profile no. 0, total profiles 0 only
07-27 11:19:27.717 E/ANDR-PERF-OPTSHANDLER( 736): Max bounds check failed
07-27 11:19:27.717 E/ANDR-PERF-OPTSHANDLER( 736): Error! Perflock failed, invalid request value 49
07-27 11:19:27.717 E/ANDR-PERF-RESOURCEQS( 736): Failed to apply optimization [6, 0]
07-27 11:19:27.872 I/SocketReaderNew( 6366): SocketReader(2368) continue
07-27 11:19:27.873 D/MSF.C.NetConnTag( 6366): MsfCoreSocketReaderNew closeConn readError
07-27 11:19:27.875 D/MSF.C.NetConnTag( 6366): conn is already closed on readError
07-27 11:19:27.877 W/System.err( 6366): java.net.SocketException: Socket is closed
07-27 11:19:27.877 W/System.err( 6366): at java.net.Socket.getSoTimeout(Socket.java:1191)
07-27 11:19:27.877 W/System.err( 6366): at com.tencent.qphone.base.util.MsfSocketInputBuffer.isDataAvailable(MsfSocketInputBuffer.java:71)
07-27 11:19:27.877 W/System.err( 6366): at com.tencent.mobileqq.msf.core.net.l$b.run(SocketEngine.java:525)
07-27 11:19:27.877 I/SocketReaderNew( 6366): SocketReader(2368) wait
07-27 11:19:28.622 D/EAP_frame( 5840): skippedFrames : com.yishouapp.fumi(23658), 23
07-27 11:19:28.718 E/ANDR-PERF-RESOURCEQS( 736): Failed to reset optimization [3, 0]
07-27 11:19:30.742 E/ANDR-PERF-MPCTL( 736): Invalid profile no. 0, total profiles 0 only
07-27 11:19:30.742 E/ANDR-PERF-OPTSHANDLER( 736): Max bounds check failed
07-27 11:19:30.742 E/ANDR-PERF-OPTSHANDLER( 736): Error! Perflock failed, invalid request value 49
07-27 11:19:30.742 E/ANDR-PERF-RESOURCEQS( 736): Failed to apply optimization [6, 0]
07-27 11:19:31.637 D/EAP_frame( 5840): skippedFrames : com.yishouapp.fumi(23658), 24
07-27 11:19:31.700 I/chatty (23658): uid=10231(com.yishouapp.fumi) expire 5 lines
07-27 11:19:31.710 D/ ( 1181): thermal_monitor msm_therm: open fail -1
07-27 11:19:32.247 E/OppoThermalService( 1699): Could not open ''
07-27 11:19:32.248 E/OppoThermalService( 1699): Could not open ''
07-27 11:19:32.881 W/Watchdog_N( 1699): !@WatchDog_3386;
07-27 11:19:33.364 I/OppoScene-NearbyPoiSceneService( 6535): updateDataJob begin, dataSource = 0; synthesis = 0; mScreenOn = true
07-27 11:19:33.364 I/OppoScene-PoiSceneUtils( 6535): checkResidentShop end, result = false; step - stepThree = 0 ## stepSecond = 509 & stepThree = 509& stepCur = 509
07-27 11:19:33.364 I/OppoScene-NearbyPoiSceneService( 6535): sendPoiInfoUpdate sendEmptyMessageDelayed; reportTime = 10000; true; true; true
07-27 11:19:33.757 E/ANDR-PERF-MPCTL( 736): Invalid profile no. 0, total profiles 0 only
07-27 11:19:33.758 E/ANDR-PERF-OPTSHANDLER( 736): Max bounds check failed
07-27 11:19:33.758 E/ANDR-PERF-OPTSHANDLER( 736): Error! Perflock failed, invalid request value 49
07-27 11:19:33.758 E/ANDR-PERF-RESOURCEQS( 736): Failed to apply optimization [6, 0]
07-27 11:19:34.657 D/EAP_frame( 5840): skippedFrames : com.yishouapp.fumi(23658), 23
07-27 11:19:34.759 E/ANDR-PERF-RESOURCEQS( 736): Failed to reset optimization [3, 0]
07-27 11:19:36.788 E/ANDR-PERF-MPCTL( 736): Invalid profile no. 0, total profiles 0 only
07-27 11:19:36.788 E/ANDR-PERF-OPTSHANDLER( 736): Max bounds check failed
07-27 11:19:36.788 E/ANDR-PERF-OPTSHANDLER( 736): Error! Perflock failed, invalid request value 49
07-27 11:19:36.788 E/ANDR-PERF-RESOURCEQS( 736): Failed to apply optimization [6, 0]
07-27 11:19:37.358 E/OppoThermalService( 1699): Could not open ''
07-27 11:19:37.358 E/OppoThermalService( 1699): Could not open ''
07-27 11:19:37.676 D/EAP_frame( 5840): skippedFrames : com.yishouapp.fumi(23658), 24
07-27 11:19:38.385 I/chatty (23701): uid=10231(com.yishouapp.fumi) Socket-Thread expire 13 lines
07-27 11:19:38.392 I/chatty (23701): uid=10231(com.yishouapp.fumi) Response#1 expire 9 lines
07-27 11:19:38.408 I/chatty (23658): uid=10231(com.yishouapp.fumi) expire 8 lines
07-27 11:19:39.813 E/ANDR-PERF-MPCTL( 736): Invalid profile no. 0, total profiles 0 only
07-27 11:19:39.813 E/ANDR-PERF-OPTSHANDLER( 736): Max bounds check failed
07-27 11:19:39.813 E/ANDR-PERF-OPTSHANDLER( 736): Error! Perflock failed, invalid request value 49
07-27 11:19:39.813 E/ANDR-PERF-RESOURCEQS( 736): Failed to apply optimization [6, 0]
07-27 11:19:40.692 D/EAP_frame( 5840): skippedFrames : com.yishouapp.fumi(23658), 23
07-27 11:19:40.814 E/ANDR-PERF-RESOURCEQS( 736): Failed to reset optimization [3, 0]
07-27 11:19:42.372 E/OppoThermalService( 1699): Could not open ''
07-27 11:19:42.372 I/chatty ( 1699): uid=1000(system) Binder:1699_14 identical 2 lines
07-27 11:19:42.372 E/OppoThermalService( 1699): Could not open ''
07-27 11:19:42.497 V/LocSvc_HIDL_IzatProvider( 732): [onLocationChanged][70] [HS] =>>>> [HC]
07-27 11:19:42.498 V/LocSvc_HIDL_IzatProvider_jni( 1699): [onLocationChanged][206] [HC] <<= [HS]
07-27 11:19:42.828 E/ANDR-PERF-MPCTL( 736): Invalid profile no. 0, total profiles 0 only
07-27 11:19:42.828 E/ANDR-PERF-OPTSHANDLER( 736): Max bounds check failed
07-27 11:19:42.828 E/ANDR-PERF-OPTSHANDLER( 736): Error! Perflock failed, invalid request value 49
07-27 11:19:42.828 E/ANDR-PERF-RESOURCEQS( 736): Failed to apply optimization [6, 0]
07-27 11:19:43.251 E/OppoThermalService( 1699): Could not open ''
07-27 11:19:43.252 E/OppoThermalService( 1699): Could not open ''
07-27 11:19:43.256 I/chatty (23658): uid=10231(com.yishouapp.fumi) expire 122 lines
07-27 11:19:43.378 I/OppoScene-NearbyPoiSceneService( 6535): updateDataJob begin, dataSource = 0; synthesis = 0; mScreenOn = true
07-27 11:19:43.379 I/OppoScene-PoiSceneUtils( 6535): checkResidentShop end, result = false; step - stepThree = 0 ## stepSecond = 509 & stepThree = 509& stepCur = 509
07-27 11:19:43.379 I/OppoScene-NearbyPoiSceneService( 6535): sendPoiInfoUpdate sendEmptyMessageDelayed; reportTime = 10000; true; true; true
07-27 11:19:43.711 D/EAP_frame( 5840): skippedFrames : com.yishouapp.fumi(23658), 24
07-27 11:19:45.404 I/chatty (23701): uid=10231 com.yishouapp.fumi:core expire 3 lines
07-27 11:19:45.569 I/chatty (23658): uid=10231(com.yishouapp.fumi) expire 2 lines
07-27 11:19:45.838 E/ANDR-PERF-MPCTL( 736): Invalid profile no. 0, total profiles 0 only
07-27 11:19:45.839 E/ANDR-PERF-OPTSHANDLER( 736): Max bounds check failed
07-27 11:19:45.839 E/ANDR-PERF-OPTSHANDLER( 736): Error! Perflock failed, invalid request value 49
07-27 11:19:45.839 E/ANDR-PERF-RESOURCEQS( 736): Failed to apply optimization [6, 0]
07-27 11:19:46.725 D/EAP_frame( 5840): skippedFrames : com.yishouapp.fumi(23658), 23
07-27 11:19:46.840 E/ANDR-PERF-RESOURCEQS( 736): Failed to reset optimization [3, 0]
07-27 11:19:48.192 W/ActivityManager( 1699): preloadAction is 0, starting intent = cmp=com.yishouapp.fumi/.activity.VideoListActivity
07-27 11:19:48.194 I/ActivityManager( 1699): START u0 {cmp=com.yishouapp.fumi/.activity.VideoListActivity} from uid 10231 and from pid 23658
07-27 11:19:48.197 E/ANDR-PERF-MPCTL( 736): Invalid profile no. 0, total profiles 0 only
07-27 11:19:48.202 D/ActivityTrigger( 1699): activityStartTrigger: Activity is Triggerred in full screen ApplicationInfo{88732d9 com.yishouapp.fumi}
07-27 11:19:48.202 E/ActivityTrigger( 1699): activityStartTrigger: not whiteListedcom.yishouapp.fumi/com.yishouapp.fumi.activity.VideoListActivity/430
07-27 11:19:48.203 D/ActivityTrigger( 1699): activityResumeTrigger: The activity in ApplicationInfo{88732d9 com.yishouapp.fumi} is now in focus and seems to be in full-screen mode
07-27 11:19:48.203 E/ActivityTrigger( 1699): activityResumeTrigger: not whiteListedcom.yishouapp.fumi/com.yishouapp.fumi.activity.VideoListActivity/430
07-27 11:19:48.252 D/ActivityTrigger( 1699): activityResumeTrigger: The activity in ApplicationInfo{88732d9 com.yishouapp.fumi} is now in focus and seems to be in full-screen mode
07-27 11:19:48.252 E/ActivityTrigger( 1699): activityResumeTrigger: not whiteListedcom.yishouapp.fumi/com.yishouapp.fumi.activity.VideoListActivity/430
07-27 11:19:48.260 V/WindowManager( 1699): Changing focus from Window{b9efaf4 u0 com.yishouapp.fumi/com.yishouapp.fumi.activity.YishouMainActivity} to null
07-27 11:19:48.350 W/ContentService( 1699): Observer android.database.IContentObserver$Stub$Proxy@7308206 is already registered.
07-27 11:19:48.352 V/WindowManager( 1699): Changing focus from null to Window{8c506f4 u0 com.yishouapp.fumi/com.yishouapp.fumi.activity.VideoListActivity}
07-27 11:19:48.360 I/chatty (23658): uid=10231(com.yishouapp.fumi) expire 4 lines
07-27 11:19:48.366 E/OppoThermalService( 1699): Could not open ''
07-27 11:19:48.366 I/chatty ( 1699): uid=1000(system) Binder:1699_A identical 1 line
07-27 11:19:48.366 E/OppoThermalService( 1699): Could not open ''
07-27 11:19:48.381 W/ContentService( 1699): Observer android.database.IContentObserver$Stub$Proxy@8ba7e1d is already registered.
07-27 11:19:48.414 D/SurfaceFlinger( 757): duplicate layer name: changing com.yishouapp.fumi/com.yishouapp.fumi.activity.VideoListActivity to com.yishouapp.fumi/com.yishouapp.fumi.activity.VideoListActivity#1
07-27 11:19:48.464 I/ActivityManager( 1699): Displayed com.yishouapp.fumi/.activity.VideoListActivity: +207ms
07-27 11:19:48.465 W//system/bin/hwservicemanager( 546): getTransport: Cannot find entry vendor.qti.hardware.iop@2.0::IIop/default in either framework or device manifest.
07-27 11:19:48.465 E/ANDR-PERF-JNI( 1699): Iop tryGetService failed
07-27 11:19:48.538 V/WindowManager( 1699): Changing focus from Window{8c506f4 u0 com.yishouapp.fumi/com.yishouapp.fumi.activity.VideoListActivity EXITING} to Window{914263 u0 com.yishouapp.fumi/com.yishouapp.fumi.activity.VideoListActivity}
07-27 11:19:48.585 D/xx ( 2513): setInputState isInput=false isPre=false
07-27 11:19:48.585 D/xx ( 2513): updateKeyboardKeys mComposer.update ComposingText()=
07-27 11:19:48.734 D/EAP_frame( 5840): skippedFrames : com.yishouapp.fumi(23658), 16
07-27 11:19:48.774 I/WindowManager( 1699): handleOpeningSpecialApp (statusbar != null ) true pkg: com.oppo.launcher start: 3
07-27 11:19:48.774 I/WindowManager( 1699): handleOpeningSpecialApp (statusbar != null ) true pkg: com.coloros.recents start: 4
07-27 11:19:48.856 E/ANDR-PERF-MPCTL( 736): Invalid profile no. 0, total profiles 0 only
07-27 11:19:48.856 E/ANDR-PERF-OPTSHANDLER( 736): Max bounds check failed
07-27 11:19:48.856 E/ANDR-PERF-OPTSHANDLER( 736): Error! Perflock failed, invalid request value 49
07-27 11:19:48.856 E/ANDR-PERF-RESOURCEQS( 736): Failed to apply optimization [6, 0]
07-27 11:19:49.289 E/ANDR-PERF-OPTSHANDLER( 736): Max bounds check failed
07-27 11:19:49.289 E/ANDR-PERF-OPTSHANDLER( 736): Error! Perflock failed, invalid request value 49
07-27 11:19:49.289 E/ANDR-PERF-RESOURCEQS( 736): Failed to apply optimization [6, 0]
07-27 11:19:49.793 W/ActivityManager( 1699): preloadAction is 0, starting intent = cmp=com.yishouapp.fumi/.activity.VideoActivity (has extras)
07-27 11:19:49.795 I/ActivityManager( 1699): START u0 {cmp=com.yishouapp.fumi/.activity.VideoActivity (has extras)} from uid 10231 and from pid 23658
07-27 11:19:49.799 D/ActivityTrigger( 1699): activityStartTrigger: Activity is Triggerred in full screen ApplicationInfo{88732d9 com.yishouapp.fumi}
07-27 11:19:49.799 E/ActivityTrigger( 1699): activityStartTrigger: not whiteListedcom.yishouapp.fumi/com.yishouapp.fumi.activity.VideoActivity/430
07-27 11:19:49.800 D/ActivityTrigger( 1699): activityResumeTrigger: The activity in ApplicationInfo{88732d9 com.yishouapp.fumi} is now in focus and seems to be in full-screen mode
07-27 11:19:49.801 E/ActivityTrigger( 1699): activityResumeTrigger: not whiteListedcom.yishouapp.fumi/com.yishouapp.fumi.activity.VideoActivity/430
07-27 11:19:49.824 D/ActivityTrigger( 1699): activityResumeTrigger: The activity in ApplicationInfo{88732d9 com.yishouapp.fumi} is now in focus and seems to be in full-screen mode
07-27 11:19:49.824 E/ActivityTrigger( 1699): activityResumeTrigger: not whiteListedcom.yishouapp.fumi/com.yishouapp.fumi.activity.VideoActivity/430
07-27 11:19:49.834 V/WindowManager( 1699): Changing focus from Window{914263 u0 com.yishouapp.fumi/com.yishouapp.fumi.activity.VideoListActivity} to null
07-27 11:19:49.919 W/ContentService( 1699): Observer android.database.IContentObserver$Stub$Proxy@b4cd978 is already registered.
07-27 11:19:49.920 V/WindowManager( 1699): Changing focus from null to Window{f2378b6 u0 com.yishouapp.fumi/com.yishouapp.fumi.activity.VideoActivity}
07-27 11:19:49.973 W/ContentService( 1699): Observer android.database.IContentObserver$Stub$Proxy@3a609b7 is already registered.
07-27 11:19:50.065 I/chatty (23909): uid=10231(com.yishouapp.fumi) MsfCoreSocketRe expire 9 lines
07-27 11:19:50.081 I/chatty (23658): uid=10231(com.yishouapp.fumi) expire 5 lines
07-27 11:19:50.083 I/chatty (23658): uid=10231(com.yishouapp.fumi) expire 3 lines
07-27 11:19:50.083 I/chatty (23658): uid=10231(com.yishouapp.fumi) expire 4 lines
07-27 11:19:50.089 I/chatty (23658): uid=10231(com.yishouapp.fumi) expire 27 lines
07-27 11:19:50.091 D/SurfaceFlinger( 757): duplicate layer name: changing com.yishouapp.fumi/com.yishouapp.fumi.activity.VideoActivity to com.yishouapp.fumi/com.yishouapp.fumi.activity.VideoActivity#1
07-27 11:19:50.101 I/chatty ( 1196): uid=1041(audioserver) /system/bin/audioserver expire 18 lines
07-27 11:19:50.105 I/chatty ( 711): uid=1041(audioserver) HwBinder:711_3 expire 19 lines
07-27 11:19:50.106 I/chatty (23658): uid=10231(com.yishouapp.fumi) expire 20 lines
07-27 11:19:50.107 W/OkHttpClient( 1699): A connection to https://m.baidu.com/ was leaked. Did you forget to close a response body?
07-27 11:19:50.116 I/chatty ( 1196): uid=1041(audioserver) /system/bin/audioserver expire 1 line
07-27 11:19:50.129 I/chatty (23658): uid=10231(com.yishouapp.fumi) expire 2 lines
07-27 11:19:50.131 V/MediaRouterService( 1699): restoreBluetoothA2dp(false)
07-27 11:19:50.133 W//system/bin/hw/android.hidl.allocator@1.0-service( 710): ashmem_create_region(7680) returning hidl_memory(0x75cda2c520, 7680)
07-27 11:19:50.135 I/chatty ( 1196): uid=1041(audioserver) ApmOutput expire 4 lines
07-27 11:19:50.139 I/chatty ( 1196): uid=1041(audioserver) Binder:1196_2 expire 8 lines
07-27 11:19:50.140 D/LocalSocketServer( 1699): new client coming !
07-27 11:19:50.140 D/LocalSocketServer( 1699): wait for new client coming !
07-27 11:19:50.140 D/LocalSocketServer( 1699): readBytes = 7
07-27 11:19:50.140 D/LocalSocketServer( 1699): ClientSocket read info = 1:577,3
07-27 11:19:50.143 I/chatty ( 1196): uid=1041(audioserver) /system/bin/audioserver expire 2 lines
07-27 11:19:50.144 I/AudioService( 1699): setMode(mode = 0, callingPackage = com.yishouapp.fumi, Process ID: 23658
07-27 11:19:50.144 D/AudioService( 1699): +notifyMultimediaServiceModesUpdate onlyRead :true
07-27 11:19:50.144 D/AudioService( 1699): modekey = allmodes=
07-27 11:19:50.144 D/AudioService( 1699): -notifyMultimediaServiceModesUpdate
07-27 11:19:50.146 D/DiracDetectSceneService( 3517): +new tast
07-27 11:19:50.146 D/DiracDetectSceneService( 3517): -new tast
07-27 11:19:50.146 D/DiracDetectSceneService( 3517): Task.run, effectenable = true
07-27 11:19:50.148 D/DiracDetectSceneService( 3517): checkAndSetDirac : activeAudioPids = :23658
07-27 11:19:50.148 D/DiracDetectSceneService( 3517): +activePidList = [23658]
07-27 11:19:50.149 D/DiracDetectSceneService( 3517): +activeAudioAppList = [com.yishouapp.fumi]
07-27 11:19:50.149 D/DiracDetectSceneService( 3517): isInMusicAppList appName:com.yishouapp.fumi
07-27 11:19:50.149 D/DiracDetectSceneService( 3517): isInVideoAppList appName:com.yishouapp.fumi
07-27 11:19:50.149 D/DiracDetectSceneService( 3517): isInGameAppList appName:com.yishouapp.fumi
07-27 11:19:50.149 D/OppoDiracService( 3517): commonDiracToast str = this app not in list, Service Close Dirac
07-27 11:19:50.150 D/DiracDetectSceneService( 3517): this case is not in app list
07-27 11:19:50.150 D/OppoDiracService( 3517): setDiracEffectInternal ++++ enable = false mode = NONE mSceneMode:MUSIC
07-27 11:19:50.150 D/OppoDiracService( 3517): isHeadsetOn mWiredHeadsetOn:false mA2dpConnected:false
07-27 11:19:50.150 D/OppoDiracService( 3517): isHeadsetOn mWiredHeadsetOn:false mA2dpConnected:false
07-27 11:19:50.150 D/OppoDiracService( 3517): setDiracEffectInternal --- Dirac internal already disabled
07-27 11:19:50.159 I/chatty ( 1196): uid=1041(audioserver) Binder:1196_2 expire 4 lines
07-27 11:19:50.163 I/AudioService( 1699): In setSpeakerphoneOn(), on: true, eventSource: setSpeakerphoneOn(true) from u/pid:10231/23658
07-27 11:19:50.163 I/AudioService( 1699): In setSpeakerphoneOn(), mForcedUseForCommExt: 1
07-27 11:19:50.183 I/chatty ( 711): uid=1041(audioserver) HwBinder:711_3 expire 1 line
07-27 11:19:50.183 I/chatty ( 711): uid=1041(audioserver) audio@2.0-servi expire 2 lines
07-27 11:19:50.185 I/chatty (23658): uid=10231(com.yishouapp.fumi) expire 2 lines
07-27 11:19:50.185 I/chatty (23909): uid=10231(com.yishouapp.fumi) MsfServiceRespH expire 13 lines
07-27 11:19:50.186 I/chatty ( 711): uid=1041(audioserver) audio@2.0-servi expire 64 lines
07-27 11:19:50.187 I/chatty (23909): uid=10231(com.yishouapp.fumi) MsfServiceAppMs expire 7 lines
07-27 11:19:50.187 I/chatty (23658): uid=10231(com.yishouapp.fumi) expire 1 line
07-27 11:19:50.189 I/chatty (23658): uid=10231(com.yishouapp.fumi) expire 30 lines
07-27 11:19:50.191 D/audio_hw_primary( 711): select_devices: done
07-27 11:19:50.191 D/msm8974_platform( 711): platform_set_channel_map mixer_ctl_name:Playback Channel Map15
07-27 11:19:50.191 D/msm8974_platform( 711): platform_set_channel_map: set mapping(1 2 0 0 0 0 0 0) for channel:2
07-27 11:19:50.192 D/audio_hw_primary( 711): audio_enable_asm_bit_width_enforce_mode: DSP bitwidth feature is disabled.
07-27 11:19:50.195 I/chatty (23658): uid=10231(com.yishouapp.fumi) expire 92 lines
07-27 11:19:50.195 I/chatty (23658): uid=10231(com.yishouapp.fumi) expire 31 lines
07-27 11:19:50.197 I/ActivityManager( 1699): Displayed com.yishouapp.fumi/.activity.VideoActivity: +368ms
07-27 11:19:50.198 W//system/bin/hwservicemanager( 546): getTransport: Cannot find entry vendor.qti.hardware.iop@2.0::IIop/default in either framework or device manifest.
07-27 11:19:50.198 E/ANDR-PERF-JNI( 1699): Iop tryGetService failed
07-27 11:19:50.200 I/chatty (23909): uid=10231(com.yishouapp.fumi) Binder:23909_2 expire 16 lines
07-27 11:19:50.206 I/chatty (23658): uid=10231(com.yishouapp.fumi) expire 1 line
07-27 11:19:50.208 I/chatty (23909): uid=10231(com.yishouapp.fumi) MsfCoreMsgSende expire 13 lines
07-27 11:19:50.210 I/chatty (23658): uid=10231(com.yishouapp.fumi) expire 3 lines
07-27 11:19:50.210 I/chatty (23658): uid=10231(com.yishouapp.fumi) expire 5 lines
07-27 11:19:50.217 I/chatty (23658): uid=10231(com.yishouapp.fumi) expire 4 lines
07-27 11:19:50.225 I/chatty (23909): uid=10231(com.yishouapp.fumi) MsfCoreSocketRe expire 18 lines
07-27 11:19:50.258 V/WindowManager( 1699): Changing focus from Window{f2378b6 u0 com.yishouapp.fumi/com.yishouapp.fumi.activity.VideoActivity EXITING} to Window{89c288d u0 com.yishouapp.fumi/com.yishouapp.fumi.activity.VideoActivity}
07-27 11:19:50.261 D/audio_hw_utils( 711): audio_extn_utils_compress_set_render_mode:: render mode 0
07-27 11:19:50.262 D/audio_hw_utils( 711): audio_extn_utils_compress_set_clk_rec_mode:: clk recovery is only supported in STC render mode
07-27 11:19:50.262 D/knowles_util( 711): +onPlayStartUpdateBaregein+
07-27 11:19:50.262 D/offload_visualizer( 711): thread enter
07-27 11:19:50.262 D/knowles_util( 711): BARGEIN onPlayStartUpdateBaregein : usecase = 4
07-27 11:19:50.262 E/knowles_util( 711): BARGEIN onPlayStartUpdateBaregein = its not touchtone
07-27 11:19:50.262 D/knowles_util( 711): setBargeinStatus = 1 1
07-27 11:19:50.262 D/knowles_st_hal( 711): ### +stdev_set_bargein+ 1 ###
07-27 11:19:50.262 D/knowles_st_hal( 711): stdev_set_bargein pthread_mutex_lock(&stdev->set_bargein_lock);
07-27 11:19:50.262 D/knowles_st_hal( 711): +start_bargein+
07-27 11:19:50.262 D/knowles_st_hal( 711): +event_handler+ event(1)
07-27 11:19:50.262 D/knowles_st_hal( 711): +bargein_event_handler+ event(1) bargeinState(0)
07-27 11:19:50.262 D/knowles_st_hal( 711): bargein_event_handler BARGEIN_STOPPED_STATE
07-27 11:19:50.262 D/knowles_st_hal( 711): bargein_event_handler receive evt :START_BARGEIN_EVT
07-27 11:19:50.262 D/knowles_st_hal( 711): +start_bargein_timer+
07-27 11:19:50.262 D/knowles_st_hal( 711): start_bargein_timer, Timer started
07-27 11:19:50.262 D/knowles_st_hal( 711): -start_bargein_timer-
07-27 11:19:50.262 D/knowles_st_hal( 711): bargein_event_handler timer_lock released (0)
07-27 11:19:50.262 D/knowles_st_hal( 711): -bargein_event_handler- event(1)
07-27 11:19:50.262 D/knowles_st_hal( 711): -event_handler- event(1)
07-27 11:19:50.262 D/knowles_st_hal( 711): -start_bargein-
07-27 11:19:50.262 D/knowles_st_hal( 711): BARGEIN isTimerBargein = 1, isCvq = 0
07-27 11:19:50.262 D/knowles_st_hal( 711): ### -stdev_set_bargein- 1 ###
07-27 11:19:50.262 D/knowles_util( 711): -setBargeinStatus-
07-27 11:19:50.262 D/knowles_util( 711): -onPlayStartUpdateBaregein-
07-27 11:19:50.263 D/audio_hw_primary( 711): start_output_stream: exit
07-27 11:19:50.263 D/audio_hw_primary( 711): out_write: retry previous failed cal level set
07-27 11:19:50.263 D/msm8974_platform( 711): platform_split_snd_device: snd_device(2) num devices(1) new_snd_devices(0)
07-27 11:19:50.263 D/audio_hw_primary( 711): copl(0xebe17800):send new gapless metadata
07-27 11:19:50.299 I/chatty (23658): uid=10231(com.yishouapp.fumi) expire 3 lines
07-27 11:19:50.312 I/chatty (23658): uid=10231(com.yishouapp.fumi) expire 5 lines
07-27 11:19:50.345 I/chatty (23658): uid=10231(com.yishouapp.fumi) expire 4 lines
07-27 11:19:50.349 I/chatty (23909): uid=10231(com.yishouapp.fumi) Binder:23909_3 expire 16 lines
07-27 11:19:50.373 I/chatty (23658): uid=10231(com.yishouapp.fumi) expire 32 lines
07-27 11:19:50.373 I/chatty (23658): uid=10231(com.yishouapp.fumi) expire 7 lines
07-27 11:19:50.374 I/chatty (23658): uid=10231(com.yishouapp.fumi) expire 98 lines
07-27 11:19:50.376 I/chatty (23909): uid=10231(com.yishouapp.fumi) MsfCoreMsgSende expire 10 lines
07-27 11:19:50.382 I/chatty (23909): uid=10231(com.yishouapp.fumi) MsfCoreSocketRe expire 24 lines
07-27 11:19:50.414 I/Choreographer( 6802): Skipped 2 frames! The application may be doing too much work on its main thread.
07-27 11:19:50.421 I/chatty (23658): uid=10231(com.yishouapp.fumi) expire 3 lines
07-27 11:19:50.435 I/chatty (23909): uid=10231(com.yishouapp.fumi) MsfServiceRespH expire 12 lines
07-27 11:19:50.437 I/chatty (23658): uid=10231(com.yishouapp.fumi) expire 1 line
07-27 11:19:50.441 I/chatty (23909): uid=10231(com.yishouapp.fumi) MsfServiceAppMs expire 6 lines
07-27 11:19:50.450 I/chatty (23658): uid=10231(com.yishouapp.fumi) expire 19 lines
07-27 11:19:50.487 D/xx ( 2513): setInputState isInput=false isPre=false
07-27 11:19:50.487 D/xx ( 2513): updateKeyboardKeys mComposer.update ComposingText()=
07-27 11:19:50.489 I/chatty (23658): uid=10231(com.yishouapp.fumi) expire 12 lines
07-27 11:19:50.492 I/WindowManager( 1699): handleOpeningSpecialApp (statusbar != null ) true pkg: com.oppo.launcher start: 3
07-27 11:19:50.492 I/WindowManager( 1699): handleOpeningSpecialApp (statusbar != null ) true pkg: com.coloros.recents start: 4
07-27 11:19:50.548 I/chatty (23658): uid=10231(com.yishouapp.fumi) expire 4 lines
07-27 11:19:50.578 I/chatty (23658): uid=10231(com.yishouapp.fumi) expire 10 lines
07-27 11:19:50.581 I/WifiService( 1699): getDhcpInfo uid=10231
07-27 11:19:50.743 D/EAP_frame( 5840): skippedFrames : com.yishouapp.fumi(23658), 27
07-27 11:19:51.047 I/chatty (23658): uid=10231(com.yishouapp.fumi) expire 4 lines
07-27 11:19:51.686 I/chatty (23909): uid=10231(com.yishouapp.fumi) MsfCoreSocketRe expire 12 lines
07-27 11:19:51.710 D/ ( 1181): thermal_monitor msm_therm: open fail -1
07-27 11:19:51.878 E/ANDR-PERF-MPCTL( 736): Invalid profile no. 0, total profiles 0 only
07-27 11:19:51.879 E/ANDR-PERF-OPTSHANDLER( 736): Max bounds check failed
07-27 11:19:51.879 E/ANDR-PERF-OPTSHANDLER( 736): Error! Perflock failed, invalid request value 49
07-27 11:19:51.879 E/ANDR-PERF-RESOURCEQS( 736): Failed to apply optimization [6, 0]
07-27 11:19:51.965 I/chatty (23658): uid=10231(com.yishouapp.fumi) expire 122 lines
07-27 11:19:53.262 D/knowles_st_hal( 711): ### +bargein_timeout_thread_func+ ###
07-27 11:19:53.262 D/knowles_st_hal( 711): +bargein_event_handler+ event(2) bargeinState(2)
07-27 11:19:53.262 D/knowles_st_hal( 711): bargein_event_handler START_TIMER_RUNNING_STATE
07-27 11:19:53.262 D/knowles_st_hal( 711): bargein_event_handler receive evt :TIMEOUT_EVT
07-27 11:19:53.262 D/knowles_st_hal( 711): bargein_event_handler timer_lock released (1)
07-27 11:19:53.262 D/knowles_st_hal( 711): ### +set_bargein+ 1 ###
07-27 11:19:53.262 D/knowles_st_hal( 711): BARGEIN isBargein = 1, isCvq = 0
07-27 11:19:53.262 D/knowles_st_hal( 711): ### -set_bargein- 1 ###
07-27 11:19:53.262 D/knowles_st_hal( 711): -bargein_event_handler- event(2)
07-27 11:19:53.262 D/knowles_st_hal( 711): ### -bargein_timeout_thread_func- ###
07-27 11:19:53.395 I/OppoScene-NearbyPoiSceneService( 6535): updateDataJob begin, dataSource = 0; synthesis = 0; mScreenOn = true
07-27 11:19:53.395 I/OppoScene-PoiSceneUtils( 6535): checkResidentShop end, result = false; step - stepThree = 0 ## stepSecond = 509 & stepThree = 509& stepCur = 509
07-27 11:19:53.395 I/OppoScene-NearbyPoiSceneService( 6535): sendPoiInfoUpdate sendEmptyMessageDelayed; reportTime = 10000; true; true; true
07-27 11:19:53.703 I/chatty (23909): uid=10231(com.yishouapp.fumi) MsfServiceRespH expire 4 lines
07-27 11:19:53.706 I/chatty (23909): uid=10231(com.yishouapp.fumi) MsfServiceAppMs expire 2 lines
07-27 11:19:53.707 I/chatty (23658): uid=10231(com.yishouapp.fumi) expire 10 lines
07-27 11:19:53.707 I/chatty (23658): uid=10231(com.yishouapp.fumi) expire 2 lines
07-27 11:19:53.708 I/chatty (23658): uid=10231(com.yishouapp.fumi) expire 26 lines
07-27 11:19:53.708 I/chatty (23658): uid=10231(com.yishouapp.fumi) expire 8 lines
07-27 11:19:53.710 I/chatty (23909): uid=10231(com.yishouapp.fumi) Binder:23909_3 expire 6 lines
07-27 11:19:53.714 I/chatty (23909): uid=10231(com.yishouapp.fumi) MsfCoreMsgSende expire 4 lines
07-27 11:19:54.260 E/OppoThermalService( 1699): Could not open ''
07-27 11:19:54.260 I/chatty ( 1699): uid=1000(system) Binder:1699_1E identical 1 line
07-27 11:19:54.260 E/OppoThermalService( 1699): Could not open ''
07-27 11:19:54.262 V/LocSvc_HIDL_Subscription_jni( 1699): battery_level_update
07-27 11:19:54.262 D/QtiCarrierConfigHelper( 2683): WARNING, no carrier configs on phone Id: 0
07-27 11:19:54.262 V/LocSvc_HIDL_Subscription_jni( 1699): [battery_level_update][941] [HC] =>> [HS]
07-27 11:19:54.262 V/LocSvc_HIDL_IzatSubscription( 732): [batteryLevelUpdate][772] [HS] <<<<= [HC]
07-27 11:19:54.262 V/LocSvc_HIDL_Subscription_jni( 1699): Exit Result 0
07-27 11:19:54.264 D/OppoEngineerService( 1699): onReceive intent = Intent { act=android.intent.action.BATTERY_CHANGED flg=0x60000010 (has extras) }
07-27 11:19:54.659 D/WorkerThreadMonitor( 6366): Kill MSF check result[ senderSize:0,sendInterval:6608445,receiveInterval=6612471,addCmdCount=27
07-27 11:19:54.880 E/ANDR-PERF-MPCTL( 736): Invalid profile no. 0, total profiles 0 only
07-27 11:19:54.880 E/ANDR-PERF-OPTSHANDLER( 736): Max bounds check failed
07-27 11:19:54.880 E/ANDR-PERF-OPTSHANDLER( 736): Error! Perflock failed, invalid request value 49
07-27 11:19:54.881 E/ANDR-PERF-RESOURCEQS( 736): Failed to apply optimization [6, 0]
07-27 11:19:55.067 W/ActivityManager( 1699): preloadAction is 0, starting intent = cmp=com.yishouapp.fumi/.activity.GoodsDetailActivity (has extras)
07-27 11:19:55.068 I/ActivityManager( 1699): START u0 {cmp=com.yishouapp.fumi/.activity.GoodsDetailActivity (has extras)} from uid 10231 and from pid 23658
07-27 11:19:55.072 D/ActivityTrigger( 1699): activityStartTrigger: Activity is Triggerred in full screen ApplicationInfo{88732d9 com.yishouapp.fumi}
07-27 11:19:55.072 E/ActivityTrigger( 1699): activityStartTrigger: not whiteListedcom.yishouapp.fumi/com.yishouapp.fumi.activity.GoodsDetailActivity/430
07-27 11:19:55.072 D/ActivityTrigger( 1699): activityResumeTrigger: The activity in ApplicationInfo{88732d9 com.yishouapp.fumi} is now in focus and seems to be in full-screen mode
07-27 11:19:55.072 E/ActivityTrigger( 1699): activityResumeTrigger: not whiteListedcom.yishouapp.fumi/com.yishouapp.fumi.activity.GoodsDetailActivity/430
07-27 11:19:55.132 I/AudioService( 1699): setMode(mode = 0, callingPackage = com.yishouapp.fumi, Process ID: 23658
07-27 11:19:55.132 D/AudioService( 1699): +notifyMultimediaServiceModesUpdate onlyRead :true
07-27 11:19:55.132 D/AudioService( 1699): modekey = allmodes=
07-27 11:19:55.132 D/AudioService( 1699): -notifyMultimediaServiceModesUpdate
07-27 11:19:55.134 D/APM_AudioPolicyManager( 1196): setStreamVolumeIndex() stream 3, device 00000002, index 1
07-27 11:19:55.134 D/APM_AudioPolicyManager( 1196): setStreamVolumeIndex() stream 10, device 00000002, index 1
07-27 11:19:55.135 D/APM_AudioPolicyManager( 1196): setStreamVolumeIndex() stream 9, device 00000002, index 1
07-27 11:19:55.139 D/APM_AudioPolicyManager( 1196): setStreamVolumeIndex() stream 8, device 00000002, index 0
07-27 11:19:55.139 D/APM_AudioPolicyManager( 1196): setStreamVolumeIndex() stream 8, device 40000000, index 0
07-27 11:19:55.139 D/APM_AudioPolicyManager( 1196): setStreamVolumeIndex() stream 10, device 00000002, index 1
07-27 11:19:55.139 D/APM_AudioPolicyManager( 1196): setStreamVolumeIndex() stream 10, device 40000000, index 9
07-27 11:19:55.140 I/chatty (23658): uid=10231(com.yishouapp.fumi) expire 3 lines
07-27 11:19:55.142 I/AudioService( 1699): In setSpeakerphoneOn(), on: true, eventSource: setSpeakerphoneOn(true) from u/pid:10231/23658
07-27 11:19:55.142 I/AudioService( 1699): In setSpeakerphoneOn(), mForcedUseForCommExt: 1
07-27 11:19:55.143 D/AudioPolicyManagerCustom( 1196): setForceUse() usage 0, config 1, mPhoneState 0
07-27 11:19:55.143 I/chatty (23658): uid=10231(com.yishouapp.fumi) expire 7 lines
07-27 11:19:55.147 I/chatty (23658): uid=10231(com.yishouapp.fumi) expire 27 lines
07-27 11:19:55.153 I/chatty (23658): uid=10231(com.yishouapp.fumi) expire 1 line
07-27 11:19:55.157 I/chatty (23658): uid=10231(com.yishouapp.fumi) expire 9 lines
07-27 11:19:55.157 D/AudioPolicyManagerCustom( 1196): Direct PCM already in use
07-27 11:19:55.157 D/mmscene ( 1196): getHint applicationScene=com.yishouapp.fumi,idx=3 none
07-27 11:19:55.158 I/AudioPolicyManagerCustom( 1196): setting force DEEP buffer now
07-27 11:19:55.158 D/AudioPolicyManagerCustom( 1196): Direct PCM already in use
07-27 11:19:55.158 V/MediaRouterService( 1699): restoreBluetoothA2dp(false)
07-27 11:19:55.164 D/mmscene ( 1196): getHint applicationScene=com.yishouapp.fumi,idx=3 none
07-27 11:19:55.164 I/AudioPolicyManagerCustom( 1196): setting force DEEP buffer now
07-27 11:19:55.164 D/AudioPolicyManagerCustom( 1196): setForceUse() usage 1, config 10, mPhoneState 0
07-27 11:19:55.165 D/AudioPolicyManagerCustom( 1196): Direct PCM already in use
07-27 11:19:55.165 D/mmscene ( 1196): getHint applicationScene=com.yishouapp.fumi,idx=3 none
07-27 11:19:55.165 I/AudioPolicyManagerCustom( 1196): setting force DEEP buffer now
07-27 11:19:55.168 D/audio_hw_spkr_prot( 711): audio_extn_fbsp_get_parameters: Speaker protection disabled
07-27 11:19:55.168 D/audio_hw_extn( 711): audio_extn_get_parameters: returns
07-27 11:19:55.169 I/chatty (23658): uid=10231(com.yishouapp.fumi) expire 15 lines
07-27 11:19:55.169 I/chatty (23658): uid=10231(com.yishouapp.fumi) expire 2 lines
07-27 11:19:55.170 D/AudioPolicyManagerCustom( 1196): Force Direct Flag .. old flags(0x0)
07-27 11:19:55.170 D/AudioPolicyManagerCustom( 1196): Direct PCM already in use
07-27 11:19:55.170 D/mmscene ( 1196): getHint applicationScene=com.yishouapp.fumi,idx=3 none
07-27 11:19:55.170 D/voice_scence_discern( 1196): add name:sample_rate, value:48000
07-27 11:19:55.171 V/voice_scence_discern( 1196): add name:sample_rate value:48000 list:0xebed4e80
07-27 11:19:55.171 D/voice_scence_discern( 1196): add name:channels, value:2
07-27 11:19:55.171 V/voice_scence_discern( 1196): add name:channels value:2 list:0xebed4e80
07-27 11:19:55.171 D/voice_scence_discern( 1196): get scence process pid:23658, name:com.yishouapp.fumi
07-27 11:19:55.171 V/voice_scence_discern( 1196): this process not in init apk. apk_list:0xebed4760
07-27 11:19:55.171 I/AudioPolicyManagerCustom( 1196): setting force DEEP buffer now
07-27 11:19:55.175 D/AudioFlinger( 1196): game noise value (null) sampleRate 48000
07-27 11:19:55.176 I/chatty (23658): uid=10231(com.yishouapp.fumi) expire 2 lines
07-27 11:19:55.177 D/ActivityTrigger( 1699): activityResumeTrigger: The activity in ApplicationInfo{88732d9 com.yishouapp.fumi} is now in focus and seems to be in full-screen mode
07-27 11:19:55.177 E/ActivityTrigger( 1699): activityResumeTrigger: not whiteListedcom.yishouapp.fumi/com.yishouapp.fumi.activity.GoodsDetailActivity/430
07-27 11:19:55.182 V/MediaRouterService( 1699): restoreBluetoothA2dp(false)
07-27 11:19:55.183 D/AudioPolicyManagerCustom( 1196): setForceUse() usage 1, config 10, mPhoneState 0
