07-26 16:19:22.912 I/chatty ( 1699): uid=1000(system) Binder:1699_1A expire 1 line
07-26 16:19:26.249 D/vold ( 571): Remounting 10231 as mode read
07-26 16:19:26.278 D/vold ( 571): Found matching PID 27658
07-26 16:19:26.282 D/vold ( 571): Found matching PID 27682
07-26 16:19:26.285 D/vold ( 571): Found matching PID 27709
07-26 16:19:26.287 D/vold ( 571): Found matching PID 28012
07-26 16:19:26.290 D/vold ( 571): Found matching PID 28130
07-26 16:19:26.298 D/vold ( 571): Remounting 10231 as mode write
07-26 16:19:26.313 D/vold ( 571): Found matching PID 27658
07-26 16:19:26.316 D/vold ( 571): Found matching PID 27682
07-26 16:19:26.327 D/vold ( 571): Found matching PID 27709
07-26 16:19:26.337 D/vold ( 571): Found matching PID 28012
07-26 16:19:26.343 D/vold ( 571): Found matching PID 28130
07-26 16:19:26.389 I/chatty ( 1699): uid=1000(system) Binder:1699_1 expire 4 lines
07-26 16:19:26.433 I/chatty ( 1699): uid=1000(system) BroadcastQueue expire 27 lines
07-26 16:19:26.514 I/chatty ( 1699): uid=1000(system) android.ui expire 1 line
07-26 16:19:34.339 I/chatty ( 1699): uid=1000(system) batterystats-wo expire 1 line
07-26 16:20:15.016 I/chatty ( 1699): uid=1000(system) android.anim expire 22 lines
07-26 16:20:17.250 I/chatty ( 1699): uid=1000(system) BroadcastQueue expire 17 lines
07-26 16:20:18.810 I/chatty ( 1699): uid=1000(system) Binder:1699_2 expire 2 lines
07-26 16:20:20.450 I/chatty ( 1699): uid=1000(system) Binder:1699_1E expire 7 lines
07-26 16:20:20.972 I/chatty ( 1699): uid=1000(system) Binder:1699_1 expire 1 line
07-26 16:20:22.048 I/chatty ( 1699): uid=1000(system) Binder:1699_1D expire 11 lines
07-26 16:20:22.398 I/chatty ( 1699): uid=1000(system) Thread-140 expire 6 lines
07-26 16:20:22.483 I/chatty ( 1699): uid=1000(system) ns expire 10 lines
07-26 16:20:22.490 I/chatty ( 1699): uid=1000(system) android.ui expire 15 lines
07-26 16:20:24.046 I/chatty ( 1699): uid=1000(system) Binder:1699_1B expire 4 lines
07-26 16:20:24.081 I/chatty ( 1699): uid=1000(system) Binder:1699_1C expire 11 lines
07-26 16:20:27.290 I/chatty ( 1699): uid=1000 system_server expire 2 lines
07-26 16:20:33.026 I/chatty ( 1699): uid=1000(system) Binder:1699_14 expire 2 lines
07-26 16:20:33.170 I/chatty ( 1699): uid=1000(system) Binder:1699_18 expire 1 line
07-26 16:20:34.510 D/ViewRootImpl(29551): swipeFromBottom mIgnoring true downY 2327 mScreenHeight 2340 mStatusBarHeight 54 globalScale 1.125
07-26 16:20:34.520 D/ViewRootImpl(29551): swipeFromBottom mIgnoring true downY 2327 mScreenHeight 2340 mStatusBarHeight 54 globalScale 1.125
07-26 16:20:34.520 D/ViewRootImpl(29551): swipeFromBottom mIgnoring === false downY 2327 mStatusBarHeight 54
07-26 16:20:34.954 I/chatty ( 1699): uid=1000(system) Binder:1699_6 expire 5 lines
07-26 16:20:35.734 I/chatty ( 1699): uid=1000(system) Binder:1699_3 expire 5 lines
07-26 16:20:36.791 I/chatty ( 1699): uid=1000(system) Binder:1699_13 expire 3 lines
07-26 16:20:36.909 I/chatty ( 1699): uid=1000(system) BroadcastQueue expire 91 lines
07-26 16:20:37.246 I/chatty ( 1699): uid=1000(system) ActivityManager expire 2 lines
07-26 16:20:37.253 I/chatty ( 1699): uid=1000(system) Binder:1699_C expire 4 lines
07-26 16:20:37.378 I/chatty ( 1699): uid=1000(system) android.anim expire 17 lines
07-26 16:21:40.716 I/chatty ( 1699): uid=1000(system) BroadcastQueue expire 69 lines
07-26 16:22:13.057 I/chatty ( 1699): uid=1000(system) Binder:1699_4 expire 1 line
07-26 16:22:21.408 I/chatty ( 1699): uid=1000(system) Binder:1699_6 expire 3 lines
07-26 16:22:38.609 D/ViewRootImpl( 9543): swipeFromBottom mIgnoring true downY 2325 mScreenHeight 2340 mStatusBarHeight 54 globalScale 1.125
07-26 16:22:38.752 I/chatty ( 1699): uid=1000(system) WifiService expire 1 line
07-26 16:22:38.778 I/chatty ( 1699): uid=1000(system) Binder:1699_2 expire 9 lines
07-26 16:22:38.834 I/chatty ( 1699): uid=1000(system) Binder:1699_7 expire 1 line
07-26 16:22:39.740 D/ViewRootImpl( 9543): swipeFromBottom mIgnoring true downY 2321 mScreenHeight 2340 mStatusBarHeight 54 globalScale 1.125
07-26 16:22:39.828 D/ViewRootImpl( 9543): swipeFromBottom mIgnoring true downY 2321 mScreenHeight 2340 mStatusBarHeight 54 globalScale 1.125
07-26 16:22:39.828 D/ViewRootImpl( 9543): swipeFromBottom mIgnoring === false downY 2321 mStatusBarHeight 54
07-26 16:22:40.562 D/ViewRootImpl( 9543): swipeFromBottom mIgnoring true downY 2324 mScreenHeight 2340 mStatusBarHeight 54 globalScale 1.125
07-26 16:22:40.661 I/chatty ( 1699): uid=1000(system) BroadcastQueue expire 17 lines
07-26 16:22:40.694 I/chatty ( 1699): uid=1000(system) BpmThread expire 1 line
07-26 16:22:40.714 I/chatty ( 1699): uid=1000(system) Binder:1699_1D expire 2 lines
07-26 16:22:40.733 I/chatty ( 1699): uid=1000(system) ns expire 10 lines
07-26 16:22:40.735 I/chatty ( 1699): uid=1000(system) android.ui expire 25 lines
07-26 16:22:41.091 I/chatty ( 1699): uid=1000(system) ActivityManager expire 3 lines
07-26 16:22:48.172 I/chatty ( 1699): uid=1000(system) Binder:1699_1F expire 18 lines
07-26 16:22:48.268 I/chatty ( 1699): uid=1000(system) Binder:1699_19 expire 1 line
07-26 16:22:53.177 D/ViewRootImpl(29551): swipeFromBottom mIgnoring true downY 2299 mScreenHeight 2340 mStatusBarHeight 54 globalScale 1.125
07-26 16:22:53.182 D/ViewRootImpl(29551): swipeFromBottom mIgnoring true downY 2299 mScreenHeight 2340 mStatusBarHeight 54 globalScale 1.125
07-26 16:22:53.182 D/ViewRootImpl(29551): swipeFromBottom mIgnoring === false downY 2299 mStatusBarHeight 54
07-26 16:22:55.591 I/chatty ( 1699): uid=1000(system) Binder:1699_1E expire 4 lines
07-26 16:22:57.993 I/chatty ( 1699): uid=1000(system) Binder:1699_20 expire 1 line
07-26 16:23:05.150 I/chatty ( 1699): uid=1000(system) Binder:1699_11 expire 1 line
07-26 16:23:05.158 I/chatty ( 1699): uid=1000(system) Binder:1699_18 expire 14 lines
07-26 16:23:08.012 I/chatty ( 1699): uid=1000(system) Binder:1699_15 expire 9 lines
07-26 16:23:10.207 I/chatty ( 1699): uid=1000(system) Binder:1699_B expire 4 lines
07-26 16:23:10.273 I/chatty ( 1699): uid=1000(system) Thread-140 expire 6 lines
07-26 16:23:11.865 I/chatty ( 1699): uid=1000(system) Binder:1699_5 expire 2 lines
07-26 16:23:11.878 I/chatty ( 1699): uid=1000(system) android.display expire 1 line
07-26 16:23:11.977 I/chatty ( 1699): uid=1000(system) Binder:1699_1 expire 6 lines
07-26 16:23:13.506 I/chatty ( 1699): uid=1000(system) Binder:1699_A expire 2 lines
07-26 16:23:15.759 I/chatty ( 1699): uid=1000(system) android.anim expire 56 lines
07-26 16:23:17.129 I/chatty ( 1699): uid=1000(system) Binder:1699_5 expire 6 lines
07-26 16:23:17.514 I/chatty ( 1699): uid=1000(system) Binder:1699_19 expire 5 lines
07-26 16:23:17.954 I/chatty ( 1699): uid=1000(system) Binder:1699_3 expire 1 line
07-26 16:23:17.985 I/chatty ( 1699): uid=1000(system) android.ui expire 8 lines
07-26 16:23:19.395 I/chatty ( 1699): uid=1000(system) Binder:1699_1B expire 11 lines
07-26 16:23:22.731 I/chatty ( 1699): uid=1000(system) Binder:1699_1E expire 14 lines
07-26 16:23:25.433 I/chatty ( 1699): uid=1000(system) Binder:1699_20 expire 4 lines
07-26 16:23:27.847 I/chatty ( 1699): uid=1000(system) Binder:1699_1C expire 17 lines
07-26 16:23:27.937 I/chatty ( 1699): uid=1000(system) ActivityManager expire 1 line
07-26 16:23:35.752 I/chatty ( 1699): uid=1000(system) Binder:1699_1 expire 4 lines
07-26 16:23:35.794 I/chatty ( 1699): uid=1000(system) Binder:1699_8 expire 1 line
07-26 16:23:37.868 I/chatty ( 1699): uid=1000(system) Binder:1699_16 expire 3 lines
07-26 16:23:37.948 I/chatty ( 1699): uid=1000(system) Binder:1699_1F expire 15 lines
07-26 16:23:40.366 I/chatty ( 1699): uid=1000(system) Binder:1699_18 expire 14 lines
07-26 16:23:40.673 I/chatty ( 1699): uid=1000(system) batterystats-wo expire 3 lines
07-26 16:23:41.986 I/chatty ( 1699): uid=1000(system) Binder:1699_9 expire 1 line
07-26 16:23:42.062 I/chatty ( 1699): uid=1000(system) Binder:1699_7 expire 3 lines
07-26 16:23:44.433 I/chatty ( 1699): uid=1000(system) Binder:1699_15 expire 3 lines
07-26 16:23:47.780 I/chatty ( 1699): uid=1000(system) Binder:1699_13 expire 6 lines
07-26 16:23:50.706 I/chatty ( 1699): uid=1000(system) Binder:1699_1A expire 3 lines
07-26 16:24:04.766 I/chatty ( 1699): uid=1000(system) Binder:1699_1D expire 8 lines
07-26 16:24:18.004 I/chatty ( 1699): uid=1000(system) BroadcastQueue expire 15 lines
07-26 16:24:19.395 I/chatty ( 1699): uid=1000(system) Binder:1699_4 expire 4 lines
07-26 16:24:34.353 I/chatty ( 1699): uid=1000(system) Binder:1699_D expire 4 lines
07-26 16:24:34.815 I/chatty ( 1699): uid=1000(system) Binder:1699_C expire 1 line
07-26 16:24:41.345 I/chatty ( 1699): uid=1000(system) Binder:1699_17 expire 9 lines
07-26 16:24:43.267 I/chatty ( 1699): uid=1000(system) ns expire 5 lines
07-26 16:24:43.275 I/chatty ( 1699): uid=1000(system) Thread-140 expire 3 lines
07-26 16:24:43.301 I/chatty ( 1699): uid=1000 system_server expire 6 lines
07-26 16:24:44.178 I/chatty ( 1699): uid=1000(system) android.ui expire 15 lines
07-26 16:24:44.181 I/chatty ( 1699): uid=1000(system) Binder:1699_18 expire 10 lines
07-26 16:24:44.237 I/chatty ( 1699): uid=1000(system) BroadcastQueue expire 48 lines
07-26 16:24:44.349 I/chatty ( 1699): uid=1000(system) Binder:1699_10 expire 2 lines
07-26 16:24:44.349 I/chatty ( 1699): uid=1000(system) android.display expire 1 line
07-26 16:24:44.909 I/chatty ( 1699): uid=1000(system) Binder:1699_1C expire 17 lines
07-26 16:24:44.923 I/chatty ( 1699): uid=1000(system) Thread-140 expire 3 lines
07-26 16:24:45.128 I/chatty ( 1699): uid=1000(system) Binder:1699_13 expire 6 lines
07-26 16:24:45.221 I/chatty ( 1699): uid=1000(system) android.anim expire 43 lines
07-26 16:24:47.172 I/chatty ( 1699): uid=1000(system) Binder:1699_19 expire 12 lines
07-26 16:24:47.198 I/chatty ( 1699): uid=1000(system) Binder:1699_6 expire 5 lines
07-26 16:24:47.462 I/chatty ( 1699): uid=1000(system) Binder:1699_1B expire 2 lines
07-26 16:24:48.797 I/chatty ( 1699): uid=1000(system) Binder:1699_D expire 1 line
07-26 16:24:51.546 I/chatty ( 1699): uid=1000(system) Binder:1699_1F expire 6 lines
07-26 16:24:53.075 I/chatty ( 1699): uid=1000(system) Binder:1699_1D expire 6 lines
07-26 16:25:03.812 I/chatty ( 1699): uid=1000(system) Binder:1699_1A expire 3 lines
07-26 16:25:12.598 I/chatty ( 1699): uid=1000(system) Binder:1699_1E expire 3 lines
07-26 16:25:14.325 I/chatty ( 1699): uid=1000(system) ActivityManager expire 3 lines
07-26 16:25:16.907 I/chatty ( 1699): uid=1000(system) Binder:1699_20 expire 16 lines
07-26 16:25:18.198 I/chatty ( 1699): uid=1000(system) Binder:1699_2 expire 3 lines
07-26 16:27:09.076 I/chatty ( 1699): uid=1000(system) batterystats-wo expire 4 lines
07-26 16:27:12.135 I/chatty ( 1699): uid=1000(system) android.bg expire 1 line
07-26 16:27:59.472 I/chatty ( 1699): uid=1000(system) Binder:1699_16 expire 4 lines
07-26 16:28:29.441 I/chatty ( 1699): uid=1000(system) Binder:1699_17 expire 2 lines
07-26 16:33:21.808 I/chatty ( 1699): uid=1000(system) Binder:1699_14 expire 1 line
07-26 16:33:21.830 I/chatty ( 1699): uid=1000(system) Binder:1699_1 expire 2 lines
07-26 16:33:50.586 I/chatty ( 1699): uid=1000(system) Binder:1699_9 expire 1 line
07-26 16:38:58.756 I/chatty ( 1699): uid=1000(system) Binder:1699_15 expire 2 lines
07-26 16:39:09.479 I/chatty ( 1699): uid=1000(system) Binder:1699_C expire 2 lines
07-26 16:39:14.319 I/chatty ( 1699): uid=1000(system) Binder:1699_A expire 4 lines
07-26 16:39:37.469 I/chatty ( 1699): uid=1000(system) Binder:1699_7 expire 3 lines
07-26 16:39:42.419 I/chatty ( 1699): uid=1000(system) Binder:1699_3 expire 4 lines
07-26 16:39:48.162 D/ViewRootImpl(29551): swipeFromBottom mIgnoring true downY 2308 mScreenHeight 2340 mStatusBarHeight 54 globalScale 1.125
07-26 16:39:48.167 D/ViewRootImpl(29551): swipeFromBottom mIgnoring true downY 2308 mScreenHeight 2340 mStatusBarHeight 54 globalScale 1.125
07-26 16:39:48.167 D/ViewRootImpl(29551): swipeFromBottom mIgnoring === false downY 2308 mStatusBarHeight 54
07-26 16:39:50.330 I/chatty ( 1699): uid=1000(system) BroadcastQueue expire 97 lines
07-26 16:39:54.593 I/chatty ( 1699): uid=1000(system) Binder:1699_1C expire 6 lines
07-26 16:39:55.181 I/chatty ( 1699): uid=1000 system_server expire 10 lines
07-26 16:39:55.949 I/chatty ( 1699): uid=1000(system) Binder:1699_4 expire 5 lines
07-26 16:39:56.555 I/chatty ( 1699): uid=1000(system) android.anim expire 24 lines
07-26 16:40:00.413 I/chatty ( 1699): uid=1000(system) Binder:1699_8 expire 2 lines
07-26 16:40:00.450 I/chatty ( 1699): uid=1000(system) Binder:1699_17 expire 3 lines
07-26 16:40:00.628 I/chatty ( 1699): uid=1000(system) Binder:1699_20 expire 7 lines
07-26 16:40:06.209 I/chatty ( 1699): uid=1000(system) Binder:1699_B expire 1 line
07-26 16:40:06.511 I/chatty ( 1699): uid=1000(system) Binder:1699_7 expire 2 lines
07-26 16:40:12.823 I/chatty ( 1699): uid=1000(system) Binder:1699_6 expire 2 lines
07-26 16:40:41.064 I/chatty ( 1699): uid=1000(system) Binder:1699_1D expire 8 lines
07-26 16:40:48.209 I/chatty ( 1699): uid=1000(system) Binder:1699_18 expire 5 lines
07-26 16:40:58.424 I/chatty ( 1699): uid=1000(system) Binder:1699_A expire 2 lines
07-26 16:41:08.137 I/chatty ( 1699): uid=1000(system) Binder:1699_1B expire 4 lines
07-26 16:41:09.493 I/chatty ( 1699): uid=1000(system) Binder:1699_1E expire 1 line
07-26 16:41:13.946 I/chatty ( 1699): uid=1000(system) Binder:1699_3 expire 3 lines
07-26 16:41:18.939 I/chatty ( 1699): uid=1000(system) android.ui expire 9 lines
07-26 16:41:23.497 I/chatty ( 1699): uid=1000(system) Binder:1699_1A expire 7 lines
07-26 16:41:23.525 I/chatty ( 1699): uid=1000(system) Binder:1699_1F expire 4 lines
07-26 16:47:06.740 I/chatty ( 1699): uid=1000(system) Binder:1699_F expire 6 lines
07-26 16:47:07.350 I/chatty ( 1699): uid=1000(system) batterystats-wo expire 4 lines
07-26 16:47:59.487 I/chatty ( 1699): uid=1000(system) android.bg expire 2 lines
07-26 16:48:34.446 I/chatty ( 1699): uid=1000(system) Binder:1699_D expire 1 line
07-26 16:49:17.698 I/chatty ( 1699): uid=1000(system) Binder:1699_1 expire 4 lines
07-26 16:49:21.554 I/chatty ( 1699): uid=1000(system) Binder:1699_C expire 1 line
07-26 16:53:58.775 I/chatty ( 1699): uid=1000(system) Binder:1699_19 expire 1 line
07-26 16:53:59.074 I/chatty ( 1699): uid=1000(system) Binder:1699_13 expire 1 line
07-26 17:00:21.833 I/chatty ( 1699): uid=1000(system) Binder:1699_10 expire 2 lines
07-26 17:02:51.919 I/chatty ( 1699): uid=1000(system) Binder:1699_5 expire 1 line
07-26 17:12:11.129 I/chatty ( 1699): uid=1000(system) aceService.Main expire 1 line
07-26 17:12:11.130 I/chatty ( 1699): uid=1000(system) PowerManagerSer expire 6 lines
07-26 17:12:11.561 I/chatty ( 1699): uid=1000(system) android.display expire 1 line
07-26 17:12:11.839 I/chatty ( 1699): uid=1000(system) Thread-140 expire 8 lines
07-26 17:12:11.903 I/chatty ( 1699): uid=1000(system) Binder:1699_15 expire 1 line
07-26 17:12:11.914 I/chatty ( 1699): uid=1000(system) Binder:1699_2 expire 4 lines
07-26 17:12:12.493 I/chatty ( 1699): uid=1000(system) Thread-140 expire 7 lines
07-26 17:12:12.494 I/chatty ( 1699): uid=1000(system) BroadcastQueue expire 16 lines
07-26 17:12:43.142 I/chatty ( 1699): uid=1000(system) Thread-40 expire 2 lines
07-26 17:14:19.152 I/chatty ( 1699): uid=1000 system_server expire 1 line
07-26 17:14:29.389 I/chatty ( 1699): uid=1000(system) Binder:1699_5 expire 2 lines
07-26 17:14:29.415 I/chatty ( 1699): uid=1000(system) Binder:1699_1D expire 7 lines
07-26 17:14:37.246 I/chatty ( 1699): uid=1000 system_server expire 14 lines
07-26 17:17:13.198 I/chatty ( 1699): uid=1000(system) Binder:1699_1F expire 14 lines
07-26 17:17:13.231 I/chatty ( 1699): uid=1000(system) Binder:1699_20 expire 27 lines
07-26 17:17:13.246 I/chatty ( 1699): uid=1000(system) android.ui expire 14 lines
07-26 17:17:13.364 I/chatty ( 1699): uid=1000(system) batterystats-wo expire 4 lines
07-26 17:17:13.394 I/chatty ( 1699): uid=1000(system) Binder:1699_1B expire 2 lines
07-26 17:17:13.498 I/chatty ( 1699): uid=1000(system) Binder:1699_18 expire 2 lines
07-26 17:17:13.498 I/chatty ( 1699): uid=1000(system) Binder:1699_13 expire 3 lines
07-26 17:17:13.500 I/chatty ( 1699): uid=1000(system) android.display expire 8 lines
07-26 17:17:13.614 I/chatty ( 1699): uid=1000(system) Binder:1699_1E expire 8 lines
07-26 17:17:13.701 I/chatty ( 1699): uid=1000(system) Binder:1699_12 expire 7 lines
07-26 17:17:13.963 I/chatty ( 1699): uid=1000(system) ActivityManager expire 1 line
07-26 17:22:13.149 I/chatty ( 1699): uid=1000(system) AlarmManager expire 1 line
07-26 17:22:13.318 I/chatty ( 1699): uid=1000(system) Binder:1699_9 expire 20 lines
07-26 17:22:13.438 I/chatty ( 1699): uid=1000(system) Binder:1699_1A expire 4 lines
07-26 17:22:13.655 I/chatty ( 1699): uid=1000(system) Binder:1699_11 expire 1 line
07-26 17:22:13.655 I/chatty ( 1699): uid=1000(system) Binder:1699_8 expire 1 line
07-26 17:22:13.657 I/chatty ( 1699): uid=1000(system) ConnectivitySer expire 1 line
07-26 17:39:57.518 I/chatty ( 1699): uid=1000(system) Binder:1699_17 expire 1 line
07-26 18:07:13.356 I/chatty ( 1699): uid=1000(system) Binder:1699_B expire 2 lines
07-26 18:11:13.080 E/ActivityThread(28512): Failed to find provider info for com.nearme.instant.setting
07-26 18:12:13.099 I/chatty ( 1699): uid=1000(system) Binder:1699_3 expire 1 line
07-26 18:12:13.222 I/chatty ( 1699): uid=1000(system) android.bg expire 3 lines
07-26 18:14:56.156 W/ActivityThread(27505): ClassLoader.loadClass: The class loader returned by Thread.getContextClassLoader() may fail for processes that host multiple applications. You should explicitly specify a context class loader. For example: Thread.setContextClassLoader(getClass().getClassLoader());
07-26 18:16:39.484 I/chatty ( 1699): uid=1000(system) Binder:1699_20 expire 5 lines
07-26 18:16:39.502 I/chatty ( 1699): uid=1000(system) PowerManagerSer expire 20 lines
07-26 18:16:39.523 I/chatty ( 1699): uid=1000(system) PhoneWinHandler expire 6 lines
07-26 18:16:39.573 I/chatty ( 1699): uid=1000(system) Thread-16 expire 2 lines
07-26 18:16:39.575 I/chatty ( 1699): uid=1000 system_server expire 1 line
07-26 18:16:39.579 I/chatty ( 1699): uid=1000 system_server expire 6 lines
07-26 18:16:39.579 I/chatty ( 1699): uid=1000 system_server expire 1 line
07-26 18:16:39.582 I/chatty ( 1699): uid=1000 system_server expire 5 lines
07-26 18:16:39.817 I/chatty ( 1699): uid=1000(system) aceService.Main expire 3 lines
07-26 18:16:39.904 I/chatty ( 1699): uid=1000(system) android.ui expire 8 lines
07-26 18:16:41.548 I/chatty ( 1699): uid=1000(system) BroadcastQueue expire 3 lines
07-26 18:34:14.926 I/chatty ( 1699): uid=1000(system) Binder:1699_F expire 2 lines
07-26 18:34:14.960 I/chatty ( 1699): uid=1000(system) Binder:1699_C expire 1 line
07-26 18:38:10.661 D/ViewRootImpl(29551): swipeFromBottom mIgnoring true downY 2331 mScreenHeight 2340 mStatusBarHeight 54 globalScale 1.125
07-26 18:38:10.666 D/ViewRootImpl(29551): swipeFromBottom mIgnoring true downY 2331 mScreenHeight 2340 mStatusBarHeight 54 globalScale 1.125
07-26 18:38:10.666 D/ViewRootImpl(29551): swipeFromBottom mIgnoring === false downY 2331 mStatusBarHeight 54
07-26 18:38:10.677 I/chatty ( 1699): uid=1000(system) Binder:1699_14 expire 4 lines
07-26 18:38:23.306 I/chatty ( 1699): uid=1000(system) PowerManagerSer expire 15 lines
07-26 18:38:23.910 I/chatty ( 1699): uid=1000 system_server expire 12 lines
07-26 18:38:23.914 I/chatty ( 1699): uid=1000(system) Binder:1699_1D expire 3 lines
07-26 18:38:23.922 I/chatty ( 1699): uid=1000(system) Binder:1699_1 expire 1 line
07-26 18:38:24.044 I/chatty ( 1699): uid=1000(system) android.bg expire 31 lines
07-26 18:38:24.089 I/chatty ( 1699): uid=1000(system) Binder:1699_20 expire 5 lines
07-26 18:41:13.087 I/chatty ( 1699): uid=1000(system) Thread-40 expire 6 lines
07-26 18:52:12.822 I/chatty ( 1699): uid=1000(system) Binder:1699_E expire 3 lines
07-26 18:52:12.855 I/chatty ( 1699): uid=1000(system) android.display expire 3 lines
07-26 18:52:12.863 I/chatty ( 1699): uid=1000(system) PhoneWinHandler expire 2 lines
07-26 18:52:13.158 I/chatty ( 1699): uid=1000(system) android.ui expire 14 lines
07-26 18:52:14.673 I/chatty ( 1699): uid=1000(system) BroadcastQueue expire 19 lines
07-26 18:52:18.874 I/chatty ( 1699): uid=1000(system) aceService.Main expire 1 line
07-26 18:52:19.450 I/chatty ( 1699): uid=1000(system) Binder:1699_A expire 2 lines
07-26 18:52:19.568 I/chatty ( 1699): uid=1000(system) Binder:1699_1B expire 4 lines
07-26 19:02:21.173 I/chatty ( 1699): uid=1000(system) Binder:1699_17 expire 3 lines
07-26 19:02:54.644 I/chatty ( 1699): uid=1000(system) Binder:1699_1F expire 12 lines
07-26 19:02:54.942 I/chatty ( 1699): uid=1000(system) Binder:1699_14 expire 1 line
07-26 19:03:25.291 I/chatty ( 1699): uid=1000 system_server expire 1 line
07-26 19:17:20.071 I/chatty ( 1699): uid=1000(system) Binder:1699_1A expire 4 lines
07-26 19:19:53.595 I/chatty ( 1699): uid=1000(system) batterystats-wo expire 3 lines
07-26 20:34:17.051 I/chatty ( 1699): uid=1000(system) Binder:1699_2 expire 1 line
07-26 20:37:23.660 I/chatty ( 1699): uid=1000(system) Binder:1699_18 expire 4 lines
07-26 21:01:13.027 I/chatty ( 1699): uid=1000(system) Binder:1699_F expire 4 lines
07-26 21:26:19.336 I/chatty ( 1699): uid=1000(system) Binder:1699_11 expire 1 line
07-26 21:26:19.370 W/PackageParser( 3385): No actions in intent filter at /storage/emulated/0/ColorOS/Market/app/.au/21123615.apk Binary XML file line #597
07-26 21:26:20.040 D/DefContainer(11989): Copying /storage/emulated/0/ColorOS/Market/app/.au/21123615.apk to base.apk
07-26 21:26:20.053 I/chatty ( 1699): uid=1000(system) Binder:1699_8 expire 1 line
07-26 21:26:20.115 I/chatty ( 1699): uid=1000(system) PackageManager expire 11 lines
07-26 21:26:20.188 I/chatty ( 1699): uid=1000(system) ActivityManager expire 4 lines
07-26 21:26:21.281 W/PackageParser(13063): No actions in intent filter at /storage/emulated/0/ColorOS/Market/app/.au/21123615.apk Binary XML file line #597
07-26 21:26:23.583 I/chatty ( 1699): uid=1000 system_server expire 23 lines
07-26 21:26:23.887 I/chatty ( 1699): uid=1000(system) Binder:1699_9 expire 2 lines
07-26 21:26:24.583 I/chatty ( 1699): uid=1000(system) Binder:1699_3 expire 6 lines
07-26 21:26:26.423 I/chatty ( 1699): uid=1000(system) backup expire 1 line
07-26 21:26:40.382 W/PackageParser( 3385): No actions in intent filter at /storage/emulated/0/ColorOS/Market/app/.au/21125803.apk Binary XML file line #66
07-26 21:26:40.508 I/chatty ( 1699): uid=1000(system) BroadcastQueue expire 16 lines
07-26 21:26:40.593 D/DefContainer(11989): Copying /storage/emulated/0/ColorOS/Market/app/.au/21125803.apk to base.apk
07-26 21:26:41.698 W/PackageParser(13063): No actions in intent filter at /storage/emulated/0/ColorOS/Market/app/.au/21125803.apk Binary XML file line #66
07-26 21:26:42.482 W/PackageParser(13063): No actions in intent filter at /storage/emulated/0/ColorOS/Market/app/.au/21125803.apk Binary XML file line #66
07-26 21:26:45.603 I/chatty ( 1699): uid=1000(system) PackageManager expire 3 lines
07-26 21:26:46.201 I/chatty ( 1699): uid=1000(system) Binder:1699_13 expire 1 line
07-26 21:27:44.504 I/chatty ( 1699): uid=1000(system) Binder:1699_10 expire 4 lines
07-26 23:57:22.513 I/chatty ( 1699): uid=1000(system) Binder:1699_5 expire 1 line
07-27 01:11:15.178 I/chatty ( 1699): uid=1000(system) Binder:1699_C expire 3 lines
07-27 01:11:15.583 I/chatty ( 1699): uid=1000(system) Binder:1699_4 expire 4 lines
07-27 01:11:15.588 I/ActivityThread(19240): Removing dead content provider:android.content.ContentProviderProxy@f47764e
07-27 01:11:15.632 I/chatty ( 1699): uid=1000(system) android.ui expire 4 lines
07-27 01:11:15.822 I/chatty ( 1699): uid=1000(system) Binder:1699_19 expire 3 lines
07-27 01:11:15.914 I/chatty ( 1699): uid=1000(system) BroadcastQueue expire 11 lines
07-27 01:11:16.143 I/chatty ( 1699): uid=1000(system) Binder:1699_5 expire 6 lines
07-27 01:11:16.180 I/chatty ( 1699): uid=1000(system) Binder:1699_B expire 3 lines
07-27 01:11:16.185 I/chatty ( 1699): uid=1000(system) Binder:1699_17 expire 5 lines
07-27 01:11:16.263 I/chatty ( 1699): uid=1000(system) android.ui expire 17 lines
07-27 01:11:16.364 I/chatty ( 1699): uid=1000(system) Binder:1699_11 expire 3 lines
07-27 01:11:16.372 I/chatty ( 1699): uid=1000(system) Binder:1699_7 expire 4 lines
07-27 01:11:16.409 I/chatty ( 1699): uid=1000(system) Binder:1699_1F expire 5 lines
07-27 01:11:16.416 I/chatty ( 1699): uid=1000(system) android.display expire 3 lines
07-27 01:11:16.613 I/chatty ( 1699): uid=1000(system) Binder:1699_F expire 9 lines
07-27 01:11:16.713 I/chatty ( 1699): uid=1000(system) Binder:1699_19 expire 10 lines
07-27 01:11:16.829 I/chatty ( 1699): uid=1000(system) Binder:1699_20 expire 4 lines
07-27 01:11:16.946 I/chatty ( 1699): uid=1000(system) android.bg expire 1 line
07-27 01:11:16.951 I/chatty ( 1699): uid=1000(system) Binder:1699_13 expire 9 lines
07-27 01:11:17.064 I/chatty ( 1699): uid=1000(system) Binder:1699_12 expire 4 lines
07-27 01:11:17.335 I/chatty ( 1699): uid=1000(system) Binder:1699_1 expire 6 lines
07-27 01:11:17.477 I/chatty ( 1699): uid=1000(system) Binder:1699_3 expire 8 lines
07-27 01:11:17.670 I/chatty ( 1699): uid=1000(system) Binder:1699_4 expire 2 lines
07-27 01:11:17.782 I/chatty ( 1699): uid=1000(system) Binder:1699_2 expire 7 lines
07-27 01:57:20.960 I/chatty ( 1699): uid=1000(system) ActivityManager expire 2 lines
07-27 01:57:21.991 I/chatty ( 1699): uid=1000 system_server expire 3 lines
07-27 01:57:22.012 I/chatty ( 1699): uid=1000(system) batterystats-wo expire 3 lines
07-27 02:10:02.046 I/chatty ( 1699): uid=1000(system) Binder:1699_1C expire 8 lines
07-27 02:10:02.479 I/chatty ( 1699): uid=1000(system) Binder:1699_1D expire 5 lines
07-27 02:10:02.658 I/chatty ( 1699): uid=1000(system) Binder:1699_A expire 3 lines
07-27 02:10:02.674 I/chatty ( 1699): uid=1000(system) Binder:1699_10 expire 10 lines
07-27 02:10:02.890 W/ActivityThread(31149): ClassLoader.loadClass: The class loader returned by Thread.getContextClassLoader() may fail for processes that host multiple applications. You should explicitly specify a context class loader. For example: Thread.setContextClassLoader(getClass().getClassLoader());
07-27 02:10:02.922 I/chatty ( 1699): uid=1000(system) BroadcastQueue expire 1 line
07-27 02:10:39.141 I/chatty ( 1699): uid=1000(system) Thread-40 expire 2 lines
07-27 02:57:20.794 I/chatty ( 1699): uid=1000(system) Binder:1699_1E expire 1 line
07-27 03:47:20.792 I/chatty ( 1699): uid=1000(system) AlarmManager expire 1 line
07-27 03:52:29.752 I/chatty ( 1699): uid=1000(system) android.ui expire 15 lines
07-27 04:27:05.877 I/chatty ( 1699): uid=1000(system) Binder:1699_18 expire 5 lines
07-27 04:27:06.924 I/chatty ( 1699): uid=1000(system) Binder:1699_D expire 12 lines
07-27 04:27:09.057 I/chatty ( 1699): uid=1000(system) Binder:1699_C expire 2 lines
07-27 04:27:09.591 I/chatty ( 1699): uid=1000(system) Binder:1699_E expire 5 lines
07-27 04:27:10.681 I/ActivityThread(28936): Removing dead content provider:android.content.ContentProviderProxy@9f3c402
07-27 04:27:10.681 I/ActivityThread(29551): Removing dead content provider:android.content.ContentProviderProxy@bb91afe
07-27 04:27:10.681 I/chatty ( 1699): uid=1000(system) android.ui expire 2 lines
07-27 04:27:11.023 I/chatty ( 1699): uid=1000(system) FileObserver expire 51 lines
07-27 04:27:11.161 I/chatty ( 1699): uid=1000(system) ActivityManager expire 2 lines
07-27 04:27:11.206 I/chatty ( 1699): uid=1000(system) Binder:1699_19 expire 23 lines
07-27 04:27:11.272 I/chatty ( 1699): uid=1000(system) Binder:1699_14 expire 6 lines
07-27 04:27:11.273 I/chatty ( 1699): uid=1000(system) android.ui expire 33 lines
07-27 04:27:11.431 I/chatty ( 1699): uid=1000(system) Binder:1699_18 expire 11 lines
07-27 04:27:11.722 I/chatty ( 1699): uid=1000(system) Binder:1699_17 expire 18 lines
07-27 04:27:11.728 I/ActivityThread( 4831): Removing dead content provider:android.content.ContentProviderProxy@594c967
07-27 04:27:11.728 I/chatty ( 1699): uid=1000 system_server expire 6 lines
07-27 04:27:11.729 I/ActivityThread(29551): Removing dead content provider:android.content.ContentProviderProxy@27e125f
07-27 04:27:11.729 I/ActivityThread(28550): Removing dead content provider:android.content.ContentProviderProxy@758eb33
07-27 04:27:11.730 I/ActivityThread( 5473): Removing dead content provider:android.content.ContentProviderProxy@13e9436
07-27 04:27:11.730 I/ActivityThread(29412): Removing dead content provider:android.content.ContentProviderProxy@5bfe8e4
07-27 04:27:11.730 I/ActivityThread(29913): Removing dead content provider:android.content.ContentProviderProxy@920e712
07-27 04:27:12.243 I/chatty ( 1699): uid=1000(system) Binder:1699_4 expire 6 lines
07-27 04:27:12.287 I/chatty ( 1699): uid=1000(system) Binder:1699_D expire 9 lines
07-27 04:27:12.388 I/chatty ( 1699): uid=1000(system) Binder:1699_8 expire 14 lines
07-27 04:27:12.774 I/chatty ( 1699): uid=1000(system) Binder:1699_1F expire 10 lines
07-27 04:27:12.837 I/chatty ( 1699): uid=1000(system) Binder:1699_1B expire 9 lines
07-27 04:27:13.227 I/chatty ( 1699): uid=1000(system) Binder:1699_7 expire 6 lines
07-27 04:27:13.238 I/chatty ( 1699): uid=1000(system) Binder:1699_1E expire 4 lines
07-27 04:27:13.295 I/chatty ( 1699): uid=1000(system) Binder:1699_12 expire 5 lines
07-27 04:27:13.822 I/chatty ( 1699): uid=1000(system) Binder:1699_1C expire 13 lines
07-27 04:27:13.827 I/ActivityThread(17641): Removing dead content provider:android.content.ContentProviderProxy@a27df6b
07-27 04:27:17.584 I/chatty ( 1699): uid=1000(system) Binder:1699_1 expire 5 lines
07-27 04:27:18.121 I/chatty ( 1699): uid=1000(system) Binder:1699_1A expire 4 lines
07-27 04:27:19.311 I/chatty ( 1699): uid=1000(system) Binder:1699_1D expire 6 lines
07-27 04:27:20.315 I/chatty ( 1699): uid=1000(system) Binder:1699_E expire 2 lines
07-27 04:27:20.850 I/chatty ( 1699): uid=1000(system) Binder:1699_11 expire 3 lines
07-27 04:27:21.396 I/chatty ( 1699): uid=1000(system) Binder:1699_15 expire 2 lines
07-27 04:27:21.929 I/chatty ( 1699): uid=1000(system) Binder:1699_20 expire 5 lines
07-27 04:27:26.385 I/chatty ( 1699): uid=1000(system) Binder:1699_16 expire 1 line
07-27 04:27:26.619 I/chatty ( 1699): uid=1000(system) Binder:1699_3 expire 5 lines
07-27 04:27:26.843 I/ActivityThread( 3385): Removing dead content provider:android.content.ContentProviderProxy@5cf0eaf
07-27 04:27:26.843 I/ActivityThread(29551): Removing dead content provider:android.content.ContentProviderProxy@ebcc575
07-27 04:27:26.843 I/chatty ( 1699): uid=1000(system) android.ui expire 7 lines
07-27 04:27:26.850 I/ActivityThread( 6006): Removing dead content provider:android.content.ContentProviderProxy@fb21175
07-27 04:27:26.891 I/chatty ( 1699): uid=1000(system) Binder:1699_1C expire 1 line
07-27 04:27:26.891 I/chatty ( 1699): uid=1000(system) Binder:1699_1F expire 1 line
07-27 04:27:27.364 I/chatty ( 1699): uid=1000(system) Binder:1699_F expire 10 lines
07-27 04:27:30.101 I/chatty ( 1699): uid=1000(system) android.display expire 4 lines
07-27 04:27:30.625 I/chatty ( 1699): uid=1000(system) Binder:1699_20 expire 7 lines
07-27 04:27:30.657 I/chatty ( 1699): uid=1000(system) Binder:1699_1D expire 5 lines
07-27 04:27:30.659 I/chatty ( 1699): uid=1000(system) Binder:1699_4 expire 6 lines
07-27 04:27:30.661 I/chatty ( 1699): uid=1000(system) android.ui expire 10 lines
07-27 04:27:30.973 I/chatty ( 1699): uid=1000(system) Binder:1699_1 expire 8 lines
07-27 04:27:31.652 I/chatty ( 1699): uid=1000(system) Binder:1699_B expire 4 lines
07-27 04:27:33.184 I/chatty ( 1699): uid=1000(system) Binder:1699_C expire 6 lines
07-27 04:27:33.343 I/chatty ( 1699): uid=1000(system) Binder:1699_3 expire 6 lines
07-27 04:27:33.817 I/chatty ( 1699): uid=1000(system) Binder:1699_1E expire 11 lines
07-27 04:27:33.936 I/chatty ( 1699): uid=1000(system) Binder:1699_15 expire 2 lines
07-27 04:27:33.937 I/chatty ( 1699): uid=1000(system) Binder:1699_A expire 2 lines
07-27 04:27:33.937 I/chatty ( 1699): uid=1000(system) Binder:1699_1F expire 1 line
07-27 04:27:33.937 I/chatty ( 1699): uid=1000(system) Binder:1699_19 expire 2 lines
07-27 04:27:33.938 I/chatty ( 1699): uid=1000(system) Binder:1699_10 expire 10 lines
07-27 04:27:33.938 I/chatty ( 1699): uid=1000(system) Binder:1699_17 expire 7 lines
07-27 04:27:33.941 I/chatty ( 1699): uid=1000 system_server expire 12 lines
07-27 04:27:33.942 I/chatty ( 1699): uid=1000(system) Binder:1699_6 expire 3 lines
07-27 04:27:33.942 I/chatty ( 1699): uid=1000(system) Binder:1699_16 expire 4 lines
07-27 04:27:33.947 I/chatty ( 1699): uid=1000(system) Binder:1699_1C expire 5 lines
07-27 04:27:33.953 I/chatty ( 1699): uid=1000(system) Binder:1699_2 expire 2 lines
07-27 04:27:33.967 I/chatty ( 1699): uid=1000(system) Binder:1699_E expire 3 lines
07-27 04:27:33.979 E/ActivityThread(29913): Service com.coloros.recents.RecentsService has leaked IntentReceiver com.coloros.recents.f.b@3d3a9aa that was originally registered here. Are you missing a call to unregisterReceiver()?
07-27 04:27:33.979 E/ActivityThread(29913): android.app.IntentReceiverLeaked: Service com.coloros.recents.RecentsService has leaked IntentReceiver com.coloros.recents.f.b@3d3a9aa that was originally registered here. Are you missing a call to unregisterReceiver()?
07-27 04:27:33.979 E/ActivityThread(29913): at android.app.LoadedApk$ReceiverDispatcher.(LoadedApk.java:1447)
07-27 04:27:33.979 E/ActivityThread(29913): at android.app.LoadedApk.getReceiverDispatcher(LoadedApk.java:1186)
07-27 04:27:33.979 E/ActivityThread(29913): at android.app.ContextImpl.registerReceiverInternal(ContextImpl.java:1443)
07-27 04:27:33.979 E/ActivityThread(29913): at android.app.ContextImpl.registerReceiver(ContextImpl.java:1416)
07-27 04:27:33.979 E/ActivityThread(29913): at android.app.ContextImpl.registerReceiver(ContextImpl.java:1404)
07-27 04:27:33.979 E/ActivityThread(29913): at android.content.ContextWrapper.registerReceiver(ContextWrapper.java:624)
07-27 04:27:33.979 E/ActivityThread(29913): at com.coloros.recents.f.a.(Unknown Source:28)
07-27 04:27:33.979 E/ActivityThread(29913): at com.coloros.recents.f.a.b(Unknown Source:2)
07-27 04:27:33.979 E/ActivityThread(29913): at com.coloros.recents.RecentsService.c(Unknown Source:16)
07-27 04:27:33.979 E/ActivityThread(29913): at com.coloros.recents.RecentsService.onCreate(Unknown Source:70)
07-27 04:27:33.979 E/ActivityThread(29913): at android.app.ActivityThread.handleCreateService(ActivityThread.java:3584)
07-27 04:27:33.979 E/ActivityThread(29913): at android.app.ActivityThread.-wrap4(Unknown Source:0)
07-27 04:27:33.979 E/ActivityThread(29913): at android.app.ActivityThread$H.handleMessage(ActivityThread.java:1855)
07-27 04:27:33.979 E/ActivityThread(29913): at android.os.Handler.dispatchMessage(Handler.java:106)
07-27 04:27:33.979 E/ActivityThread(29913): at android.os.Looper.loop(Looper.java:198)
07-27 04:27:33.979 E/ActivityThread(29913): at android.app.ActivityThread.main(ActivityThread.java:7015)
07-27 04:27:33.979 E/ActivityThread(29913): at java.lang.reflect.Method.invoke(Native Method)
07-27 04:27:33.979 E/ActivityThread(29913): at com.android.internal.os.RuntimeInit$MethodAndArgsCaller.run(RuntimeInit.java:523)
07-27 04:27:33.979 E/ActivityThread(29913): at com.android.internal.os.ZygoteInit.main(ZygoteInit.java:850)
07-27 04:27:34.851 I/chatty ( 1699): uid=1000(system) ActivityManager expire 2 lines
07-27 04:27:35.216 I/chatty ( 1699): uid=1000(system) BroadcastQueue expire 5 lines
07-27 04:27:35.244 I/chatty ( 1699): uid=1000 system_server expire 5 lines
07-27 04:27:35.336 I/chatty ( 1699): uid=1000(system) Binder:1699_13 expire 4 lines
07-27 04:27:36.106 I/chatty ( 1699): uid=1000(system) Binder:1699_1A expire 2 lines
07-27 04:27:36.472 I/chatty ( 1699): uid=1000(system) Binder:1699_5 expire 2 lines
07-27 04:27:36.610 I/chatty ( 1699): uid=1000(system) Binder:1699_11 expire 2 lines
07-27 04:27:41.570 I/chatty ( 1699): uid=1000(system) BpmThread expire 1 line
07-27 04:37:20.738 I/chatty ( 1699): uid=1000(system) android.bg expire 44 lines
07-27 04:38:45.191 I/chatty ( 1699): uid=1000(system) Thread-40 expire 3 lines
07-27 05:11:11.743 I/chatty ( 1699): uid=1000(system) batterystats-wo expire 2 lines
07-27 05:12:20.733 E/ActivityThread( 5522): Failed to find provider info for com.oppo.usercenter.provider.open
07-27 05:57:21.259 I/chatty ( 1699): uid=1000(system) Binder:1699_8 expire 1 line
07-27 06:02:20.743 I/chatty ( 1699): uid=1000(system) Binder:1699_1E expire 6 lines
07-27 06:02:20.745 I/chatty ( 1699): uid=1000(system) android.ui expire 3 lines
07-27 06:14:56.697 I/chatty ( 1699): uid=1000(system) AlarmManager expire 1 line
07-27 06:14:56.944 W/ActivityThread( 7616): ClassLoader.loadClass: The class loader returned by Thread.getContextClassLoader() may fail for processes that host multiple applications. You should explicitly specify a context class loader. For example: Thread.setContextClassLoader(getClass().getClassLoader());
07-27 06:35:33.124 W/ActivityThread( 7471): ClassLoader.loadClass: The class loader returned by Thread.getContextClassLoader() may fail for processes that host multiple applications. You should explicitly specify a context class loader. For example: Thread.setContextClassLoader(getClass().getClassLoader());
07-27 07:02:56.056 I/chatty ( 1699): uid=1000(system) Binder:1699_18 expire 1 line
07-27 07:02:56.250 I/chatty ( 1699): uid=1000(system) Binder:1699_12 expire 1 line
07-27 08:01:52.801 I/chatty ( 1699): uid=1000(system) Binder:1699_F expire 2 lines
07-27 09:01:30.450 I/chatty ( 1699): uid=1000(system) Binder:1699_1B expire 1 line
07-27 09:02:01.133 I/chatty ( 1699): uid=1000 system_server expire 1 line
07-27 09:02:06.684 I/chatty ( 1699): uid=1000(system) ns expire 1 line
07-27 09:02:06.701 I/chatty ( 1699): uid=1000(system) PowerManagerSer expire 3 lines
07-27 09:02:06.724 I/chatty ( 1699): uid=1000(system) PhoneWinHandler expire 2 lines
07-27 09:02:06.750 I/chatty ( 1699): uid=1000(system) Thread-16 expire 2 lines
07-27 09:02:06.752 I/chatty ( 1699): uid=1000 system_server expire 1 line
07-27 09:02:06.753 I/chatty ( 1699): uid=1000 system_server expire 5 lines
07-27 09:02:06.766 I/chatty ( 1699): uid=1000 system_server expire 1 line
07-27 09:02:06.768 I/chatty ( 1699): uid=1000 system_server expire 5 lines
07-27 09:02:06.873 I/chatty ( 1699): uid=1000(system) android.bg expire 38 lines
07-27 09:02:07.108 I/chatty ( 1699): uid=1000(system) android.ui expire 29 lines
07-27 09:02:07.664 I/chatty ( 1699): uid=1000(system) Binder:1699_E expire 1 line
07-27 09:02:07.864 I/chatty ( 1699): uid=1000 system_server expire 15 lines
07-27 09:02:11.961 I/chatty ( 1699): uid=1000(system) Binder:1699_20 expire 13 lines
07-27 09:02:20.053 I/chatty ( 1699): uid=1000(system) PowerManagerSer expire 12 lines
07-27 09:02:20.055 I/chatty ( 1699): uid=1000(system) aceService.Main expire 1 line
07-27 09:02:20.343 I/chatty ( 1699): uid=1000(system) android.display expire 2 lines
07-27 09:02:20.588 I/chatty ( 1699): uid=1000(system) Binder:1699_1A expire 1 line
07-27 09:02:20.705 I/chatty ( 1699): uid=1000(system) Binder:1699_1B expire 6 lines
07-27 09:04:34.713 I/chatty ( 1699): uid=1000(system) InputReader expire 2 lines
07-27 09:04:34.743 I/chatty ( 1699): uid=1000(system) Binder:1699_12 expire 2 lines
07-27 09:04:34.752 I/chatty ( 1699): uid=1000(system) PhoneWinHandler expire 2 lines
07-27 09:04:36.224 I/chatty ( 1699): uid=1000(system) Binder:1699_1E expire 14 lines
07-27 09:04:38.746 I/chatty ( 1699): uid=1000(system) Binder:1699_1 expire 3 lines
07-27 09:04:38.794 I/chatty ( 1699): uid=1000(system) ns expire 10 lines
07-27 09:04:38.808 I/chatty ( 1699): uid=1000(system) BroadcastQueue expire 14 lines
07-27 09:04:38.821 I/chatty ( 1699): uid=1000(system) Binder:1699_1D expire 1 line
07-27 09:04:38.861 I/chatty ( 1699): uid=1000(system) Binder:1699_16 expire 7 lines
07-27 09:04:38.901 I/chatty ( 1699): uid=1000(system) android.anim expire 25 lines
07-27 09:04:47.098 I/chatty ( 1699): uid=1000(system) Binder:1699_1F expire 5 lines
07-27 09:04:51.072 I/chatty ( 1699): uid=1000(system) Binder:1699_17 expire 3 lines
07-27 09:04:53.606 I/chatty ( 1699): uid=1000(system) Binder:1699_1C expire 1 line
07-27 09:05:01.986 I/chatty ( 1699): uid=1000(system) ActivityManager expire 2 lines
07-27 09:05:33.576 I/chatty ( 1699): uid=1000(system) Binder:1699_6 expire 1 line
07-27 09:05:39.510 I/chatty ( 1699): uid=1000(system) Binder:1699_14 expire 1 line
07-27 09:05:40.581 I/chatty ( 1699): uid=1000(system) Binder:1699_B expire 1 line
07-27 09:06:06.087 I/chatty ( 1699): uid=1000(system) batterystats-wo expire 3 lines
07-27 09:12:42.369 I/chatty ( 1699): uid=1000(system) HwBinder:1699_5 expire 1 line
07-27 09:12:42.370 I/chatty ( 1699): uid=1000(system) android.fg expire 2 lines
07-27 09:12:42.751 I/chatty ( 1699): uid=1000(system) Binder:1699_2 expire 1 line
07-27 09:12:42.852 I/chatty ( 1699): uid=1000(system) Binder:1699_13 expire 1 line
07-27 09:12:42.894 I/chatty ( 1699): uid=1000(system) FileObserver expire 3 lines
07-27 09:12:43.538 I/chatty ( 1699): uid=1000(system) HwBinder:1699_4 expire 2 lines
07-27 09:12:45.911 I/chatty ( 1699): uid=1000(system) HwBinder:1699_5 expire 1 line
07-27 09:12:46.179 I/chatty ( 1699): uid=1000(system) Binder:1699_19 expire 4 lines
07-27 09:12:46.189 I/chatty ( 1699): uid=1000(system) Binder:1699_1D expire 16 lines
07-27 09:12:46.207 I/chatty ( 1699): uid=1000(system) android.fg expire 5 lines
07-27 09:12:46.441 I/chatty ( 1699): uid=1000(system) android.anim expire 16 lines
07-27 09:12:46.610 I/chatty ( 1699): uid=1000(system) ActivityManager expire 9 lines
07-27 09:12:46.869 I/chatty ( 1699): uid=1000(system) Binder:1699_F expire 4 lines
07-27 09:12:46.933 I/chatty ( 1699): uid=1000(system) Thread-140 expire 3 lines
07-27 09:12:46.934 I/chatty ( 1699): uid=1000(system) BroadcastQueue expire 14 lines
07-27 09:12:46.976 I/chatty ( 1699): uid=1000(system) ns expire 15 lines
07-27 09:12:47.000 I/chatty ( 1699): uid=1000(system) android.ui expire 12 lines
07-27 09:12:47.405 I/chatty ( 1699): uid=1000(system) BpmThread expire 1 line
07-27 09:12:48.277 I/chatty ( 1699): uid=1000 system_server expire 11 lines
07-27 09:12:49.764 I/chatty ( 1699): uid=1000(system) Binder:1699_12 expire 2 lines
07-27 09:12:50.025 I/chatty ( 1699): uid=1000(system) Binder:1699_4 expire 16 lines
07-27 09:12:50.034 I/chatty ( 1699): uid=1000(system) Binder:1699_5 expire 2 lines
07-27 09:12:50.088 I/chatty ( 1699): uid=1000(system) Binder:1699_18 expire 4 lines
07-27 09:12:54.221 I/chatty ( 1699): uid=1000(system) Binder:1699_3 expire 1 line
07-27 09:12:54.257 I/chatty ( 1699): uid=1000(system) Binder:1699_1 expire 3 lines
07-27 09:12:56.426 I/chatty ( 1699): uid=1000(system) Binder:1699_1E expire 9 lines
07-27 09:12:56.490 I/chatty ( 1699): uid=1000(system) Binder:1699_1B expire 9 lines
07-27 09:12:56.599 I/chatty ( 1699): uid=1000(system) Binder:1699_20 expire 12 lines
07-27 09:13:06.729 D/ViewRootImpl( 8204): swipeFromBottom mIgnoring true downY 2309 mScreenHeight 2340 mStatusBarHeight 54 globalScale 1.125
07-27 09:13:06.839 D/ViewRootImpl( 8204): swipeFromBottom mIgnoring true downY 2309 mScreenHeight 2340 mStatusBarHeight 54 globalScale 1.125
07-27 09:13:06.839 D/ViewRootImpl( 8204): swipeFromBottom mIgnoring === false downY 2309 mStatusBarHeight 54
07-27 09:13:19.523 I/chatty ( 1699): uid=1000(system) Binder:1699_E expire 2 lines
07-27 09:13:20.068 I/chatty ( 1699): uid=1000(system) android.ui expire 9 lines
07-27 09:13:31.979 I/chatty ( 1699): uid=1000(system) Binder:1699_1F expire 4 lines
07-27 09:13:41.323 I/chatty ( 1699): uid=1000(system) Binder:1699_D expire 2 lines
07-27 09:13:41.347 I/chatty ( 1699): uid=1000(system) Binder:1699_C expire 2 lines
07-27 09:13:48.576 I/chatty ( 1699): uid=1000(system) Binder:1699_1A expire 5 lines
07-27 09:13:49.143 I/chatty ( 1699): uid=1000(system) Binder:1699_15 expire 3 lines
07-27 09:13:50.116 I/chatty ( 1699): uid=1000(system) Binder:1699_1C expire 1 line
07-27 09:13:52.688 I/chatty ( 1699): uid=1000(system) Binder:1699_11 expire 1 line
07-27 09:13:59.193 I/chatty ( 1699): uid=1000(system) Binder:1699_16 expire 1 line
07-27 09:14:05.414 D/VoldCryptCmdListener( 571): cryptfs isConvertibleToFBE
07-27 09:14:05.907 I/chatty ( 1699): uid=1000(system) android.anim expire 4 lines
07-27 09:14:12.418 I/chatty ( 1699): uid=1000(system) UsbDebuggingMan expire 1 line
07-27 09:14:12.491 I/chatty ( 1699): uid=1000(system) ns expire 5 lines
07-27 09:14:15.271 I/chatty ( 1699): uid=1000(system) Binder:1699_1D expire 4 lines
07-27 09:14:21.413 I/chatty ( 1699): uid=1000(system) Binder:1699_9 expire 1 line
07-27 09:15:24.915 D/ViewRootImpl( 8204): swipeFromBottom mIgnoring true downY 2299 mScreenHeight 2340 mStatusBarHeight 54 globalScale 1.125
07-27 09:15:24.927 D/ViewRootImpl( 8204): swipeFromBottom mIgnoring true downY 2299 mScreenHeight 2340 mStatusBarHeight 54 globalScale 1.125
07-27 09:15:24.927 D/ViewRootImpl( 8204): swipeFromBottom mIgnoring === false downY 2299 mStatusBarHeight 54
07-27 09:15:25.604 D/ViewRootImpl( 8204): swipeFromBottom mIgnoring true downY 2321 mScreenHeight 2340 mStatusBarHeight 54 globalScale 1.125
07-27 09:15:25.692 D/ViewRootImpl( 8204): swipeFromBottom mIgnoring true downY 2321 mScreenHeight 2340 mStatusBarHeight 54 globalScale 1.125
07-27 09:15:25.692 D/ViewRootImpl( 8204): swipeFromBottom mIgnoring === false downY 2321 mStatusBarHeight 54
07-27 09:15:47.039 D/ViewRootImpl( 8204): swipeFromBottom mIgnoring true downY 2328 mScreenHeight 2340 mStatusBarHeight 54 globalScale 1.125
07-27 09:15:47.184 I/chatty ( 1699): uid=1000(system) Binder:1699_17 expire 10 lines
07-27 09:15:47.572 E/ActivityThread( 8204): Activity com.android.settings.SubSettings has leaked ServiceConnection android.bluetooth.BluetoothA2dp$2@4389e7b that was originally bound here
07-27 09:15:47.572 E/ActivityThread( 8204): android.app.ServiceConnectionLeaked: Activity com.android.settings.SubSettings has leaked ServiceConnection android.bluetooth.BluetoothA2dp$2@4389e7b that was originally bound here
07-27 09:15:47.572 E/ActivityThread( 8204): at android.app.LoadedApk$ServiceDispatcher.(LoadedApk.java:1650)
07-27 09:15:47.572 E/ActivityThread( 8204): at android.app.LoadedApk.getServiceDispatcher(LoadedApk.java:1542)
07-27 09:15:47.572 E/ActivityThread( 8204): at android.app.ContextImpl.bindServiceCommon(ContextImpl.java:1652)
07-27 09:15:47.572 E/ActivityThread( 8204): at android.app.ContextImpl.bindServiceAsUser(ContextImpl.java:1612)
07-27 09:15:47.572 E/ActivityThread( 8204): at android.content.ContextWrapper.bindServiceAsUser(ContextWrapper.java:706)
07-27 09:15:47.572 E/ActivityThread( 8204): at android.bluetooth.BluetoothA2dp.doBind(BluetoothA2dp.java:232)
07-27 09:15:47.572 E/ActivityThread( 8204): at android.bluetooth.BluetoothA2dp.(BluetoothA2dp.java:225)
07-27 09:15:47.572 E/ActivityThread( 8204): at android.bluetooth.BluetoothAdapter.getProfileProxy(BluetoothAdapter.java:2087)
07-27 09:15:47.572 E/ActivityThread( 8204): at com.android.settings.development.DevelopmentSettings.onCreateView(SourceFile:1054)
07-27 09:15:47.572 E/ActivityThread( 8204): at android.app.Fragment.performCreateView(Fragment.java:2508)
07-27 09:15:47.572 E/ActivityThread( 8204): at android.app.FragmentManagerImpl.moveToState(FragmentManager.java:1279)
07-27 09:15:47.572 E/ActivityThread( 8204): at android.app.FragmentManagerImpl.moveFragmentToExpectedState(FragmentManager.java:1557)
07-27 09:15:47.572 E/ActivityThread( 8204): at android.app.FragmentManagerImpl.moveToState(FragmentManager.java:1618)
07-27 09:15:47.572 E/ActivityThread( 8204): at android.app.FragmentManagerImpl.dispatchMoveToState(FragmentManager.java:3031)
07-27 09:15:47.572 E/ActivityThread( 8204): at android.app.FragmentManagerImpl.dispatchActivityCreated(FragmentManager.java:2987)
07-27 09:15:47.572 E/ActivityThread( 8204): at android.app.FragmentController.dispatchActivityCreated(FragmentController.java:178)
07-27 09:15:47.572 E/ActivityThread( 8204): at android.app.Activity.performCreate(Activity.java:7207)
07-27 09:15:47.572 E/ActivityThread( 8204): at android.app.Activity.performCreate(Activity.java:7192)
07-27 09:15:47.572 E/ActivityThread( 8204): at android.app.Instrumentation.callActivityOnCreate(Instrumentation.java:1215)
07-27 09:15:47.572 E/ActivityThread( 8204): at android.app.ActivityThread.performLaunchActivity(ActivityThread.java:2924)
07-27 09:15:47.572 E/ActivityThread( 8204): at android.app.ActivityThread.handleLaunchActivity(ActivityThread.java:3065)
07-27 09:15:47.572 E/ActivityThread( 8204): at android.app.ActivityThread.-wrap11(Unknown Source:0)
07-27 09:15:47.572 E/ActivityThread( 8204): at android.app.ActivityThread$H.handleMessage(ActivityThread.java:1767)
07-27 09:15:47.572 E/ActivityThread( 8204): at android.os.Handler.dispatchMessage(Handler.java:106)
07-27 09:15:47.572 E/ActivityThread( 8204): at android.os.Looper.loop(Looper.java:198)
07-27 09:15:47.572 E/ActivityThread( 8204): at android.app.ActivityThread.main(ActivityThread.java:7015)
07-27 09:15:47.572 E/ActivityThread( 8204): at java.lang.reflect.Method.invoke(Native Method)
07-27 09:15:47.572 E/ActivityThread( 8204): at com.android.internal.os.RuntimeInit$MethodAndArgsCaller.run(RuntimeInit.java:523)
07-27 09:15:47.572 E/ActivityThread( 8204): at com.android.internal.os.ZygoteInit.main(ZygoteInit.java:850)
07-27 09:15:48.582 I/chatty ( 1699): uid=1000(system) ns expire 10 lines
07-27 09:15:48.915 I/chatty ( 1699): uid=1000(system) Binder:1699_20 expire 11 lines
07-27 09:15:48.924 I/chatty ( 1699): uid=1000(system) ActivityManager expire 7 lines
07-27 09:15:49.131 I/chatty ( 1699): uid=1000(system) Binder:1699_11 expire 1 line
07-27 09:15:49.145 I/chatty ( 1699): uid=1000(system) android.ui expire 26 lines
07-27 09:15:49.257 I/chatty ( 1699): uid=1000(system) android.anim expire 16 lines
07-27 09:15:49.626 I/chatty ( 1699): uid=1000(system) Binder:1699_14 expire 1 line
07-27 09:15:57.490 I/chatty ( 1699): uid=1000(system) Binder:1699_1A expire 6 lines
