07-27 11:21:50.850 D/knowles_util( 711): -turnBypassON-
07-27 11:21:50.850 D/knowles_util( 711): +ifSpeakerSetBargein+
07-27 11:21:50.850 D/knowles_util( 711): BARGEIN ifSpeakerSetBargein , snd_device = 2
07-27 11:21:50.850 D/knowles_util( 711): -ifSpeakerSetBargein-
07-27 11:21:50.850 D/audio_hw_utils( 711): audio_extn_utils_send_app_type_cfg: usecase->out_snd_device speaker
07-27 11:21:50.850 D/msm8974_platform( 711): platform_split_snd_device: snd_device(2) num devices(0) new_snd_devices(0)
07-27 11:21:50.850 D/audio_hw_utils( 711): audio_extn_btsco_get_sample_rate:Not a BT SCO device, need not update sampling rate
07-27 11:21:50.851 I/audio_hw_utils( 711): send_app_type_cfg_for_device PLAYBACK app_type 69936, acdb_dev_id 15, sample_rate 48000, snd_device_be_idx 45
07-27 11:21:50.851 D/msm8974_platform( 711): platform_split_snd_device: snd_device(2) num devices(1) new_snd_devices(0)
07-27 11:21:50.851 D/ACDB-LOADER( 711): ACDB -> send_audio_cal, acdb_id = 15, path = 0, app id = 0x11130, sample rate = 48000
07-27 11:21:50.851 D/ACDB-LOADER( 711): ACDB -> send_asm_topology
07-27 11:21:50.851 D/ACDB-LOADER( 711): ACDB -> ACDB_CMD_GET_AUDPROC_STREAM_TOPOLOGY_ID
07-27 11:21:50.851 D/ACDB-LOADER( 711): ACDB -> send_adm_topology
07-27 11:21:50.851 D/ACDB-LOADER( 711): ACDB -> ACDB_CMD_GET_AUDPROC_COMMON_TOPOLOGY_ID
07-27 11:21:50.851 D/ACDB-LOADER( 711): ACDB -> send_audtable
07-27 11:21:50.851 D/ACDB-LOADER( 711): ACDB -> ACDB_CMD_GET_AUDPROC_COMMON_TABLE_SIZE
07-27 11:21:50.851 D/ACDB-LOADER( 711): ACDB -> ACDB_CMD_GET_AUDPROC_COMMON_TABLE
07-27 11:21:50.851 D/ACDB-LOADER( 711): ACDB -> AUDIO_SET_AUDPROC_CAL
07-27 11:21:50.851 D/ACDB-LOADER( 711): ACDB -> send_audvoltable
07-27 11:21:50.851 D/ACDB-LOADER( 711): ACDB -> ACDB_CMD_GET_AUDPROC_VOL_STEP_TABLE_SIZE
07-27 11:21:50.851 D/ACDB-LOADER( 711): ACDB -> ACDB_CMD_GET_AUDPROC_GAIN_DEP_STEP_TABLE, vol index 5
07-27 11:21:50.851 D/ ( 711): Failed to fetch the lookup information of the device 0000000F
07-27 11:21:50.851 E/ACDB-LOADER( 711): Error: ACDB AudProc vol returned = -19
07-27 11:21:50.851 D/ACDB-LOADER( 711): ACDB -> AUDIO_SET_VOL_CAL cal type = 12
07-27 11:21:50.851 D/ACDB-LOADER( 711): ACDB -> ACDB_CMD_GET_AUDPROC_STREAM_TABLE_SIZE
07-27 11:21:50.851 D/ACDB-LOADER( 711): ACDB -> send_audstrmtable
07-27 11:21:50.851 D/ACDB-LOADER( 711): ACDB -> ACDB_CMD_GET_AUDPROC_STREAM_TABLE_V2
07-27 11:21:50.852 D/ACDB-LOADER( 711): ACDB -> audstrm_cal->cal_type.cal_data.cal_size = 488
07-27 11:21:50.852 D/ACDB-LOADER( 711): ACDB -> send_afe_topology
07-27 11:21:50.852 D/ACDB-LOADER( 711): ACDB -> ACDB_CMD_GET_AFE_TOPOLOGY_ID
07-27 11:21:50.852 D/ACDB-LOADER( 711): ACDB -> GET_AFE_TOPOLOGY_ID for adcd_id 15, Topology Id 1001025e
07-27 11:21:50.852 D/ACDB-LOADER( 711): ACDB -> send_afe_cal
07-27 11:21:50.852 D/ACDB-LOADER( 711): ACDB -> ACDB_CMD_GET_AFE_COMMON_TABLE_SIZE
07-27 11:21:50.852 D/ACDB-LOADER( 711): ACDB -> ACDB_CMD_GET_AFE_COMMON_TABLE
07-27 11:21:50.852 D/ACDB-LOADER( 711): ACDB -> AUDIO_SET_AFE_CAL
07-27 11:21:50.852 D/ACDB-LOADER( 711): ACDB -> send_hw_delay : acdb_id = 15 path = 0
07-27 11:21:50.852 D/ACDB-LOADER( 711): ACDB -> ACDB_AVSYNC_INFO: ACDB_CMD_GET_DEVICE_PROPERTY
07-27 11:21:50.852 D/audio_hw_primary( 711): enable_audio_route: apply mixer and update path: compress-offload-playback2 speaker
07-27 11:21:50.852 D/audio_route( 711): Apply path: compress-offload-playback2 speaker
07-27 11:21:50.853 E/msm8974_platform( 711): platform_get_snd_device_acdb_id: Invalid snd_device = 0
07-27 11:21:50.853 D/audio_hw_primary( 711): select_devices: acdb_id_in: -22 acdb_id_out: 15
07-27 11:21:50.853 D/audio_hw_primary( 711): select_devices: done
07-27 11:21:50.853 D/msm8974_platform( 711): platform_set_channel_map mixer_ctl_name:Playback Channel Map15
07-27 11:21:50.853 D/msm8974_platform( 711): platform_set_channel_map: set mapping(1 2 0 0 0 0 0 0) for channel:2
07-27 11:21:50.853 D/paramsStr(26715): room_id=3598&uid=1898141&version_name=4.3.0&_abtest=1&plat_type=Android&version_code=430&t_t=1564197710&model=PBEM00&udid=7ad5a76f-5add-4b35-8191-13d25815b6ef_ys&version=27&token=c73cd61253f12578927e4cd14e8e4f75
07-27 11:21:50.853 D/audio_hw_primary( 711): audio_enable_asm_bit_width_enforce_mode: DSP bitwidth feature is disabled.
07-27 11:21:50.868 D/SurfaceFlinger( 757): duplicate layer name: changing com.yishouapp.fumi/com.yishouapp.fumi.activity.VideoActivity to com.yishouapp.fumi/com.yishouapp.fumi.activity.VideoActivity#1
07-27 11:21:50.886 D/EAP_frame( 5840): skippedFrames : com.yishouapp.fumi(26715), 18
07-27 11:21:50.891 E/RecyclerView(26715): No adapter attached; skipping layout
07-27 11:21:50.909 D/logUrlResponse(26715): http://api.yishouapp.com/live/get_live_goods
07-27 11:21:50.909 D/logUrlResponse(26715): room_id=3598&uid=1898141&version_name=4.3.0&_abtest=1&plat_type=Android&version_code=430&t_t=1564197710&model=PBEM00&udid=7ad5a76f-5add-4b35-8191-13d25815b6ef_ys&version=27&token=c73cd61253f12578927e4cd14e8e4f75
07-27 11:21:50.909 D/logUrlResponse(26715): {"data":{"goods_list":[{"goods_img":"http:\/\/img.yishouapp.com\/goods\/img\/model\/2019\/7\/26\/c079becea08188d8e9123287c612c217.jpg?imageView2\/2\/w\/300\/h\/300\/format\/jpg\/q\/75\/","goods_no":"1119901052","goods_id":"12404877","goods_kh":"18-0103","goods_name":"直播㊾!简约印花时尚舒适保暖百搭毛呢外套 18-0103","title":"直播㊾!简约印花时尚舒适保暖百搭毛呢外套 18-0103","price":"129.15","status":1,"sort":"49","time":"0"},{"goods_img":"http:\/\/img.yishouapp.com\/goods\/img\/model\/2019\/7\/26\/4f1a493c7b37e61247fc848650738d2b.png?imageView2\/2\/w\/300\/h\/300\/format\/jpg\/q\/75\/","goods_no":"1119901010","goods_id":"12404876","goods_kh":"18-0205","goods_name":"直播㊽!气质百搭保暖舒适时尚毛呢外套 18-0205","title":"直播㊽!气质百搭保暖舒适时尚毛呢外套 18-0205","price":"129.15","status":1,"sort":"48","time":"0"},{"goods_img":"http:\/\/img.yishouapp.com\/goods\/img\/model\/2019\/7\/26\/32c2502d8e0b866f3682a1b99cf79586.jpg?imageView2\/2\/w\/300\/h\/300\/format\/jpg\/q\/75\/","goods_no":"1119900947","goods_id":"12404875","goods_kh":"18-0110","goods_name":"直播㊼!格子花纹排扣时尚百搭毛呢外套 18-0110","title":"直播㊼!格子花纹排扣时尚百搭毛呢外套 18-0110","price":"129.15","status":1,"sort":"47","time":"0"},{"goods_img":"http:\/\/img.yishouapp.com\/goods\/img\/model\/2019\/7\/26\/fe4664c0868070e08a2eb10734d9a829.jpg?imageView2\/2\/w\/300\/h\/300\/format\/jpg\/q\/75\/","goods_no":"1119900918","goods_id":"12404874","goods_kh":"18-0204","goods_name":"直播㊻!百搭格纹中长时尚舒适简约毛呢外套 18-0204","title":"直播㊻!百搭格纹中长时尚舒适简约毛呢外套 18-0204","price":"129.15","status":1,"sort":"46","time":"0"},{"goods_img":"http:\/\/img.yishouapp.com\/goods\/img\/model\/2019\/7\/27\/2c032114ab10d3faf50be9330541c64c.png?imageView2\/2\/w\/300\/h\/300\/format\/jpg\/q\/75\/","goods_no":"1119900889","goods_id":"12404873","goods_kh":"18-0207","goods_name":"直播㊺!经典格子印花时尚中长百搭毛呢外套 18-0207","title":"直播㊺!经典格子印花时尚中长百搭毛呢外套 18-0207","price":"129.15","status":1,"sort":"45","time":"0"},{"goods_img":"http:\/\/img.yishouapp.com\/goods\/img\/model\/2019\/7\/27\/fd1a2960347ad5d91ec7703fb82ed3f8.png?imageView2\/2\/w\/300\/h\/300\/format\/jpg\/q\/75\/","goods_no":"1119900861","goods_id":"12404872","goods_kh":"18-0111","goods_name":"直播㊹!中长款拼接气质保暖舒适毛呢外套 18-0111","title":"直播㊹!中长款拼接气质保暖舒适毛呢外套 18-0111","price":"129.15","status":1,"sort":"44","time":"0"},{"goods_img":"http:\/\/img.yishouapp.com\/goods\/img\/model\/2019\/7\/27\/a2ff134b162ec56b10cc43e0d33ff8b6.png?imageView2\/2\/w\/300\/h\/300\/format\/jpg\/q\/75\/","goods_no":"1119900785","goods_id":"12404871","goods_kh":"18-0407","goods_name":"直播㊸!中长款翻领泼墨印花时尚纯色毛呢外套 18-0407","title":"直播㊸!中长款翻领泼墨印花时尚纯色毛呢外套 18-0407","price":"129.15","status":1,"sort":"43","time":"0"},{"goods_img":"http:\/\/img.yishouapp.com\/goods\/img\/real\/2019\/7\/26\/2d2cfd74f810430acb5a0183dd7aecf0.jpg?imageView2\/2\/w\/300\/h\/300\/format\/jpg\/q\/75\/","goods_no":"1119900730","goods_id":"12404870","goods_kh":"19-212","goods_name":"直播㊷!【早秋上新】简约休闲清新悄皮小爱心中长款修身保暖毛衣 19-212","title":"直播㊷!【早秋上新】简约休闲清新悄皮小爱心中长款修身保暖毛衣 19-212","price":"68.25","status":1,"sort":"42","time":"0"},{"goods_img":"http:\/\/img.yishouapp.com\/goods\/img\/model\/2019\/7\/27\/c74600a19dbde3b3f571329d10a8dae7.jpg?imageView2\/2\/w\/300\/h\/300\/format\/jpg\/q\/75\/","goods_no":"1119900521","goods_id":"12404867","goods_kh":"19-20","goods_name":"直播㊶!【早秋上新】清新简约中长款修身保暖毛衣 19-20","title":"直播㊶!【早秋上新】清新简约中长款修身保暖毛衣 19-20","price":"68.25","status":1,"sort":"41","time":"0"},{"goods_
07-27 11:21:50.915 D/logUrlResponse(26715): http://api.yishouapp.com/live/get_live_data
07-27 11:21:50.915 D/logUrlResponse(26715): room_id=3598&uid=1898141&version_name=4.3.0&_abtest=1&plat_type=Android&version_code=430&t_t=1564197710&model=PBEM00&udid=7ad5a76f-5add-4b35-8191-13d25815b6ef_ys&version=27&token=c73cd61253f12578927e4cd14e8e4f75
07-27 11:21:50.915 D/logUrlResponse(26715): {"data":{"model_data":[{"name":"橘子","weight":"47kg","height":"160cm"}],"supply_data":{},"live_data":{"pull_url":"http:\/\/playlive.yishouapp.com\/live\/32234_13856_5d3aae5feea8d.flv","record_url":"http:\/\/vod2.yishouapp.cn\/a1ca730avodcq1253669035\/1e45285a5285890792028958563\/playlist1.m3u8","im_group_id":"@TGS#aSQBYD7FQ","status":"4","room_id":3598}},"msg":"success","code":"200"}
07-27 11:21:50.917 I/Choreographer(26715): Skipped 13 frames! The application may be doing too much work on its main thread.
07-27 11:21:50.920 D/audio_hw_utils( 711): audio_extn_utils_compress_set_render_mode:: render mode 0
07-27 11:21:50.920 D/audio_hw_utils( 711): audio_extn_utils_compress_set_clk_rec_mode:: clk recovery is only supported in STC render mode
07-27 11:21:50.920 D/offload_visualizer( 711): thread enter
07-27 11:21:50.920 D/knowles_util( 711): +onPlayStartUpdateBaregein+
07-27 11:21:50.920 D/knowles_util( 711): BARGEIN onPlayStartUpdateBaregein : usecase = 4
07-27 11:21:50.920 E/knowles_util( 711): BARGEIN onPlayStartUpdateBaregein = its not touchtone
07-27 11:21:50.920 D/knowles_util( 711): setBargeinStatus = 1 1
07-27 11:21:50.920 D/knowles_st_hal( 711): ### +stdev_set_bargein+ 1 ###
07-27 11:21:50.920 D/knowles_st_hal( 711): stdev_set_bargein pthread_mutex_lock(&stdev->set_bargein_lock);
07-27 11:21:50.920 D/knowles_st_hal( 711): +start_bargein+
07-27 11:21:50.920 D/knowles_st_hal( 711): +event_handler+ event(1)
07-27 11:21:50.920 D/knowles_st_hal( 711): +bargein_event_handler+ event(1) bargeinState(0)
07-27 11:21:50.920 D/knowles_st_hal( 711): bargein_event_handler BARGEIN_STOPPED_STATE
07-27 11:21:50.920 D/knowles_st_hal( 711): bargein_event_handler receive evt :START_BARGEIN_EVT
07-27 11:21:50.920 D/knowles_st_hal( 711): +start_bargein_timer+
07-27 11:21:50.920 D/knowles_st_hal( 711): start_bargein_timer, Timer started
07-27 11:21:50.920 D/knowles_st_hal( 711): -start_bargein_timer-
07-27 11:21:50.920 D/knowles_st_hal( 711): bargein_event_handler timer_lock released (0)
07-27 11:21:50.920 D/knowles_st_hal( 711): -bargein_event_handler- event(1)
07-27 11:21:50.920 D/knowles_st_hal( 711): -event_handler- event(1)
07-27 11:21:50.920 D/knowles_st_hal( 711): -start_bargein-
07-27 11:21:50.920 D/knowles_st_hal( 711): BARGEIN isTimerBargein = 1, isCvq = 0
07-27 11:21:50.920 D/knowles_st_hal( 711): ### -stdev_set_bargein- 1 ###
07-27 11:21:50.920 D/knowles_util( 711): -setBargeinStatus-
07-27 11:21:50.920 D/knowles_util( 711): -onPlayStartUpdateBaregein-
07-27 11:21:50.921 D/audio_hw_primary( 711): start_output_stream: exit
07-27 11:21:50.921 D/audio_hw_primary( 711): out_write: retry previous failed cal level set
07-27 11:21:50.921 D/msm8974_platform( 711): platform_split_snd_device: snd_device(2) num devices(1) new_snd_devices(0)
07-27 11:21:50.921 D/audio_hw_primary( 711): copl(0xee3ef000):send new gapless metadata
07-27 11:21:50.944 W/TXCVideoRender(26715): play:vrender: texture available @android.graphics.SurfaceTexture@f4d5ec6
07-27 11:21:50.944 W/TXCTextureViewWrapper(26715): vrender: set view size:1080,2340
07-27 11:21:50.945 W/TXCVideoRender(26715): play:vrender: start render thread
07-27 11:21:50.954 D/OpenGLRenderer(26715): disabledither
07-27 11:21:50.955 D/OpenGLRenderer(26715): disabledither
07-27 11:21:50.958 W/TXCVideoRenderThread(26715): vrender: init egl @context=com.google.android.gles_jni.EGLContextImpl@c6e534cf,surface=com.google.android.gles_jni.EGLSurfaceImpl@e729b667
07-27 11:21:50.963 D/logUrlResponse(26715): http://api.yishouapp.com/live/get_user_sig
07-27 11:21:50.963 D/logUrlResponse(26715): uid=1898141&version_name=4.3.0&_abtest=1&plat_type=Android&version_code=430&t_t=1564197710&model=PBEM00&udid=7ad5a76f-5add-4b35-8191-13d25815b6ef_ys&version=27&token=c73cd61253f12578927e4cd14e8e4f75
07-27 11:21:50.963 D/logUrlResponse(26715): {"data":{"im_user_id":"userid_1898141","user_sig":"eJxNjUtTgzAURv9LtjhOLoRS3DkMpdDWsaDWrjKRpDY*ICQB*hj-uwxTH9tz7vnuGT0si2tWlnVbWWqPSqAbhNHViCUXlZU7KfQAWyO05BSm4RQIXC6YUgNjlnqa-wsNf6ejGhgQjIEQN5xcpDgoqQVlOzvugu-7LsY-aSe0kXU1CBeDD66H8Z*08lOMyYRAGATw*0**DngVb6N0HfV3ldM7xd7Ei0RvTD*HRSdVE2VxcHraZJVhyeMxJ8-ifp3ub5fetgw-2titux6waOKkMLkzfztwU85m6SpvbJOcMty-cPT1DRNNWyo_"},"msg":"success","code":"200"}
07-27 11:21:50.964 W/TXCTextureViewWrapper(26715): vrender: set view size:1080,2340
07-27 11:21:50.965 W/TXCTextureViewWrapper(26715): vrender: set video size:0,0
07-27 11:21:50.969 I/ActivityManager( 1699): Displayed com.yishouapp.fumi/.activity.VideoActivity: +602ms
07-27 11:21:50.970 W//system/bin/hwservicemanager( 546): getTransport: Cannot find entry vendor.qti.hardware.iop@2.0::IIop/default in either framework or device manifest.
07-27 11:21:50.970 E/ANDR-PERF-JNI( 1699): Iop tryGetService failed
07-27 11:21:50.990 E/TXCVideoDecoder(26715): play:decode: start decoder error when decoder is started
07-27 11:21:50.997 V/WindowManager( 1699): Changing focus from Window{a77c3e u0 com.yishouapp.fumi/com.yishouapp.fumi.activity.VideoActivity EXITING} to Window{6f287b5 u0 com.yishouapp.fumi/com.yishouapp.fumi.activity.VideoActivity}
07-27 11:21:51.009 W/TXCTextureViewWrapper(26715): vrender: set video size:720,1280
07-27 11:21:51.017 I/RESP (26715): response = {"data":{"live_data":{"im_group_id":"@TGS#aSQBYD7FQ","pull_url":"http://playlive.yishouapp.com/live/32234_13856_5d3aae5feea8d.flv","record_url":"http://vod2.yishouapp.cn/a1ca730avodcq1253669035/1e45285a5285890792028958563/playlist1.m3u8","status":"4"},"model_data":[{"height":"160cm","name":"橘子","weight":"47kg"}],"supply_data":{}},"code":200,"msg":"success"}
07-27 11:21:51.019 I/AudioCenter:TXCTelephonyMgr(26715): onCallStateChanged:0
07-27 11:21:51.019 I/AudioCenter:TXCAudioBasePlayController(26715): set mute to false
07-27 11:21:51.024 I/RESP (26715): response = {"data":{"goods_list":[{"goods_id":"12404877","goods_img":"http://img.yishouapp.com/goods/img/model/2019/7/26/c079becea08188d8e9123287c612c217.jpg?imageView2/2/w/300/h/300/format/jpg/q/75/","goods_no":"1119901052","isOnPlay":false,"price":"129.15","sort":"49","status":"1","time":"0","title":"直播㊾!简约印花时尚舒适保暖百搭毛呢外套 18-0103"},{"goods_id":"12404876","goods_img":"http://img.yishouapp.com/goods/img/model/2019/7/26/4f1a493c7b37e61247fc848650738d2b.png?imageView2/2/w/300/h/300/format/jpg/q/75/","goods_no":"1119901010","isOnPlay":false,"price":"129.15","sort":"48","status":"1","time":"0","title":"直播㊽!气质百搭保暖舒适时尚毛呢外套 18-0205"},{"goods_id":"12404875","goods_img":"http://img.yishouapp.com/goods/img/model/2019/7/26/32c2502d8e0b866f3682a1b99cf79586.jpg?imageView2/2/w/300/h/300/format/jpg/q/75/","goods_no":"1119900947","isOnPlay":false,"price":"129.15","sort":"47","status":"1","time":"0","title":"直播㊼!格子花纹排扣时尚百搭毛呢外套 18-0110"},{"goods_id":"12404874","goods_img":"http://img.yishouapp.com/goods/img/model/2019/7/26/fe4664c0868070e08a2eb10734d9a829.jpg?imageView2/2/w/300/h/300/format/jpg/q/75/","goods_no":"1119900918","isOnPlay":false,"price":"129.15","sort":"46","status":"1","time":"0","title":"直播㊻!百搭格纹中长时尚舒适简约毛呢外套 18-0204"},{"goods_id":"12404873","goods_img":"http://img.yishouapp.com/goods/img/model/2019/7/27/2c032114ab10d3faf50be9330541c64c.png?imageView2/2/w/300/h/300/format/jpg/q/75/","goods_no":"1119900889","isOnPlay":false,"price":"129.15","sort":"45","status":"1","time":"0","title":"直播㊺!经典格子印花时尚中长百搭毛呢外套 18-0207"},{"goods_id":"12404872","goods_img":"http://img.yishouapp.com/goods/img/model/2019/7/27/fd1a2960347ad5d91ec7703fb82ed3f8.png?imageView2/2/w/300/h/300/format/jpg/q/75/","goods_no":"1119900861","isOnPlay":false,"price":"129.15","sort":"44","status":"1","time":"0","title":"直播㊹!中长款拼接气质保暖舒适毛呢外套 18-0111"},{"goods_id":"12404871","goods_img":"http://img.yishouapp.com/goods/img/model/2019/7/27/a2ff134b162ec56b10cc43e0d33ff8b6.png?imageView2/2/w/300/h/300/format/jpg/q/75/","goods_no":"1119900785","isOnPlay":false,"price":"129.15","sort":"43","status":"1","time":"0","title":"直播㊸!中长款翻领泼墨印花时尚纯色毛呢外套 18-0407"},{"goods_id":"12404870","goods_img":"http://img.yishouapp.com/goods/img/real/2019/7/26/2d2cfd74f810430acb5a0183dd7aecf0.jpg?imageView2/2/w/300/h/300/format/jpg/q/75/","goods_no":"1119900730","isOnPlay":false,"price":"68.25","sort":"42","status":"1","time":"0","title":"直播㊷!【早秋上新】简约休闲清新悄皮小爱心中长款修身保暖毛衣 19-212"},{"goods_id":"12404867","goods_img":"http://img.yishouapp.com/goods/img/model/2019/7/27/c74600a19dbde3b3f571329d10a8dae7.jpg?imageView2/2/w/300/h/300/format/jpg/q/75/","goods_no":"1119900521","isOnPlay":false,"price":"68.25","sort":"41","status":"1","time":"0","title":"直播㊶!【早秋上新】清新简约中长款修身保暖毛衣 19-20"},{"goods_id":"12404866","goods_img":"http://img.yishouapp.com/goods/img/model/2019/7/27/3849b2c16c472bea9875cb409a55b742.jpg?imageView2/2/w/300/h/300/format/jpg/q/75/","goods_no":"1119900500","isOnPlay":false,"price":"63.00","sort":"40","status":"1","time":"0","title":"直播㊵!【早秋上新】秋季清新减龄活力撞色条纹短款保暖毛衣 19-19"},{"goods_id":"12404865","goods_img":"http://img.yishouapp.com/goods/img/model/2019/7/26/e646a17ae851a1bf0f8c54780ac58f5b.jpg?imageView2/2/w/300/h/300/format/jpg/q/75/","goods_no":"1119900492","isOnPlay":false,"price":"68.25","sort":"39","status":"1","time":"0","title":"直播㊴!【早秋上新】舒适简约领口菱形小撞色排扣设计中长款保暖毛衣 19-18"},{"goods_id":"12404864","goods_img":"http://img.yishouapp.com/goods/img/real/2019/7/26/99628b95559fc057314bf2c32bddc727.jpg?imageView2/2/w/300/h/300/format/jpg/q/75/","goods_no":"1119900482","isOnPlay":false,"price":"63.00",
07-27 11:21:51.029 I/Choreographer(26715): Skipped 6 frames! The application may be doing too much work on its main thread.
07-27 11:21:51.041 D/logUrlResponse(26715): http://api.yishouapp.com/live/pre_live_data
07-27 11:21:51.041 D/logUrlResponse(26715): room_id=3598&uid=1898141&version_name=4.3.0&_abtest=1&plat_type=Android&version_code=430&t_t=1564197710&model=PBEM00&udid=7ad5a76f-5add-4b35-8191-13d25815b6ef_ys&version=27&token=c73cd61253f12578927e4cd14e8e4f75
07-27 11:21:51.041 D/logUrlResponse(26715): {"data":{"pre_data":{"room_id":"3598","video_back_img":"","info":"秋冬尝鲜季,福利特价场~\n水貂绒毛衣\/开衫 \n打动你的不仅是款式,更是价格!","video_url":"","imgs":["http:\/\/img.yishouapp.com\/2019\/07\/26\/wEMBOYAMDQd3P.jpg?imageView2\/2\/w\/600\/h\/1334\/format\/jpg\/q\/75\/","http:\/\/img.yishouapp.com\/2019\/07\/26\/Z8IzaveAuWmLn.jpg?imageView2\/2\/w\/600\/h\/1334\/format\/jpg\/q\/75\/","http:\/\/img.yishouapp.com\/2019\/07\/26\/mxWUMy5FfP8lS.jpg?imageView2\/2\/w\/600\/h\/1334\/format\/jpg\/q\/75\/","http:\/\/img.yishouapp.com\/2019\/07\/26\/GTp01uLb7bfKW.jpg?imageView2\/2\/w\/600\/h\/1334\/format\/jpg\/q\/75\/","http:\/\/img.yishouapp.com\/2019\/07\/26\/b9etioPbQ6Oyc.jpg?imageView2\/2\/w\/600\/h\/1334\/format\/jpg\/q\/75\/","http:\/\/img.yishouapp.com\/2019\/07\/26\/Tuem0toX33m0j.jpg?imageView2\/2\/w\/600\/h\/1334\/format\/jpg\/q\/75\/"],"create_time":"1564131935"}},"msg":"success","code":"200"}
07-27 11:21:51.054 I/Unknow (26715): [TXCAudioJitterBuffer.cpp, syncSpeedState, 710]:AudioCenter:TXCAudioJitterBuffer start speed [1.100000], cacheThreshold [5.000000], audioCache: 6421 ms
07-27 11:21:51.161 I/RESP (26715): response = {"data":{"im_user_id":"userid_1898141","user_sig":"eJxNjUtTgzAURv9LtjhOLoRS3DkMpdDWsaDWrjKRpDY*ICQB*hj-uwxTH9tz7vnuGT0si2tWlnVbWWqPSqAbhNHViCUXlZU7KfQAWyO05BSm4RQIXC6YUgNjlnqa-wsNf6ejGhgQjIEQN5xcpDgoqQVlOzvugu-7LsY-aSe0kXU1CBeDD66H8Z*08lOMyYRAGATw*0**DngVb6N0HfV3ldM7xd7Ei0RvTD*HRSdVE2VxcHraZJVhyeMxJ8-ifp3ub5fetgw-2titux6waOKkMLkzfztwU85m6SpvbJOcMty-cPT1DRNNWyo_"},"code":200,"msg":"success"}
07-27 11:21:51.161 I/imsdk.IMMsfCoreProxy(26715): [E]Login|1-Begin|Succ|identifer=1400144296::userid_1898141:, sdkappid=1400144296
07-27 11:21:51.162 D/IMMsfUserInfo(26715): [E]update login state: 0-->1|userid_1898141
07-27 11:21:51.162 D/IMMsfUserInfo(26715): [E]update login state: 1-->0|userid_1898141
07-27 11:21:51.162 W/imsdk.QualityReportHelper(26715): [E]ignore reportQrEvent event:1|code:6013|descr:sdk not initialized.
07-27 11:21:51.173 I/Choreographer(26715): Skipped 7 frames! The application may be doing too much work on its main thread.
07-27 11:21:51.177 D/xx ( 2513): setInputState isInput=false isPre=false
07-27 11:21:51.177 D/xx ( 2513): updateKeyboardKeys mComposer.update ComposingText()=
07-27 11:21:51.191 I/RESP (26715): response = {"data":{"pre_data":{"imgs":["http://img.yishouapp.com/2019/07/26/wEMBOYAMDQd3P.jpg?imageView2/2/w/600/h/1334/format/jpg/q/75/","http://img.yishouapp.com/2019/07/26/Z8IzaveAuWmLn.jpg?imageView2/2/w/600/h/1334/format/jpg/q/75/","http://img.yishouapp.com/2019/07/26/mxWUMy5FfP8lS.jpg?imageView2/2/w/600/h/1334/format/jpg/q/75/","http://img.yishouapp.com/2019/07/26/GTp01uLb7bfKW.jpg?imageView2/2/w/600/h/1334/format/jpg/q/75/","http://img.yishouapp.com/2019/07/26/b9etioPbQ6Oyc.jpg?imageView2/2/w/600/h/1334/format/jpg/q/75/","http://img.yishouapp.com/2019/07/26/Tuem0toX33m0j.jpg?imageView2/2/w/600/h/1334/format/jpg/q/75/"],"info":"秋冬尝鲜季,福利特价场~\n水貂绒毛衣/开衫 \n打动你的不仅是款式,更是价格!","video_back_img":"","video_url":""}},"code":200,"msg":"success"}
07-27 11:21:51.203 I/imsdk.IMMsfCoreProxy(26715): [E]
07-27 11:21:51.203 I/imsdk.IMMsfCoreProxy(26715): =====================================================
07-27 11:21:51.204 I/imsdk.IMMsfCoreProxy(26715): [E]try initIMCore msfCoreProxy|appid: 537050853
07-27 11:21:51.206 I/imsdk.IMMsfCoreProxy(26715): [E]initIMCore msfCoreProxy...
07-27 11:21:51.207 I/imsdk.IMCoreWrapper(26715): [E]LoadLibrary|1-Begin|succ
07-27 11:21:51.225 I/imsdk.IMCoreWrapper(26715): [E]LoadLibrary|2-Loading|system load succ
07-27 11:21:51.237 I/imsdk.IMCoreWrapper(26715): [E]LoadLibrary|3-MethodTest|succ
07-27 11:21:51.237 I/imsdk.IMCoreWrapper(26715): [E]LoadLibrary|4-End|succ
07-27 11:21:51.239 I/QALSDKManager(26715): setPushCallBack: im_open_push.msg_push
07-27 11:21:51.240 D/CoreWrapper(26715): add pushim_open_push.msg_push
07-27 11:21:51.240 I/QALSDKManager(26715): setNoGuestMode
07-27 11:21:51.241 E/QALSDKManager(26715): init qal sdk,version:2.2.17.106265
07-27 11:21:51.250 D/appMemory(26715): QLog init retry
07-27 11:21:51.253 D/appMemory(26715): QLog init retry
07-27 11:21:51.256 I/tls_sdk (26715): [TLSHelper.java:229]Generate Shared Key Begin ...
07-27 11:21:51.265 I/WindowManager( 1699): handleOpeningSpecialApp (statusbar != null ) true pkg: com.oppo.launcher start: 3
07-27 11:21:51.265 I/WindowManager( 1699): handleOpeningSpecialApp (statusbar != null ) true pkg: com.coloros.recents start: 4
07-27 11:21:51.266 D/MSF.D.QLogImpl(26715): delete log file before:sdk.19.07.20.11.log
07-27 11:21:51.276 D/MSF.D.QLogImpl(26715): delete log file before:app.19.07.20.11.log
07-27 11:21:51.333 I/tls_sdk (26715): [TLSHelper.java:223]create key pair and shared key with bouncycastle OK
07-27 11:21:51.362 I/tls_sdk (26715): [TLSHelper.java:261]android version:8.1.0 saved_network_type:2 network_type:2 release time:2018/02/08 13:59:50 svn ver:2259
07-27 11:21:51.362 D/QALSDKManager(26715): init tls sdk done:1400144296
07-27 11:21:51.370 D/MsfServiceProxy(26715): start service finish
07-27 11:21:51.370 I/elsa ( 8312): addCgroupTask, TASK_PID, add the uid: 10231 pid:23909 to cgroup /dev/cpuset
07-27 11:21:51.371 D/QalService(23909): serivce onStart
07-27 11:21:51.372 D/MsfServiceProxy(26715): threadID:2, threadName: main bind com.tencent.qalsdk.service.QalService service finished true
07-27 11:21:51.374 D/MSF.C.CoreUtil(26715): load save root dir is /data/user/0/com.yishouapp.fumi/files
07-27 11:21:51.375 E/ANDR-PERF-RESOURCEQS( 736): Failed to reset optimization [3, 0]
07-27 11:21:51.377 D/MSF.C.AccountCenter(26715): try load accounts 1
07-27 11:21:51.383 I/MSF.C.AccountCenter(26715): load account tinyid:144115213350774102:userid_1898141 registed:0
07-27 11:21:51.385 I/MSF.C.AccountCenter(26715): addAccount 144115213350774102:userid_1898141
07-27 11:21:51.386 I/MSF.C.AccountCenter(26715): handle account: 144115213350774102:userid_1898141
07-27 11:21:51.388 I/CoreWrapper(26715): store accout:144115213350774102:userid_1898141
07-27 11:21:51.389 I/QALSDKManager(26715): setOutputLogLevel:5
07-27 11:21:51.389 I/QLog (26715): set service log level:5
07-27 11:21:51.389 D/CoreWrapper(26715): set service loglevel:5
07-27 11:21:51.391 D/MsfServiceSdk(26715): sdk sendMsg. ssoCmd:qal.setLogLevel msfCmd:qal_setLogLevel appSeq:1131
07-27 11:21:51.401 D/MsfServiceProxy(26715): start service finish
07-27 11:21:51.402 D/QalService(23909): serivce onStart
07-27 11:21:51.404 D/MsfServiceProxy(26715): threadID:2, threadName: main bind com.tencent.qalsdk.service.QalService service finished true
07-27 11:21:51.413 D/jni_imsdk(26715): [19-07-27 11:21:51.413][DEBUG][timer_queue.cc:121][RunLoop][IMCore]timer runloop: name|ctx_timer_queue fire_time_ms|916015668
07-27 11:21:51.413 D/jni_imsdk(26715): [19-07-27 11:21:51.413][DEBUG][timer_queue.cc:81][AddTimer][IMCore]add timer: id=report_task
07-27 11:21:51.413 D/jni_imsdk(26715): [19-07-27 11:21:51.413][INFO][qr_proto.cc:37][InitVersion][IMCore]StatBuilder InitVersion:2.7.2-13738.13756
07-27 11:21:51.413 D/jni_imsdk(26715): [19-07-27 11:21:51.413][INFO][][imsdk.IMMsfCoreProxy]init with imcore
07-27 11:21:51.414 D/jni_imsdk(26715): [19-07-27 11:21:51.414][DEBUG][timer_queue.cc:121][RunLoop][IMCore]timer runloop: name|ctx_timer_queue fire_time_ms|829915669
07-27 11:21:51.414 D/jni_imsdk(26715): [19-07-27 11:21:51.414][INFO][][imsdk.IMMsfCoreProxy]initIMCore msfCoreProxy done
07-27 11:21:51.416 D/jni_imsdk(26715): [19-07-27 11:21:51.416][EVENT][][imsdk.IMMsfCoreProxy]Login|5-Callback|Succ|Login failed! code:6013, desc:sdk not initialized.
07-27 11:21:51.417 I/Choreographer(26715): Skipped 13 frames! The application may be doing too much work on its main thread.
07-27 11:21:51.419 D/paramsStr(26715): uid=1898141&version_name=4.3.0&_abtest=1&plat_type=Android&version_code=430&t_t=1564197711&model=PBEM00&udid=7ad5a76f-5add-4b35-8191-13d25815b6ef_ys&version=27&token=c73cd61253f12578927e4cd14e8e4f75
07-27 11:21:51.473 D/MSF.D.RemoteServiceProxy(26715): threadID:2 onServiceConnected service:ComponentInfo{com.yishouapp.fumi/com.tencent.qalsdk.service.QalService}
07-27 11:21:51.474 D/MsfServiceProxy(26715): send req to msfService:ToServiceMsg msName:registerMsfService ssoSeq:-1 appId:537050853 appSeq:1132 sName:com.tencent.qalsdk.service.QalService uin:0 sCmd:cmd_RegisterMsfService t:10000 needResp:falsehttpReq:false
07-27 11:21:51.477 D/QalService(23909): service rcvmsg. ssoCmd:cmd_RegisterMsfService msfCmd:registerMsfService appSeq:1132
07-27 11:21:51.477 D/MSF.S.AppProcessInfo(23909): com.yishouapp.fumi onAppBind, isAppConnected true
07-27 11:21:51.477 I/MSF.S.AppProcessManager(23909): onRegisterApp: com.yishouapp.fumi
07-27 11:21:51.478 I/MSF.C.MsfCore(23909): send to sdk server env:0
07-27 11:21:51.479 D/MSF.C.MsfCore(23909): service recv msg . ssoCmd:qal.setServerEnv ssoSeq:-1
07-27 11:21:51.479 D/MSF.S.AppProcessManager(23909): send push com.yishouapp.fumi from:0|cmd_pushSetConfig|-1
07-27 11:21:51.481 D/MsfServiceProxy(26715): registerMsfService result:45728
07-27 11:21:51.482 E/QALSDKManager(26715): com.yishouapp.fumi init qal sdk done!
07-27 11:21:51.482 D/MsfServiceProxy(26715): send req to msfService:ToServiceMsg msName:qal_setLogLevel ssoSeq:-1 appId:537050853 appSeq:1131 sName:com.tencent.qalsdk.service.QalService uin:0 sCmd:qal.setLogLevel t:10000 needResp:falsehttpReq:false
07-27 11:21:51.482 D/MSF.S.AppProcessManager(23909): send push com.yishouapp.fumi from:0|qal.setServerEnv|-1
07-27 11:21:51.482 D/jni_imsdk(26715): [19-07-27 11:21:51.482][WARN][][QALSDKManager]com.yishouapp.fumi init qal sdk done!
07-27 11:21:51.483 D/MsfServiceProxy(26715): onRecvPushResp FromServiceMsg msName:pushSetConfig ssoSeq:-1 failCode:1000 errorMsg: uin:0 serviceCmd:cmd_pushSetConfig appId:537050853 appSeq:-1
07-27 11:21:51.484 D/MsfServiceProxy(26715): server interval time:0
07-27 11:21:51.485 D/QalService(23909): service rcvmsg. ssoCmd:qal.setLogLevel msfCmd:qal_setLogLevel appSeq:1131
07-27 11:21:51.486 I/QLog (23909): set service log level:5
07-27 11:21:51.487 D/MsfServiceProxy(26715): onRecvPushResp FromServiceMsg msName:qal_setServerEnv ssoSeq:-1 failCode:1000 errorMsg: uin:0 serviceCmd:qal.setServerEnv appId:537050853 appSeq:45729
07-27 11:21:51.487 D/MsfServiceProxy(26715): onRecvServicePushResp SsoCmd:qal.setServerEnv ssoSeq:-1
07-27 11:21:51.497 D/CoreWrapper(26715): [CoreWrapper handlePushMsg] recv push cmd: qal.setServerEnv:msf cmd:qal_setServerEnv:-1
07-27 11:21:51.498 I/CoreWrapper(26715): recv service serverEnv:0
07-27 11:21:51.498 D/jni_imsdk(26715): [19-07-27 11:21:51.498][DEBUG][][CoreWrapper][CoreWrapper handlePushMsg] recv push cmd: qal.setServerEnv:msf cmd:qal_setServerEnv:-1
07-27 11:21:51.498 D/jni_imsdk(26715): [19-07-27 11:21:51.498][DEBUG][][CoreWrapper]recv service serverEnv:0
07-27 11:21:51.499 D/商品s列表图(26715): 宽:1080 高:977 位置:4
07-27 11:21:51.510 D/logUrlResponse(26715): http://api.yishouapp.com/live/get_user_sig
07-27 11:21:51.510 D/logUrlResponse(26715): uid=1898141&version_name=4.3.0&_abtest=1&plat_type=Android&version_code=430&t_t=1564197711&model=PBEM00&udid=7ad5a76f-5add-4b35-8191-13d25815b6ef_ys&version=27&token=c73cd61253f12578927e4cd14e8e4f75
07-27 11:21:51.510 D/logUrlResponse(26715): {"data":{"im_user_id":"userid_1898141","user_sig":"eJxNjkFPg0AQRv8LV43Zgd0CJh6wkKZaRFpprRdCYMERC7i7KNj4392QNnp9b96XORpPq81Vludt36hUjR03rg1iXE4YC94oLJELDXvJBRYpOK4DFE4XWddplqnUEsW-UBZ1OinNgBIClJru7CT50KHgaVaqaRcYYyYh5-STC4lto4VJgIFpEfInFR74lMwouLYN5zckVhqHQTJfegdStYvKCn3wxnhdr0w-TC4W0fJ*-kyddSyCV-nFHm4hBg8Db7AfmTVsIh6jm4Qf*3wXWSXt5Ra--Zc3LxuLwK1juHtX*xvj5xeNnVj9"},"msg":"success","code":"200"}
07-27 11:21:51.519 I/RESP (26715): response = {"data":{"im_user_id":"userid_1898141","user_sig":"eJxNjkFPg0AQRv8LV43Zgd0CJh6wkKZaRFpprRdCYMERC7i7KNj4392QNnp9b96XORpPq81Vludt36hUjR03rg1iXE4YC94oLJELDXvJBRYpOK4DFE4XWddplqnUEsW-UBZ1OinNgBIClJru7CT50KHgaVaqaRcYYyYh5-STC4lto4VJgIFpEfInFR74lMwouLYN5zckVhqHQTJfegdStYvKCn3wxnhdr0w-TC4W0fJ*-kyddSyCV-nFHm4hBg8Db7AfmTVsIh6jm4Qf*3wXWSXt5Ra--Zc3LxuLwK1juHtX*xvj5xeNnVj9"},"code":200,"msg":"success"}
07-27 11:21:51.520 D/jni_imsdk(26715): [19-07-27 11:21:51.520][INFO][][imsdk.IMMsfCoreProxy]Login|1-Begin|Succ|identifer=1400144296::userid_1898141:, sdkappid=1400144296
07-27 11:21:51.520 D/jni_imsdk(26715): [19-07-27 11:21:51.520][DEBUG][][IMMsfUserInfo]update login state: 0-->1|userid_1898141
07-27 11:21:51.520 D/jni_imsdk(26715): [19-07-27 11:21:51.520][EVENT][][imsdk.IMMsfCoreProxy]invalid accountType:
07-27 11:21:51.527 D/商品s列表图(26715): 宽:1080 高:956 位置:2
07-27 11:21:51.528 I/tls_sdk (26715): [WorkThread.java:60]run at Thread-55
07-27 11:21:51.528 D/jni_imsdk(26715): [19-07-27 11:21:51.528][DEBUG][][tls_sdk][WorkThread.java:60]run at Thread-55
07-27 11:21:51.528 I/tls_sdk (26715): [TLSHelper.java:1780]user:userid_1898141 sdkAppid:1400144296 role:6269 Seq:1 RequestTransport...
07-27 11:21:51.529 D/jni_imsdk(26715): [19-07-27 11:21:51.529][DEBUG][][tls_sdk][TLSHelper.java:1780]user:userid_1898141 sdkAppid:1400144296 role:6269 Seq:1 RequestTransport...
07-27 11:21:51.540 I/tls_sdk (26715): [oicq_request.java:317]ecdh req body 455
07-27 11:21:51.541 D/jni_imsdk(26715): [19-07-27 11:21:51.541][DEBUG][][tls_sdk][oicq_request.java:317]ecdh req body 455
07-27 11:21:51.545 I/tls_sdk (26715): [oicq_request.java:487]tencent.tls.request.req_transport:snd_rcv_req_sso ...
07-27 11:21:51.546 I/tls_sdk (26715): [oicq_request.java:494]SSORunner service_cmd:wtlogin64.trans_emp timeout:10000
07-27 11:21:51.546 D/jni_imsdk(26715): [19-07-27 11:21:51.546][DEBUG][][tls_sdk][oicq_request.java:487]tencent.tls.request.req_transport:snd_rcv_req_sso ...
07-27 11:21:51.546 D/jni_imsdk(26715): [19-07-27 11:21:51.546][DEBUG][][tls_sdk][oicq_request.java:494]SSORunner service_cmd:wtlogin64.trans_emp timeout:10000
07-27 11:21:51.548 I/tls_sdk (26715): [SSORunner.java:98]proxy hashCode
07-27 11:21:51.548 D/jni_imsdk(26715): [19-07-27 11:21:51.548][DEBUG][][tls_sdk][SSORunner.java:98]proxy hashCode
07-27 11:21:51.550 I/tls_sdk (26715): [SSORunner.java:53]SSORunner serviceCmd=wtlogin64.trans_emp reqData.length=488 timeout=10000
07-27 11:21:51.550 D/QALSDKManager(26715): sendmsg:0:wtlogin64.trans_emp:10000
07-27 11:21:51.551 D/jni_imsdk(26715): [19-07-27 11:21:51.550][DEBUG][][tls_sdk][SSORunner.java:53]SSORunner serviceCmd=wtlogin64.trans_emp reqData.length=488 timeout=10000
07-27 11:21:51.552 D/MsfServiceSdk(26715): sdk sendMsg. ssoCmd:wtlogin64.trans_emp msfCmd:unknown appSeq:1133
07-27 11:21:51.552 D/MSF.D.RemoteServiceProxy(26715): waiteSendSeqSet put:0wtlogin64.trans_emp :-1:1133
07-27 11:21:51.553 D/商品s列表图(26715): 宽:1080 高:1225 位置:1
07-27 11:21:51.553 D/MsfServiceProxy(26715): send req to msfService:ToServiceMsg msName:unknown ssoSeq:-1 appId:537050853 appSeq:1133 sName:com.tencent.qalsdk.service.QalService uin:0 sCmd:wtlogin64.trans_emp t:10000 needResp:truehttpReq:false
07-27 11:21:51.553 D/商品s列表图(26715): 宽:1080 高:955 位置:5
07-27 11:21:51.554 D/商品s列表图(26715): 宽:1080 高:961 位置:3
07-27 11:21:51.558 D/QalService(23909): service rcvmsg. ssoCmd:wtlogin64.trans_emp msfCmd:unknown appSeq:1133
07-27 11:21:51.558 I/zygote (26715): Background concurrent copying GC freed 107311(7MB) AllocSpace objects, 75(2MB) LOS objects, 50% free, 13MB/27MB, paused 544us total 118.987ms
07-27 11:21:51.558 D/MSF.C.NetConnTag(23909): ping pkg sent, buffer size: 21
07-27 11:21:51.560 D/MSF.C.NetConnTag(23909): add ToServiceMsg msName:qal_Hello ssoSeq:45732 appId:537050853 appSeq:-1 sName: uin:0 sCmd:MSF t:10000 needResp:truehttpReq:false to send
07-27 11:21:51.562 I/MSF.C.NetConnTag(23909): netSend ssoSeq:45732 appSeq:-1 uin:0 cmd:MSF 45753
07-27 11:21:51.563 I/tls_sdk (26715): [SSORunner.java:60]timeout 10000 before wait
07-27 11:21:51.563 D/jni_imsdk(26715): [19-07-27 11:21:51.563][DEBUG][][tls_sdk][SSORunner.java:60]timeout 10000 before wait
07-27 11:21:51.564 I/MSF.C.NetConnTag(23909): netSend ssoSeq:45731 appSeq:1133 uin:0 cmd:wtlogin64.trans_emp 46366
07-27 11:21:51.571 D/MSF.C.NetConnTag(23909): ping pkg ack received
07-27 11:21:51.572 D/商品s列表图(26715): 宽:1080 高:1440 位置:0
07-27 11:21:51.574 I/MSF.C.NetConnTag(23909): netRecv ssoSeq:45732 uin: cmd:MSF 45753
07-27 11:21:51.719 D/ ( 1181): thermal_monitor msm_therm: open fail -1
07-27 11:21:51.780 I/MSF.C.NetConnTag(23909): netRecv ssoSeq:45731 uin:0 cmd:wtlogin64.trans_emp 46050
07-27 11:21:51.781 D/paramsStr(26715): room_id=3598&uid=1898141&version_name=4.3.0&_abtest=1&plat_type=Android&version_code=430&t_t=1564197711&model=PBEM00&udid=7ad5a76f-5add-4b35-8191-13d25815b6ef_ys&version=27&token=c73cd61253f12578927e4cd14e8e4f75
07-27 11:21:51.782 D/MSF.C.MsfCore(23909): service recv msg . ssoCmd:wtlogin64.trans_emp ssoSeq:45731
07-27 11:21:51.784 D/MSF.S.RespHandler(23909): service getMsfMessagePairs resp:wtlogin64.trans_emp:45731:1133
07-27 11:21:51.784 D/MSF.S.AppProcessManager(23909): service add queue last:1564197711784|wtlogin64.trans_emp|45731
07-27 11:21:51.786 I/MSF.S.AppProcessManager(23909): service send resp :com.yishouapp.fumi| from:0|wtlogin64.trans_emp|45731|1133
07-27 11:21:51.788 D/MsfServiceProxy(26715): msfProxy onReceiveResp:0:wtlogin64.trans_emp :45731:1133
07-27 11:21:51.788 D/MsfServiceProxy(26715): waiteSendSeqSet receiveResp remove:0:wtlogin64.trans_emp :45731:1133
07-27 11:21:51.788 D/MsfServiceProxy(26715): onReceiveResp SsoCmd:wtlogin64.trans_emp ssoSeq:45731
07-27 11:21:51.789 D/MsfServiceProxy(26715): sdk add queue req:ToServiceMsg msName:unknown ssoSeq:45731 appId:537050853 appSeq:1133 sName:com.tencent.qalsdk.service.QalService uin:0 sCmd:wtlogin64.trans_emp t:10000 needResp:truehttpReq:false from:FromServiceMsg msName:unknown ssoSeq:45731 failCode:1000 errorMsg: uin:0 serviceCmd:wtlogin64.trans_emp appId:537050853 appSeq:1133
07-27 11:21:51.789 I/CoreWrapper(26715): [CoreWrapper handleRespMsg] recv resp msg:1564197711789|wtlogin64.trans_emp|45731|1133
07-27 11:21:51.789 I/tls_sdk (26715): [SSORunner.java:98]proxy onSuccess
07-27 11:21:51.790 D/jni_imsdk(26715): [19-07-27 11:21:51.790][DEBUG][][CoreWrapper][CoreWrapper handleRespMsg] recv resp msg:1564197711789|wtlogin64.trans_emp|45731|1133
07-27 11:21:51.790 D/jni_imsdk(26715): [19-07-27 11:21:51.790][DEBUG][][tls_sdk][SSORunner.java:98]proxy onSuccess
07-27 11:21:51.790 I/tls_sdk (26715): [SSORunner.java:62]timeout 10000 or notified
07-27 11:21:51.790 D/jni_imsdk(26715): [19-07-27 11:21:51.790][DEBUG][][tls_sdk][SSORunner.java:62]timeout 10000 or notified
07-27 11:21:51.790 I/tls_sdk (26715): [oicq_request.java:525]tencent.tls.request.req_transport:snd_rcv_req_sso ret=0
07-27 11:21:51.790 D/jni_imsdk(26715): [19-07-27 11:21:51.790][DEBUG][][tls_sdk][oicq_request.java:525]tencent.tls.request.req_transport:snd_rcv_req_sso ret=0
07-27 11:21:51.791 D/MsfServiceSub(26715): serviceSub add last:1564197711790|wtlogin64.trans_emp|45731
07-27 11:21:51.793 I/tls_sdk (26715): [req_transport.java:245]type=0
07-27 11:21:51.793 D/jni_imsdk(26715): [19-07-27 11:21:51.793][DEBUG][][tls_sdk][req_transport.java:245]type=0
07-27 11:21:51.793 I/tls_sdk (26715): [req_transport.java:199]req_transport rsp: ret=0
07-27 11:21:51.793 D/jni_imsdk(26715): [19-07-27 11:21:51.793][DEBUG][][tls_sdk][req_transport.java:199]req_transport rsp: ret=0
07-27 11:21:51.793 I/tls_sdk (26715): [req_global.java:411]close_transport_connect
07-27 11:21:51.793 D/jni_imsdk(26715): [19-07-27 11:21:51.793][DEBUG][][tls_sdk][req_global.java:411]close_transport_connect
07-27 11:21:51.793 I/tls_sdk (26715): [TLSHelper.java:1790]user:userid_1898141 sdkAppid:1400144296 role:6269 Seq:1 RequestTransport ret=0
07-27 11:21:51.793 D/jni_imsdk(26715): [19-07-27 11:21:51.793][DEBUG][][tls_sdk][TLSHelper.java:1790]user:userid_1898141 sdkAppid:1400144296 role:6269 Seq:1 RequestTransport ret=0
07-27 11:21:51.794 I/tls_sdk (26715): [WorkThread.java:65]receive at main
07-27 11:21:51.794 D/jni_imsdk(26715): [19-07-27 11:21:51.794][DEBUG][][tls_sdk][WorkThread.java:65]receive at main
07-27 11:21:51.797 I/tls_sdk (26715): [account_sig_info_map.java:251]putTinyInfo userid_1898141 userType USER_TYPE_NORMAL tinyid 144115213350774102
07-27 11:21:51.797 D/jni_imsdk(26715): [19-07-27 11:21:51.797][DEBUG][][tls_sdk][account_sig_info_map.java:251]putTinyInfo userid_1898141 userType USER_TYPE_NORMAL tinyid 144115213350774102
07-27 11:21:51.798 I/tls_sdk (26715): [account_sig_info_map.java:285]getTinyInfo [req_global.java:486][TLSHelper.java:1996]
07-27 11:21:51.798 D/jni_imsdk(26715): [19-07-27 11:21:51.798][DEBUG][][tls_sdk][account_sig_info_map.java:285]getTinyInfo [req_global.java:486][TLSHelper.java:1996]
07-27 11:21:51.808 I/tls_sdk (26715): [account_sig_info_map.java:421]get_from_db len:496
07-27 11:21:51.808 D/jni_imsdk(26715): [19-07-27 11:21:51.808][DEBUG][][tls_sdk][account_sig_info_map.java:421]get_from_db len:496
07-27 11:21:51.820 I/tls_sdk (26715): [account_sig_info_map.java:421]get_from_db len:496
07-27 11:21:51.820 D/jni_imsdk(26715): [19-07-27 11:21:51.820][DEBUG][][tls_sdk][account_sig_info_map.java:421]get_from_db len:496
07-27 11:21:51.838 I/tls_sdk (26715): [account_sig_info_map.java:49][2000005e280a556]before put_siginfo
07-27 11:21:51.838 D/jni_imsdk(26715): [19-07-27 11:21:51.838][DEBUG][][tls_sdk][account_sig_info_map.java:49][2000005e280a556]before put_siginfo
07-27 11:21:51.840 I/tls_sdk (26715): [account_sig_info_map.java:421]get_from_db len:1376
07-27 11:21:51.840 D/jni_imsdk(26715): [19-07-27 11:21:51.840][DEBUG][][tls_sdk][account_sig_info_map.java:421]get_from_db len:1376
07-27 11:21:51.847 D/logUrlResponse(26715): http://api.yishouapp.com/live/get_room_person_num
07-27 11:21:51.847 D/logUrlResponse(26715): room_id=3598&uid=1898141&version_name=4.3.0&_abtest=1&plat_type=Android&version_code=430&t_t=1564197711&model=PBEM00&udid=7ad5a76f-5add-4b35-8191-13d25815b6ef_ys&version=27&token=c73cd61253f12578927e4cd14e8e4f75
07-27 11:21:51.847 D/logUrlResponse(26715): {"data":{"person_num":25817,"words":["哪个色档口最好卖?^_^","这款最大穿到多少斤?","走远转一圈,再看看面料细节,么么哒 ","😀优秀","主播理理我呀,等到花儿都谢了~ Ծ‸Ծ"]},"msg":"success","code":"200"}
07-27 11:21:51.866 I/tls_sdk (26715): [account_sig_info_map.java:101][2000005e280a556]after put_siginfo
07-27 11:21:51.866 D/jni_imsdk(26715): [19-07-27 11:21:51.866][DEBUG][][tls_sdk][account_sig_info_map.java:101][2000005e280a556]after put_siginfo
07-27 11:21:51.866 I/tls_sdk (26715): [TLSHelper.java:2268]GetLocalSig name:userid_1898141
07-27 11:21:51.867 D/jni_imsdk(26715): [19-07-27 11:21:51.866][DEBUG][][tls_sdk][TLSHelper.java:2268]GetLocalSig name:userid_1898141
07-27 11:21:51.867 I/tls_sdk (26715): [account_sig_info_map.java:285]getTinyInfo [TLSHelper.java:2269][TLSHelper.java:409]
07-27 11:21:51.867 D/jni_imsdk(26715): [19-07-27 11:21:51.867][DEBUG][][tls_sdk][account_sig_info_map.java:285]getTinyInfo [TLSHelper.java:2269][TLSHelper.java:409]
07-27 11:21:51.867 I/tls_sdk (26715): [req_global.java:425][2000005e280a556]get_siginfo
07-27 11:21:51.868 I/tls_sdk (26715): [account_sig_info_map.java:148][2000005e280a556]get_siginfo
07-27 11:21:51.868 D/jni_imsdk(26715): [19-07-27 11:21:51.868][DEBUG][][tls_sdk][req_global.java:425][2000005e280a556]get_siginfo
07-27 11:21:51.868 D/jni_imsdk(26715): [19-07-27 11:21:51.868][DEBUG][][tls_sdk][account_sig_info_map.java:148][2000005e280a556]get_siginfo
07-27 11:21:51.868 I/tls_sdk (26715): [account_sig_info_map.java:109][2000005e280a556]get_all_siginfo
07-27 11:21:51.868 D/jni_imsdk(26715): [19-07-27 11:21:51.868][DEBUG][][tls_sdk][account_sig_info_map.java:109][2000005e280a556]get_all_siginfo
07-27 11:21:51.868 I/tls_sdk (26715): [TLSHelper.java:2315] type:40 sig:72 key:0 create time:1564197711 expire time:1566357711
07-27 11:21:51.869 I/tls_sdk (26715): [TLSHelper.java:2315] type:40000 sig:72 key:16 create time:1564197711 expire time:1566357711
07-27 11:21:51.869 D/jni_imsdk(26715): [19-07-27 11:21:51.869][DEBUG][][tls_sdk][TLSHelper.java:2315] type:40 sig:72 key:0 create time:1564197711 expire time:1566357711
07-27 11:21:51.869 D/jni_imsdk(26715): [19-07-27 11:21:51.869][DEBUG][][tls_sdk][TLSHelper.java:2315] type:40000 sig:72 key:16 create time:1564197711 expire time:1566357711
07-27 11:21:51.869 D/jni_imsdk(26715): [19-07-27 11:21:51.869][WARN][][imsdk.IMMsfCoreProxy]IMMsfCoreProxy|login update id:userid_1898141/userid_1898141
07-27 11:21:51.869 I/QALSDKManager(26715): begin bindID:userid_1898141
07-27 11:21:51.869 D/CoreWrapper(26715): getTicket:userid_1898141
07-27 11:21:51.869 D/jni_imsdk(26715): [19-07-27 11:21:51.869][EVENT][][imsdk.IMMsfCoreProxy]Login|2-Ticket|Succ|OnExchangeTicketSuccess, tinyid:144115213350774102
07-27 11:21:51.869 D/jni_imsdk(26715): [19-07-27 11:21:51.869][DEBUG][][QALSDKManager]begin bindID:userid_1898141
07-27 11:21:51.869 I/tls_sdk (26715): [TLSHelper.java:2268]GetLocalSig name:userid_1898141
07-27 11:21:51.869 D/jni_imsdk(26715): [19-07-27 11:21:51.869][DEBUG][][tls_sdk][TLSHelper.java:2268]GetLocalSig name:userid_1898141
07-27 11:21:51.870 I/tls_sdk (26715): [account_sig_info_map.java:285]getTinyInfo [TLSHelper.java:2269][TLSHelper.java:409]
07-27 11:21:51.870 D/jni_imsdk(26715): [19-07-27 11:21:51.870][DEBUG][][tls_sdk][account_sig_info_map.java:285]getTinyInfo [TLSHelper.java:2269][TLSHelper.java:409]
07-27 11:21:51.870 I/tls_sdk (26715): [req_global.java:425][2000005e280a556]get_siginfo
07-27 11:21:51.870 D/jni_imsdk(26715): [19-07-27 11:21:51.870][DEBUG][][tls_sdk][req_global.java:425][2000005e280a556]get_siginfo
07-27 11:21:51.870 I/tls_sdk (26715): [account_sig_info_map.java:148][2000005e280a556]get_siginfo
07-27 11:21:51.870 D/jni_imsdk(26715): [19-07-27 11:21:51.870][DEBUG][][tls_sdk][account_sig_info_map.java:148][2000005e280a556]get_siginfo
07-27 11:21:51.871 I/tls_sdk (26715): [account_sig_info_map.java:109][2000005e280a556]get_all_siginfo
07-27 11:21:51.871 D/jni_imsdk(26715): [19-07-27 11:21:51.871][DEBUG][][tls_sdk][account_sig_info_map.java:109][2000005e280a556]get_all_siginfo
07-27 11:21:51.871 I/tls_sdk (26715): [TLSHelper.java:2315] type:40 sig:72 key:0 create time:1564197711 expire time:1566357711
07-27 11:21:51.871 D/jni_imsdk(26715): [19-07-27 11:21:51.871][DEBUG][][tls_sdk][TLSHelper.java:2315] type:40 sig:72 key:0 create time:1564197711 expire time:1566357711
07-27 11:21:51.871 I/tls_sdk (26715): [TLSHelper.java:2315] type:40000 sig:72 key:16 create time:1564197711 expire time:1566357711
07-27 11:21:51.871 D/jni_imsdk(26715): [19-07-27 11:21:51.871][DEBUG][][tls_sdk][TLSHelper.java:2315] type:40000 sig:72 key:16 create time:1564197711 expire time:1566357711
07-27 11:21:51.873 I/CoreWrapper(26715): user:userid_1898141 bind id:tinyID: 144115213350774102
07-27 11:21:51.873 D/jni_imsdk(26715): [19-07-27 11:21:51.873][DEBUG][][CoreWrapper]user:userid_1898141 bind id:tinyID: 144115213350774102
07-27 11:21:51.875 I/CoreWrapper(26715): regPushNew |userid_1898141:1134
07-27 11:21:51.875 D/MsfServiceSdk(26715): sdk sendMsg. ssoCmd:im_open_status.stat_reg msfCmd:registerPush appSeq:1134
07-27 11:21:51.875 D/jni_imsdk(26715): [19-07-27 11:21:51.875][DEBUG][][CoreWrapper]regPushNew |userid_1898141:1134
07-27 11:21:51.876 D/MSF.D.RemoteServiceProxy(26715): waiteSendSeqSet put:144115213350774102im_open_status.stat_reg :-1:1134
07-27 11:21:51.876 D/MsfServiceProxy(26715): send req to msfService:ToServiceMsg msName:registerPush ssoSeq:-1 appId:537050853 appSeq:1134 sName:com.tencent.qalsdk.service.QalService uin:144115213350774102 sCmd:im_open_status.stat_reg t:10000 needResp:truehttpReq:false
07-27 11:21:51.878 D/QalService(23909): service rcvmsg. ssoCmd:im_open_status.stat_reg msfCmd:registerPush appSeq:1134
07-27 11:21:51.879 I/MSF.C.AccountCenter(23909): addAccount 144115213350774102:userid_1898141
07-27 11:21:51.881 I/MSF.C.AccountCenter(23909): storeAccount tinyID:144115213350774102
07-27 11:21:51.882 D/MSF.C.PushManager(23909): recv regPush:com.yishouapp.fumi:com.yishouapp.fumi144115213350774102
07-27 11:21:51.884 D/MSF.C.PushManager(23909): recv processName:com.yishouapp.fumi144115213350774102 recv regPush
07-27 11:21:51.884 D/MSF.C.PushManager(23909): handlerPush not found the same register Push iStatus:11
07-27 11:21:51.887 D/MSF.C.PushManager:PushCoder(23909): ConfigManager.isAutoStarting():false
07-27 11:21:51.888 D/MSF.C.NetConnTag(23909): ping pkg sent, buffer size: 21
07-27 11:21:51.889 D/MSF.C.NetConnTag(23909): add ToServiceMsg msName:qal_Hello ssoSeq:45735 appId:537050853 appSeq:-1 sName: uin:0 sCmd:MSF t:10000 needResp:truehttpReq:false to send
07-27 11:21:51.890 I/MSF.C.PushManager:PushCoder(23909): send register. push id 1 pushStatus:11 bRegType:0 timeStamp:1564197711:1564197711890
07-27 11:21:51.890 D/EAP_frame( 5840): skippedFrames : com.yishouapp.fumi(26715), 39
07-27 11:21:51.891 I/MSF.C.NetConnTag(23909): netSend ssoSeq:45734 appSeq:1134 uin:*4102 cmd:im_open_status.stat_reg 46122
07-27 11:21:51.892 I/MSF.C.NetConnTag(23909): netSend ssoSeq:45735 appSeq:-1 uin:0 cmd:MSF 45756
07-27 11:21:51.893 I/RESP (26715): response = {"data":{"person_num":"25817","words":["哪个色档口最好卖?^_^","这款最大穿到多少斤?","走远转一圈,再看看面料细节,么么哒 ","😀优秀","主播理理我呀,等到花儿都谢了~ Ծ‸Ծ"]},"code":200,"msg":"success"}
07-27 11:21:51.902 D/MSF.C.NetConnTag(23909): ping pkg ack received
07-27 11:21:51.907 I/MSF.C.NetConnTag(23909): netRecv ssoSeq:45735 uin: cmd:MSF 45756
07-27 11:21:51.931 I/MSF.C.NetConnTag(23909): netRecv ssoSeq:45734 uin:*4102 cmd:im_open_status.stat_reg 45870
07-27 11:21:51.937 D/MSF.C.NetConnInfoCenter(23909): set serverTime is 19-07-27 11:21:51
07-27 11:21:51.939 D/MSF.C.PushManager:PushCoder(23909): handlerPush register push succ bUpdateFlag:0 timeStamp:0 cReplyCode:0
07-27 11:21:51.940 D/MSF.S.AppProcessManager(23909): send push com.yishouapp.fumi from:0|cmd_pushSetConfig|-1
07-27 11:21:51.941 D/MsfServiceProxy(26715): onRecvPushResp FromServiceMsg msName:pushSetConfig ssoSeq:-1 failCode:1000 errorMsg: uin:0 serviceCmd:cmd_pushSetConfig appId:537050853 appSeq:-1
07-27 11:21:51.941 I/hellotest(23909): recv register push resp.iInterval=120, queryIntervTime=120000, next query time is 27 11:23:51
07-27 11:21:51.941 D/MsfServiceProxy(26715): server interval time:0
07-27 11:21:51.942 I/hellotest(23909): 144115213350774102:true:com.yishouapp.fumi144115213350774102
07-27 11:21:51.943 E/alarm (23909): doRegistertAlarm hello repeat:com.yishouapp.fumi144115213350774102
07-27 11:21:51.945 D/MSF.C.MsfCore(23909): service recv msg . ssoCmd:im_open_status.stat_reg ssoSeq:45734
07-27 11:21:51.946 D/MSF.S.RespHandler(23909): service getMsfMessagePairs resp:im_open_status.stat_reg:45734:1134
07-27 11:21:51.946 D/MSF.S.AppProcessManager(23909): service add queue last:1564197711946|im_open_status.stat_reg|45734
07-27 11:21:51.950 I/MSF.S.AppProcessManager(23909): service send resp :com.yishouapp.fumi| from:144115213350774102|im_open_status.stat_reg|45734|1134
07-27 11:21:51.950 D/MSF.C.SSORespHandler(23909): send conn info:null:100:59.37.116.121:219.135.147.242
07-27 11:21:51.951 D/MSF.C.MsfCore(23909): service recv msg . ssoCmd:cmd_connInfo ssoSeq:-1
07-27 11:21:51.952 D/MsfServiceProxy(26715): msfProxy onReceiveResp:144115213350774102:im_open_status.stat_reg :45734:1134
07-27 11:21:51.952 D/MsfServiceProxy(26715): waiteSendSeqSet receiveResp remove:144115213350774102:im_open_status.stat_reg :45734:1134
07-27 11:21:51.952 D/MsfServiceProxy(26715): onReceiveResp SsoCmd:im_open_status.stat_reg ssoSeq:45734
