--------- beginning of system
07-24 16:33:55.485 D/ViewRootImpl( 3385): swipeFromBottom mIgnoring true downY 2323 mScreenHeight 2340 mStatusBarHeight 54 globalScale 1.125
07-24 16:33:56.254 D/ViewRootImpl( 3385): swipeFromBottom mIgnoring true downY 2337 mScreenHeight 2340 mStatusBarHeight 54 globalScale 1.125
07-24 16:33:56.712 D/ViewRootImpl( 3385): swipeFromBottom mIgnoring true downY 2334 mScreenHeight 2340 mStatusBarHeight 54 globalScale 1.125
07-24 16:33:57.372 D/ViewRootImpl( 3385): swipeFromBottom mIgnoring true downY 2327 mScreenHeight 2340 mStatusBarHeight 54 globalScale 1.125
07-24 16:33:57.848 D/ViewRootImpl( 3385): swipeFromBottom mIgnoring true downY 2334 mScreenHeight 2340 mStatusBarHeight 54 globalScale 1.125
07-24 16:33:58.449 D/ViewRootImpl( 3385): swipeFromBottom mIgnoring true downY 2323 mScreenHeight 2340 mStatusBarHeight 54 globalScale 1.125
07-24 16:33:59.079 D/ViewRootImpl( 3385): swipeFromBottom mIgnoring true downY 2339 mScreenHeight 2340 mStatusBarHeight 54 globalScale 1.125
07-24 16:33:59.685 D/ViewRootImpl( 3385): swipeFromBottom mIgnoring true downY 2294 mScreenHeight 2340 mStatusBarHeight 54 globalScale 1.125
07-24 16:34:00.073 D/ViewRootImpl( 3385): swipeFromBottom mIgnoring true downY 2335 mScreenHeight 2340 mStatusBarHeight 54 globalScale 1.125
07-24 16:34:00.378 D/ViewRootImpl( 3385): swipeFromBottom mIgnoring true downY 2322 mScreenHeight 2340 mStatusBarHeight 54 globalScale 1.125
07-24 16:34:00.870 D/ViewRootImpl( 3385): swipeFromBottom mIgnoring true downY 2339 mScreenHeight 2340 mStatusBarHeight 54 globalScale 1.125
07-24 16:34:01.213 D/ViewRootImpl( 3385): swipeFromBottom mIgnoring true downY 2331 mScreenHeight 2340 mStatusBarHeight 54 globalScale 1.125
07-24 16:34:01.395 I/chatty ( 1699): uid=1000(system) Binder:1699_15 expire 9 lines
07-24 16:34:01.528 D/ViewRootImpl( 3385): swipeFromBottom mIgnoring true downY 2333 mScreenHeight 2340 mStatusBarHeight 54 globalScale 1.125
07-24 16:34:01.819 D/ViewRootImpl( 3385): swipeFromBottom mIgnoring true downY 2309 mScreenHeight 2340 mStatusBarHeight 54 globalScale 1.125
07-24 16:34:05.378 D/ViewRootImpl( 3385): swipeFromBottom mIgnoring true downY 2313 mScreenHeight 2340 mStatusBarHeight 54 globalScale 1.125
07-24 16:34:05.677 I/chatty ( 1699): uid=1000(system) Binder:1699_20 expire 4 lines
07-24 16:34:06.090 D/ViewRootImpl( 3385): swipeFromBottom mIgnoring true downY 2339 mScreenHeight 2340 mStatusBarHeight 54 globalScale 1.125
07-24 16:34:06.794 D/ViewRootImpl( 3385): swipeFromBottom mIgnoring true downY 2337 mScreenHeight 2340 mStatusBarHeight 54 globalScale 1.125
07-24 16:34:08.143 D/ViewRootImpl( 3385): swipeFromBottom mIgnoring true downY 2324 mScreenHeight 2340 mStatusBarHeight 54 globalScale 1.125
07-24 16:34:09.026 D/ViewRootImpl( 3385): swipeFromBottom mIgnoring true downY 2339 mScreenHeight 2340 mStatusBarHeight 54 globalScale 1.125
07-24 16:34:09.670 D/ViewRootImpl( 3385): swipeFromBottom mIgnoring true downY 2337 mScreenHeight 2340 mStatusBarHeight 54 globalScale 1.125
07-24 16:34:09.887 I/chatty ( 1699): uid=1000(system) Binder:1699_1C expire 6 lines
07-24 16:34:10.224 D/ViewRootImpl( 3385): swipeFromBottom mIgnoring true downY 2339 mScreenHeight 2340 mStatusBarHeight 54 globalScale 1.125
07-24 16:34:10.965 D/ViewRootImpl( 3385): swipeFromBottom mIgnoring true downY 2339 mScreenHeight 2340 mStatusBarHeight 54 globalScale 1.125
07-24 16:34:11.708 D/ViewRootImpl( 3385): swipeFromBottom mIgnoring true downY 2335 mScreenHeight 2340 mStatusBarHeight 54 globalScale 1.125
07-24 16:34:12.157 D/ViewRootImpl( 3385): swipeFromBottom mIgnoring true downY 2302 mScreenHeight 2340 mStatusBarHeight 54 globalScale 1.125
07-24 16:34:12.486 D/ViewRootImpl( 3385): swipeFromBottom mIgnoring true downY 2339 mScreenHeight 2340 mStatusBarHeight 54 globalScale 1.125
07-24 16:34:12.754 D/ViewRootImpl( 3385): swipeFromBottom mIgnoring true downY 2323 mScreenHeight 2340 mStatusBarHeight 54 globalScale 1.125
07-24 16:34:13.271 D/ViewRootImpl( 3385): swipeFromBottom mIgnoring true downY 2335 mScreenHeight 2340 mStatusBarHeight 54 globalScale 1.125
07-24 16:34:13.935 D/ViewRootImpl( 3385): swipeFromBottom mIgnoring true downY 2318 mScreenHeight 2340 mStatusBarHeight 54 globalScale 1.125
07-24 16:34:14.145 D/ViewRootImpl( 3385): swipeFromBottom mIgnoring true downY 2318 mScreenHeight 2340 mStatusBarHeight 54 globalScale 1.125
07-24 16:34:14.145 D/ViewRootImpl( 3385): swipeFromBottom mIgnoring === false downY 2318 mStatusBarHeight 54
07-24 16:34:14.939 D/ViewRootImpl( 3385): swipeFromBottom mIgnoring true downY 2339 mScreenHeight 2340 mStatusBarHeight 54 globalScale 1.125
07-24 16:34:15.527 D/ViewRootImpl( 3385): swipeFromBottom mIgnoring true downY 2338 mScreenHeight 2340 mStatusBarHeight 54 globalScale 1.125
07-24 16:34:15.660 I/chatty ( 1699): uid=1000(system) Binder:1699_9 expire 22 lines
07-24 16:34:15.867 D/ViewRootImpl( 3385): swipeFromBottom mIgnoring true downY 2300 mScreenHeight 2340 mStatusBarHeight 54 globalScale 1.125
07-24 16:34:17.040 I/chatty ( 1699): uid=1000(system) Binder:1699_1F expire 6 lines
07-24 16:34:17.066 I/chatty ( 1699): uid=1000(system) Binder:1699_1E expire 2 lines
07-24 16:34:17.244 D/ViewRootImpl( 7409): swipeFromBottom mIgnoring true downY 2328 mScreenHeight 2340 mStatusBarHeight 54 globalScale 1.125
07-24 16:34:17.460 D/ViewRootImpl( 7409): swipeFromBottom mIgnoring true downY 2328 mScreenHeight 2340 mStatusBarHeight 54 globalScale 1.125
07-24 16:34:17.460 D/ViewRootImpl( 7409): swipeFromBottom mIgnoring === false downY 2328 mStatusBarHeight 54
07-24 16:34:18.179 D/ViewRootImpl( 3385): swipeFromBottom mIgnoring true downY 2329 mScreenHeight 2340 mStatusBarHeight 54 globalScale 1.125
07-24 16:34:18.596 D/ViewRootImpl( 3385): swipeFromBottom mIgnoring true downY 2328 mScreenHeight 2340 mStatusBarHeight 54 globalScale 1.125
07-24 16:34:19.760 I/chatty ( 1699): uid=1000(system) ns expire 15 lines
07-24 16:34:19.766 I/chatty ( 1699): uid=1000(system) android.ui expire 47 lines
07-24 16:34:19.807 I/chatty ( 1699): uid=1000(system) Binder:1699_18 expire 7 lines
07-24 16:34:20.328 I/chatty ( 1699): uid=1000 system_server expire 3 lines
07-24 16:34:20.331 I/chatty ( 1699): uid=1000(system) batterystats-wo expire 2 lines
07-24 16:34:21.442 I/chatty ( 1699): uid=1000(system) android.anim expire 26 lines
07-24 16:34:24.611 I/chatty ( 1699): uid=1000(system) Binder:1699_1B expire 7 lines
07-24 16:34:25.427 I/chatty ( 1699): uid=1000(system) Binder:1699_16 expire 14 lines
07-24 16:34:25.718 I/chatty ( 1699): uid=1000(system) Binder:1699_1 expire 19 lines
07-24 16:34:26.482 I/chatty ( 1699): uid=1000(system) Binder:1699_13 expire 1 line
07-24 16:34:26.843 I/chatty ( 1699): uid=1000(system) Binder:1699_12 expire 5 lines
07-24 16:34:28.561 I/chatty ( 1699): uid=1000(system) android.display expire 3 lines
07-24 16:34:29.658 I/chatty ( 1699): uid=1000(system) Binder:1699_F expire 2 lines
07-24 16:34:29.759 I/chatty ( 1699): uid=1000(system) Binder:1699_2 expire 4 lines
07-24 16:34:29.809 I/chatty ( 1699): uid=1000(system) Binder:1699_1D expire 2 lines
07-24 16:34:29.815 I/chatty ( 1699): uid=1000(system) Binder:1699_11 expire 10 lines
07-24 16:34:29.815 I/chatty ( 1699): uid=1000(system) Binder:1699_19 expire 4 lines
07-24 16:34:30.055 I/chatty ( 1699): uid=1000(system) Binder:1699_4 expire 10 lines
07-24 16:34:30.930 I/chatty ( 1699): uid=1000(system) ActivityManager expire 2 lines
07-24 16:34:33.034 I/chatty ( 1699): uid=1000(system) Binder:1699_7 expire 1 line
07-24 16:34:35.799 I/chatty ( 1699): uid=1000(system) Binder:1699_C expire 6 lines
07-24 16:35:58.542 I/chatty ( 1699): uid=1000(system) Binder:1699_19 expire 1 line
07-24 16:35:58.566 I/chatty ( 1699): uid=1000(system) ns expire 10 lines
07-24 16:35:58.586 I/chatty ( 1699): uid=1000(system) android.ui expire 26 lines
07-24 16:35:58.589 I/chatty ( 1699): uid=1000(system) Binder:1699_1B expire 3 lines
07-24 16:35:58.854 I/chatty ( 1699): uid=1000(system) android.anim expire 28 lines
07-24 16:35:59.105 I/chatty ( 1699): uid=1000(system) Binder:1699_5 expire 21 lines
07-24 16:35:59.590 I/chatty ( 1699): uid=1000(system) Binder:1699_16 expire 9 lines
07-24 16:35:59.616 I/chatty ( 1699): uid=1000(system) Binder:1699_E expire 11 lines
07-24 16:35:59.618 I/chatty ( 1699): uid=1000(system) Binder:1699_2 expire 7 lines
07-24 16:35:59.634 I/chatty ( 1699): uid=1000(system) android.display expire 3 lines
07-24 16:36:00.895 I/chatty ( 1699): uid=1000(system) Binder:1699_14 expire 1 line
07-24 16:36:05.018 I/chatty ( 1699): uid=1000(system) Binder:1699_12 expire 2 lines
07-24 16:36:05.786 I/chatty ( 1699): uid=1000(system) Binder:1699_9 expire 11 lines
07-24 16:36:05.805 I/chatty ( 1699): uid=1000(system) Binder:1699_8 expire 1 line
07-24 16:36:06.548 I/chatty ( 1699): uid=1000(system) Binder:1699_3 expire 6 lines
07-24 16:36:08.598 I/chatty ( 1699): uid=1000(system) Binder:1699_20 expire 4 lines
07-24 16:36:16.587 I/chatty ( 1699): uid=1000(system) ActivityManager expire 2 lines
07-24 16:38:09.446 I/chatty ( 1699): uid=1000 system_server expire 5 lines
07-24 16:39:19.364 I/chatty ( 1699): uid=1000(system) batterystats-wo expire 1 line
07-24 16:40:05.700 I/chatty ( 1699): uid=1000(system) Binder:1699_18 expire 7 lines
07-24 16:40:56.261 I/chatty ( 1699): uid=1000(system) Binder:1699_6 expire 8 lines
07-24 16:40:56.403 I/chatty ( 1699): uid=1000(system) Binder:1699_1D expire 3 lines
07-24 16:40:56.607 I/chatty ( 1699): uid=1000(system) Binder:1699_1F expire 1 line
07-24 16:40:56.610 I/chatty ( 1699): uid=1000(system) BroadcastQueue expire 4 lines
07-24 16:40:56.918 I/chatty ( 1699): uid=1000(system) Binder:1699_1E expire 1 line
07-24 16:41:09.248 D/ViewRootImpl(16306): swipeFromBottom mIgnoring true downY 2321 mScreenHeight 2340 mStatusBarHeight 54 globalScale 1.125
07-24 16:41:09.324 I/chatty ( 1699): uid=1000(system) android.ui expire 8 lines
07-24 16:41:09.352 I/chatty ( 1699): uid=1000(system) ns expire 5 lines
07-24 16:41:09.386 I/chatty ( 1699): uid=1000(system) Binder:1699_17 expire 3 lines
07-24 16:41:09.413 I/chatty ( 1699): uid=1000(system) android.anim expire 3 lines
07-24 16:41:09.833 E/ActivityThread(16306): Activity com.oppo.settings.SettingsActivity has leaked ServiceConnection com.oppo.settings.messagebox.b$2@981c90e that was originally bound here
07-24 16:41:09.833 E/ActivityThread(16306): android.app.ServiceConnectionLeaked: Activity com.oppo.settings.SettingsActivity has leaked ServiceConnection com.oppo.settings.messagebox.b$2@981c90e that was originally bound here
07-24 16:41:09.833 E/ActivityThread(16306): at android.app.LoadedApk$ServiceDispatcher.(LoadedApk.java:1650)
07-24 16:41:09.833 E/ActivityThread(16306): at android.app.LoadedApk.getServiceDispatcher(LoadedApk.java:1542)
07-24 16:41:09.833 E/ActivityThread(16306): at android.app.ContextImpl.bindServiceCommon(ContextImpl.java:1652)
07-24 16:41:09.833 E/ActivityThread(16306): at android.app.ContextImpl.bindService(ContextImpl.java:1604)
07-24 16:41:09.833 E/ActivityThread(16306): at android.content.ContextWrapper.bindService(ContextWrapper.java:699)
07-24 16:41:09.833 E/ActivityThread(16306): at com.oppo.settings.messagebox.b.a(SourceFile:112)
07-24 16:41:09.833 E/ActivityThread(16306): at com.oppo.settings.messagebox.b.a(SourceFile:87)
07-24 16:41:09.833 E/ActivityThread(16306): at com.oppo.settings.messagebox.b.b(SourceFile:65)
07-24 16:41:09.833 E/ActivityThread(16306): at com.oppo.settings.messagebox.UserCenterPreference.onResume(SourceFile:176)
07-24 16:41:09.833 E/ActivityThread(16306): at com.oppo.settings.SettingsMainFragment.onResume(SourceFile:445)
07-24 16:41:09.833 E/ActivityThread(16306): at android.app.Fragment.performResume(Fragment.java:2554)
07-24 16:41:09.833 E/ActivityThread(16306): at android.app.FragmentManagerImpl.moveToState(FragmentManager.java:1322)
07-24 16:41:09.833 E/ActivityThread(16306): at android.app.FragmentManagerImpl.moveFragmentToExpectedState(FragmentManager.java:1557)
07-24 16:41:09.833 E/ActivityThread(16306): at android.app.FragmentManagerImpl.moveToState(FragmentManager.java:1618)
07-24 16:41:09.833 E/ActivityThread(16306): at android.app.FragmentManagerImpl.dispatchMoveToState(FragmentManager.java:3031)
07-24 16:41:09.833 E/ActivityThread(16306): at android.app.FragmentManagerImpl.dispatchResume(FragmentManager.java:2997)
07-24 16:41:09.833 E/ActivityThread(16306): at android.app.FragmentController.dispatchResume(FragmentController.java:200)
07-24 16:41:09.833 E/ActivityThread(16306): at android.app.Activity.performResume(Activity.java:7356)
07-24 16:41:09.833 E/ActivityThread(16306): at android.app.ActivityThread.performResumeActivity(ActivityThread.java:3821)
07-24 16:41:09.833 E/ActivityThread(16306): at android.app.ActivityThread.handleResumeActivity(ActivityThread.java:3891)
07-24 16:41:09.833 E/ActivityThread(16306): at android.app.ActivityThread.handleLaunchActivity(ActivityThread.java:3071)
07-24 16:41:09.833 E/ActivityThread(16306): at android.app.ActivityThread.-wrap11(Unknown Source:0)
07-24 16:41:09.833 E/ActivityThread(16306): at android.app.ActivityThread$H.handleMessage(ActivityThread.java:1767)
07-24 16:41:09.833 E/ActivityThread(16306): at android.os.Handler.dispatchMessage(Handler.java:106)
07-24 16:41:09.833 E/ActivityThread(16306): at android.os.Looper.loop(Looper.java:198)
07-24 16:41:09.833 E/ActivityThread(16306): at android.app.ActivityThread.main(ActivityThread.java:7015)
07-24 16:41:09.833 E/ActivityThread(16306): at java.lang.reflect.Method.invoke(Native Method)
07-24 16:41:09.833 E/ActivityThread(16306): at com.android.internal.os.RuntimeInit$MethodAndArgsCaller.run(RuntimeInit.java:523)
07-24 16:41:09.833 E/ActivityThread(16306): at com.android.internal.os.ZygoteInit.main(ZygoteInit.java:850)
07-24 16:41:09.833 I/chatty ( 1699): uid=1000(system) Binder:1699_F expire 4 lines
07-24 16:41:09.834 E/ActivityThread(16306): Activity com.oppo.settings.SettingsActivity has leaked ServiceConnection com.oppo.settings.messagebox.b$2@b464bf5 that was originally bound here
07-24 16:41:09.834 E/ActivityThread(16306): android.app.ServiceConnectionLeaked: Activity com.oppo.settings.SettingsActivity has leaked ServiceConnection com.oppo.settings.messagebox.b$2@b464bf5 that was originally bound here
07-24 16:41:09.834 E/ActivityThread(16306): at android.app.LoadedApk$ServiceDispatcher.(LoadedApk.java:1650)
07-24 16:41:09.834 E/ActivityThread(16306): at android.app.LoadedApk.getServiceDispatcher(LoadedApk.java:1542)
07-24 16:41:09.834 E/ActivityThread(16306): at android.app.ContextImpl.bindServiceCommon(ContextImpl.java:1652)
07-24 16:41:09.834 E/ActivityThread(16306): at android.app.ContextImpl.bindService(ContextImpl.java:1604)
07-24 16:41:09.834 E/ActivityThread(16306): at android.content.ContextWrapper.bindService(ContextWrapper.java:699)
07-24 16:41:09.834 E/ActivityThread(16306): at com.oppo.settings.messagebox.b.a(SourceFile:112)
07-24 16:41:09.834 E/ActivityThread(16306): at com.oppo.settings.messagebox.b.a(SourceFile:87)
07-24 16:41:09.834 E/ActivityThread(16306): at com.oppo.settings.messagebox.b.b(SourceFile:65)
07-24 16:41:09.834 E/ActivityThread(16306): at com.oppo.settings.messagebox.UserCenterPreference.onResume(SourceFile:176)
07-24 16:41:09.834 E/ActivityThread(16306): at com.oppo.settings.SettingsMainFragment.onResume(SourceFile:445)
07-24 16:41:09.834 E/ActivityThread(16306): at android.app.Fragment.performResume(Fragment.java:2554)
07-24 16:41:09.834 E/ActivityThread(16306): at android.app.FragmentManagerImpl.moveToState(FragmentManager.java:1322)
07-24 16:41:09.834 E/ActivityThread(16306): at android.app.FragmentManagerImpl.moveFragmentToExpectedState(FragmentManager.java:1557)
07-24 16:41:09.834 E/ActivityThread(16306): at android.app.FragmentManagerImpl.moveToState(FragmentManager.java:1618)
07-24 16:41:09.834 E/ActivityThread(16306): at android.app.FragmentManagerImpl.dispatchMoveToState(FragmentManager.java:3031)
07-24 16:41:09.834 E/ActivityThread(16306): at android.app.FragmentManagerImpl.dispatchResume(FragmentManager.java:2997)
07-24 16:41:09.834 E/ActivityThread(16306): at android.app.FragmentController.dispatchResume(FragmentController.java:200)
07-24 16:41:09.834 E/ActivityThread(16306): at android.app.Activity.performResume(Activity.java:7356)
07-24 16:41:09.834 E/ActivityThread(16306): at android.app.ActivityThread.performResumeActivity(ActivityThread.java:3821)
07-24 16:41:09.834 E/ActivityThread(16306): at android.app.ActivityThread.handleResumeActivity(ActivityThread.java:3891)
07-24 16:41:09.834 E/ActivityThread(16306): at android.app.ActivityThread$H.handleMessage(ActivityThread.java:1816)
07-24 16:41:09.834 E/ActivityThread(16306): at android.os.Handler.dispatchMessage(Handler.java:106)
07-24 16:41:09.834 E/ActivityThread(16306): at android.os.Looper.loop(Looper.java:198)
07-24 16:41:09.834 E/ActivityThread(16306): at android.app.ActivityThread.main(ActivityThread.java:7015)
07-24 16:41:09.834 E/ActivityThread(16306): at java.lang.reflect.Method.invoke(Native Method)
07-24 16:41:09.834 E/ActivityThread(16306): at com.android.internal.os.RuntimeInit$MethodAndArgsCaller.run(RuntimeInit.java:523)
07-24 16:41:09.834 E/ActivityThread(16306): at com.android.internal.os.ZygoteInit.main(ZygoteInit.java:850)
07-24 16:41:10.351 D/ViewRootImpl( 3385): swipeFromBottom mIgnoring true downY 2305 mScreenHeight 2340 mStatusBarHeight 54 globalScale 1.125
07-24 16:41:12.005 I/chatty ( 1699): uid=1000(system) InputReader expire 4 lines
07-24 16:41:12.006 I/chatty ( 1699): uid=1000(system) aceService.Main expire 1 line
07-24 16:41:12.203 I/chatty ( 1699): uid=1000(system) PowerManagerSer expire 8 lines
07-24 16:41:12.647 I/chatty ( 1699): uid=1000(system) Binder:1699_7 expire 1 line
07-24 16:41:12.765 I/chatty ( 1699): uid=1000(system) android.bg expire 1 line
07-24 16:41:12.970 I/chatty ( 1699): uid=1000(system) Thread-140 expire 12 lines
07-24 16:41:12.971 I/chatty ( 1699): uid=1000(system) Binder:1699_D expire 4 lines
07-24 16:41:33.101 I/chatty ( 1699): uid=1000(system) Thread-40 expire 1 line
07-24 16:42:21.245 I/chatty ( 1699): uid=1000(system) Binder:1699_10 expire 7 lines
07-24 16:42:21.402 I/chatty ( 1699): uid=1000(system) PhoneWinHandler expire 2 lines
07-24 16:42:27.638 I/chatty ( 1699): uid=1000(system) Binder:1699_A expire 8 lines
07-24 16:42:27.659 I/chatty ( 1699): uid=1000(system) Binder:1699_18 expire 5 lines
07-24 16:42:27.673 I/chatty ( 1699): uid=1000(system) ns expire 10 lines
07-24 16:42:27.691 I/chatty ( 1699): uid=1000(system) android.ui expire 36 lines
07-24 16:42:28.056 I/chatty ( 1699): uid=1000(system) ActivityManager expire 6 lines
07-24 16:42:28.311 I/chatty ( 1699): uid=1000(system) Binder:1699_D expire 2 lines
07-24 16:42:28.476 I/chatty ( 1699): uid=1000(system) Binder:1699_F expire 6 lines
07-24 16:42:28.644 I/chatty ( 1699): uid=1000(system) android.anim expire 43 lines
07-24 16:42:39.167 I/chatty ( 1699): uid=1000(system) Binder:1699_1F expire 24 lines
07-24 16:42:39.477 I/chatty ( 1699): uid=1000(system) Binder:1699_1B expire 6 lines
07-24 16:42:41.127 I/chatty ( 1699): uid=1000(system) Binder:1699_1 expire 7 lines
07-24 16:42:56.561 I/chatty ( 1699): uid=1000(system) Binder:1699_1A expire 10 lines
07-24 16:42:56.585 I/chatty ( 1699): uid=1000(system) Binder:1699_2 expire 4 lines
07-24 16:42:57.975 I/chatty ( 1699): uid=1000(system) Binder:1699_4 expire 3 lines
07-24 16:43:03.398 I/chatty ( 1699): uid=1000 system_server expire 3 lines
07-24 16:43:03.423 I/chatty ( 1699): uid=1000(system) Binder:1699_1E expire 4 lines
07-24 16:43:05.312 I/chatty ( 1699): uid=1000(system) Binder:1699_20 expire 20 lines
07-24 16:43:05.457 I/chatty ( 1699): uid=1000(system) android.display expire 2 lines
07-24 16:43:05.772 I/chatty ( 1699): uid=1000(system) Binder:1699_19 expire 18 lines
07-24 16:43:07.016 I/chatty ( 1699): uid=1000(system) Binder:1699_6 expire 7 lines
07-24 16:43:11.744 I/chatty ( 1699): uid=1000(system) Binder:1699_12 expire 3 lines
07-24 16:43:27.547 I/chatty ( 1699): uid=1000(system) Binder:1699_17 expire 3 lines
07-24 16:43:33.575 I/chatty ( 1699): uid=1000(system) Binder:1699_8 expire 2 lines
07-24 16:43:37.392 I/chatty ( 1699): uid=1000(system) Binder:1699_E expire 2 lines
07-24 16:43:39.261 I/chatty ( 1699): uid=1000(system) Binder:1699_1D expire 2 lines
07-24 16:43:44.599 I/chatty ( 1699): uid=1000(system) Binder:1699_15 expire 1 line
07-24 16:44:09.391 I/chatty ( 1699): uid=1000(system) Binder:1699_1C expire 1 line
07-24 16:44:36.575 I/chatty ( 1699): uid=1000(system) android.bg expire 1 line
07-24 16:45:02.593 I/chatty ( 1699): uid=1000(system) PowerManagerSer expire 1 line
07-24 16:45:02.785 I/chatty ( 1699): uid=1000(system) Binder:1699_11 expire 2 lines
07-24 16:45:02.827 I/chatty ( 1699): uid=1000(system) Binder:1699_19 expire 4 lines
07-24 16:45:02.977 I/chatty ( 1699): uid=1000(system) android.anim expire 9 lines
07-24 16:45:03.907 I/chatty ( 1699): uid=1000(system) android.ui expire 24 lines
07-24 16:45:10.355 I/chatty ( 1699): uid=1000(system) PowerManagerSer expire 1 line
07-24 16:45:10.445 I/chatty ( 1699): uid=1000(system) Binder:1699_14 expire 4 lines
07-24 16:45:10.454 I/chatty ( 1699): uid=1000(system) Binder:1699_1 expire 6 lines
07-24 16:45:10.467 I/chatty ( 1699): uid=1000(system) Binder:1699_E expire 1 line
07-24 16:45:10.484 I/chatty ( 1699): uid=1000(system) Binder:1699_D expire 1 line
07-24 16:45:10.581 I/chatty ( 1699): uid=1000(system) Binder:1699_7 expire 3 lines
07-24 16:45:38.662 I/chatty ( 1699): uid=1000 system_server expire 2 lines
07-24 16:45:38.672 I/chatty ( 1699): uid=1000(system) batterystats-wo expire 4 lines
07-24 16:45:53.033 I/chatty ( 1699): uid=1000(system) Binder:1699_1E expire 4 lines
07-24 16:45:53.716 I/chatty ( 1699): uid=1000(system) Binder:1699_13 expire 1 line
07-24 16:46:02.911 I/chatty ( 1699): uid=1000(system) ActivityManager expire 2 lines
07-24 16:46:02.988 I/chatty ( 1699): uid=1000(system) Binder:1699_1B expire 2 lines
07-24 16:55:41.478 I/chatty ( 1699): uid=1000(system) BroadcastQueue expire 1 line
07-24 16:56:04.029 I/chatty ( 1699): uid=1000(system) Binder:1699_5 expire 1 line
07-24 16:56:04.137 I/chatty ( 1699): uid=1000(system) Binder:1699_1C expire 9 lines
07-24 16:56:04.165 I/chatty ( 1699): uid=1000(system) ns expire 10 lines
07-24 16:56:04.664 I/chatty ( 1699): uid=1000(system) Binder:1699_18 expire 3 lines
07-24 16:56:07.010 I/chatty ( 1699): uid=1000(system) Binder:1699_1A expire 3 lines
07-24 16:56:09.406 I/chatty ( 1699): uid=1000(system) Binder:1699_1F expire 3 lines
07-24 16:56:09.570 I/chatty ( 1699): uid=1000 system_server expire 296 lines
07-24 16:56:09.615 I/chatty ( 1699): uid=1000(system) Binder:1699_1C expire 5 lines
07-24 16:56:09.829 I/chatty ( 1699): uid=1000(system) ActivityManager expire 5 lines
07-24 16:56:10.015 I/chatty ( 1699): uid=1000(system) android.anim expire 11 lines
07-24 16:56:10.037 I/chatty ( 1699): uid=1000(system) android.ui expire 14 lines
07-24 16:56:11.315 I/chatty ( 1699): uid=1000(system) BroadcastQueue expire 2 lines
07-24 16:56:11.713 I/chatty ( 1699): uid=1000(system) Binder:1699_17 expire 2 lines
07-24 16:56:15.709 I/chatty ( 1699): uid=1000(system) Binder:1699_1F expire 2 lines
07-24 16:56:25.360 D/ViewRootImpl(18247): swipeFromBottom mIgnoring true downY 2323 mScreenHeight 2340 mStatusBarHeight 54 globalScale 1.125
07-24 16:56:25.663 I/chatty ( 1699): uid=1000(system) Binder:1699_20 expire 8 lines
07-24 16:56:25.696 I/chatty ( 1699): uid=1000(system) ns expire 10 lines
07-24 16:56:32.330 I/chatty ( 1699): uid=1000(system) Binder:1699_1E expire 4 lines
07-24 16:56:32.346 I/chatty ( 1699): uid=1000(system) Binder:1699_1D expire 3 lines
07-24 16:56:32.930 I/chatty ( 1699): uid=1000(system) Binder:1699_1A expire 1 line
07-24 16:56:41.628 I/chatty ( 1699): uid=1000(system) Binder:1699_10 expire 2 lines
07-24 16:56:41.717 I/chatty ( 1699): uid=1000(system) Binder:1699_7 expire 1 line
07-24 16:56:42.005 I/chatty ( 1699): uid=1000(system) Binder:1699_15 expire 1 line
07-24 16:56:44.766 I/chatty ( 1699): uid=1000 system_server expire 1 line
07-24 16:56:44.774 I/chatty ( 1699): uid=1000(system) batterystats-wo expire 1 line
07-24 16:56:55.245 I/chatty ( 1699): uid=1000(system) Dex2oatManagerS expire 6 lines
07-24 16:56:55.552 I/chatty ( 1699): uid=1000(system) CpuTracker expire 6 lines
07-24 16:56:56.458 I/chatty ( 1699): uid=1000(system) Dex2oatManager expire 13 lines
07-24 17:01:38.266 I/chatty ( 1699): uid=1000(system) PowerManagerSer expire 1 line
07-24 17:01:38.269 I/chatty ( 1699): uid=1000(system) aceService.Main expire 1 line
07-24 17:01:38.476 I/chatty ( 1699): uid=1000(system) PowerManagerSer expire 9 lines
07-24 17:01:38.506 I/chatty ( 1699): uid=1000(system) android.display expire 3 lines
07-24 17:01:38.764 I/chatty ( 1699): uid=1000(system) Thread-140 expire 24 lines
07-24 17:01:38.794 I/chatty ( 1699): uid=1000(system) Binder:1699_20 expire 13 lines
07-24 17:01:38.802 I/chatty ( 1699): uid=1000 system_server expire 12 lines
07-24 17:01:38.844 I/chatty ( 1699): uid=1000(system) Binder:1699_1E expire 1 line
07-24 17:01:38.877 I/chatty ( 1699): uid=1000(system) android.bg expire 2 lines
07-24 17:01:38.910 I/chatty ( 1699): uid=1000(system) Binder:1699_11 expire 3 lines
07-24 17:01:38.926 I/chatty ( 1699): uid=1000(system) Binder:1699_3 expire 1 line
07-24 17:02:09.751 I/chatty ( 1699): uid=1000(system) Thread-40 expire 1 line
07-24 17:05:38.117 I/chatty ( 1699): uid=1000(system) InputReader expire 2 lines
07-24 17:05:38.142 I/chatty ( 1699): uid=1000(system) Binder:1699_1C expire 14 lines
07-24 17:05:38.260 I/chatty ( 1699): uid=1000(system) PhoneWinHandler expire 2 lines
07-24 17:05:38.651 I/chatty ( 1699): uid=1000(system) android.ui expire 33 lines
07-24 17:05:43.540 I/chatty ( 1699): uid=1000(system) Binder:1699_1D expire 8 lines
07-24 17:05:43.934 I/chatty ( 1699): uid=1000(system) Binder:1699_2 expire 8 lines
07-24 17:05:45.687 I/chatty ( 1699): uid=1000(system) BroadcastQueue expire 15 lines
07-24 17:05:45.733 I/chatty ( 1699): uid=1000(system) Binder:1699_16 expire 4 lines
07-24 17:05:47.912 I/chatty ( 1699): uid=1000(system) Binder:1699_1B expire 12 lines
07-24 17:05:49.507 I/chatty ( 1699): uid=1000(system) ns expire 10 lines
07-24 17:05:49.552 I/chatty ( 1699): uid=1000(system) Binder:1699_13 expire 2 lines
07-24 17:05:49.831 I/chatty ( 1699): uid=1000(system) android.anim expire 21 lines
07-24 17:05:50.034 I/chatty ( 1699): uid=1000(system) Binder:1699_19 expire 11 lines
07-24 17:05:50.743 I/chatty ( 1699): uid=1000(system) Binder:1699_17 expire 1 line
07-24 17:05:50.922 I/chatty ( 1699): uid=1000(system) Binder:1699_15 expire 6 lines
07-24 17:05:50.961 I/chatty ( 1699): uid=1000(system) Binder:1699_4 expire 6 lines
07-24 17:05:51.033 I/chatty ( 1699): uid=1000(system) Binder:1699_6 expire 1 line
07-24 17:05:51.033 I/chatty ( 1699): uid=1000(system) Binder:1699_1A expire 2 lines
07-24 17:05:51.096 I/chatty ( 1699): uid=1000(system) Binder:1699_8 expire 5 lines
07-24 17:05:52.169 I/chatty ( 1699): uid=1000(system) Binder:1699_7 expire 6 lines
07-24 17:06:05.537 I/chatty ( 1699): uid=1000(system) batterystats-wo expire 1 line
07-24 17:06:05.780 I/chatty ( 1699): uid=1000(system) Binder:1699_B expire 2 lines
07-24 17:06:06.176 I/chatty ( 1699): uid=1000(system) Binder:1699_1F expire 16 lines
07-24 17:06:07.429 I/chatty ( 1699): uid=1000(system) Binder:1699_12 expire 1 line
07-24 17:06:08.258 I/chatty ( 1699): uid=1000(system) Binder:1699_F expire 1 line
07-24 17:06:16.192 I/chatty ( 1699): uid=1000(system) ActivityManager expire 4 lines
07-24 17:11:03.172 I/chatty ( 1699): uid=1000(system) android.ui expire 26 lines
07-24 17:11:03.174 I/chatty ( 1699): uid=1000(system) Binder:1699_1F expire 7 lines
07-24 17:11:03.217 I/chatty ( 1699): uid=1000(system) Binder:1699_5 expire 12 lines
07-24 17:11:03.227 I/chatty ( 1699): uid=1000(system) android.display expire 8 lines
07-24 17:11:03.245 I/chatty ( 1699): uid=1000(system) android.anim expire 25 lines
07-24 17:11:03.991 I/chatty ( 1699): uid=1000(system) Binder:1699_4 expire 5 lines
07-24 17:11:04.030 I/chatty ( 1699): uid=1000(system) BroadcastQueue expire 5 lines
07-24 17:11:08.240 I/chatty ( 1699): uid=1000(system) Binder:1699_1C expire 8 lines
07-24 17:11:10.662 I/chatty ( 1699): uid=1000(system) Binder:1699_1B expire 10 lines
07-24 17:11:13.266 I/chatty ( 1699): uid=1000(system) Binder:1699_1E expire 12 lines
07-24 17:11:20.681 I/chatty ( 1699): uid=1000 system_server expire 12 lines
07-24 17:11:20.693 I/chatty ( 1699): uid=1000(system) batterystats-wo expire 4 lines
07-24 17:11:28.271 I/chatty ( 1699): uid=1000(system) Binder:1699_F expire 3 lines
07-24 17:11:28.712 I/chatty ( 1699): uid=1000(system) Binder:1699_19 expire 3 lines
07-24 17:11:30.982 I/chatty ( 1699): uid=1000(system) Binder:1699_1 expire 19 lines
07-24 17:11:31.591 I/chatty ( 1699): uid=1000(system) Binder:1699_9 expire 4 lines
07-24 17:11:41.116 I/chatty ( 1699): uid=1000(system) Binder:1699_10 expire 1 line
07-24 17:12:03.184 I/chatty ( 1699): uid=1000(system) Binder:1699_18 expire 2 lines
07-24 17:20:01.671 I/chatty ( 1699): uid=1000(system) PowerManagerSer expire 26 lines
07-24 17:20:01.671 I/chatty ( 1699): uid=1000(system) aceService.Main expire 3 lines
07-24 17:20:02.159 I/chatty ( 1699): uid=1000(system) Thread-140 expire 3 lines
07-24 17:20:02.254 I/chatty ( 1699): uid=1000(system) Binder:1699_20 expire 8 lines
07-24 17:20:02.541 I/chatty ( 1699): uid=1000(system) android.bg expire 3 lines
07-24 17:20:07.788 I/chatty ( 1699): uid=1000(system) Thread-40 expire 1 line
07-24 17:25:02.876 I/chatty ( 1699): uid=1000(system) Binder:1699_13 expire 2 lines
07-24 17:30:02.910 I/chatty ( 1699): uid=1000(system) Binder:1699_8 expire 3 lines
07-24 17:30:02.924 I/chatty ( 1699): uid=1000(system) Binder:1699_12 expire 23 lines
07-24 17:30:03.097 I/chatty ( 1699): uid=1000(system) Binder:1699_7 expire 1 line
07-24 17:36:38.522 I/chatty ( 1699): uid=1000(system) PhoneWinHandler expire 6 lines
07-24 17:36:41.392 I/chatty ( 1699): uid=1000(system) InputReader expire 4 lines
07-24 17:37:31.056 I/chatty ( 1699): uid=1000(system) Binder:1699_17 expire 3 lines
07-24 17:37:44.850 I/chatty ( 1699): uid=1000(system) Binder:1699_20 expire 7 lines
07-24 17:37:44.865 I/chatty ( 1699): uid=1000(system) Binder:1699_1 expire 1 line
07-24 17:37:45.270 I/chatty ( 1699): uid=1000(system) BroadcastQueue expire 15 lines
07-24 17:37:48.648 I/chatty ( 1699): uid=1000(system) Binder:1699_19 expire 8 lines
07-24 17:37:48.684 I/chatty ( 1699): uid=1000(system) Binder:1699_1A expire 2 lines
07-24 17:37:48.750 I/chatty ( 1699): uid=1000(system) ns expire 10 lines
07-24 17:37:48.759 I/chatty ( 1699): uid=1000(system) Binder:1699_1F expire 18 lines
07-24 17:37:48.776 I/chatty ( 1699): uid=1000(system) Binder:1699_1D expire 9 lines
07-24 17:37:48.797 I/chatty ( 1699): uid=1000(system) Thread-140 expire 6 lines
07-24 17:37:48.803 I/chatty ( 1699): uid=1000(system) Binder:1699_D expire 2 lines
07-24 17:37:48.844 I/chatty ( 1699): uid=1000(system) android.anim expire 33 lines
07-24 17:37:51.960 I/chatty ( 1699): uid=1000(system) android.ui expire 41 lines
07-24 17:37:58.512 I/chatty ( 1699): uid=1000 system_server expire 11 lines
07-24 17:39:50.636 I/chatty ( 1699): uid=1000(system) batterystats-wo expire 3 lines
07-24 17:40:18.113 I/chatty ( 1699): uid=1000(system) Binder:1699_1B expire 7 lines
07-24 17:44:26.779 I/chatty ( 1699): uid=1000(system) PowerManagerSer expire 10 lines
07-24 17:44:26.780 I/chatty ( 1699): uid=1000(system) aceService.Main expire 1 line
07-24 17:44:27.084 I/chatty ( 1699): uid=1000(system) android.display expire 2 lines
07-24 17:44:27.368 I/chatty ( 1699): uid=1000(system) Binder:1699_1C expire 8 lines
07-24 17:44:27.417 I/chatty ( 1699): uid=1000(system) android.bg expire 2 lines
07-24 17:44:27.497 I/chatty ( 1699): uid=1000(system) Binder:1699_F expire 5 lines
07-24 17:44:55.731 I/chatty ( 1699): uid=1000(system) Thread-40 expire 1 line
07-24 17:45:08.008 I/chatty ( 1699): uid=1000(system) InputReader expire 2 lines
07-24 17:45:08.153 I/chatty ( 1699): uid=1000(system) PhoneWinHandler expire 2 lines
07-24 17:45:09.391 I/chatty ( 1699): uid=1000(system) Binder:1699_18 expire 2 lines
07-24 17:45:09.795 I/chatty ( 1699): uid=1000(system) Binder:1699_14 expire 6 lines
07-24 17:45:11.878 I/chatty ( 1699): uid=1000(system) Binder:1699_15 expire 3 lines
07-24 17:45:11.986 I/chatty ( 1699): uid=1000(system) Binder:1699_13 expire 10 lines
07-24 17:46:15.705 I/chatty ( 1699): uid=1000(system) ActivityManager expire 5 lines
07-24 17:46:18.826 I/chatty ( 1699): uid=1000(system) Binder:1699_2 expire 1 line
07-24 17:46:18.831 I/chatty ( 1699): uid=1000(system) Binder:1699_A expire 4 lines
07-24 17:46:18.848 I/chatty ( 1699): uid=1000(system) BpmThread expire 1 line
07-24 17:46:23.227 I/chatty ( 1699): uid=1000(system) Binder:1699_1E expire 7 lines
07-24 17:49:44.571 I/chatty ( 1699): uid=1000(system) Binder:1699_11 expire 1 line
07-24 17:49:49.329 I/chatty ( 1699): uid=1000(system) Binder:1699_7 expire 4 lines
07-24 17:49:50.079 I/chatty ( 1699): uid=1000(system) Binder:1699_3 expire 4 lines
07-24 17:49:54.453 I/chatty ( 1699): uid=1000(system) Binder:1699_10 expire 3 lines
07-24 17:50:53.117 I/chatty ( 1699): uid=1000(system) Binder:1699_1F expire 6 lines
07-24 17:50:54.668 I/chatty ( 1699): uid=1000(system) Binder:1699_17 expire 3 lines
07-24 17:50:54.690 I/chatty ( 1699): uid=1000(system) Binder:1699_15 expire 8 lines
07-24 17:50:57.486 I/chatty ( 1699): uid=1000(system) android.anim expire 10 lines
07-24 17:51:00.306 I/chatty ( 1699): uid=1000(system) ActivityManager expire 5 lines
07-24 17:51:26.276 I/chatty ( 1699): uid=1000(system) Binder:1699_8 expire 3 lines
07-24 17:51:26.347 I/chatty ( 1699): uid=1000(system) Binder:1699_6 expire 6 lines
07-24 17:51:29.006 I/chatty ( 1699): uid=1000 system_server expire 34 lines
07-24 17:51:29.033 I/chatty ( 1699): uid=1000(system) Binder:1699_1E expire 11 lines
07-24 17:51:34.804 I/chatty ( 1699): uid=1000(system) Binder:1699_1C expire 6 lines
07-24 17:51:54.878 I/chatty ( 1699): uid=1000(system) Binder:1699_4 expire 4 lines
07-24 17:51:54.906 I/chatty ( 1699): uid=1000(system) Binder:1699_20 expire 8 lines
07-24 17:52:05.247 I/chatty ( 1699): uid=1000(system) Binder:1699_1 expire 11 lines
07-24 17:52:29.182 I/chatty ( 1699): uid=1000(system) Binder:1699_C expire 3 lines
07-24 17:52:29.935 I/chatty ( 1699): uid=1000(system) Binder:1699_1B expire 7 lines
07-24 17:52:31.975 I/chatty ( 1699): uid=1000(system) Binder:1699_7 expire 2 lines
07-24 17:52:55.095 I/chatty ( 1699): uid=1000(system) Binder:1699_1A expire 3 lines
07-24 17:53:04.039 I/chatty ( 1699): uid=1000(system) Binder:1699_19 expire 5 lines
07-24 17:53:04.697 I/chatty ( 1699): uid=1000(system) Binder:1699_A expire 1 line
07-24 17:53:35.176 I/chatty ( 1699): uid=1000(system) Binder:1699_11 expire 1 line
07-24 17:53:37.242 I/chatty ( 1699): uid=1000(system) batterystats-wo expire 7 lines
07-24 17:53:55.254 I/chatty ( 1699): uid=1000(system) Binder:1699_5 expire 5 lines
07-24 17:54:35.311 I/chatty ( 1699): uid=1000(system) Binder:1699_1D expire 6 lines
07-24 17:55:50.622 I/chatty ( 1699): uid=1000(system) Binder:1699_16 expire 3 lines
07-24 17:55:55.751 I/chatty ( 1699): uid=1000(system) Binder:1699_B expire 2 lines
07-24 17:56:56.018 I/chatty ( 1699): uid=1000(system) Binder:1699_12 expire 2 lines
07-24 17:59:36.625 I/chatty ( 1699): uid=1000(system) Binder:1699_9 expire 2 lines
07-24 18:00:10.100 I/chatty ( 1699): uid=1000(system) PowerManagerSer expire 23 lines
07-24 18:00:10.102 I/chatty ( 1699): uid=1000(system) aceService.Main expire 3 lines
07-24 18:00:10.384 I/chatty ( 1699): uid=1000(system) android.display expire 7 lines
07-24 18:00:10.638 I/chatty ( 1699): uid=1000(system) Thread-140 expire 9 lines
07-24 18:00:10.661 I/chatty ( 1699): uid=1000(system) Binder:1699_18 expire 10 lines
07-24 18:00:10.704 I/chatty ( 1699): uid=1000(system) Binder:1699_13 expire 4 lines
07-24 18:00:11.097 I/chatty ( 1699): uid=1000(system) android.bg expire 4 lines
07-24 18:00:16.227 I/chatty ( 1699): uid=1000(system) Thread-40 expire 7 lines
07-24 18:07:27.752 W/ActivityThread(22238): ClassLoader.loadClass: The class loader returned by Thread.getContextClassLoader() may fail for processes that host multiple applications. You should explicitly specify a context class loader. For example: Thread.setContextClassLoader(getClass().getClassLoader());
07-24 18:16:28.823 I/chatty ( 1699): uid=1000(system) InputReader expire 2 lines
07-24 18:16:28.900 I/chatty ( 1699): uid=1000(system) PhoneWinHandler expire 4 lines
07-24 18:16:28.976 I/chatty ( 1699): uid=1000(system) android.ui expire 6 lines
07-24 18:16:29.865 I/chatty ( 1699): uid=1000(system) Binder:1699_E expire 1 line
07-24 18:16:40.112 I/chatty ( 1699): uid=1000(system) Binder:1699_1 expire 5 lines
07-24 18:26:40.804 I/chatty ( 1699): uid=1000(system) Binder:1699_2 expire 1 line
07-24 19:04:06.700 I/chatty ( 1699): uid=1000 system_server expire 1 line
07-24 19:04:12.724 I/chatty ( 1699): uid=1000(system) Binder:1699_F expire 1 line
07-24 19:57:02.729 I/chatty ( 1699): uid=1000(system) Binder:1699_14 expire 2 lines
07-24 21:10:31.635 I/chatty ( 1699): uid=1000(system) BroadcastQueue expire 24 lines
07-24 22:00:01.569 I/chatty ( 1699): uid=1000 system_server expire 11 lines
07-24 22:35:24.591 I/chatty ( 1699): uid=1000(system) ConnectivitySer expire 1 line
07-24 22:36:43.306 I/chatty ( 1699): uid=1000 system_server expire 1 line
07-24 22:36:43.322 I/chatty ( 1699): uid=1000(system) Binder:1699_1D expire 11 lines
07-24 22:36:43.383 I/chatty ( 1699): uid=1000(system) Binder:1699_12 expire 6 lines
07-24 22:44:13.840 I/chatty ( 1699): uid=1000(system) Binder:1699_1C expire 4 lines
07-24 23:04:51.577 I/chatty ( 1699): uid=1000(system) Binder:1699_A expire 2 lines
07-24 23:30:15.111 I/chatty ( 1699): uid=1000(system) Thread-40 expire 2 lines
07-24 23:49:13.684 I/chatty ( 1699): uid=1000(system) batterystats-wo expire 2 lines
07-24 23:49:14.085 I/chatty ( 1699): uid=1000(system) android.ui expire 46 lines
07-25 00:48:54.257 I/chatty ( 1699): uid=1000(system) Binder:1699_1E expire 3 lines
07-25 00:48:54.289 W/PackageParser( 3385): Unknown element under : uses-extentionMetaData at /storage/emulated/0/ColorOS/Market/app/.fc/106.apk Binary XML file line #47
07-25 00:48:54.289 W/PackageParser( 3385): Unknown element under : uses-extentionMetaData at /storage/emulated/0/ColorOS/Market/app/.fc/106.apk Binary XML file line #50
07-25 00:48:54.517 D/DefContainer(10267): Copying /storage/emulated/0/ColorOS/Market/app/.fc/106.apk to base.apk
07-25 00:48:54.645 W/PackageParser(13090): Unknown element under : uses-extentionMetaData at /storage/emulated/0/ColorOS/Market/app/.fc/106.apk Binary XML file line #47
07-25 00:48:54.645 W/PackageParser(13090): Unknown element under : uses-extentionMetaData at /storage/emulated/0/ColorOS/Market/app/.fc/106.apk Binary XML file line #50
07-25 00:48:55.018 W/PackageParser(13090): Unknown element under : uses-extentionMetaData at /storage/emulated/0/ColorOS/Market/app/.fc/106.apk Binary XML file line #47
07-25 00:48:55.018 W/PackageParser(13090): Unknown element under : uses-extentionMetaData at /storage/emulated/0/ColorOS/Market/app/.fc/106.apk Binary XML file line #50
07-25 00:48:55.048 I/chatty ( 1699): uid=1000(system) PackageManager expire 34 lines
07-25 00:48:55.198 I/chatty ( 1699): uid=1000(system) ActivityManager expire 5 lines
07-25 00:48:55.796 I/chatty ( 1699): uid=1000(system) Binder:1699_F expire 1 line
07-25 00:48:57.014 I/chatty ( 1699): uid=1000(system) Binder:1699_1 expire 6 lines
07-25 00:49:00.297 I/chatty ( 1699): uid=1000 system_server expire 12 lines
07-25 00:49:00.471 I/chatty ( 1699): uid=1000(system) android.bg expire 14 lines
07-25 00:49:00.880 I/chatty ( 1699): uid=1000(system) Binder:1699_17 expire 24 lines
07-25 00:49:01.032 I/chatty ( 1699): uid=1000(system) Binder:1699_E expire 4 lines
07-25 00:49:01.184 I/chatty ( 1699): uid=1000(system) Binder:1699_20 expire 1 line
07-25 00:49:02.327 I/chatty ( 1699): uid=1000(system) Binder:1699_D expire 2 lines
07-25 01:11:36.333 I/chatty ( 1699): uid=1000(system) Binder:1699_16 expire 5 lines
07-25 01:11:36.751 I/chatty ( 1699): uid=1000(system) Binder:1699_15 expire 1 line
07-25 01:11:36.789 I/chatty ( 1699): uid=1000(system) Binder:1699_1B expire 3 lines
07-25 01:11:36.929 I/chatty ( 1699): uid=1000(system) Binder:1699_19 expire 4 lines
07-25 01:11:37.162 I/chatty ( 1699): uid=1000(system) Binder:1699_7 expire 8 lines
07-25 01:11:37.190 I/chatty ( 1699): uid=1000(system) android.display expire 1 line
07-25 01:11:37.420 I/chatty ( 1699): uid=1000(system) Binder:1699_B expire 7 lines
07-25 01:11:37.435 I/chatty ( 1699): uid=1000(system) Binder:1699_4 expire 1 line
07-25 01:11:37.986 I/chatty ( 1699): uid=1000(system) Binder:1699_2 expire 8 lines
07-25 01:11:38.338 I/chatty ( 1699): uid=1000(system) Binder:1699_14 expire 7 lines
07-25 01:11:38.719 I/chatty ( 1699): uid=1000(system) BroadcastQueue expire 8 lines
07-25 01:11:38.727 I/chatty ( 1699): uid=1000(system) android.ui expire 12 lines
07-25 01:11:38.748 I/chatty ( 1699): uid=1000(system) Binder:1699_16 expire 8 lines
07-25 01:11:38.860 I/chatty ( 1699): uid=1000(system) Binder:1699_B expire 14 lines
07-25 01:11:38.941 I/chatty ( 1699): uid=1000(system) Binder:1699_5 expire 2 lines
07-25 01:11:39.057 I/chatty ( 1699): uid=1000(system) Binder:1699_F expire 1 line
07-25 01:11:39.120 I/chatty ( 1699): uid=1000(system) Binder:1699_10 expire 5 lines
07-25 01:11:39.200 I/chatty ( 1699): uid=1000(system) Binder:1699_20 expire 18 lines
07-25 01:11:39.912 I/chatty ( 1699): uid=1000(system) Binder:1699_4 expire 1 line
07-25 01:11:39.915 I/chatty ( 1699): uid=1000(system) Binder:1699_1A expire 9 lines
07-25 01:34:13.552 I/chatty ( 1699): uid=1000 system_server expire 9 lines
07-25 01:34:13.561 I/chatty ( 1699): uid=1000(system) batterystats-wo expire 2 lines
07-25 01:54:17.529 I/chatty ( 1699): uid=1000(system) Binder:1699_D expire 3 lines
07-25 01:54:17.586 I/chatty ( 1699): uid=1000(system) Binder:1699_7 expire 2 lines
07-25 01:54:17.690 I/chatty ( 1699): uid=1000(system) Binder:1699_17 expire 11 lines
07-25 01:54:18.091 I/chatty ( 1699): uid=1000(system) Binder:1699_1F expire 3 lines
07-25 01:54:18.229 I/chatty ( 1699): uid=1000(system) Binder:1699_1 expire 15 lines
07-25 01:54:18.678 W/ActivityThread(10250): ClassLoader.loadClass: The class loader returned by Thread.getContextClassLoader() may fail for processes that host multiple applications. You should explicitly specify a context class loader. For example: Thread.setContextClassLoader(getClass().getClassLoader());
07-25 01:54:47.840 I/chatty ( 1699): uid=1000(system) Binder:1699_1C expire 1 line
07-25 01:54:55.444 I/chatty ( 1699): uid=1000(system) Thread-40 expire 1 line
07-25 02:54:12.439 I/chatty ( 1699): uid=1000(system) Binder:1699_1E expire 3 lines
07-25 03:06:06.779 I/chatty ( 1699): uid=1000(system) Binder:1699_9 expire 11 lines
07-25 03:06:07.078 I/ActivityThread(25958): Removing dead content provider:android.content.ContentProviderProxy@f9a9503
07-25 03:06:07.079 I/ActivityThread( 7409): Removing dead content provider:android.content.ContentProviderProxy@53a2676
07-25 03:06:07.078 I/ActivityThread( 7786): Removing dead content provider:android.content.ContentProviderProxy@a5c8230
07-25 03:06:07.078 I/ActivityThread(25662): Removing dead content provider:android.content.ContentProviderProxy@f8d707c
07-25 03:06:07.079 I/ActivityThread( 7270): Removing dead content provider:android.content.ContentProviderProxy@3d14d
07-25 03:06:07.080 I/ActivityThread( 5812): Removing dead content provider:android.content.ContentProviderProxy@88e2d59
07-25 03:06:07.625 I/chatty ( 1699): uid=1000(system) Binder:1699_2 expire 15 lines
07-25 03:06:07.694 I/chatty ( 1699): uid=1000(system) ActivityManager expire 1 line
07-25 03:06:07.697 I/chatty ( 1699): uid=1000(system) Binder:1699_12 expire 9 lines
07-25 03:06:07.883 I/chatty ( 1699): uid=1000(system) Binder:1699_13 expire 3 lines
07-25 03:06:08.007 I/chatty ( 1699): uid=1000(system) Binder:1699_8 expire 4 lines
07-25 03:06:08.160 I/chatty ( 1699): uid=1000(system) Binder:1699_C expire 5 lines
07-25 03:06:08.728 I/ActivityThread(17641): Removing dead content provider:android.content.ContentProviderProxy@1ad6b62
07-25 03:06:09.257 I/chatty ( 1699): uid=1000(system) android.ui expire 19 lines
07-25 03:06:14.537 I/chatty ( 1699): uid=1000(system) Binder:1699_1D expire 5 lines
07-25 03:06:15.042 I/chatty ( 1699): uid=1000(system) FileObserver expire 51 lines
07-25 03:06:19.325 I/chatty ( 1699): uid=1000(system) android.ui expire 32 lines
07-25 03:06:19.366 I/chatty ( 1699): uid=1000(system) Binder:1699_2 expire 2 lines
07-25 03:06:19.812 I/chatty ( 1699): uid=1000(system) Binder:1699_1D expire 12 lines
07-25 03:06:20.338 I/chatty ( 1699): uid=1000(system) Binder:1699_1B expire 9 lines
07-25 03:06:20.424 I/chatty ( 1699): uid=1000(system) Binder:1699_15 expire 21 lines
07-25 03:06:21.956 I/chatty ( 1699): uid=1000(system) Binder:1699_16 expire 8 lines
07-25 03:06:22.031 I/chatty ( 1699): uid=1000(system) Binder:1699_B expire 4 lines
07-25 03:06:22.491 I/chatty ( 1699): uid=1000(system) Binder:1699_1A expire 12 lines
07-25 03:06:23.055 I/chatty ( 1699): uid=1000(system) Binder:1699_3 expire 7 lines
07-25 03:06:23.158 I/chatty ( 1699): uid=1000(system) Binder:1699_1F expire 9 lines
07-25 03:06:23.305 I/chatty ( 1699): uid=1000(system) Binder:1699_20 expire 14 lines
07-25 03:06:23.524 I/ActivityThread( 7409): Removing dead content provider:android.content.ContentProviderProxy@6be8477
07-25 03:06:23.524 I/ActivityThread(26083): Removing dead content provider:android.content.ContentProviderProxy@fb21175
07-25 03:06:23.525 I/ActivityThread( 3385): Removing dead content provider:android.content.ContentProviderProxy@13e1287
07-25 03:06:23.533 I/chatty ( 1699): uid=1000 system_server expire 10 lines
07-25 03:06:24.041 I/chatty ( 1699): uid=1000(system) Binder:1699_12 expire 5 lines
07-25 03:06:24.045 I/ActivityThread( 7409): Removing dead content provider:android.content.ContentProviderProxy@684d8e4
07-25 03:06:24.047 I/ActivityThread( 6778): Removing dead content provider:android.content.ContentProviderProxy@bbd477
07-25 03:06:24.128 I/chatty ( 1699): uid=1000(system) ActivityManager expire 2 lines
07-25 03:06:24.538 I/chatty ( 1699): uid=1000(system) Binder:1699_18 expire 2 lines
07-25 03:06:24.575 I/chatty ( 1699): uid=1000(system) Binder:1699_1C expire 7 lines
07-25 03:06:24.670 I/chatty ( 1699): uid=1000(system) Binder:1699_6 expire 4 lines
07-25 03:06:25.644 I/chatty ( 1699): uid=1000(system) Binder:1699_13 expire 12 lines
07-25 03:06:26.224 I/chatty ( 1699): uid=1000(system) Binder:1699_C expire 13 lines
07-25 03:06:26.403 I/chatty ( 1699): uid=1000(system) Binder:1699_E expire 5 lines
07-25 03:06:26.415 I/chatty ( 1699): uid=1000(system) Binder:1699_7 expire 6 lines
07-25 03:06:26.511 I/chatty ( 1699): uid=1000(system) Binder:1699_17 expire 11 lines
07-25 03:06:28.833 I/chatty ( 1699): uid=1000(system) android.display expire 4 lines
07-25 03:06:30.334 I/chatty ( 1699): uid=1000(system) Binder:1699_19 expire 7 lines
07-25 03:06:32.458 I/chatty ( 1699): uid=1000(system) Binder:1699_11 expire 2 lines
07-25 03:06:32.506 I/chatty ( 1699): uid=1000(system) Binder:1699_8 expire 4 lines
07-25 03:06:32.508 I/chatty ( 1699): uid=1000(system) Binder:1699_F expire 4 lines
07-25 03:06:32.518 I/chatty ( 1699): uid=1000(system) Binder:1699_A expire 1 line
07-25 03:06:32.542 I/chatty ( 1699): uid=1000(system) Binder:1699_4 expire 1 line
07-25 03:06:32.547 I/chatty ( 1699): uid=1000(system) Binder:1699_D expire 2 lines
07-25 03:06:32.571 E/ActivityThread( 7786): Service com.coloros.recents.RecentsService has leaked IntentReceiver com.coloros.recents.f.b@3d3a9aa that was originally registered here. Are you missing a call to unregisterReceiver()?
07-25 03:06:32.571 E/ActivityThread( 7786): android.app.IntentReceiverLeaked: Service com.coloros.recents.RecentsService has leaked IntentReceiver com.coloros.recents.f.b@3d3a9aa that was originally registered here. Are you missing a call to unregisterReceiver()?
07-25 03:06:32.571 E/ActivityThread( 7786): at android.app.LoadedApk$ReceiverDispatcher.(LoadedApk.java:1447)
07-25 03:06:32.571 E/ActivityThread( 7786): at android.app.LoadedApk.getReceiverDispatcher(LoadedApk.java:1186)
07-25 03:06:32.571 E/ActivityThread( 7786): at android.app.ContextImpl.registerReceiverInternal(ContextImpl.java:1443)
07-25 03:06:32.571 E/ActivityThread( 7786): at android.app.ContextImpl.registerReceiver(ContextImpl.java:1416)
07-25 03:06:32.571 E/ActivityThread( 7786): at android.app.ContextImpl.registerReceiver(ContextImpl.java:1404)
07-25 03:06:32.571 E/ActivityThread( 7786): at android.content.ContextWrapper.registerReceiver(ContextWrapper.java:624)
07-25 03:06:32.571 E/ActivityThread( 7786): at com.coloros.recents.f.a.(Unknown Source:28)
07-25 03:06:32.571 E/ActivityThread( 7786): at com.coloros.recents.f.a.b(Unknown Source:2)
07-25 03:06:32.571 E/ActivityThread( 7786): at com.coloros.recents.RecentsService.c(Unknown Source:16)
07-25 03:06:32.571 E/ActivityThread( 7786): at com.coloros.recents.RecentsService.onCreate(Unknown Source:70)
07-25 03:06:32.571 E/ActivityThread( 7786): at android.app.ActivityThread.handleCreateService(ActivityThread.java:3584)
07-25 03:06:32.571 E/ActivityThread( 7786): at android.app.ActivityThread.-wrap4(Unknown Source:0)
07-25 03:06:32.571 E/ActivityThread( 7786): at android.app.ActivityThread$H.handleMessage(ActivityThread.java:1855)
07-25 03:06:32.571 E/ActivityThread( 7786): at android.os.Handler.dispatchMessage(Handler.java:106)
07-25 03:06:32.571 E/ActivityThread( 7786): at android.os.Looper.loop(Looper.java:198)
07-25 03:06:32.571 E/ActivityThread( 7786): at android.app.ActivityThread.main(ActivityThread.java:7015)
07-25 03:06:32.571 E/ActivityThread( 7786): at java.lang.reflect.Method.invoke(Native Method)
