07-27 09:15:57.508 I/chatty ( 1699): uid=1000(system) Binder:1699_1B expire 4 lines
07-27 09:15:57.586 I/chatty ( 1699): uid=1000(system) Binder:1699_C expire 13 lines
07-27 09:16:09.193 I/chatty ( 1699): uid=1000 system_server expire 11 lines
07-27 09:16:40.806 D/ViewRootImpl( 8553): swipeFromBottom mIgnoring true downY 2330 mScreenHeight 2340 mStatusBarHeight 54 globalScale 1.125
07-27 09:16:40.874 I/chatty ( 1699): uid=1000(system) Binder:1699_1D expire 10 lines
07-27 09:16:41.276 I/chatty ( 1699): uid=1000(system) ns expire 15 lines
07-27 09:16:42.550 I/chatty ( 1699): uid=1000(system) Binder:1699_A expire 1 line
07-27 09:16:42.551 I/chatty ( 1699): uid=1000(system) android.display expire 1 line
07-27 09:16:46.192 I/chatty ( 1699): uid=1000(system) Binder:1699_2 expire 1 line
07-27 09:16:46.415 I/chatty ( 1699): uid=1000(system) Binder:1699_1E expire 11 lines
07-27 09:16:46.448 I/chatty ( 1699): uid=1000(system) Binder:1699_13 expire 8 lines
07-27 09:17:01.853 I/chatty ( 1699): uid=1000(system) Binder:1699_18 expire 5 lines
07-27 09:17:02.927 E/DexLoadReporter(10145): Could not create the profile directory: /data/app/com.yishouapp.fumi-zJpXfrdUQ-pAEfYU8Tc8Fw==/lib/arm/oat/libsgmain.so.cur.prof
07-27 09:17:02.970 E/DexLoadReporter(10145): Could not create the profile directory: /data/app/com.yishouapp.fumi-zJpXfrdUQ-pAEfYU8Tc8Fw==/lib/arm/oat/libsgsecuritybody.so.cur.prof
07-27 09:17:03.001 E/DexLoadReporter(10145): Could not create the profile directory: /data/app/com.yishouapp.fumi-zJpXfrdUQ-pAEfYU8Tc8Fw==/lib/arm/oat/libsgavmp.so.cur.prof
07-27 09:17:03.172 E/DexLoadReporter(10170): Could not create the profile directory: /data/app/com.yishouapp.fumi-zJpXfrdUQ-pAEfYU8Tc8Fw==/lib/arm/oat/libsgmain.so.cur.prof
07-27 09:17:03.263 E/DexLoadReporter(10170): Could not create the profile directory: /data/app/com.yishouapp.fumi-zJpXfrdUQ-pAEfYU8Tc8Fw==/lib/arm/oat/libsgsecuritybody.so.cur.prof
07-27 09:17:03.312 E/DexLoadReporter(10170): Could not create the profile directory: /data/app/com.yishouapp.fumi-zJpXfrdUQ-pAEfYU8Tc8Fw==/lib/arm/oat/libsgavmp.so.cur.prof
07-27 09:17:03.470 E/DexLoadReporter(10190): Could not create the profile directory: /data/app/com.yishouapp.fumi-zJpXfrdUQ-pAEfYU8Tc8Fw==/lib/arm/oat/libsgmain.so.cur.prof
07-27 09:17:03.610 E/DexLoadReporter(10190): Could not create the profile directory: /data/app/com.yishouapp.fumi-zJpXfrdUQ-pAEfYU8Tc8Fw==/lib/arm/oat/libsgsecuritybody.so.cur.prof
07-27 09:17:03.691 E/DexLoadReporter(10190): Could not create the profile directory: /data/app/com.yishouapp.fumi-zJpXfrdUQ-pAEfYU8Tc8Fw==/lib/arm/oat/libsgavmp.so.cur.prof
07-27 09:17:04.917 I/chatty ( 1699): uid=1000(system) Binder:1699_16 expire 1 line
07-27 09:17:04.920 I/chatty ( 1699): uid=1000(system) Binder:1699_15 expire 2 lines
07-27 09:17:05.173 I/chatty ( 1699): uid=1000(system) Binder:1699_20 expire 12 lines
07-27 09:17:05.693 I/chatty ( 1699): uid=1000(system) android.ui expire 5 lines
07-27 09:17:06.504 E/DexLoadReporter(10392): Could not create the profile directory: /data/app/com.yishouapp.fumi-zJpXfrdUQ-pAEfYU8Tc8Fw==/lib/arm/oat/libsgmain.so.cur.prof
07-27 09:17:06.559 E/DexLoadReporter(10392): Could not create the profile directory: /data/app/com.yishouapp.fumi-zJpXfrdUQ-pAEfYU8Tc8Fw==/lib/arm/oat/libsgsecuritybody.so.cur.prof
07-27 09:17:06.589 E/DexLoadReporter(10392): Could not create the profile directory: /data/app/com.yishouapp.fumi-zJpXfrdUQ-pAEfYU8Tc8Fw==/lib/arm/oat/libsgavmp.so.cur.prof
07-27 09:17:07.244 I/chatty ( 1699): uid=1000(system) android.anim expire 10 lines
07-27 09:17:57.092 I/chatty ( 1699): uid=1000(system) android.bg expire 1 line
07-27 09:17:57.505 I/chatty ( 1699): uid=1000(system) Binder:1699_1F expire 2 lines
07-27 09:18:22.931 I/chatty ( 1699): uid=1000(system) Binder:1699_19 expire 2 lines
07-27 09:18:23.047 I/chatty ( 1699): uid=1000(system) Binder:1699_10 expire 1 line
07-27 09:18:33.104 I/chatty ( 1699): uid=1000(system) batterystats-wo expire 4 lines
07-27 09:18:38.289 D/OppoLFEHJobService( 9503): onCreate--enter.
07-27 09:18:38.330 D/OppoLFEHJobService( 9503): onStartJob--4105
07-27 09:18:38.344 D/OppoLFEHJobService( 9503): onDestory--enter.
07-27 09:18:38.364 D/OppoLFEHelper( 9503): initService OppoLFEHer#_1.0.0_98f5c7f2_20180717_1800:1000
07-27 09:18:38.382 D/OppoLFEHelper( 9503): parseXML null
07-27 09:18:38.390 V/OppoLFEHelper( 9503): startEncodeFileHandlerThread
07-27 09:18:38.405 V/OppoLFEHelper( 9503): onBind mBinder = null
07-27 09:18:38.407 D/OppoLFEHelper( 9503): mServerkillSelfCountTimer count down,finished 179
07-27 09:18:39.346 D/OppoLFEHelper( 9503): scanAndEncode
07-27 09:18:39.346 D/OppoLFEHelper( 9503): handle receive msg 10001
07-27 09:18:39.350 V/OppoLFEHelper( 9503): now - lastTime 363155417 2504882755
07-27 09:19:38.443 D/OppoLFEHelper( 9503): mServerkillSelfCountTimer count down,finished 119
07-27 09:20:38.502 D/OppoLFEHelper( 9503): mServerkillSelfCountTimer count down,finished 59
07-27 09:21:38.428 D/OppoLFEHelper( 9503): kill Self
07-27 09:21:54.020 I/chatty ( 1699): uid=1000(system) Binder:1699_1 expire 3 lines
07-27 09:21:54.670 I/chatty ( 1699): uid=1000(system) android.anim expire 8 lines
07-27 09:22:06.528 I/chatty ( 1699): uid=1000(system) Binder:1699_7 expire 1 line
07-27 09:22:42.390 I/chatty ( 1699): uid=1000(system) Binder:1699_1C expire 12 lines
07-27 09:29:38.293 I/chatty ( 1699): uid=1000(system) Binder:1699_1B expire 2 lines
07-27 09:29:38.307 I/chatty ( 1699): uid=1000(system) Binder:1699_17 expire 12 lines
07-27 09:29:38.315 I/chatty ( 1699): uid=1000(system) Binder:1699_1E expire 14 lines
07-27 09:29:39.318 I/chatty ( 1699): uid=1000(system) Binder:1699_13 expire 4 lines
07-27 09:29:39.320 I/chatty ( 1699): uid=1000(system) Binder:1699_4 expire 4 lines
07-27 09:29:39.375 I/chatty ( 1699): uid=1000(system) Binder:1699_20 expire 16 lines
07-27 09:29:39.407 I/chatty ( 1699): uid=1000(system) ns expire 10 lines
07-27 09:29:39.427 I/chatty ( 1699): uid=1000(system) android.ui expire 13 lines
07-27 09:29:39.547 I/chatty ( 1699): uid=1000(system) backup expire 1 line
07-27 09:29:39.557 I/chatty ( 1699): uid=1000(system) Binder:1699_7 expire 5 lines
07-27 09:29:39.722 I/chatty ( 1699): uid=1000(system) android.anim expire 17 lines
07-27 09:29:39.777 I/chatty ( 1699): uid=1000(system) ActivityManager expire 4 lines
07-27 09:29:54.706 D/ViewRootImpl( 9642): swipeFromBottom mIgnoring true downY 2328 mScreenHeight 2340 mStatusBarHeight 54 globalScale 1.125
07-27 09:29:54.765 I/chatty ( 1699): uid=1000(system) Binder:1699_1F expire 19 lines
07-27 09:29:55.394 I/chatty ( 1699): uid=1000(system) Binder:1699_19 expire 7 lines
07-27 09:29:57.816 I/chatty ( 1699): uid=1000(system) Binder:1699_1A expire 11 lines
07-27 09:30:12.999 I/chatty ( 1699): uid=1000(system) Binder:1699_1 expire 7 lines
07-27 09:30:16.177 I/chatty ( 1699): uid=1000(system) Binder:1699_6 expire 4 lines
07-27 09:30:17.918 D/ViewRootImpl( 6802): swipeFromBottom mIgnoring true downY 2306 mScreenHeight 2340 mStatusBarHeight 54 globalScale 1.125
07-27 09:30:17.926 D/ViewRootImpl( 6802): swipeFromBottom mIgnoring true downY 2306 mScreenHeight 2340 mStatusBarHeight 54 globalScale 1.125
07-27 09:30:17.926 D/ViewRootImpl( 6802): swipeFromBottom mIgnoring === false downY 2306 mStatusBarHeight 54
07-27 09:30:25.011 I/chatty ( 1699): uid=1000(system) Binder:1699_11 expire 1 line
07-27 09:30:25.013 I/chatty ( 1699): uid=1000(system) android.ui expire 2 lines
07-27 09:30:26.329 I/chatty ( 1699): uid=1000(system) Binder:1699_14 expire 4 lines
07-27 09:30:43.294 I/chatty ( 1699): uid=1000(system) Binder:1699_3 expire 2 lines
07-27 09:30:50.428 I/chatty ( 1699): uid=1000(system) Binder:1699_5 expire 5 lines
07-27 09:30:52.940 I/chatty ( 1699): uid=1000(system) batterystats-wo expire 1 line
07-27 09:31:00.623 I/chatty ( 1699): uid=1000(system) Binder:1699_18 expire 1 line
07-27 09:31:05.240 I/chatty ( 1699): uid=1000(system) Binder:1699_15 expire 2 lines
07-27 09:31:05.252 W/ViewRootImpl[NewGoodsActivity](10145): Dropping event due to root view being removed: MotionEvent { action=ACTION_UP, actionButton=0, id[0]=0, x[0]=-117.0, y[0]=816.0, toolType[0]=TOOL_TYPE_FINGER, buttonState=0, metaState=0, flags=0x0, edgeFlags=0x0, pointerCount=1, historySize=0, eventTime=95099991, downTime=95099979, deviceId=4, source=0x1002 }
07-27 09:31:09.035 D/ViewRootImpl(10145): swipeFromBottom mIgnoring true downY 2322 mScreenHeight 2340 mStatusBarHeight 54 globalScale 1.125
07-27 09:31:09.183 D/ViewRootImpl(10145): swipeFromBottom mIgnoring true downY 2322 mScreenHeight 2340 mStatusBarHeight 54 globalScale 1.125
07-27 09:31:09.184 D/ViewRootImpl(10145): swipeFromBottom mIgnoring === false downY 2322 mStatusBarHeight 54
07-27 09:31:16.714 I/chatty ( 1699): uid=1000(system) Binder:1699_1D expire 8 lines
07-27 09:31:20.495 D/ViewRootImpl(10145): swipeFromBottom mIgnoring true downY 2301 mScreenHeight 2340 mStatusBarHeight 54 globalScale 1.125
07-27 09:31:20.581 D/ViewRootImpl(10145): swipeFromBottom mIgnoring true downY 2301 mScreenHeight 2340 mStatusBarHeight 54 globalScale 1.125
07-27 09:31:20.581 D/ViewRootImpl(10145): swipeFromBottom mIgnoring === false downY 2301 mStatusBarHeight 54
07-27 09:31:57.713 I/chatty ( 1699): uid=1000(system) Binder:1699_C expire 3 lines
07-27 09:31:58.619 I/chatty ( 1699): uid=1000(system) Binder:1699_12 expire 3 lines
07-27 09:31:59.636 I/chatty ( 1699): uid=1000(system) Binder:1699_D expire 3 lines
07-27 09:32:11.100 I/chatty ( 1699): uid=1000(system) Binder:1699_E expire 2 lines
07-27 09:32:11.293 I/chatty ( 1699): uid=1000(system) Binder:1699_9 expire 4 lines
07-27 09:32:11.569 I/chatty ( 1699): uid=1000(system) Binder:1699_A expire 1 line
07-27 09:32:41.681 I/chatty ( 1699): uid=1000(system) android.anim expire 12 lines
07-27 09:32:43.350 I/chatty ( 1699): uid=1000(system) android.bg expire 1 line
07-27 09:33:14.025 I/chatty ( 1699): uid=1000(system) Binder:1699_2 expire 7 lines
07-27 09:33:20.746 I/chatty ( 1699): uid=1000(system) Binder:1699_20 expire 16 lines
07-27 09:33:20.775 I/chatty ( 1699): uid=1000(system) Binder:1699_1E expire 13 lines
07-27 09:33:21.213 I/chatty ( 1699): uid=1000(system) Binder:1699_1D expire 10 lines
07-27 09:33:21.524 I/chatty ( 1699): uid=1000(system) android.anim expire 38 lines
07-27 09:33:37.061 I/chatty ( 1699): uid=1000(system) Binder:1699_1C expire 13 lines
07-27 09:33:37.241 I/chatty ( 1699): uid=1000(system) Binder:1699_1F expire 6 lines
07-27 09:36:06.110 I/chatty ( 1699): uid=1000(system) batterystats-wo expire 6 lines
07-27 09:36:23.249 I/chatty ( 1699): uid=1000 system_server expire 8 lines
07-27 09:36:30.306 I/chatty ( 1699): uid=1000(system) Binder:1699_14 expire 5 lines
07-27 09:36:40.912 I/chatty ( 1699): uid=1000(system) Binder:1699_7 expire 1 line
07-27 09:36:41.011 I/chatty ( 1699): uid=1000(system) Binder:1699_5 expire 4 lines
07-27 09:36:43.866 I/chatty ( 1699): uid=1000(system) Binder:1699_16 expire 6 lines
07-27 09:36:44.466 I/chatty ( 1699): uid=1000(system) Binder:1699_10 expire 1 line
07-27 09:36:57.953 I/chatty ( 1699): uid=1000(system) Binder:1699_4 expire 12 lines
07-27 09:37:00.866 I/chatty ( 1699): uid=1000(system) Binder:1699_6 expire 1 line
07-27 09:38:59.266 I/chatty ( 1699): uid=1000(system) Binder:1699_1 expire 7 lines
07-27 09:39:02.403 I/chatty ( 1699): uid=1000(system) Binder:1699_3 expire 3 lines
07-27 09:39:06.154 I/chatty ( 1699): uid=1000(system) Binder:1699_1B expire 4 lines
07-27 09:39:18.946 I/chatty ( 1699): uid=1000(system) ActivityManager expire 2 lines
07-27 09:39:27.901 I/chatty ( 1699): uid=1000(system) Binder:1699_15 expire 5 lines
07-27 09:39:28.216 I/chatty ( 1699): uid=1000(system) Binder:1699_17 expire 2 lines
07-27 09:39:42.451 I/chatty ( 1699): uid=1000(system) Binder:1699_E expire 1 line
07-27 09:40:05.941 I/chatty ( 1699): uid=1000(system) Binder:1699_1A expire 10 lines
07-27 09:40:33.528 I/chatty ( 1699): uid=1000(system) Binder:1699_18 expire 1 line
07-27 09:40:39.717 D/ViewRootImpl(10145): swipeFromBottom mIgnoring true downY 2308 mScreenHeight 2340 mStatusBarHeight 54 globalScale 1.125
07-27 09:40:39.803 D/ViewRootImpl(10145): swipeFromBottom mIgnoring true downY 2308 mScreenHeight 2340 mStatusBarHeight 54 globalScale 1.125
07-27 09:40:39.803 D/ViewRootImpl(10145): swipeFromBottom mIgnoring === false downY 2308 mStatusBarHeight 54
07-27 09:40:40.038 I/chatty ( 1699): uid=1000(system) Binder:1699_1E expire 9 lines
07-27 09:40:57.102 I/chatty ( 1699): uid=1000(system) android.anim expire 22 lines
07-27 09:46:13.363 I/chatty ( 1699): uid=1000(system) android.ui expire 2 lines
07-27 09:46:30.180 I/chatty ( 1699): uid=1000(system) Binder:1699_8 expire 1 line
07-27 09:46:31.969 I/chatty ( 1699): uid=1000(system) Binder:1699_19 expire 5 lines
07-27 09:52:44.827 I/chatty ( 1699): uid=1000(system) Binder:1699_1C expire 3 lines
07-27 09:52:52.010 I/chatty ( 1699): uid=1000(system) android.bg expire 1 line
07-27 09:53:14.547 I/chatty ( 1699): uid=1000(system) ns expire 10 lines
07-27 09:53:14.550 I/chatty ( 1699): uid=1000(system) android.ui expire 13 lines
07-27 09:53:14.617 E/ActivityThread( 6858): Failed to find provider info for com.google.android.gms.phenotype
07-27 09:53:14.747 I/chatty ( 1699): uid=1000(system) Binder:1699_2 expire 9 lines
07-27 09:53:14.928 I/chatty ( 1699): uid=1000(system) ActivityManager expire 5 lines
07-27 09:53:15.029 I/chatty ( 1699): uid=1000(system) Binder:1699_E expire 7 lines
07-27 09:53:15.218 I/chatty ( 1699): uid=1000(system) android.anim expire 30 lines
07-27 09:53:16.728 I/chatty ( 1699): uid=1000(system) Binder:1699_20 expire 10 lines
07-27 09:53:17.024 I/chatty ( 1699): uid=1000(system) Binder:1699_1D expire 10 lines
07-27 09:54:55.961 I/chatty ( 1699): uid=1000(system) Binder:1699_1E expire 12 lines
07-27 09:55:04.205 I/chatty ( 1699): uid=1000(system) Binder:1699_1C expire 12 lines
07-27 09:55:05.692 I/chatty ( 1699): uid=1000(system) Binder:1699_19 expire 10 lines
07-27 09:56:13.608 I/chatty ( 1699): uid=1000(system) Binder:1699_A expire 5 lines
07-27 09:56:28.481 I/chatty ( 1699): uid=1000(system) Binder:1699_11 expire 1 line
07-27 09:56:36.782 I/chatty ( 1699): uid=1000(system) Binder:1699_15 expire 2 lines
07-27 09:56:40.070 I/chatty ( 1699): uid=1000(system) Binder:1699_14 expire 1 line
07-27 09:56:47.805 I/chatty ( 1699): uid=1000(system) Binder:1699_1 expire 14 lines
07-27 09:56:49.901 I/chatty ( 1699): uid=1000 system_server expire 3 lines
07-27 09:56:49.911 I/chatty ( 1699): uid=1000(system) Binder:1699_1F expire 11 lines
07-27 09:59:36.473 I/chatty ( 1699): uid=1000(system) Binder:1699_16 expire 4 lines
07-27 09:59:36.733 I/chatty ( 1699): uid=1000(system) Binder:1699_C expire 1 line
07-27 09:59:41.625 I/chatty ( 1699): uid=1000(system) Binder:1699_1A expire 1 line
07-27 09:59:56.860 D/ViewRootImpl(10145): swipeFromBottom mIgnoring true downY 2299 mScreenHeight 2340 mStatusBarHeight 54 globalScale 1.125
07-27 09:59:56.914 D/ViewRootImpl(10145): swipeFromBottom mIgnoring true downY 2299 mScreenHeight 2340 mStatusBarHeight 54 globalScale 1.125
07-27 09:59:56.914 D/ViewRootImpl(10145): swipeFromBottom mIgnoring === false downY 2299 mStatusBarHeight 54
07-27 09:59:57.006 I/chatty ( 1699): uid=1000(system) Binder:1699_12 expire 2 lines
07-27 10:00:01.055 I/chatty ( 1699): uid=1000(system) android.anim expire 22 lines
07-27 10:00:15.316 I/chatty ( 1699): uid=1000(system) batterystats-wo expire 2 lines
07-27 10:01:46.827 I/chatty ( 1699): uid=1000(system) Binder:1699_1D expire 9 lines
07-27 10:01:54.545 I/chatty ( 1699): uid=1000(system) Binder:1699_1C expire 5 lines
07-27 10:02:29.603 I/chatty ( 1699): uid=1000(system) Binder:1699_20 expire 6 lines
07-27 10:02:33.749 I/chatty ( 1699): uid=1000(system) android.ui expire 9 lines
07-27 10:02:36.073 I/chatty ( 1699): uid=1000(system) Binder:1699_3 expire 4 lines
07-27 10:02:36.872 I/chatty ( 1699): uid=1000(system) Binder:1699_1B expire 2 lines
07-27 10:02:47.081 I/chatty ( 1699): uid=1000(system) Binder:1699_20 expire 6 lines
07-27 10:02:47.141 I/chatty ( 1699): uid=1000(system) android.ui expire 8 lines
07-27 10:02:52.296 I/chatty ( 1699): uid=1000(system) OppoSafeDbReade expire 2 lines
07-27 10:02:52.298 I/chatty ( 1699): uid=1000(system) Binder:1699_1C expire 5 lines
07-27 10:02:56.655 I/chatty ( 1699): uid=1000(system) Binder:1699_A expire 5 lines
07-27 10:02:56.703 I/chatty ( 1699): uid=1000(system) ns expire 5 lines
07-27 10:02:56.757 I/chatty ( 1699): uid=1000(system) Binder:1699_1F expire 10 lines
07-27 10:02:57.046 I/chatty ( 1699): uid=1000(system) ActivityManager expire 1 line
07-27 10:02:57.153 I/chatty ( 1699): uid=1000(system) android.anim expire 14 lines
07-27 10:03:08.852 I/chatty ( 1699): uid=1000(system) Binder:1699_11 expire 4 lines
07-27 10:03:09.131 I/chatty ( 1699): uid=1000(system) Binder:1699_5 expire 9 lines
07-27 10:03:11.392 I/chatty ( 1699): uid=1000 system_server expire 7 lines
07-27 10:03:12.621 I/chatty ( 1699): uid=1000(system) Binder:1699_1E expire 10 lines
07-27 10:03:17.464 I/chatty ( 1699): uid=1000(system) Binder:1699_13 expire 4 lines
07-27 10:03:20.002 D/ViewRootImpl(10145): swipeFromBottom mIgnoring true downY 2298 mScreenHeight 2340 mStatusBarHeight 54 globalScale 1.125
07-27 10:03:20.101 D/ViewRootImpl(10145): swipeFromBottom mIgnoring true downY 2298 mScreenHeight 2340 mStatusBarHeight 54 globalScale 1.125
07-27 10:03:20.101 D/ViewRootImpl(10145): swipeFromBottom mIgnoring === false downY 2298 mStatusBarHeight 54
07-27 10:03:20.117 I/chatty ( 1699): uid=1000(system) Binder:1699_B expire 3 lines
07-27 10:03:22.142 I/chatty ( 1699): uid=1000(system) Binder:1699_4 expire 2 lines
07-27 10:03:24.516 I/chatty ( 1699): uid=1000(system) Binder:1699_19 expire 5 lines
07-27 10:03:30.781 I/chatty ( 1699): uid=1000(system) Binder:1699_F expire 3 lines
07-27 10:03:30.782 I/chatty ( 1699): uid=1000(system) Binder:1699_C expire 2 lines
07-27 10:03:36.513 I/chatty ( 1699): uid=1000(system) Binder:1699_1D expire 9 lines
07-27 10:03:40.470 I/chatty ( 1699): uid=1000(system) Binder:1699_3 expire 6 lines
07-27 10:03:59.139 I/chatty ( 1699): uid=1000(system) Binder:1699_18 expire 9 lines
07-27 10:04:00.019 I/chatty ( 1699): uid=1000(system) Binder:1699_1A expire 1 line
07-27 10:04:07.869 I/chatty ( 1699): uid=1000(system) Binder:1699_14 expire 3 lines
07-27 10:04:29.564 I/chatty ( 1699): uid=1000(system) Binder:1699_9 expire 2 lines
07-27 10:04:29.859 I/chatty ( 1699): uid=1000(system) Binder:1699_1 expire 11 lines
07-27 10:04:34.829 D/ViewRootImpl(10145): swipeFromBottom mIgnoring true downY 2318 mScreenHeight 2340 mStatusBarHeight 54 globalScale 1.125
07-27 10:04:34.956 D/ViewRootImpl(10145): swipeFromBottom mIgnoring true downY 2318 mScreenHeight 2340 mStatusBarHeight 54 globalScale 1.125
07-27 10:04:34.956 D/ViewRootImpl(10145): swipeFromBottom mIgnoring === false downY 2318 mStatusBarHeight 54
07-27 10:04:35.297 D/ViewRootImpl(10145): swipeFromBottom mIgnoring true downY 2305 mScreenHeight 2340 mStatusBarHeight 54 globalScale 1.125
07-27 10:04:35.454 D/ViewRootImpl(10145): swipeFromBottom mIgnoring true downY 2305 mScreenHeight 2340 mStatusBarHeight 54 globalScale 1.125
07-27 10:04:35.454 D/ViewRootImpl(10145): swipeFromBottom mIgnoring === false downY 2305 mStatusBarHeight 54
07-27 10:04:35.468 W/ViewRootImpl[PopupWindow:1bcddc1](10145): Dropping event due to root view being removed: MotionEvent { action=ACTION_UP, actionButton=0, id[0]=0, x[0]=144.0, y[0]=552.0, toolType[0]=TOOL_TYPE_FINGER, buttonState=0, metaState=0, flags=0x0, edgeFlags=0x0, pointerCount=1, historySize=0, eventTime=97110215, downTime=97110061, deviceId=4, source=0x1002 }
07-27 10:04:36.192 D/ViewRootImpl(10145): swipeFromBottom mIgnoring true downY 2313 mScreenHeight 2340 mStatusBarHeight 54 globalScale 1.125
07-27 10:04:36.308 D/ViewRootImpl(10145): swipeFromBottom mIgnoring true downY 2313 mScreenHeight 2340 mStatusBarHeight 54 globalScale 1.125
07-27 10:04:36.308 D/ViewRootImpl(10145): swipeFromBottom mIgnoring === false downY 2313 mStatusBarHeight 54
07-27 10:04:37.312 I/chatty ( 1699): uid=1000(system) Binder:1699_1F expire 10 lines
07-27 10:04:41.263 D/ViewRootImpl(10145): swipeFromBottom mIgnoring true downY 2292 mScreenHeight 2340 mStatusBarHeight 54 globalScale 1.125
07-27 10:04:41.378 D/ViewRootImpl(10145): swipeFromBottom mIgnoring true downY 2292 mScreenHeight 2340 mStatusBarHeight 54 globalScale 1.125
07-27 10:04:41.378 D/ViewRootImpl(10145): swipeFromBottom mIgnoring === false downY 2292 mStatusBarHeight 54
07-27 10:04:50.574 I/chatty ( 1699): uid=1000(system) Binder:1699_D expire 3 lines
07-27 10:04:51.212 I/chatty ( 1699): uid=1000(system) android.anim expire 10 lines
07-27 10:05:00.229 D/ViewRootImpl(10145): swipeFromBottom mIgnoring true downY 2290 mScreenHeight 2340 mStatusBarHeight 54 globalScale 1.125
07-27 10:05:00.317 D/ViewRootImpl(10145): swipeFromBottom mIgnoring true downY 2290 mScreenHeight 2340 mStatusBarHeight 54 globalScale 1.125
07-27 10:05:00.317 D/ViewRootImpl(10145): swipeFromBottom mIgnoring === false downY 2290 mStatusBarHeight 54
07-27 10:05:00.383 I/chatty ( 1699): uid=1000(system) Binder:1699_15 expire 2 lines
07-27 10:05:08.181 I/chatty ( 1699): uid=1000(system) Binder:1699_2 expire 6 lines
07-27 10:05:30.363 I/chatty ( 1699): uid=1000(system) Binder:1699_7 expire 4 lines
07-27 10:05:43.606 D/ViewRootImpl(10145): swipeFromBottom mIgnoring true downY 2291 mScreenHeight 2340 mStatusBarHeight 54 globalScale 1.125
07-27 10:05:43.691 D/ViewRootImpl(10145): swipeFromBottom mIgnoring true downY 2291 mScreenHeight 2340 mStatusBarHeight 54 globalScale 1.125
07-27 10:05:43.691 D/ViewRootImpl(10145): swipeFromBottom mIgnoring === false downY 2291 mStatusBarHeight 54
07-27 10:05:44.392 I/chatty ( 1699): uid=1000(system) android.anim expire 36 lines
07-27 10:06:06.103 I/chatty ( 1699): uid=1000(system) batterystats-wo expire 2 lines
07-27 10:06:25.093 I/chatty ( 1699): uid=1000(system) Binder:1699_16 expire 5 lines
07-27 10:06:26.180 I/chatty ( 1699): uid=1000(system) Binder:1699_E expire 2 lines
07-27 10:06:39.515 I/chatty ( 1699): uid=1000(system) Binder:1699_10 expire 9 lines
07-27 10:06:53.411 I/chatty ( 1699): uid=1000(system) Binder:1699_9 expire 4 lines
07-27 10:06:53.441 I/chatty ( 1699): uid=1000(system) Binder:1699_1 expire 10 lines
07-27 10:06:53.885 I/chatty ( 1699): uid=1000(system) android.anim expire 44 lines
07-27 10:06:54.535 I/chatty ( 1699): uid=1000(system) Binder:1699_1E expire 3 lines
07-27 10:06:54.990 I/chatty ( 1699): uid=1000(system) Binder:1699_1F expire 10 lines
07-27 10:06:55.024 I/chatty ( 1699): uid=1000(system) Binder:1699_20 expire 10 lines
07-27 10:06:57.935 I/chatty ( 1699): uid=1000(system) Binder:1699_1C expire 15 lines
07-27 10:06:58.089 I/chatty ( 1699): uid=1000(system) android.ui expire 91 lines
07-27 10:07:09.102 I/chatty ( 1699): uid=1000(system) Binder:1699_16 expire 3 lines
07-27 10:07:09.129 I/chatty ( 1699): uid=1000(system) Binder:1699_F expire 3 lines
07-27 10:07:09.216 I/chatty ( 1699): uid=1000(system) Binder:1699_D expire 2 lines
07-27 10:07:45.326 I/chatty ( 1699): uid=1000(system) Binder:1699_1A expire 2 lines
07-27 10:07:47.563 I/chatty ( 1699): uid=1000(system) Binder:1699_17 expire 4 lines
07-27 10:07:57.537 I/chatty ( 1699): uid=1000(system) ActivityManager expire 3 lines
07-27 10:08:22.238 I/chatty ( 1699): uid=1000(system) Binder:1699_1B expire 1 line
07-27 10:08:25.021 I/chatty ( 1699): uid=1000(system) Binder:1699_1D expire 2 lines
07-27 10:08:32.192 I/chatty ( 1699): uid=1000(system) Binder:1699_14 expire 2 lines
07-27 10:08:32.478 I/chatty ( 1699): uid=1000(system) Binder:1699_15 expire 2 lines
07-27 10:08:48.835 I/chatty ( 1699): uid=1000(system) Binder:1699_13 expire 2 lines
07-27 10:08:49.843 I/chatty ( 1699): uid=1000(system) Binder:1699_A expire 1 line
07-27 10:09:09.069 I/chatty ( 1699): uid=1000(system) Binder:1699_2 expire 1 line
07-27 10:09:38.202 I/chatty ( 1699): uid=1000 system_server expire 1 line
07-27 10:10:53.437 I/chatty ( 1699): uid=1000(system) Binder:1699_B expire 1 line
07-27 10:10:54.380 W/ActivityThread(16292): ClassLoader.loadClass: The class loader returned by Thread.getContextClassLoader() may fail for processes that host multiple applications. You should explicitly specify a context class loader. For example: Thread.setContextClassLoader(getClass().getClassLoader());
07-27 10:10:55.292 I/chatty ( 1699): uid=1000(system) Binder:1699_19 expire 1 line
07-27 10:10:55.715 I/chatty ( 1699): uid=1000(system) android.anim expire 2 lines
07-27 10:10:56.187 I/chatty ( 1699): uid=1000(system) android.ui expire 40 lines
07-27 10:11:05.269 I/chatty ( 1699): uid=1000(system) ActivityManager expire 4 lines
07-27 10:12:07.355 I/chatty ( 1699): uid=1000(system) Binder:1699_1D expire 7 lines
07-27 10:12:08.492 I/chatty ( 1699): uid=1000(system) Binder:1699_15 expire 1 line
07-27 10:12:29.203 I/chatty ( 1699): uid=1000 system_server expire 8 lines
07-27 10:12:57.568 I/chatty ( 1699): uid=1000(system) android.bg expire 1 line
07-27 10:13:33.388 I/chatty ( 1699): uid=1000(system) Binder:1699_1B expire 5 lines
07-27 10:13:33.504 I/chatty ( 1699): uid=1000(system) Binder:1699_13 expire 1 line
07-27 10:13:33.851 I/chatty ( 1699): uid=1000(system) android.anim expire 38 lines
07-27 10:13:40.066 I/chatty ( 1699): uid=1000(system) Binder:1699_19 expire 4 lines
07-27 10:13:46.699 I/chatty ( 1699): uid=1000(system) Binder:1699_6 expire 2 lines
07-27 10:13:48.339 D/ViewRootImpl(10145): swipeFromBottom mIgnoring true downY 2287 mScreenHeight 2340 mStatusBarHeight 54 globalScale 1.125
07-27 10:13:48.416 D/ViewRootImpl(10145): swipeFromBottom mIgnoring true downY 2287 mScreenHeight 2340 mStatusBarHeight 54 globalScale 1.125
07-27 10:13:48.417 D/ViewRootImpl(10145): swipeFromBottom mIgnoring === false downY 2287 mStatusBarHeight 54
07-27 10:13:48.431 I/chatty ( 1699): uid=1000(system) Binder:1699_18 expire 1 line
07-27 10:13:48.815 I/chatty ( 1699): uid=1000(system) Binder:1699_5 expire 5 lines
07-27 10:13:53.872 I/chatty ( 1699): uid=1000(system) android.ui expire 46 lines
07-27 10:14:08.006 I/chatty ( 1699): uid=1000(system) Binder:1699_1A expire 3 lines
07-27 10:14:10.619 D/ViewRootImpl(10145): swipeFromBottom mIgnoring true downY 2286 mScreenHeight 2340 mStatusBarHeight 54 globalScale 1.125
07-27 10:14:10.715 D/ViewRootImpl(10145): swipeFromBottom mIgnoring true downY 2286 mScreenHeight 2340 mStatusBarHeight 54 globalScale 1.125
07-27 10:14:10.715 D/ViewRootImpl(10145): swipeFromBottom mIgnoring === false downY 2286 mStatusBarHeight 54
07-27 10:14:10.758 I/chatty ( 1699): uid=1000(system) Binder:1699_1F expire 5 lines
07-27 10:14:12.971 I/chatty ( 1699): uid=1000(system) Binder:1699_16 expire 1 line
07-27 10:14:13.793 D/ViewRootImpl(10145): swipeFromBottom mIgnoring true downY 2290 mScreenHeight 2340 mStatusBarHeight 54 globalScale 1.125
07-27 10:14:13.878 D/ViewRootImpl(10145): swipeFromBottom mIgnoring true downY 2290 mScreenHeight 2340 mStatusBarHeight 54 globalScale 1.125
07-27 10:14:13.879 D/ViewRootImpl(10145): swipeFromBottom mIgnoring === false downY 2290 mStatusBarHeight 54
07-27 10:14:13.905 I/chatty ( 1699): uid=1000(system) Binder:1699_1C expire 16 lines
07-27 10:14:14.172 D/ViewRootImpl(10145): swipeFromBottom mIgnoring true downY 2305 mScreenHeight 2340 mStatusBarHeight 54 globalScale 1.125
07-27 10:14:14.216 D/ViewRootImpl(10145): swipeFromBottom mIgnoring true downY 2305 mScreenHeight 2340 mStatusBarHeight 54 globalScale 1.125
07-27 10:14:14.216 D/ViewRootImpl(10145): swipeFromBottom mIgnoring === false downY 2305 mStatusBarHeight 54
07-27 10:14:14.237 I/chatty ( 1699): uid=1000(system) Binder:1699_20 expire 13 lines
07-27 10:14:15.359 I/chatty ( 1699): uid=1000(system) Binder:1699_1E expire 9 lines
07-27 10:14:28.991 I/chatty ( 1699): uid=1000(system) Binder:1699_9 expire 1 line
07-27 10:14:29.031 I/chatty ( 1699): uid=1000(system) Binder:1699_E expire 7 lines
07-27 10:14:32.810 I/chatty ( 1699): uid=1000(system) ns expire 5 lines
07-27 10:14:32.847 I/chatty ( 1699): uid=1000(system) Binder:1699_8 expire 2 lines
07-27 10:14:52.338 I/chatty ( 1699): uid=1000(system) batterystats-wo expire 1 line
07-27 10:18:40.222 I/chatty ( 1699): uid=1000(system) Binder:1699_2 expire 1 line
07-27 10:18:40.257 I/chatty ( 1699): uid=1000(system) Binder:1699_1 expire 8 lines
07-27 10:19:38.878 I/chatty ( 1699): uid=1000(system) android.ui expire 78 lines
07-27 10:20:01.906 I/chatty ( 1699): uid=1000(system) Binder:1699_1D expire 7 lines
07-27 10:20:02.434 I/chatty ( 1699): uid=1000(system) android.anim expire 42 lines
07-27 10:20:03.449 I/chatty ( 1699): uid=1000(system) Binder:1699_1F expire 18 lines
07-27 10:20:33.412 I/chatty ( 1699): uid=1000(system) Binder:1699_2 expire 3 lines
07-27 10:20:33.449 I/chatty ( 1699): uid=1000(system) Binder:1699_F expire 1 line
07-27 10:20:43.386 I/chatty ( 1699): uid=1000(system) ActivityManager expire 4 lines
07-27 10:20:51.265 I/chatty ( 1699): uid=1000(system) Binder:1699_18 expire 5 lines
07-27 10:20:52.758 I/chatty ( 1699): uid=1000(system) Binder:1699_1E expire 9 lines
07-27 10:21:03.853 I/chatty ( 1699): uid=1000(system) Binder:1699_14 expire 4 lines
07-27 10:21:04.009 I/chatty ( 1699): uid=1000(system) Binder:1699_20 expire 6 lines
07-27 10:21:04.308 I/chatty ( 1699): uid=1000(system) Binder:1699_1A expire 3 lines
07-27 10:21:23.988 I/chatty ( 1699): uid=1000(system) Binder:1699_15 expire 1 line
07-27 10:21:24.019 I/chatty ( 1699): uid=1000(system) Binder:1699_1B expire 2 lines
07-27 10:21:37.213 I/chatty ( 1699): uid=1000(system) Binder:1699_6 expire 3 lines
07-27 10:21:37.273 I/chatty ( 1699): uid=1000(system) Binder:1699_7 expire 5 lines
07-27 10:21:50.369 I/chatty ( 1699): uid=1000 system_server expire 9 lines
07-27 10:22:39.399 I/chatty ( 1699): uid=1000(system) Binder:1699_19 expire 6 lines
07-27 10:22:39.518 I/chatty ( 1699): uid=1000(system) Binder:1699_9 expire 4 lines
07-27 10:23:13.326 I/chatty ( 1699): uid=1000(system) batterystats-wo expire 1 line
07-27 10:24:21.821 I/chatty ( 1699): uid=1000(system) Binder:1699_D expire 5 lines
07-27 10:25:15.293 I/chatty ( 1699): uid=1000(system) Binder:1699_1C expire 1 line
07-27 10:25:27.386 I/chatty ( 1699): uid=1000(system) Binder:1699_5 expire 6 lines
07-27 10:28:36.926 I/chatty ( 1699): uid=1000(system) android.ui expire 34 lines
07-27 10:28:50.448 I/chatty ( 1699): uid=1000(system) Binder:1699_1F expire 27 lines
07-27 10:28:50.485 I/chatty ( 1699): uid=1000(system) Binder:1699_1 expire 7 lines
07-27 10:28:50.850 I/chatty ( 1699): uid=1000(system) android.anim expire 72 lines
07-27 10:29:11.216 I/chatty ( 1699): uid=1000 system_server expire 8 lines
07-27 10:31:56.359 I/chatty ( 1699): uid=1000(system) batterystats-wo expire 2 lines
07-27 10:32:30.163 I/chatty ( 1699): uid=1000(system) Binder:1699_10 expire 4 lines
07-27 10:33:33.427 I/chatty ( 1699): uid=1000(system) android.bg expire 1 line
07-27 10:34:33.313 I/chatty ( 1699): uid=1000(system) Binder:1699_1C expire 3 lines
07-27 10:34:35.954 I/chatty ( 1699): uid=1000(system) Binder:1699_1D expire 1 line
07-27 10:34:38.648 I/chatty ( 1699): uid=1000(system) Binder:1699_1E expire 5 lines
07-27 10:35:21.847 I/chatty ( 1699): uid=1000(system) Binder:1699_18 expire 7 lines
07-27 10:35:22.969 I/chatty ( 1699): uid=1000(system) Binder:1699_12 expire 9 lines
07-27 10:35:25.313 I/chatty ( 1699): uid=1000(system) Binder:1699_11 expire 6 lines
07-27 10:35:32.833 I/chatty ( 1699): uid=1000(system) Binder:1699_9 expire 2 lines
07-27 10:35:34.147 I/chatty ( 1699): uid=1000(system) Binder:1699_F expire 4 lines
07-27 10:35:34.168 I/chatty ( 1699): uid=1000(system) Binder:1699_7 expire 1 line
07-27 10:35:51.796 I/chatty ( 1699): uid=1000(system) Binder:1699_1B expire 4 lines
07-27 10:36:15.476 I/chatty ( 1699): uid=1000(system) Binder:1699_20 expire 8 lines
07-27 10:36:15.523 I/chatty ( 1699): uid=1000(system) Binder:1699_E expire 1 line
07-27 10:36:15.640 I/chatty ( 1699): uid=1000(system) Binder:1699_C expire 1 line
07-27 10:36:18.502 I/chatty ( 1699): uid=1000(system) Binder:1699_16 expire 5 lines
07-27 10:36:18.610 I/chatty ( 1699): uid=1000(system) Binder:1699_15 expire 3 lines
07-27 10:36:22.514 I/chatty ( 1699): uid=1000(system) ns expire 5 lines
07-27 10:36:22.844 I/chatty ( 1699): uid=1000(system) ActivityManager expire 1 line
07-27 10:36:23.875 V/ActivityThread(19792): disableDeathOnFileUriExposure com.oppo.camera
07-27 10:36:23.878 D/Dex2oatManagerService( 1699): Foreground changed, PID: 19764 UID: 10028 foreground: false
07-27 10:36:23.878 D/Dex2oatManagerService( 1699): Foreground changed, PID: 19792 UID: 10102 foreground: true
07-27 10:36:23.878 D/Dex2oatManagerService( 1699): Current app:com.oppo.camera/com.oppo.camera.Camera
07-27 10:36:23.878 D/Dex2oatManagerService( 1699): Detect cold launch begin
07-27 10:36:23.878 D/Dex2oatManager( 1699): cold launch time:30000
07-27 10:36:24.076 I/CameraService_proxy( 1699): packageName:com.oppo.camera cameraState:0 cameraId:0
07-27 10:36:24.076 D/CameraService_proxy( 1699): notifyHypnus camera status open
07-27 10:36:24.077 D/OppoUsageService( 1699): isSystemApp system app, uid =1000
07-27 10:36:24.157 D/ActivityManager( 1699): getContentProviderImpl, cpr:ContentProviderRecord{7eff5b u0 com.coloros.safecenter/.common.provider.SafeProvider}, name:com.color.provider.SafeProvider callingPid 19792
07-27 10:36:24.157 D/ActivityManager( 1699): getContentProviderImpl 02, cpr:ContentProviderRecord{7eff5b u0 com.coloros.safecenter/.common.provider.SafeProvider}
07-27 10:36:24.174 I/WindowManager( 1699): handleOpeningSpecialApp (statusbar != null ) true pkg: com.oppo.launcher start: 3
07-27 10:36:24.174 I/WindowManager( 1699): handleOpeningSpecialApp (statusbar != null ) true pkg: com.coloros.recents start: 4
07-27 10:36:24.183 D/OppoUsageService( 1699): isSystemApp system app, uid =1000
07-27 10:36:24.191 D/Dex2oatManagerService( 1699): registerCallback from pid:19792 from uid:10102
07-27 10:36:24.231 V/WindowManager( 1699): Changing focus from null to Window{474d958 u0 com.oppo.camera/com.oppo.camera.Camera}
07-27 10:36:24.418 D/Dex2oatManagerService( 1699): Foreground changed, PID: 10145 UID: 10231 foreground: false
07-27 10:36:24.953 I/ActivityManager( 1699): Process com.tencent.mobileqq (pid 6386) has died: cch+6CEM
07-27 10:36:24.963 D/Dex2oatManagerService( 1699): Process died; UID 10181 PID 6386
07-27 10:36:25.026 I/ActivityManager( 1699): Process com.nearme.themespace (pid 7616) has died: cch+6SVC
07-27 10:36:25.028 D/Dex2oatManagerService( 1699): Process died; UID 10023 PID 7616
07-27 10:36:25.154 D/PowerManagerService( 1699): adj == 1203.5294
07-27 10:36:25.154 D/PowerManagerService( 1699): Camera(boot gallery from camera)
07-27 10:36:25.160 D/OppoBrightUtils( 1699): adjust_brightness = 560
07-27 10:36:25.333 I/ActivityManager( 1699): Process com.coloros.safesdkproxy:bg.clean (pid 6975) has died: cch+6CEM
07-27 10:36:25.334 D/Dex2oatManagerService( 1699): Process died; UID 10095 PID 6975
07-27 10:36:25.683 I/ActivityManager( 1699): Process com.coloros.safesdkproxy:tms (pid 8040) has died: cch+6SVC
07-27 10:36:25.686 D/Dex2oatManagerService( 1699): Process died; UID 10095 PID 8040
07-27 10:36:26.401 D/OppoEngineerService( 1699): onReceive intent = Intent { act=android.intent.action.BATTERY_CHANGED flg=0x60000010 (has extras) }
07-27 10:36:26.705 I/ActivityManager( 1699): Start proc 19950:com.coloros.safesdkproxy:tms/u0a95 for service com.coloros.safesdkproxy/.common.SafeTMSService
07-27 10:36:28.839 I/ActivityManager( 1699): Process com.coloros.yoli (pid 7734) has died: cch+6SVC
07-27 10:36:28.840 W/ActivityManager( 1699): Service crashed 0 times, stopping: ServiceRecord{2caed9f u0 com.coloros.yoli/.push.VideoPushService}this is not core appcom.coloros.yoli
07-27 10:36:28.841 D/Dex2oatManagerService( 1699): Process died; UID 10120 PID 7734
07-27 10:36:29.302 D/Dex2oatManagerService( 1699): Display listener for pid 9489 died.
07-27 10:36:29.303 I/ActivityManager( 1699): Process com.coloros.usbselection (pid 9489) has died: cch+6SVC
07-27 10:36:29.309 D/Dex2oatManagerService( 1699): Process died; UID 1000 PID 9489
07-27 10:36:29.315 W/ActivityManager( 1699): setHasOverlayUi called on unknown pid: 9489
07-27 10:36:30.323 I/ActivityManager( 1699): Start proc 20088:com.coloros.usbselection/1000 for service com.coloros.usbselection/.UsbService
07-27 10:36:30.589 I/CameraService_proxy( 1699): packageName:com.oppo.camera cameraState:2 cameraId:0
07-27 10:36:30.589 D/CameraService_proxy( 1699): notifyHypnus camera status close
07-27 10:36:30.725 D/Dex2oatManagerService( 1699): registerCallback from pid:20088 from uid:1000
07-27 10:36:30.741 V/WindowManager( 1699): Changing focus from Window{474d958 u0 com.oppo.camera/com.oppo.camera.Camera} to Window{9e3591 u0 com.coloros.usbselection}
07-27 10:36:30.745 I/UsbDeviceManager( 1699): Setting USB config to midi,adb
07-27 10:36:30.833 D/UsbAlsaManager( 1699): Adding ALSA device AlsaDevice: [card: 1, device: 0, type: 3]
07-27 10:36:31.072 D/JobServiceContext( 1699): scheduleOpTimeOut set oppo job timeout to 2 hour
07-27 10:36:31.089 W/BroadcastQueue( 1699): Background execution not allowed: receiving Intent { act=android.intent.action.MEDIA_SCANNER_STARTED dat=file:///system/media flg=0x80010 } to com.tencent.mm/.booter.MountReceiver
07-27 10:36:31.090 W/BroadcastQueue( 1699): Permission Denial: broadcasting Intent { act=android.intent.action.MEDIA_SCANNER_STARTED dat=file:///system/media flg=0x80010 } from com.android.providers.media (pid=7238, uid=10016) is not exported from uid 10181 due to receiver com.tencent.mobileqq/.msf.core.NetConnInfoCenter
07-27 10:36:31.253 W/BroadcastQueue( 1699): Background execution not allowed: receiving Intent { act=android.intent.action.MEDIA_SCANNER_FINISHED dat=file:///system/media flg=0x80010 } to com.tencent.mm/.booter.MountReceiver
07-27 10:36:31.253 W/BroadcastQueue( 1699): Permission Denial: broadcasting Intent { act=android.intent.action.MEDIA_SCANNER_FINISHED dat=file:///system/media flg=0x80010 } from com.android.providers.media (pid=7238, uid=10016) is not exported from uid 10181 due to receiver com.tencent.mobileqq/.msf.core.NetConnInfoCenter
07-27 10:36:31.264 W/BroadcastQueue( 1699): Background execution not allowed: receiving Intent { act=android.intent.action.MEDIA_SCANNER_STARTED dat=file:///storage/emulated/0 flg=0x80010 } to com.tencent.mm/.booter.MountReceiver
07-27 10:36:31.264 W/BroadcastQueue( 1699): Permission Denial: broadcasting Intent { act=android.intent.action.MEDIA_SCANNER_STARTED dat=file:///storage/emulated/0 flg=0x80010 } from com.android.providers.media (pid=7238, uid=10016) is not exported from uid 10181 due to receiver com.tencent.mobileqq/.msf.core.NetConnInfoCenter
07-27 10:36:32.275 D/OppoEngineerService( 1699): onReceive intent = Intent { act=android.intent.action.BATTERY_CHANGED flg=0x60000010 (has extras) }
07-27 10:36:32.699 V/SettingsProvider( 1699): getSystemSetting(sound_effects_enabled, getCallingPackage = com.coloros.usbselection
07-27 10:36:32.708 V/WindowManager( 1699): Changing focus from Window{9e3591 u0 com.coloros.usbselection EXITING} to Window{474d958 u0 com.oppo.camera/com.oppo.camera.Camera}
07-27 10:36:32.964 W/AppOps ( 1699): Finishing op nesting under-run: uid 1000 pkg com.coloros.usbselection code 24 time=0 duration=0 nesting=0
07-27 10:36:33.976 V/SettingsProvider( 1699): getSystemSetting(sound_effects_enabled, getCallingPackage = com.oppo.camera
07-27 10:36:34.053 D/PowerManagerService( 1699): adj == 2005.8823
07-27 10:36:34.104 V/WindowManager( 1699): Changing focus from Window{474d958 u0 com.oppo.camera/com.oppo.camera.Camera} to null
07-27 10:36:34.105 D/ActivityManager( 1699): zjm TOP_APP is ProcessRecord{4aa32df 10145:com.yishouapp.fumi/u0a231} uid is 10231
07-27 10:36:34.144 D/NeuronSystem( 1699): NsAppPreload package:com.android.settings do not support preload
07-27 10:36:34.144 D/NeuronSystem( 1699): NsAppPreload package:com.yishouapp.fumi do not support preload
07-27 10:36:34.144 D/NeuronSystem( 1699): NsAppPreload package:com.tencent.mm do not support preload
07-27 10:36:34.144 D/NeuronSystem( 1699): NsAppPreload package:com.tencent.mobileqq do not support preload
07-27 10:36:34.144 D/NeuronSystem( 1699): PredictionApp cost: 9 ms
07-27 10:36:34.144 D/Dex2oatManagerService( 1699): Foreground changed, PID: 10145 UID: 10231 foreground: true
07-27 10:36:34.144 D/Dex2oatManagerService( 1699): Current app:com.yishouapp.fumi/com.yishouapp.fumi.activity.SearchByPicActivity
07-27 10:36:34.144 D/Dex2oatManagerService( 1699): Not cold launch condition
07-27 10:36:34.166 W/ActivityManager( 1699): preloadAction is 0, starting intent = cmp=com.yishouapp.fumi/.activity.CropImageAuthActivity (has extras)
07-27 10:36:34.168 I/ActivityManager( 1699): START u0 {cmp=com.yishouapp.fumi/.activity.CropImageAuthActivity (has extras)} from uid 10231 and from pid 10145
07-27 10:36:34.211 V/WindowManager( 1699): Changing focus from null to Window{19c925a u0 com.yishouapp.fumi/com.yishouapp.fumi.activity.SearchByPicActivity}
07-27 10:36:34.243 V/WindowManager( 1699): Changing focus from Window{19c925a u0 com.yishouapp.fumi/com.yishouapp.fumi.activity.SearchByPicActivity} to null
07-27 10:36:34.431 I/CameraService_proxy( 1699): packageName:com.oppo.camera cameraState:3 cameraId:0
07-27 10:36:34.500 D/OppoUsageService( 1699): isSystemApp system app, uid =1000
07-27 10:36:35.012 V/WindowManager( 1699): Changing focus from null to Window{ab202ad u0 com.yishouapp.fumi/com.yishouapp.fumi.activity.CropImageAuthActivity}
07-27 10:36:35.081 I/WindowManager( 1699): TopFullScreen status bar state changed, topIsFullscreen:false topWin:Window{ab202ad u0 com.yishouapp.fumi/com.yishouapp.fumi.activity.CropImageAuthActivity} topActivityIsFullscreen:false
07-27 10:36:35.081 I/StatusBarManagerService( 1699): topIsFullscreen fullscreen false
07-27 10:36:35.081 I/WindowManager( 1699): finishPostLayoutPolicyLw (statusbar != null ) true topIsFullscreen false top = Window{ab202ad u0 com.yishouapp.fumi/com.yishouapp.fumi.activity.CropImageAuthActivity} topActivityIsFullscreen false
07-27 10:36:35.081 I/StatusBarManagerService( 1699): topIsFullscreen fullscreen false
07-27 10:36:35.383 I/WindowManager( 1699): handleOpeningSpecialApp (statusbar != null ) true pkg: com.oppo.launcher start: 3
07-27 10:36:35.383 I/WindowManager( 1699): handleOpeningSpecialApp (statusbar != null ) true pkg: com.coloros.recents start: 4
07-27 10:36:35.394 D/Dex2oatManagerService( 1699): Foreground changed, PID: 19792 UID: 10102 foreground: false
07-27 10:36:35.886 W/BroadcastQueue( 1699): Background execution not allowed: receiving Intent { act=android.intent.action.MEDIA_SCANNER_FINISHED dat=file:///storage/emulated/0 flg=0x80010 } to com.tencent.mm/.booter.MountReceiver
07-27 10:36:35.886 W/BroadcastQueue( 1699): Permission Denial: broadcasting Intent { act=android.intent.action.MEDIA_SCANNER_FINISHED dat=file:///storage/emulated/0 flg=0x80010 } from com.android.providers.media (pid=7238, uid=10016) is not exported from uid 10181 due to receiver com.tencent.mobileqq/.msf.core.NetConnInfoCenter
07-27 10:36:36.137 D/ViewRootImpl(10145): swipeFromBottom mIgnoring true downY 2292 mScreenHeight 2340 mStatusBarHeight 54 globalScale 1.125
07-27 10:36:36.263 D/ViewRootImpl(10145): swipeFromBottom mIgnoring true downY 2292 mScreenHeight 2340 mStatusBarHeight 54 globalScale 1.125
07-27 10:36:36.263 D/ViewRootImpl(10145): swipeFromBottom mIgnoring === false downY 2292 mStatusBarHeight 54
07-27 10:36:36.272 V/SettingsProvider( 1699): getSystemSetting(sound_effects_enabled, getCallingPackage = com.yishouapp.fumi
07-27 10:36:36.466 W/ActivityManager( 1699): preloadAction is 0, starting intent = cmp=com.yishouapp.fumi/.activity.SimilarGoodActivity (has extras)
07-27 10:36:36.468 I/ActivityManager( 1699): START u0 {cmp=com.yishouapp.fumi/.activity.SimilarGoodActivity (has extras)} from uid 10231 and from pid 10145
07-27 10:36:36.489 V/WindowManager( 1699): Changing focus from Window{ab202ad u0 com.yishouapp.fumi/com.yishouapp.fumi.activity.CropImageAuthActivity} to null
07-27 10:36:36.658 V/WindowManager( 1699): Changing focus from null to Window{cad68a2 u0 com.yishouapp.fumi/com.yishouapp.fumi.activity.SimilarGoodActivity}
07-27 10:36:37.113 I/WindowManager( 1699): handleOpeningSpecialApp (statusbar != null ) true pkg: com.oppo.launcher start: 3
07-27 10:36:37.113 I/WindowManager( 1699): handleOpeningSpecialApp (statusbar != null ) true pkg: com.coloros.recents start: 4
07-27 10:36:37.990 V/WindowManager( 1699): Changing focus from Window{cad68a2 u0 com.yishouapp.fumi/com.yishouapp.fumi.activity.SimilarGoodActivity EXITING} to Window{d901a69 u0 com.yishouapp.fumi/com.yishouapp.fumi.activity.SimilarGoodActivity}
07-27 10:36:41.214 I/ActivityManager( 1699): Process com.coloros.gesture (pid 9871) has died: fore IMPF
07-27 10:36:41.216 D/Dex2oatManagerService( 1699): Process died; UID 1000 PID 9871
07-27 10:36:41.772 I/ActivityManager( 1699): Start proc 20179:com.coloros.gesture/1000 for service com.coloros.gesture/.ColorAppServicesManagerClient
07-27 10:36:42.197 V/WindowOrientationListener( 1699): onSensorChanged mDesiredRotation = 4
07-27 10:36:48.227 V/WindowOrientationListener( 1699): onSensorChanged mDesiredRotation = 0 newRotation = 0
07-27 10:36:50.092 V/WindowManager( 1699): Changing focus from Window{d901a69 u0 com.yishouapp.fumi/com.yishouapp.fumi.activity.SimilarGoodActivity} to null
07-27 10:36:50.140 V/WindowManager( 1699): Changing focus from null to Window{19c925a u0 com.yishouapp.fumi/com.yishouapp.fumi.activity.SearchByPicActivity}
07-27 10:36:50.486 I/WindowManager( 1699): handleOpeningSpecialApp (statusbar != null ) true pkg: com.oppo.launcher start: 3
07-27 10:36:50.486 I/WindowManager( 1699): handleOpeningSpecialApp (statusbar != null ) true pkg: com.coloros.recents start: 4
07-27 10:36:50.968 V/WindowManager( 1699): Changing focus from Window{19c925a u0 com.yishouapp.fumi/com.yishouapp.fumi.activity.SearchByPicActivity} to null
07-27 10:36:51.013 V/WindowManager( 1699): Changing focus from null to Window{35df17f u0 com.yishouapp.fumi/com.yishouapp.fumi.activity.SearchActivity}
07-27 10:36:51.370 I/WindowManager( 1699): handleOpeningSpecialApp (statusbar != null ) true pkg: com.oppo.launcher start: 3
07-27 10:36:51.370 I/WindowManager( 1699): handleOpeningSpecialApp (statusbar != null ) true pkg: com.coloros.recents start: 4
07-27 10:36:53.213 V/WindowOrientationListener( 1699): onSensorChanged mDesiredRotation = 4
07-27 10:36:53.875 V/WindowOrientationListener( 1699): onSensorChanged mDesiredRotation = 0 newRotation = 0
07-27 10:36:55.824 W/ActivityManager( 1699): preloadAction is 0, starting intent = cmp=com.yishouapp.fumi/.refactor.activity.SearchResultActivity (has extras)
07-27 10:36:55.827 I/ActivityManager( 1699): START u0 {cmp=com.yishouapp.fumi/.refactor.activity.SearchResultActivity (has extras)} from uid 10231 and from pid 10145
07-27 10:36:55.867 V/WindowManager( 1699): Changing focus from Window{35df17f u0 com.yishouapp.fumi/com.yishouapp.fumi.activity.SearchActivity} to null
07-27 10:36:55.993 V/WindowManager( 1699): Changing focus from null to Window{fc81468 u0 com.yishouapp.fumi/com.yishouapp.fumi.refactor.activity.SearchResultActivity}
07-27 10:36:56.081 I/WindowManager( 1699): handleOpeningSpecialApp (statusbar != null ) true pkg: com.oppo.launcher start: 3
07-27 10:36:56.081 I/WindowManager( 1699): handleOpeningSpecialApp (statusbar != null ) true pkg: com.coloros.recents start: 4
07-27 10:36:56.194 V/WindowManager( 1699): Changing focus from Window{fc81468 u0 com.yishouapp.fumi/com.yishouapp.fumi.refactor.activity.SearchResultActivity EXITING} to Window{ee56905 u0 com.yishouapp.fumi/com.yishouapp.fumi.refactor.activity.SearchResultActivity}
07-27 10:36:57.582 V/WindowManager( 1699): Changing focus from Window{ee56905 u0 com.yishouapp.fumi/com.yishouapp.fumi.refactor.activity.SearchResultActivity} to null
07-27 10:36:57.632 V/WindowManager( 1699): Changing focus from null to Window{8c1b9fa u0 com.yishouapp.fumi/com.yishouapp.fumi.activity.YishouMainActivity}
07-27 10:36:58.075 I/WindowManager( 1699): handleOpeningSpecialApp (statusbar != null ) true pkg: com.oppo.launcher start: 3
07-27 10:36:58.075 I/WindowManager( 1699): handleOpeningSpecialApp (statusbar != null ) true pkg: com.coloros.recents start: 4
07-27 10:36:58.147 V/WindowManager( 1699): Changing focus from Window{8c1b9fa u0 com.yishouapp.fumi/com.yishouapp.fumi.activity.YishouMainActivity} to Window{b45ceb9 u0 com.yishouapp.fumi/com.yishouapp.fumi.activity.YishouMainActivity}
07-27 10:36:58.341 V/WindowManager( 1699): Changing focus from Window{b45ceb9 u0 com.yishouapp.fumi/com.yishouapp.fumi.activity.YishouMainActivity EXITING} to Window{8c1b9fa u0 com.yishouapp.fumi/com.yishouapp.fumi.activity.YishouMainActivity}
07-27 10:36:59.220 W/ActivityManager( 1699): preloadAction is 0, starting intent = cmp=com.yishouapp.fumi/.activity.SearchActivity (has extras)
07-27 10:36:59.221 I/ActivityManager( 1699): START u0 {cmp=com.yishouapp.fumi/.activity.SearchActivity (has extras)} from uid 10231 and from pid 10145
07-27 10:36:59.259 V/WindowManager( 1699): Changing focus from Window{8c1b9fa u0 com.yishouapp.fumi/com.yishouapp.fumi.activity.YishouMainActivity} to null
07-27 10:36:59.354 V/WindowManager( 1699): Changing focus from null to Window{85d6798 u0 com.yishouapp.fumi/com.yishouapp.fumi.activity.SearchActivity}
07-27 10:36:59.624 I/WindowManager( 1699): handleOpeningSpecialApp (statusbar != null ) true pkg: com.oppo.launcher start: 3
07-27 10:36:59.624 I/WindowManager( 1699): handleOpeningSpecialApp (statusbar != null ) true pkg: com.coloros.recents start: 4
07-27 10:36:59.642 D/InputMethodManagerService( 1699): bindCurrentInputMethodService, service:Intent { act=android.view.InputMethod cmp=com.sohu.inputmethod.sogouoem/.SogouIME (has extras) }
07-27 10:36:59.745 V/WindowManager( 1699): notifyWindowStateChange input show
