07-27 11:21:59.488 D/MsfServiceProxy(26715): send req to msfService:ToServiceMsg msName:unknown ssoSeq:-1 appId:537050853 appSeq:1183 sName:com.tencent.qalsdk.service.QalService uin:144115213350774102 sCmd:Recentcontact.Delete_PB t:10000 needResp:truehttpReq:false
07-27 11:21:59.489 D/jni_imsdk(26715): [19-07-27 11:21:59.489][DEBUG][][CoreWrapper][CoreWrapper handleRespMsg] recv resp msg:1564197719486|group_open_svc.quit_group|45806|1182
07-27 11:21:59.489 D/jni_imsdk(26715): [19-07-27 11:21:59.489][INFO][][IMMsgSender]resend msg reply onSucc, qalSeq:1182
07-27 11:21:59.489 D/jni_imsdk(26715): [19-07-27 11:21:59.489][INFO][][IMMsgSender]resend msg reply callback, qalSeq:1182|randKey:228988781
07-27 11:21:59.489 D/jni_imsdk(26715): [19-07-27 11:21:59.489][DEBUG][][imsdk.IMMsfCoreProxy]request user: userid_1898141|cmd:group_open_svc.quit_group|rsp
07-27 11:21:59.489 D/jni_imsdk(26715): [19-07-27 11:21:59.489][INFO][group_manager_proto.cc:463][operator()][IMCore]quit_group done|groupid: @TGS#aSQBYD7FQ
07-27 11:21:59.489 D/jni_imsdk(26715): [19-07-27 11:21:59.489][DEBUG][msg_manager.cc:1048][DeleteLocalSession][IMCore]delete session type:2, sid:@TGS#aSQBYD7FQ
07-27 11:21:59.489 D/jni_imsdk(26715): [19-07-27 11:21:59.489][DEBUG][sso_proto.cc:365][DeleteRecentContactImpl][IMCore]cmd: Recentcontact.Delete_PB|req: 08d6ca8294de808080021002220e4054475323615351425944374651
07-27 11:21:59.489 D/jni_imsdk(26715): [19-07-27 11:21:59.489][DEBUG][][imcore_jni]request user: userid_1898141|cmd:Recentcontact.Delete_PB
07-27 11:21:59.489 D/jni_imsdk(26715): [19-07-27 11:21:59.489][DEBUG][][imsdk.IMMsfCoreProxy]request user: userid_1898141|cmd:Recentcontact.Delete_PB|req
07-27 11:21:59.489 D/jni_imsdk(26715): [19-07-27 11:21:59.489][EVENT][][IMMsgSender]sendmsg cb: com.tencent.imsdk.ac@e0974c6
07-27 11:21:59.489 D/jni_imsdk(26715): [19-07-27 11:21:59.489][DEBUG][sqlite_store.cc:1252][DeleteSession][IMCore]delete session type:2, sid:@TGS#aSQBYD7FQ
07-27 11:21:59.491 D/QalService(23909): service rcvmsg. ssoCmd:Recentcontact.Delete_PB msfCmd:unknown appSeq:1183
07-27 11:21:59.491 D/MSF.C.NetConnTag(23909): ping pkg sent, buffer size: 21
07-27 11:21:59.492 D/MSF.C.NetConnTag(23909): add ToServiceMsg msName:qal_Hello ssoSeq:45809 appId:537050853 appSeq:-1 sName: uin:0 sCmd:MSF t:10000 needResp:truehttpReq:false to send
07-27 11:21:59.494 I/MSF.C.NetConnTag(23909): netSend ssoSeq:45809 appSeq:-1 uin:0 cmd:MSF 45830
07-27 11:21:59.495 D/jni_imsdk(26715): [19-07-27 11:21:59.495][DEBUG][msg_manager.cc:365][RemoveGrpCache][IMCore]remove grp dup cache: @TGS#aSQBYD7FQ
07-27 11:21:59.496 I/MSF.C.NetConnTag(23909): netSend ssoSeq:45808 appSeq:1183 uin:*4102 cmd:Recentcontact.Delete_PB 46148
07-27 11:21:59.497 W/TXCVideoDecoder(26715): play:decode: stop decode hwdec: false
07-27 11:21:59.499 I/Choreographer(26715): Skipped 2 frames! The application may be doing too much work on its main thread.
07-27 11:21:59.504 D/MSF.C.NetConnTag(23909): ping pkg ack received
07-27 11:21:59.504 W/TXCVideoRender(26715): play:vrender: onSurfaceTextureDestroyed when need save texture : false
07-27 11:21:59.504 W/TXCVideoRender(26715): play:vrender: quit render thread
07-27 11:21:59.505 I/MSF.C.NetConnTag(23909): netRecv ssoSeq:45809 uin: cmd:MSF 45830
07-27 11:21:59.506 D/PRETTY_LOGGER(26715): ┌────────────────────────────────────────────────────────────────────────────────────────────────────────────────
07-27 11:21:59.506 D/PRETTY_LOGGER(26715): │ Thread: main
07-27 11:21:59.506 D/PRETTY_LOGGER(26715): ├┄┄┄┄┄┄┄┄┄┄┄┄┄┄┄┄┄┄┄┄┄┄┄┄┄┄┄┄┄┄┄┄┄┄┄┄┄┄┄┄┄┄┄┄┄┄┄┄┄┄┄┄┄┄┄┄┄┄┄┄┄┄┄┄┄┄┄┄┄┄┄┄┄┄┄┄┄┄┄┄┄┄┄┄┄┄┄┄┄┄┄┄┄┄┄┄┄┄┄┄┄┄┄┄┄┄┄┄┄┄┄┄
07-27 11:21:59.506 D/PRETTY_LOGGER(26715): │ TCVodControllerFloat.onDetachedFromWindow (TCVodControllerFloat.java:191)
07-27 11:21:59.506 D/PRETTY_LOGGER(26715): │ LogUtils.logd (LogUtils.java:49)
07-27 11:21:59.506 D/PRETTY_LOGGER(26715): ├┄┄┄┄┄┄┄┄┄┄┄┄┄┄┄┄┄┄┄┄┄┄┄┄┄┄┄┄┄┄┄┄┄┄┄┄┄┄┄┄┄┄┄┄┄┄┄┄┄┄┄┄┄┄┄┄┄┄┄┄┄┄┄┄┄┄┄┄┄┄┄┄┄┄┄┄┄┄┄┄┄┄┄┄┄┄┄┄┄┄┄┄┄┄┄┄┄┄┄┄┄┄┄┄┄┄┄┄┄┄┄┄
07-27 11:21:59.507 D/PRETTY_LOGGER(26715): │ TCVodControllerFloat onDetachedFromWindow
07-27 11:21:59.507 D/PRETTY_LOGGER(26715): └────────────────────────────────────────────────────────────────────────────────────────────────────────────────
07-27 11:21:59.510 I/Unknow (26715): [StreamRecvThread.cpp, clear, 87]:flv clear
07-27 11:21:59.510 D/Unknow (26715): [txg_jni_util.cpp, getJavaVM, 163]:JniHelper::getJavaVM(), pthread_self() = -954336912
07-27 11:21:59.510 D/Unknow (26715): [txg_jni_util.cpp, _detachCurrentThread, 34]:JniHelper::_detachCurrentThread(), pthread_self() = -954336912
07-27 11:21:59.512 W/TXCVideoRenderThread(26715): vrender: uninit egl @context=com.google.android.gles_jni.EGLContextImpl@c5c499cf,surface=com.google.android.gles_jni.EGLSurfaceImpl@b7e4cbff
07-27 11:21:59.513 V/WindowManager( 1699): Changing focus from Window{6f287b5 u0 com.yishouapp.fumi/com.yishouapp.fumi.activity.VideoActivity} to null
07-27 11:21:59.518 D/GoodsDetailActivitylog(26715): 停留了1918毫秒
07-27 11:21:59.518 D/AudioTrack(26715): pause() output 181 stream 3 session 633 state 0
07-27 11:21:59.519 D/AudioTrack(26715): flush() output 181 stream 3 session 633 state 2
07-27 11:21:59.520 D/AudioTrack(26715): stop() output 181 stream 3 session 633 state 4
07-27 11:21:59.520 D/AudioTrack(26715): stop() output 181 stream 3 session 633 state 4
07-27 11:21:59.520 D/AudioTrack(26715): ~AudioTrack, releasing mStatus =0 session id 633 from 26715 on behalf of 26715
07-27 11:21:59.520 D/AudioTrack(26715): stop() output 181 stream 3 session 633 state 4
07-27 11:21:59.520 V/MediaRouterService( 1699): restoreBluetoothA2dp(false)
07-27 11:21:59.521 D/AudioPolicyManagerCustom( 1196): setForceUse() usage 1, config 10, mPhoneState 0
07-27 11:21:59.522 E/AudioCenter:d(26715): mult-player thread stop finish!
07-27 11:21:59.523 D/Unknow (26715): [txg_jni_util.cpp, getJavaVM, 163]:JniHelper::getJavaVM(), pthread_self() = -998778512
07-27 11:21:59.524 D/Unknow (26715): [txg_jni_util.cpp, _detachCurrentThread, 34]:JniHelper::_detachCurrentThread(), pthread_self() = -998778512
07-27 11:21:59.526 D/report_click_json(26715): {"distinct_id":"1898141","event":"liveRootPageTime","properties":{"ptime":"1.918","room_id":"3598","specialId":"58160","userId":"1898141","ad_id":"7ad5a76f-5add-4b35-8191-13d25815b6ef_ys","ad_idMD5":"1893ee2f2f0bcf76640e9db2f65eff20","app_version":"4.3.0","carrier":"未知","device_id":"7ad5a76f-5add-4b35-8191-13d25815b6ef_ys","isAorB":"B","manufacturer":"OPPO","model":"PBEM00","network_type":"WIFI","os":"Android","os_version":"8.1.0","screen_height":2340,"screen_width":1080,"userid":"1898141"},"time":1564197719518}
07-27 11:21:59.528 I/StatisticsManager(26715): 2474/track record: ak=1f5391995f6484a88200043733864b0f&dv=be6f83affd5f477f940a39eae2737c63&cup=com.yishouapp.fumi.activity.VideoActivity&tm=1564197719527&ct=一手女装批发服装批发<=1&tp=0&u=e352030af05e4d5e98afecdc3e884d41
07-27 11:21:59.528 D/ActivityTrigger( 1699): activityResumeTrigger: The activity in ApplicationInfo{88732d9 com.yishouapp.fumi} is now in focus and seems to be in full-screen mode
07-27 11:21:59.528 E/ActivityTrigger( 1699): activityResumeTrigger: not whiteListedcom.yishouapp.fumi/com.yishouapp.fumi.activity.VideoListActivity/430
07-27 11:21:59.546 I/Choreographer(26715): Skipped 2 frames! The application may be doing too much work on its main thread.
07-27 11:21:59.553 I/MSF.C.NetConnTag(23909): netRecv ssoSeq:45808 uin:*4102 cmd:Recentcontact.Delete_PB 45920
07-27 11:21:59.554 D/PRETTY_LOGGER(26715): ┌────────────────────────────────────────────────────────────────────────────────────────────────────────────────
07-27 11:21:59.554 D/PRETTY_LOGGER(26715): │ Thread: main
07-27 11:21:59.554 D/PRETTY_LOGGER(26715): ├┄┄┄┄┄┄┄┄┄┄┄┄┄┄┄┄┄┄┄┄┄┄┄┄┄┄┄┄┄┄┄┄┄┄┄┄┄┄┄┄┄┄┄┄┄┄┄┄┄┄┄┄┄┄┄┄┄┄┄┄┄┄┄┄┄┄┄┄┄┄┄┄┄┄┄┄┄┄┄┄┄┄┄┄┄┄┄┄┄┄┄┄┄┄┄┄┄┄┄┄┄┄┄┄┄┄┄┄┄┄┄┄
07-27 11:21:59.554 D/PRETTY_LOGGER(26715): │ ForegroundCallbacks.onActivityResumed (ForegroundCallbacks.java:100)
07-27 11:21:59.554 D/PRETTY_LOGGER(26715): │ LogUtils.logd (LogUtils.java:45)
07-27 11:21:59.554 D/PRETTY_LOGGER(26715): ├┄┄┄┄┄┄┄┄┄┄┄┄┄┄┄┄┄┄┄┄┄┄┄┄┄┄┄┄┄┄┄┄┄┄┄┄┄┄┄┄┄┄┄┄┄┄┄┄┄┄┄┄┄┄┄┄┄┄┄┄┄┄┄┄┄┄┄┄┄┄┄┄┄┄┄┄┄┄┄┄┄┄┄┄┄┄┄┄┄┄┄┄┄┄┄┄┄┄┄┄┄┄┄┄┄┄┄┄┄┄┄┄
07-27 11:21:59.554 D/PRETTY_LOGGER(26715): │ still foreground
07-27 11:21:59.554 D/PRETTY_LOGGER(26715): └────────────────────────────────────────────────────────────────────────────────────────────────────────────────
07-27 11:21:59.558 D/MSF.C.MsfCore(23909): service recv msg . ssoCmd:Recentcontact.Delete_PB ssoSeq:45808
07-27 11:21:59.559 D/audio_hw_utils( 711): audio_extn_utils_compress_get_dsp_latency:: Using Fix DSP delay
07-27 11:21:59.559 D/audio_hw_utils( 711): audio_extn_utils_compress_get_dsp_latency:: delay in ms is 50
07-27 11:21:59.561 I/StatisticsManager(26715): 2474/track record: ak=1f5391995f6484a88200043733864b0f&dv=be6f83affd5f477f940a39eae2737c63&cup=com.yishouapp.fumi.activity.VideoListActivity&tm=1564197719557&ct=一手女装批发服装批发<=0&tp=0&u=4bcbd90d39b74aa2959af79530b0242a
07-27 11:21:59.561 D/logUrlResponse(26715): http://api.yishouapp.com/live/room_user_enter
07-27 11:21:59.561 D/logUrlResponse(26715): room_id=3598&_abtest=1&plat_type=Android&version_code=430&t_t=1564197719&version=27&token=c73cd61253f12578927e4cd14e8e4f75&uid=1898141&version_name=4.3.0&im_user_id=userid_1898141&model=PBEM00&udid=7ad5a76f-5add-4b35-8191-13d25815b6ef_ys&is_login=2
07-27 11:21:59.561 D/logUrlResponse(26715): {"data":{},"msg":"success","code":"200"}
07-27 11:21:59.562 D/MSF.S.RespHandler(23909): service getMsfMessagePairs resp:Recentcontact.Delete_PB:45808:1183
07-27 11:21:59.563 D/MSF.S.AppProcessManager(23909): service add queue last:1564197719563|Recentcontact.Delete_PB|45808
07-27 11:21:59.565 I/MSF.S.AppProcessManager(23909): service send resp :com.yishouapp.fumi| from:144115213350774102|Recentcontact.Delete_PB|45808|1183
07-27 11:21:59.567 D/MsfServiceProxy(26715): msfProxy onReceiveResp:144115213350774102:Recentcontact.Delete_PB :45808:1183
07-27 11:21:59.567 D/MsfServiceProxy(26715): waiteSendSeqSet receiveResp remove:144115213350774102:Recentcontact.Delete_PB :45808:1183
07-27 11:21:59.567 D/MsfServiceProxy(26715): onReceiveResp SsoCmd:Recentcontact.Delete_PB ssoSeq:45808
07-27 11:21:59.567 D/MsfServiceProxy(26715): sdk add queue req:ToServiceMsg msName:unknown ssoSeq:45808 appId:537050853 appSeq:1183 sName:com.tencent.qalsdk.service.QalService uin:144115213350774102 sCmd:Recentcontact.Delete_PB t:10000 needResp:truehttpReq:false from:FromServiceMsg msName:unknown ssoSeq:45808 failCode:1000 errorMsg: uin:144115213350774102 serviceCmd:Recentcontact.Delete_PB appId:537050853 appSeq:1183
07-27 11:21:59.567 I/CoreWrapper(26715): [CoreWrapper handleRespMsg] recv resp msg:1564197719567|Recentcontact.Delete_PB|45808|1183
07-27 11:21:59.568 D/jni_imsdk(26715): [19-07-27 11:21:59.568][DEBUG][][CoreWrapper][CoreWrapper handleRespMsg] recv resp msg:1564197719567|Recentcontact.Delete_PB|45808|1183
07-27 11:21:59.568 D/jni_imsdk(26715): [19-07-27 11:21:59.568][DEBUG][][imsdk.IMMsfCoreProxy]request user: userid_1898141|cmd:Recentcontact.Delete_PB|rsp
07-27 11:21:59.568 D/jni_imsdk(26715): [19-07-27 11:21:59.568][DEBUG][sso_proto.cc:374][operator()][IMCore]cmd: Recentcontact.Delete_PB|rsp: c23e024f4bc83e00d23e00da3e00
07-27 11:21:59.568 D/MsfServiceSub(26715): serviceSub add last:1564197719568|Recentcontact.Delete_PB|45808
07-27 11:21:59.568 V/WindowManager( 1699): Changing focus from null to Window{6da9a u0 com.yishouapp.fumi/com.yishouapp.fumi.activity.VideoListActivity}
07-27 11:21:59.579 D/audio_hw_utils( 711): audio_extn_utils_compress_get_dsp_latency:: Using Fix DSP delay
07-27 11:21:59.579 D/audio_hw_utils( 711): audio_extn_utils_compress_get_dsp_latency:: delay in ms is 50
07-27 11:21:59.586 I/Choreographer(26715): Skipped 1 frames! The application may be doing too much work on its main thread.
07-27 11:21:59.598 D/audio_hw_utils( 711): audio_extn_utils_compress_get_dsp_latency:: Using Fix DSP delay
07-27 11:21:59.598 D/audio_hw_utils( 711): audio_extn_utils_compress_get_dsp_latency:: delay in ms is 50
07-27 11:21:59.613 D/xx ( 2513): setInputState isInput=false isPre=false
07-27 11:21:59.613 D/xx ( 2513): updateKeyboardKeys mComposer.update ComposingText()=
07-27 11:21:59.614 I/MSF.C.NetConnTag(23909): netRecv ssoSeq:-824252829 uin:*4102 cmd:im_open_push.msg_push -824252477
07-27 11:21:59.615 D/MSF.C.MsfCore(23909): service recv msg . ssoCmd:im_open_push.msg_push ssoSeq:-824252829
07-27 11:21:59.616 D/MSF.C.PushManager(23909): recv push com.yishouapp.fumi FromServiceMsg msName:onRecvPushMsg ssoSeq:-824252829 failCode:1000 errorMsg: uin:144115213350774102 serviceCmd:im_open_push.msg_push appId:-1 appSeq:-824252829
07-27 11:21:59.616 D/MSF.S.AppProcessManager(23909): service add queue last:1564197719616|im_open_push.msg_push|-824252829
07-27 11:21:59.617 D/MSF.S.AppProcessManager(23909): send push com.yishouapp.fumi from:144115213350774102|im_open_push.msg_push|-824252829
07-27 11:21:59.618 D/MsfServiceProxy(26715): onRecvPushResp FromServiceMsg msName:onRecvPushMsg ssoSeq:-824252829 failCode:1000 errorMsg: uin:144115213350774102 serviceCmd:im_open_push.msg_push appId:-1 appSeq:-824252829
07-27 11:21:59.618 D/MsfServiceProxy(26715): onRecvServicePushResp SsoCmd:im_open_push.msg_push ssoSeq:-824252829
07-27 11:21:59.618 D/audio_hw_utils( 711): audio_extn_utils_compress_get_dsp_latency:: Using Fix DSP delay
07-27 11:21:59.619 D/audio_hw_utils( 711): audio_extn_utils_compress_get_dsp_latency:: delay in ms is 50
07-27 11:21:59.626 D/CoreWrapper(26715): [CoreWrapper handlePushMsg] recv push cmd: im_open_push.msg_push:msf cmd:onRecvPushMsg:-824252829
07-27 11:21:59.627 D/jni_imsdk(26715): [19-07-27 11:21:59.627][DEBUG][][CoreWrapper][CoreWrapper handlePushMsg] recv push cmd: im_open_push.msg_push:msf cmd:onRecvPushMsg:-824252829
07-27 11:21:59.627 D/jni_imsdk(26715): [19-07-27 11:21:59.627][DEBUG][][imsdk.IMMsfCoreProxy]cmd:im_open_push.msg_push|req:0AD6010A98010A2008B404101718B35420DBE1DECA0728D786EFE90530D786EFE90540DBE1DECA0712680A171A1510E5FD8A800228A883D29B055A07416E64726F6964224B089787E3F0A58080800210D6CA8294DE808080021805200538928CF0F117420C44656661756C7447726F7570620E4054475323615351425944374651720D320B4054494D2353595354454D3A00220A1000220208002800500212391237080810D6CA8294DE8080800218CC98CC8BC32D22002A0032003A1C08D6CA8294DE808080021000420E7573657269645F3138393831343112210D0AE70531155171000018D4AED0FDA4C1F88DB0012A0A10D6CA8294DE8080800218012000
07-27 11:21:59.628 D/jni_imsdk(26715): [19-07-27 11:21:59.628][INFO][][imsdk.IMMsfCoreProxy]RecvMsg|1-OnlinePush|Succ|cmd=im_open_push.msg_push, userid_1898141|userid_1898141
07-27 11:21:59.629 D/jni_imsdk(26715): [19-07-27 11:21:59.629][DEBUG][imcore_user_impl.cc:272][ManualPush][IMCore]manual push need_ack|1 need_sync|1
07-27 11:21:59.629 D/jni_imsdk(26715): [19-07-27 11:21:59.629][DEBUG][][imcore_jni]request user: userid_1898141|cmd:im_open_push.msg_push
07-27 11:21:59.629 D/QALSDKManager(26715): sendmsg:userid_1898141:im_open_push.msg_push:0
07-27 11:21:59.629 D/jni_imsdk(26715): [19-07-27 11:21:59.629][DEBUG][][imsdk.IMMsfCoreProxy]request user: userid_1898141|cmd:im_open_push.msg_push|req
07-27 11:21:59.629 D/jni_imsdk(26715): [19-07-27 11:21:59.629][EVENT][][IMMsgSender]sendmsg cb: null
07-27 11:21:59.629 D/MsfServiceSdk(26715): sdk sendMsg. ssoCmd:im_open_push.msg_push msfCmd:unknown appSeq:1184
07-27 11:21:59.629 D/MsfServiceProxy(26715): send req to msfService:ToServiceMsg msName:unknown ssoSeq:-1 appId:537050853 appSeq:1184 sName:com.tencent.qalsdk.service.QalService uin:144115213350774102 sCmd:im_open_push.msg_push t:10000 needResp:falsehttpReq:false
07-27 11:21:59.631 D/QalService(23909): service rcvmsg. ssoCmd:im_open_push.msg_push msfCmd:unknown appSeq:1184
07-27 11:21:59.631 D/MSF.C.NetConnTag(23909): ping pkg sent, buffer size: 21
07-27 11:21:59.632 D/MSF.C.NetConnTag(23909): add ToServiceMsg msName:qal_Hello ssoSeq:45811 appId:537050853 appSeq:-1 sName: uin:0 sCmd:MSF t:10000 needResp:truehttpReq:false to send
07-27 11:21:59.633 I/MSF.C.NetConnTag(23909): netSend ssoSeq:45811 appSeq:-1 uin:0 cmd:MSF 45832
07-27 11:21:59.634 D/jni_imsdk(26715): [19-07-27 11:21:59.634][INFO][imcore_user_impl.cc:284][ManualPush][IMCore]RecvMsg|2-IMBegin|Succ|msgtype=564 subtype=23
07-27 11:21:59.634 D/jni_imsdk(26715): [19-07-27 11:21:59.634][DEBUG][imcore_user_impl.cc:294][ManualPush][IMCore]msgtype: 0x234 subtype:0x17
07-27 11:21:59.634 D/jni_imsdk(26715): [19-07-27 11:21:59.634][DEBUG][msg.cc:1701][GetMsgTinyidList][IMCore]write tinyid: sdkappid=, acctype=, identifier=@TIM#SYSTEM, tinyid=144115198244471703
07-27 11:21:59.634 D/jni_imsdk(26715): [19-07-27 11:21:59.634][DEBUG][msg.cc:1790][GetMsgTinyidList][IMCore]write tinyid: sdkappid=, acctype=, identifier=userid_1898141, tinyid=144115213350774102
07-27 11:21:59.634 D/jni_imsdk(26715): [19-07-27 11:21:59.634][DEBUG][msg.cc:1287][BuildLocalPbMsg][IMCore]0x17 Message: type=8, group=@TGS#aSQBYD7FQ, op_user=userid_1898141 msg_key=1564197719116 auth_size=0
07-27 11:21:59.634 D/jni_imsdk(26715): [19-07-27 11:21:59.634][INFO][msg_manager.cc:1918][operator()][IMCore]RecvMsg|3-ParseOver|Succ|C2C:sid=@TIM#SYSTEM, tinyid=144115198244471703, subtype=0x17, rand=2035790043, seq=2035790043, time=1564197719, isRead=0 status=2
07-27 11:21:59.634 D/jni_imsdk(26715): [19-07-27 11:21:59.634][DEBUG][msg_manager.cc:1938][operator()][IMCore]msg sid=@TIM#SYSTEM, lifetime = 0
07-27 11:21:59.634 D/jni_imsdk(26715): [19-07-27 11:21:59.634][DEBUG][msg_manager.cc:1520][ProcSyncMsgsResult][IMCore]MsgManager ProcSyncMsgsResultDone update session: 3|
07-27 11:21:59.634 D/jni_imsdk(26715): [19-07-27 11:21:59.634][DEBUG][msg_manager.cc:326][CheckC2COtherDupMsg][IMCore]CheckC2COtherDup: is_self=0, seq=2035790043, rand=2035790043, sid=, type=3, time=1564197719
07-27 11:21:59.635 I/MSF.C.NetConnTag(23909): netSend ssoSeq:45810 appSeq:1184 uin:*4102 cmd:im_open_push.msg_push 46150
07-27 11:21:59.638 D/audio_hw_utils( 711): audio_extn_utils_compress_get_dsp_latency:: Using Fix DSP delay
07-27 11:21:59.638 D/audio_hw_utils( 711): audio_extn_utils_compress_get_dsp_latency:: delay in ms is 50
07-27 11:21:59.638 D/audio_hw_primary( 711): copl(0xee3ef000):pause compress driver
07-27 11:21:59.638 D/audio_hw_primary( 711): copl(0xee3ef000):calling compress flush
07-27 11:21:59.639 D/jni_imsdk(26715): [19-07-27 11:21:59.639][DEBUG][sqlite_store.cc:2614][DeleteGroupInfos][IMCore]delete group info @TGS#aSQBYD7FQ
07-27 11:21:59.640 D/jni_imsdk(26715): [19-07-27 11:21:59.640][DEBUG][sso_task.cc:42][run][IMCore]sso send cmd:im_open_msg.msg_sync|req:0a1808d586efe90510d586efe905288ae0b39b0a38bcd4c3e00b100020012800
07-27 11:21:59.640 D/jni_imsdk(26715): [19-07-27 11:21:59.640][DEBUG][][imcore_jni]request user: userid_1898141|cmd:im_open_msg.msg_sync
07-27 11:21:59.640 D/jni_imsdk(26715): [19-07-27 11:21:59.640][DEBUG][][imsdk.IMMsfCoreProxy]request user: userid_1898141|cmd:im_open_msg.msg_sync|req
07-27 11:21:59.640 D/jni_imsdk(26715): [19-07-27 11:21:59.640][EVENT][][IMMsgSender]sendmsg cb: com.tencent.imsdk.ac@709357f
07-27 11:21:59.640 D/QALSDKManager(26715): sendmsg:userid_1898141:im_open_msg.msg_sync:0
07-27 11:21:59.641 D/MsfServiceSdk(26715): sdk sendMsg. ssoCmd:im_open_msg.msg_sync msfCmd:unknown appSeq:1185
07-27 11:21:59.641 D/MSF.D.RemoteServiceProxy(26715): waiteSendSeqSet put:144115213350774102im_open_msg.msg_sync :-1:1185
07-27 11:21:59.642 D/MsfServiceProxy(26715): send req to msfService:ToServiceMsg msName:unknown ssoSeq:-1 appId:537050853 appSeq:1185 sName:com.tencent.qalsdk.service.QalService uin:144115213350774102 sCmd:im_open_msg.msg_sync t:10000 needResp:truehttpReq:false
07-27 11:21:59.644 D/QalService(23909): service rcvmsg. ssoCmd:im_open_msg.msg_sync msfCmd:unknown appSeq:1185
07-27 11:21:59.645 I/MSF.C.NetConnTag(23909): netSend ssoSeq:45812 appSeq:1185 uin:*4102 cmd:im_open_msg.msg_sync 46152
07-27 11:21:59.652 D/jni_imsdk(26715): [19-07-27 11:21:59.652][INFO][][IMCoreNotify]listeners size: 1|msg size: 1|pid:26715
07-27 11:21:59.653 D/jni_imsdk(26715): [19-07-27 11:21:59.653][INFO][][imsdk.TIMMessage]msgid 2035790043
07-27 11:21:59.653 D/jni_imsdk(26715): [19-07-27 11:21:59.653][INFO][][IMCoreNotify]RecvMsg|4-Callback|Succ|type=System, sid=, msgid=2035790043, seq=2035790043, rand=2035790043, time=1564197719, isRead=false
07-27 11:21:59.654 D/MSF.C.NetConnTag(23909): ping pkg ack received
07-27 11:21:59.655 I/MSF.C.NetConnTag(23909): netRecv ssoSeq:45811 uin: cmd:MSF 45832
07-27 11:21:59.694 D/audio_hw_primary( 711): copl(0xee3ef000):out of compress flush
07-27 11:21:59.695 D/LocalSocketClient( 1196): sendMessage info 2:633,3 info length 7
07-27 11:21:59.695 D/LocalSocketClient( 1196): sendMessage end
07-27 11:21:59.695 D/LocalSocketServer( 1699): new client coming !
07-27 11:21:59.695 D/LocalSocketServer( 1699): wait for new client coming !
07-27 11:21:59.695 D/LocalSocketServer( 1699): readBytes = 7
07-27 11:21:59.695 D/LocalSocketServer( 1699): ClientSocket read info = 2:633,3
07-27 11:21:59.712 I/MSF.C.NetConnTag(23909): netRecv ssoSeq:45812 uin:*4102 cmd:im_open_msg.msg_sync 45948
07-27 11:21:59.713 D/MSF.C.MsfCore(23909): service recv msg . ssoCmd:im_open_msg.msg_sync ssoSeq:45812
07-27 11:21:59.714 D/MSF.S.RespHandler(23909): service getMsfMessagePairs resp:im_open_msg.msg_sync:45812:1185
07-27 11:21:59.715 D/MSF.S.AppProcessManager(23909): service add queue last:1564197719715|im_open_msg.msg_sync|45812
07-27 11:21:59.715 I/MSF.C.NetConnTag(23909): netRecv ssoSeq:45795 uin:*4102 cmd:group_open_long_polling_svc.get_msg 46547
07-27 11:21:59.716 D/MSF.C.MsfCore(23909): service recv msg . ssoCmd:group_open_long_polling_svc.get_msg ssoSeq:45795
07-27 11:21:59.716 D/audio_hw_primary( 711): copl(0xee3ef000):send new gapless metadata
07-27 11:21:59.716 D/APM_AudioPolicyManager( 1196): stopOutput() output 181, stream 3, session 633
07-27 11:21:59.717 D/APM_AudioPolicyManager( 1196): setOutputDevice() output 181 device 0000 force 0 delayMs 100
07-27 11:21:59.717 W/AudioFlinger( 1196): moveEffectChain_l() effect chain for session 0 not on source thread 0xe7ea0000
07-27 11:21:59.718 D/MSF.S.RespHandler(23909): service getMsfMessagePairs resp:group_open_long_polling_svc.get_msg:45795:1174
07-27 11:21:59.718 D/MSF.S.AppProcessManager(23909): service add queue last:1564197719718|group_open_long_polling_svc.get_msg|45795
07-27 11:21:59.718 I/MSF.S.AppProcessManager(23909): service send resp :com.yishouapp.fumi| from:144115213350774102|im_open_msg.msg_sync|45812|1185
07-27 11:21:59.718 D/audio_hw_primary( 711): out_set_parameters: enter: usecase(4: compress-offload-playback2) kvpairs: routing=0
07-27 11:21:59.719 D/audio_hw_utils( 711): audio_extn_utils_compress_get_dsp_latency:: Using Fix DSP delay
07-27 11:21:59.719 D/audio_hw_utils( 711): audio_extn_utils_compress_get_dsp_latency:: delay in ms is 50
07-27 11:21:59.719 I/MSF.S.AppProcessManager(23909): service send resp :com.yishouapp.fumi| from:144115213350774102|group_open_long_polling_svc.get_msg|45795|1174
07-27 11:21:59.720 D/audio_hw_primary( 711): out_set_parameters: enter: usecase(4: compress-offload-playback2) kvpairs: closing=true
07-27 11:21:59.721 D/audio_hw_primary( 711): out_set_parameters: enter: usecase(4: compress-offload-playback2) kvpairs: exiting=1
07-27 11:21:59.722 D/audio_hw_primary( 711): out_standby: enter: stream (0xee3ef000) usecase(4: compress-offload-playback2)
07-27 11:21:59.722 D/MsfServiceProxy(26715): msfProxy onReceiveResp:144115213350774102:im_open_msg.msg_sync :45812:1185
07-27 11:21:59.722 D/MsfServiceProxy(26715): waiteSendSeqSet receiveResp remove:144115213350774102:im_open_msg.msg_sync :45812:1185
07-27 11:21:59.722 D/MsfServiceProxy(26715): onReceiveResp SsoCmd:im_open_msg.msg_sync ssoSeq:45812
07-27 11:21:59.722 D/MsfServiceProxy(26715): sdk add queue req:ToServiceMsg msName:unknown ssoSeq:45812 appId:537050853 appSeq:1185 sName:com.tencent.qalsdk.service.QalService uin:144115213350774102 sCmd:im_open_msg.msg_sync t:10000 needResp:truehttpReq:false from:FromServiceMsg msName:unknown ssoSeq:45812 failCode:1000 errorMsg: uin:144115213350774102 serviceCmd:im_open_msg.msg_sync appId:537050853 appSeq:1185
07-27 11:21:59.722 D/knowles_util( 711): +onPlayStopUpdateBaregein+
07-27 11:21:59.722 D/knowles_util( 711): BARGEIN onPlayStopUpdateBaregein : out->dev->isPlaying = 1, out->dev->isSpeakerSelected = 2
07-27 11:21:59.722 D/knowles_util( 711): -onPlayStopUpdateBaregein-
07-27 11:21:59.722 D/audio_hw_primary( 711): copl(0xee3ef000):standby
07-27 11:21:59.722 D/MsfServiceSub(26715): serviceSub add last:1564197719722|im_open_msg.msg_sync|45812
07-27 11:21:59.722 I/CoreWrapper(26715): [CoreWrapper handleRespMsg] recv resp msg:1564197719722|im_open_msg.msg_sync|45812|1185
07-27 11:21:59.723 D/jni_imsdk(26715): [19-07-27 11:21:59.723][DEBUG][][CoreWrapper][CoreWrapper handleRespMsg] recv resp msg:1564197719722|im_open_msg.msg_sync|45812|1185
07-27 11:21:59.723 D/jni_imsdk(26715): [19-07-27 11:21:59.723][DEBUG][][imsdk.IMMsfCoreProxy]request user: userid_1898141|cmd:im_open_msg.msg_sync|rsp
07-27 11:21:59.724 D/jni_imsdk(26715): [19-07-27 11:21:59.724][DEBUG][sso_task.cc:51][operator()][IMCore]sso recv cmd:im_open_msg.msg_sync|rsp:0a020800121808d586efe90510d786efe905288aca93ac073884c485ed0b180228d786efe9053001
07-27 11:21:59.724 D/QALSDKManager(26715): sendmsg:userid_1898141:im_open_msg.msg_sync:0
07-27 11:21:59.724 D/jni_imsdk(26715): [19-07-27 11:21:59.724][DEBUG][login_task.cc:147][run][IMCore]cmd: im_open_msg.msg_sync|req: 0a1808d586efe90510d786efe905288aca93ac073884c485ed0b100220012800
07-27 11:21:59.724 D/jni_imsdk(26715): [19-07-27 11:21:59.724][DEBUG][][imcore_jni]request user: userid_1898141|cmd:im_open_msg.msg_sync
07-27 11:21:59.724 D/jni_imsdk(26715): [19-07-27 11:21:59.724][DEBUG][][imsdk.IMMsfCoreProxy]request user: userid_1898141|cmd:im_open_msg.msg_sync|req
07-27 11:21:59.724 D/jni_imsdk(26715): [19-07-27 11:21:59.724][EVENT][][IMMsgSender]sendmsg cb: null
07-27 11:21:59.724 D/MsfServiceSdk(26715): sdk sendMsg. ssoCmd:im_open_msg.msg_sync msfCmd:unknown appSeq:1186
07-27 11:21:59.724 D/MsfServiceProxy(26715): send req to msfService:ToServiceMsg msName:unknown ssoSeq:-1 appId:537050853 appSeq:1186 sName:com.tencent.qalsdk.service.QalService uin:144115213350774102 sCmd:im_open_msg.msg_sync t:10000 needResp:falsehttpReq:false
07-27 11:21:59.726 D/QalService(23909): service rcvmsg. ssoCmd:im_open_msg.msg_sync msfCmd:unknown appSeq:1186
07-27 11:21:59.726 D/MSF.C.NetConnTag(23909): ping pkg sent, buffer size: 21
07-27 11:21:59.727 D/MSF.C.NetConnTag(23909): add ToServiceMsg msName:qal_Hello ssoSeq:45814 appId:537050853 appSeq:-1 sName: uin:0 sCmd:MSF t:10000 needResp:truehttpReq:false to send
07-27 11:21:59.727 D/MsfServiceProxy(26715): msfProxy onReceiveResp:144115213350774102:group_open_long_polling_svc.get_msg :45795:1174
07-27 11:21:59.727 D/MsfServiceProxy(26715): waiteSendSeqSet receiveResp remove:144115213350774102:group_open_long_polling_svc.get_msg :45795:1174
07-27 11:21:59.728 D/MsfServiceProxy(26715): onReceiveResp SsoCmd:group_open_long_polling_svc.get_msg ssoSeq:45795
07-27 11:21:59.728 D/MsfServiceProxy(26715): sdk add queue req:ToServiceMsg msName:unknown ssoSeq:45795 appId:537050853 appSeq:1174 sName:com.tencent.qalsdk.service.QalService uin:144115213350774102 sCmd:group_open_long_polling_svc.get_msg t:5000 needResp:truehttpReq:false from:FromServiceMsg msName:unknown ssoSeq:45795 failCode:1000 errorMsg: uin:144115213350774102 serviceCmd:group_open_long_polling_svc.get_msg appId:537050853 appSeq:1174
07-27 11:21:59.728 D/MsfServiceSub(26715): serviceSub add last:1564197719728|group_open_long_polling_svc.get_msg|45795
07-27 11:21:59.728 I/CoreWrapper(26715): [CoreWrapper handleRespMsg] recv resp msg:1564197719728|group_open_long_polling_svc.get_msg|45795|1174
07-27 11:21:59.728 D/jni_imsdk(26715): [19-07-27 11:21:59.728][DEBUG][][CoreWrapper][CoreWrapper handleRespMsg] recv resp msg:1564197719728|group_open_long_polling_svc.get_msg|45795|1174
07-27 11:21:59.729 D/jni_imsdk(26715): [19-07-27 11:21:59.729][DEBUG][][imsdk.IMMsfCoreProxy]request user: userid_1898141|cmd:group_open_long_polling_svc.get_msg|rsp
07-27 11:21:59.729 D/offload_visualizer( 711): thread exit
07-27 11:21:59.729 D/jni_imsdk(26715): [19-07-27 11:21:59.729][DEBUG][sso_task.cc:53][operator()][IMCore]sso recv cmd:group_open_long_polling_svc.get_msg|rsp
07-27 11:21:59.729 D/audio_hw_primary( 711): disable_audio_route: reset and update mixer path: compress-offload-playback2 speaker
07-27 11:21:59.729 D/jni_imsdk(26715): [19-07-27 11:21:59.729][DEBUG][login_task.cc:151][run][IMCore]send im_open_msg.msg_sync:SYNC_END
07-27 11:21:59.729 D/jni_imsdk(26715): [19-07-27 11:21:59.729][INFO][long_polling_msg.cc:67][BuildResultMessages][IMCore]user already quit group|@TGS#aSQBYD7FQ
07-27 11:21:59.729 D/jni_imsdk(26715): [19-07-27 11:21:59.729][INFO][long_polling_msg.cc:136][run][IMCore]long polling ret: code=0, msg=
07-27 11:21:59.730 D/jni_imsdk(26715): [19-07-27 11:21:59.729][INFO][long_polling_msg.cc:154][run][IMCore]Leave Long Polling: group=@TGS#aSQBYD7FQ
07-27 11:21:59.730 D/hardware_info( 711): hw_info_append_hw_type : device_name = speaker
07-27 11:21:59.730 D/knowles_util( 711): +turnBypassOff+
07-27 11:21:59.730 D/knowles_util( 711): -turnBypassOff-
07-27 11:21:59.730 D/audio_hw_primary( 711): audio_enable_asm_bit_width_enforce_mode: DSP bitwidth feature is disabled.
07-27 11:21:59.730 D/audio_hw_primary( 711): out_standby: exit
07-27 11:21:59.730 I/MSF.C.NetConnTag(23909): netSend ssoSeq:45814 appSeq:-1 uin:0 cmd:MSF 45835
07-27 11:21:59.731 D/audio_hw_primary( 711): adev_close_output_stream: enter:stream_handle(compress-offload-playback2)
07-27 11:21:59.732 D/audio_hw_primary( 711): out_standby: enter: stream (0xee3ef000) usecase(4: compress-offload-playback2)
07-27 11:21:59.732 D/audio_hw_primary( 711): out_standby: exit
07-27 11:21:59.733 I/MSF.C.NetConnTag(23909): netSend ssoSeq:45813 appSeq:1186 uin:*4102 cmd:im_open_msg.msg_sync 46153
07-27 11:21:59.738 D/MSF.C.NetConnTag(23909): ping pkg ack received
07-27 11:21:59.739 I/MSF.C.NetConnTag(23909): netRecv ssoSeq:45814 uin: cmd:MSF 45835
07-27 11:21:59.787 I/MSF.C.NetConnTag(23909): netRecv ssoSeq:45813 uin:*4102 cmd:im_open_msg.msg_sync 45917
07-27 11:21:59.789 W/MSF.C.PushManager(23909): found not handle push msg FromServiceMsg msName:unknown ssoSeq:45813 failCode:1000 errorMsg: uin:144115213350774102 serviceCmd:im_open_msg.msg_sync appId:-1 appSeq:45813
07-27 11:21:59.921 I/WindowManager( 1699): handleOpeningSpecialApp (statusbar != null ) true pkg: com.oppo.launcher start: 3
07-27 11:21:59.922 I/WindowManager( 1699): handleOpeningSpecialApp (statusbar != null ) true pkg: com.coloros.recents start: 4
07-27 11:21:59.974 W/TXCVideoRender(26715): play:vrender: onSurfaceTextureDestroyed when need save texture : false
07-27 11:21:59.974 W/TXCVideoRender(26715): play:vrender: quit render thread
07-27 11:21:59.981 I/Choreographer(26715): Skipped 1 frames! The application may be doing too much work on its main thread.
07-27 11:21:59.989 W/TXCVideoRenderThread(26715): vrender: uninit egl @context=com.google.android.gles_jni.EGLContextImpl@c9a2efcf,surface=com.google.android.gles_jni.EGLSurfaceImpl@e729c4ef
07-27 11:22:00.006 I/elsa ( 8312): addCgroupTask, TASK_PID, add the uid: 10083 pid:31881 to cgroup /dev/cpuset
07-27 11:22:00.014 I/elsa ( 8312): addCgroupTask, TASK_PID, add the uid: 10083 pid:31881 to cgroup /dev/cpuset/elsa_bg
07-27 11:22:00.633 W/ActivityManager( 1699): preloadAction is 0, starting intent = cmp=com.yishouapp.fumi/.activity.VideoActivity (has extras)
07-27 11:22:00.634 I/ActivityManager( 1699): START u0 {cmp=com.yishouapp.fumi/.activity.VideoActivity (has extras)} from uid 10231 and from pid 26715
07-27 11:22:00.636 E/ANDR-PERF-MPCTL( 736): Invalid profile no. 0, total profiles 0 only
07-27 11:22:00.638 D/ActivityTrigger( 1699): activityStartTrigger: Activity is Triggerred in full screen ApplicationInfo{88732d9 com.yishouapp.fumi}
07-27 11:22:00.638 E/ActivityTrigger( 1699): activityStartTrigger: not whiteListedcom.yishouapp.fumi/com.yishouapp.fumi.activity.VideoActivity/430
07-27 11:22:00.639 D/ActivityTrigger( 1699): activityResumeTrigger: The activity in ApplicationInfo{88732d9 com.yishouapp.fumi} is now in focus and seems to be in full-screen mode
07-27 11:22:00.639 E/ActivityTrigger( 1699): activityResumeTrigger: not whiteListedcom.yishouapp.fumi/com.yishouapp.fumi.activity.VideoActivity/430
07-27 11:22:00.652 D/report_click_json(26715): {"distinct_id":"1898141","event":"liveListClick","properties":{"clickSource":"直播模块","room_id":"3599","ad_id":"7ad5a76f-5add-4b35-8191-13d25815b6ef_ys","ad_idMD5":"1893ee2f2f0bcf76640e9db2f65eff20","app_version":"4.3.0","carrier":"未知","device_id":"7ad5a76f-5add-4b35-8191-13d25815b6ef_ys","isAorB":"B","manufacturer":"OPPO","model":"PBEM00","network_type":"WIFI","os":"Android","os_version":"8.1.0","screen_height":2340,"screen_width":1080,"userid":"1898141"},"time":1564197720647}
07-27 11:22:00.653 D/audio_hw_primary( 711): out_standby: enter: stream (0xed51d000) usecase(0: deep-buffer-playback)
07-27 11:22:00.653 D/knowles_util( 711): +onPlayStopUpdateBaregein+
07-27 11:22:00.653 D/knowles_util( 711): BARGEIN onPlayStopUpdateBaregein : out->dev->isPlaying = 0, out->dev->isSpeakerSelected = 2
07-27 11:22:00.653 D/knowles_util( 711): setBargeinStatus = 0 1
07-27 11:22:00.653 D/knowles_st_hal( 711): ### +stdev_set_bargein+ 0 ###
07-27 11:22:00.653 D/knowles_st_hal( 711): stdev_set_bargein pthread_mutex_lock(&stdev->set_bargein_lock);
07-27 11:22:00.653 D/knowles_st_hal( 711): +stop_bargein+
07-27 11:22:00.653 D/knowles_st_hal( 711): +event_handler+ event(0)
07-27 11:22:00.653 D/knowles_st_hal( 711): +bargein_event_handler+ event(0) bargeinState(1)
07-27 11:22:00.653 D/knowles_st_hal( 711): bargein_event_handler BARGEIN_STARTED_STATE
07-27 11:22:00.653 D/knowles_st_hal( 711): bargein_event_handler receive evt :STOP_BARGEIN_EVT
07-27 11:22:00.653 D/knowles_st_hal( 711): +start_bargein_timer+
07-27 11:22:00.653 D/knowles_st_hal( 711): start_bargein_timer, Timer started
07-27 11:22:00.653 D/knowles_st_hal( 711): -start_bargein_timer-
07-27 11:22:00.653 D/knowles_st_hal( 711): bargein_event_handler timer_lock released (0)
07-27 11:22:00.653 D/knowles_st_hal( 711): -bargein_event_handler- event(0)
07-27 11:22:00.653 D/knowles_st_hal( 711): -event_handler- event(0)
07-27 11:22:00.653 D/knowles_st_hal( 711): -stop_bargein-
07-27 11:22:00.653 D/knowles_st_hal( 711): BARGEIN isTimerBargein = 0, isCvq = 0
07-27 11:22:00.653 D/knowles_st_hal( 711): ### -stdev_set_bargein- 0 ###
07-27 11:22:00.653 D/knowles_util( 711): -setBargeinStatus-
07-27 11:22:00.653 D/knowles_util( 711): -onPlayStopUpdateBaregein-
07-27 11:22:00.659 I/StatisticsManager(26715): 2474/track record: ak=1f5391995f6484a88200043733864b0f&dv=be6f83affd5f477f940a39eae2737c63&cup=com.yishouapp.fumi.activity.VideoListActivity&tm=1564197720657&ct=一手女装批发服装批发<=1&tp=0&u=4bcbd90d39b74aa2959af79530b0242a
07-27 11:22:00.659 D/ActivityTrigger( 1699): activityResumeTrigger: The activity in ApplicationInfo{88732d9 com.yishouapp.fumi} is now in focus and seems to be in full-screen mode
07-27 11:22:00.659 E/ActivityTrigger( 1699): activityResumeTrigger: not whiteListedcom.yishouapp.fumi/com.yishouapp.fumi.activity.VideoActivity/430
07-27 11:22:00.667 V/WindowManager( 1699): Changing focus from Window{6da9a u0 com.yishouapp.fumi/com.yishouapp.fumi.activity.VideoListActivity} to null
07-27 11:22:00.725 D/report_click_json(26715): {"distinct_id":"1898141","event":"liveRootPage","properties":{"fromSource":"直播","room_id":"3599","source":"1","ad_id":"7ad5a76f-5add-4b35-8191-13d25815b6ef_ys","ad_idMD5":"1893ee2f2f0bcf76640e9db2f65eff20","app_version":"4.3.0","carrier":"未知","device_id":"7ad5a76f-5add-4b35-8191-13d25815b6ef_ys","isAorB":"B","manufacturer":"OPPO","model":"PBEM00","network_type":"WIFI","os":"Android","os_version":"8.1.0","screen_height":2340,"screen_width":1080,"userid":"1898141"},"time":1564197720720}
07-27 11:22:00.762 D/WindowManager(26715): Add to mViews: DecorView@53d632d[], this = android.view.WindowManagerGlobal@636f35a,pkg=com.yishouapp.fumi
07-27 11:22:00.763 W/ContentService( 1699): Observer android.database.IContentObserver$Stub$Proxy@bd8926 is already registered.
07-27 11:22:00.765 V/WindowManager( 1699): Changing focus from null to Window{c263314 u0 com.yishouapp.fumi/com.yishouapp.fumi.activity.VideoActivity}
07-27 11:22:00.768 D/TXLivePlayer(26715): liteav_api setPlayerView old view : null, new view : com.tencent.rtmp.ui.TXCloudVideoView{1292062 V.E...... ......I. 0,0-0,0 #7f090db5 app:id/video_view}, com.tencent.rtmp.TXLivePlayer@42cd5f3
07-27 11:22:00.769 D/TXLivePlayer(26715): liteav_api startPlay com.tencent.rtmp.TXLivePlayer@42cd5f3
07-27 11:22:00.769 D/TXLivePlayer(26715): ===========================================================================================================================================================
07-27 11:22:00.769 D/TXLivePlayer(26715): ===========================================================================================================================================================
07-27 11:22:00.769 D/TXLivePlayer(26715): ===== StartPlay url = http://playlive.yishouapp.com/live/32234_13856_5d3aae7d0af41.flv playType = 1 SDKVersion = 5 , 5.2.5541 ======
07-27 11:22:00.769 D/TXLivePlayer(26715): ===========================================================================================================================================================
07-27 11:22:00.769 D/TXLivePlayer(26715): ===========================================================================================================================================================
07-27 11:22:00.769 D/TXLivePlayer(26715): liteav_api setConfig com.tencent.rtmp.TXLivePlayer@42cd5f3
07-27 11:22:00.770 W/TXCVideoRender(26715): play:vrender: set video view @old=null,new=android.view.TextureView{d3952b0 V.ED..... ......I. 0,0-0,0}
07-27 11:22:00.771 W/TXCTextureViewWrapper(26715): vrender: set video size:0,0
07-27 11:22:00.771 W/TXCTextureViewWrapper(26715): vrender: set view size:0,0
07-27 11:22:00.771 W/TXIPlayer(26715): autoPlay not implement
07-27 11:22:00.772 E/TXCRenderAndDec(26715): setupRealTimePlayParams current cache time : min-cache[1.0], max-cache[5.0], org-cache[5.0]
07-27 11:22:00.773 E/TXCRenderAndDec(26715): setupRealTimePlayParams current cache time : min-cache[1.0], max-cache[5.0], org-cache[5.0]
07-27 11:22:00.773 I/AudioCenter:b(26715): set aec type to 0, cur type 0
07-27 11:22:00.773 I/AudioCenter:b(26715): set aec type to 0, cur type 0
07-27 11:22:00.773 I/AudioCenter:TXCAudioBasePlayController(26715): set cache time to 5.0
07-27 11:22:00.773 I/AudioCenter:TXCAudioBasePlayController(26715): set auto adjust cache to true
07-27 11:22:00.773 I/AudioCenter:TXCAudioBasePlayController(26715): set auto adjust max cache to 5.0
07-27 11:22:00.773 I/AudioCenter:TXCAudioBasePlayController(26715): set auto adjust min cache to 1.0
07-27 11:22:00.773 I/AudioCenter:TXCAudioBasePlayController(26715): set hw acceleration to false
07-27 11:22:00.773 I/AudioCenter:TXCAudioBasePlayController(26715): set careful mode to 0
07-27 11:22:00.773 I/AudioCenter:TXCAudioBasePlayController(26715): set mute to false
07-27 11:22:00.774 I/AudioCenter:b(26715): start play audio!
07-27 11:22:00.774 I/AudioCenter:b(26715): finish start play audio!
07-27 11:22:00.776 E/TXCRenderAndDec(26715): setupRealTimePlayParams current cache time : min-cache[1.0], max-cache[5.0], org-cache[5.0]
07-27 11:22:00.776 I/AudioCenter:b(26715): set aec type to 0, cur type 0
07-27 11:22:00.776 I/AudioCenter:TXCAudioBasePlayController(26715): set cache time to 5.0
07-27 11:22:00.776 I/AudioCenter:TXCAudioBasePlayController(26715): set auto adjust cache to true
07-27 11:22:00.777 I/AudioCenter:TXCAudioBasePlayController(26715): set auto adjust min cache to 1.0
07-27 11:22:00.777 I/AudioCenter:TXCAudioBasePlayController(26715): set auto adjust max cache to 5.0
07-27 11:22:00.777 I/AudioCenter:TXCAudioBasePlayController(26715): set mute to false
07-27 11:22:00.777 D/network.TXCFLVDownloader(26715): start pull with url http://playlive.yishouapp.com/live/32234_13856_5d3aae7d0af41.flv
07-27 11:22:00.782 D/rtmpsdk (26715): deviceinfo:867871040465094
07-27 11:22:00.791 D/rtmpsdk (26715): deviceinfo:867871040465094
07-27 11:22:00.797 D/audio_hw_primary( 711): disable_audio_route: reset and update mixer path: deep-buffer-playback speaker
07-27 11:22:00.797 D/hardware_info( 711): hw_info_append_hw_type : device_name = speaker
07-27 11:22:00.797 D/audio_hw_primary( 711): disable_snd_device: snd_device(2: speaker)
07-27 11:22:00.797 D/msm8974_platform( 711): platform_split_snd_device: snd_device(2) num devices(0) new_snd_devices(0)
07-27 11:22:00.798 D/knowles_util( 711): +turnBypassOff+
07-27 11:22:00.798 D/knowles_util( 711): -turnBypassOff-
07-27 11:22:00.798 D/audio_hw_primary( 711): out_standby: exit
07-27 11:22:00.799 D/Unknow (26715): [tx_dr_base.cpp, RecvResponse, 404]:moudleID:1004, streamID:, result:0, errInfo:
07-27 11:22:00.799 D/Unknow (26715): [tx_dr_api.cpp, txReportDAU, 103]:【DR】DAU report, eventid=1998, errCode=0, token=0b24c0f2-ba1b-44d8-bb2b-563212e08d33
07-27 11:22:00.800 I/AudioCenter:TXCAudioBasePlayController(26715): set mute to false
07-27 11:22:00.800 W/TXIPlayer(26715): rate not implement
07-27 11:22:00.800 D/TXLivePlayer(26715): liteav_api setAudioRoute 0
07-27 11:22:00.800 D/TXLivePlayer(26715): liteav_api setVideoRawDataListener null
07-27 11:22:00.801 D/TXLivePlayer(26715): liteav_api setPlayListener com.tencent.rtmp.TXLivePlayer@42cd5f3
07-27 11:22:00.801 D/TXLivePlayer(26715): liteav_api setRenderMode 1
07-27 11:22:00.801 D/TXLivePlayer(26715): liteav_api setRenderRotation 0
07-27 11:22:00.801 D/TXLivePlayer(26715): liteav_api setPlayListener com.tencent.rtmp.TXLivePlayer@f7ce0ae
07-27 11:22:00.801 D/TXLivePlayer(26715): liteav_api setRenderMode 1
07-27 11:22:00.801 D/TXLivePlayer(26715): liteav_api setRenderRotation 0
07-27 11:22:00.802 D/report_route_json(26715): {"route_detail":[{"operateDict":{"banner_id":"1438","banner_name":"7.27-10点-星推荐"},"index":"1","page_name":"首页"},{"index":"2","page_name":"直播间列表"},{"room_id":"3599","index":"3","page_name":"直播间"}],"app_version":"4.3.0","device_id":"7ad5a76f-5add-4b35-8191-13d25815b6ef_ys","os":"Android","report_time":"1564197720801","route":"首页_直播间列表_直播间","user_id":"1898141"}
07-27 11:22:00.809 D/TXLivePlayer(26715): liteav_api stopPlay true, com.tencent.rtmp.TXLivePlayer@f7ce0ae
07-27 11:22:00.810 D/TXLivePlayer(26715): liteav_api startPlay com.tencent.rtmp.TXLivePlayer@42cd5f3
07-27 11:22:00.810 E/TXLivePlayer(26715): start play error when new url is the same with old url com.tencent.rtmp.TXLivePlayer@42cd5f3
07-27 11:22:00.814 D/PRETTY_LOGGER(26715): ┌────────────────────────────────────────────────────────────────────────────────────────────────────────────────
07-27 11:22:00.814 D/PRETTY_LOGGER(26715): │ Thread: main
07-27 11:22:00.814 D/PRETTY_LOGGER(26715): ├┄┄┄┄┄┄┄┄┄┄┄┄┄┄┄┄┄┄┄┄┄┄┄┄┄┄┄┄┄┄┄┄┄┄┄┄┄┄┄┄┄┄┄┄┄┄┄┄┄┄┄┄┄┄┄┄┄┄┄┄┄┄┄┄┄┄┄┄┄┄┄┄┄┄┄┄┄┄┄┄┄┄┄┄┄┄┄┄┄┄┄┄┄┄┄┄┄┄┄┄┄┄┄┄┄┄┄┄┄┄┄┄
07-27 11:22:00.814 D/PRETTY_LOGGER(26715): │ ForegroundCallbacks.onActivityResumed (ForegroundCallbacks.java:100)
07-27 11:22:00.814 D/PRETTY_LOGGER(26715): │ LogUtils.logd (LogUtils.java:45)
07-27 11:22:00.814 D/PRETTY_LOGGER(26715): ├┄┄┄┄┄┄┄┄┄┄┄┄┄┄┄┄┄┄┄┄┄┄┄┄┄┄┄┄┄┄┄┄┄┄┄┄┄┄┄┄┄┄┄┄┄┄┄┄┄┄┄┄┄┄┄┄┄┄┄┄┄┄┄┄┄┄┄┄┄┄┄┄┄┄┄┄┄┄┄┄┄┄┄┄┄┄┄┄┄┄┄┄┄┄┄┄┄┄┄┄┄┄┄┄┄┄┄┄┄┄┄┄
07-27 11:22:00.814 D/PRETTY_LOGGER(26715): │ still foreground
07-27 11:22:00.814 D/PRETTY_LOGGER(26715): └────────────────────────────────────────────────────────────────────────────────────────────────────────────────
07-27 11:22:00.817 I/StatisticsManager(26715): 2474/track record: ak=1f5391995f6484a88200043733864b0f&dv=be6f83affd5f477f940a39eae2737c63&cup=com.yishouapp.fumi.activity.VideoActivity&tm=1564197720816&ct=一手女装批发服装批发<=0&tp=0&u=c494f9e3fc8f4bd9b072b15cc8a2d8c1
07-27 11:22:00.822 D/WindowManager(26715): Add to mViews: DecorView@278c7c8[VideoActivity], this = android.view.WindowManagerGlobal@636f35a,pkg=com.yishouapp.fumi
07-27 11:22:00.824 W/ContentService( 1699): Observer android.database.IContentObserver$Stub$Proxy@54c07bd is already registered.
07-27 11:22:00.828 I/Choreographer(26715): Skipped 8 frames! The application may be doing too much work on its main thread.
07-27 11:22:00.895 D/paramsStr(26715): room_id=3599&uid=1898141&version_name=4.3.0&_abtest=1&plat_type=Android&version_code=430&t_t=1564197720&model=PBEM00&udid=7ad5a76f-5add-4b35-8191-13d25815b6ef_ys&version=27&token=c73cd61253f12578927e4cd14e8e4f75
07-27 11:22:00.898 D/PRETTY_LOGGER(26715): ┌────────────────────────────────────────────────────────────────────────────────────────────────────────────────
07-27 11:22:00.898 D/paramsStr(26715): room_id=3599&uid=1898141&version_name=4.3.0&_abtest=1&plat_type=Android&version_code=430&t_t=1564197720&model=PBEM00&udid=7ad5a76f-5add-4b35-8191-13d25815b6ef_ys&version=27&token=c73cd61253f12578927e4cd14e8e4f75
07-27 11:22:00.898 D/PRETTY_LOGGER(26715): │ Thread: main
07-27 11:22:00.898 D/PRETTY_LOGGER(26715): ├┄┄┄┄┄┄┄┄┄┄┄┄┄┄┄┄┄┄┄┄┄┄┄┄┄┄┄┄┄┄┄┄┄┄┄┄┄┄┄┄┄┄┄┄┄┄┄┄┄┄┄┄┄┄┄┄┄┄┄┄┄┄┄┄┄┄┄┄┄┄┄┄┄┄┄┄┄┄┄┄┄┄┄┄┄┄┄┄┄┄┄┄┄┄┄┄┄┄┄┄┄┄┄┄┄┄┄┄┄┄┄┄
07-27 11:22:00.898 D/PRETTY_LOGGER(26715): │ StatusBarHelper.getInternalDimensionSize (StatusBarHelper.java:84)
07-27 11:22:00.898 D/PRETTY_LOGGER(26715): │ LogUtils.logd (LogUtils.java:49)
07-27 11:22:00.898 D/PRETTY_LOGGER(26715): ├┄┄┄┄┄┄┄┄┄┄┄┄┄┄┄┄┄┄┄┄┄┄┄┄┄┄┄┄┄┄┄┄┄┄┄┄┄┄┄┄┄┄┄┄┄┄┄┄┄┄┄┄┄┄┄┄┄┄┄┄┄┄┄┄┄┄┄┄┄┄┄┄┄┄┄┄┄┄┄┄┄┄┄┄┄┄┄┄┄┄┄┄┄┄┄┄┄┄┄┄┄┄┄┄┄┄┄┄┄┄┄┄
07-27 11:22:00.899 D/PRETTY_LOGGER(26715): │ 状态栏高度为:80
07-27 11:22:00.899 D/PRETTY_LOGGER(26715): └────────────────────────────────────────────────────────────────────────────────────────────────────────────────
07-27 11:22:00.905 D/jni_imsdk(26715): [19-07-27 11:22:00.905][INFO][][MSF.C.TIMGroupManager]JoinGroup|1-Begin|Succ|group id=@TGS#a6DCYD7FG
07-27 11:22:00.905 D/jni_imsdk(26715): [19-07-27 11:22:00.905][DEBUG][group_manager_proto.cc:372][ApplyJoinGroup][IMCore]cmd: group_open_svc.apply_join_group|req: 080112180a0e40544753236136444359443746471206e6b58be8af95
07-27 11:22:00.905 I/IMMsgSender(26715): need resend
07-27 11:22:00.905 D/jni_imsdk(26715): [19-07-27 11:22:00.905][DEBUG][][imcore_jni]request user: userid_1898141|cmd:group_open_svc.apply_join_group
07-27 11:22:00.905 D/jni_imsdk(26715): [19-07-27 11:22:00.905][DEBUG][][imsdk.IMMsfCoreProxy]request user: userid_1898141|cmd:group_open_svc.apply_join_group|req
07-27 11:22:00.905 D/QALSDKManager(26715): sendmsg:userid_1898141:group_open_svc.apply_join_group:0
07-27 11:22:00.906 D/MsfServiceSdk(26715): sdk sendMsg. ssoCmd:group_open_svc.apply_join_group msfCmd:unknown appSeq:1187
07-27 11:22:00.906 D/MSF.D.RemoteServiceProxy(26715): waiteSendSeqSet put:144115213350774102group_open_svc.apply_join_group :-1:1187
07-27 11:22:00.906 D/MsfServiceProxy(26715): send req to msfService:ToServiceMsg msName:unknown ssoSeq:-1 appId:537050853 appSeq:1187 sName:com.tencent.qalsdk.service.QalService uin:144115213350774102 sCmd:group_open_svc.apply_join_group t:10000 needResp:truehttpReq:false
07-27 11:22:00.909 D/QalService(23909): service rcvmsg. ssoCmd:group_open_svc.apply_join_group msfCmd:unknown appSeq:1187
07-27 11:22:00.910 D/MSF.C.NetConnTag(23909): ping pkg sent, buffer size: 21
07-27 11:22:00.911 D/MSF.C.NetConnTag(23909): add ToServiceMsg msName:qal_Hello ssoSeq:45816 appId:537050853 appSeq:-1 sName: uin:0 sCmd:MSF t:10000 needResp:truehttpReq:false to send
07-27 11:22:00.912 I/MSF.C.NetConnTag(23909): netSend ssoSeq:45816 appSeq:-1 uin:0 cmd:MSF 45837
07-27 11:22:00.913 D/jni_imsdk(26715): [19-07-27 11:22:00.913][INFO][][IMMsgSender]resend msg original request, qalSeq:1187|ResendMsg{sender:userid_1898141, serviceCmd:group_open_svc.apply_join_group, randKey:324038956, remainRetries:2}
07-27 11:22:00.915 I/MSF.C.NetConnTag(23909): netSend ssoSeq:45815 appSeq:1187 uin:*4102 cmd:group_open_svc.apply_join_group 46163
07-27 11:22:00.921 D/MSF.C.NetConnTag(23909): ping pkg ack received
07-27 11:22:00.922 I/MSF.C.NetConnTag(23909): netRecv ssoSeq:45816 uin: cmd:MSF 45837
07-27 11:22:00.929 D/paramsStr(26715): room_id=3599&uid=1898141&version_name=4.3.0&_abtest=1&plat_type=Android&version_code=430&t_t=1564197720&model=PBEM00&udid=7ad5a76f-5add-4b35-8191-13d25815b6ef_ys&version=27&token=c73cd61253f12578927e4cd14e8e4f75
07-27 11:22:00.930 I/MSF.C.NetConnTag(23909): netRecv ssoSeq:45815 uin:*4102 cmd:group_open_svc.apply_join_group 45999
07-27 11:22:00.931 D/MSF.C.MsfCore(23909): service recv msg . ssoCmd:group_open_svc.apply_join_group ssoSeq:45815
07-27 11:22:00.931 D/MSF.S.RespHandler(23909): service getMsfMessagePairs resp:group_open_svc.apply_join_group:45815:1187
07-27 11:22:00.931 D/MSF.S.AppProcessManager(23909): service add queue last:1564197720931|group_open_svc.apply_join_group|45815
07-27 11:22:00.932 I/MSF.S.AppProcessManager(23909): service send resp :com.yishouapp.fumi| from:144115213350774102|group_open_svc.apply_join_group|45815|1187
07-27 11:22:00.934 D/MsfServiceProxy(26715): msfProxy onReceiveResp:144115213350774102:group_open_svc.apply_join_group :45815:1187
07-27 11:22:00.934 D/MsfServiceProxy(26715): waiteSendSeqSet receiveResp remove:144115213350774102:group_open_svc.apply_join_group :45815:1187
07-27 11:22:00.934 D/MsfServiceProxy(26715): onReceiveResp SsoCmd:group_open_svc.apply_join_group ssoSeq:45815
07-27 11:22:00.934 D/MsfServiceProxy(26715): sdk add queue req:ToServiceMsg msName:unknown ssoSeq:45815 appId:537050853 appSeq:1187 sName:com.tencent.qalsdk.service.QalService uin:144115213350774102 sCmd:group_open_svc.apply_join_group t:10000 needResp:truehttpReq:false from:FromServiceMsg msName:unknown ssoSeq:45815 failCode:1000 errorMsg: uin:144115213350774102 serviceCmd:group_open_svc.apply_join_group appId:537050853 appSeq:1187
07-27 11:22:00.934 D/MsfServiceSub(26715): serviceSub add last:1564197720934|group_open_svc.apply_join_group|45815
