07-25 03:06:32.571 E/ActivityThread( 7786): at com.android.internal.os.RuntimeInit$MethodAndArgsCaller.run(RuntimeInit.java:523)
07-25 03:06:32.571 E/ActivityThread( 7786): at com.android.internal.os.ZygoteInit.main(ZygoteInit.java:850)
07-25 03:06:32.822 I/chatty ( 1699): uid=1000(system) Binder:1699_10 expire 4 lines
07-25 03:06:32.826 I/chatty ( 1699): uid=1000(system) android.ui expire 2 lines
07-25 03:06:32.937 I/chatty ( 1699): uid=1000(system) Binder:1699_1D expire 4 lines
07-25 03:06:33.868 I/chatty ( 1699): uid=1000(system) BroadcastQueue expire 2 lines
07-25 03:06:33.964 I/chatty ( 1699): uid=1000 system_server expire 5 lines
07-25 03:06:34.973 I/chatty ( 1699): uid=1000(system) Binder:1699_15 expire 4 lines
07-25 03:06:35.589 I/chatty ( 1699): uid=1000(system) Binder:1699_1A expire 1 line
07-25 03:06:40.303 I/chatty ( 1699): uid=1000(system) BpmThread expire 1 line
07-25 03:06:51.385 I/chatty ( 1699): uid=1000(system) Thread-40 expire 5 lines
07-25 03:54:55.396 I/chatty ( 1699): uid=1000(system) batterystats-wo expire 4 lines
07-25 03:54:55.398 I/chatty ( 1699): uid=1000 system_server expire 23 lines
07-25 04:26:12.985 I/chatty ( 1699): uid=1000(system) Binder:1699_1C expire 4 lines
07-25 04:29:15.662 I/chatty ( 1699): uid=1000(system) Binder:1699_12 expire 2 lines
07-25 04:29:17.396 I/chatty ( 1699): uid=1000(system) Dex2oatManagerS expire 6 lines
07-25 04:29:17.701 I/chatty ( 1699): uid=1000(system) CpuTracker expire 8 lines
07-25 04:29:32.930 I/chatty ( 1699): uid=1000(system) Dex2oatManager expire 13 lines
07-25 04:29:33.043 I/chatty ( 1699): uid=1000(system) Binder:1699_1B expire 2 lines
07-25 04:34:12.691 I/chatty ( 1699): uid=1000(system) android.bg expire 82 lines
07-25 04:54:33.842 I/chatty ( 1699): uid=1000(system) BroadcastQueue expire 4 lines
07-25 04:54:34.149 W/ActivityThread(28378): ClassLoader.loadClass: The class loader returned by Thread.getContextClassLoader() may fail for processes that host multiple applications. You should explicitly specify a context class loader. For example: Thread.setContextClassLoader(getClass().getClassLoader());
07-25 05:04:13.515 I/chatty ( 1699): uid=1000(system) Binder:1699_E expire 3 lines
07-25 05:59:44.854 I/chatty ( 1699): uid=1000(system) Binder:1699_1E expire 2 lines
07-25 06:04:13.347 I/chatty ( 1699): uid=1000(system) Binder:1699_19 expire 3 lines
07-25 06:04:13.359 I/chatty ( 1699): uid=1000(system) Binder:1699_3 expire 4 lines
07-25 06:07:29.323 I/chatty ( 1699): uid=1000(system) AlarmManager expire 1 line
07-25 06:09:13.428 W/ActivityThread(28771): ClassLoader.loadClass: The class loader returned by Thread.getContextClassLoader() may fail for processes that host multiple applications. You should explicitly specify a context class loader. For example: Thread.setContextClassLoader(getClass().getClassLoader());
07-25 06:19:12.357 I/chatty ( 1699): uid=1000(system) Binder:1699_1F expire 5 lines
07-25 06:47:55.692 I/chatty ( 1699): uid=1000(system) Binder:1699_15 expire 2 lines
07-25 07:03:38.339 I/chatty ( 1699): uid=1000(system) Binder:1699_1A expire 3 lines
07-25 07:49:30.551 I/chatty ( 1699): uid=1000(system) Binder:1699_D expire 1 line
07-25 07:49:59.576 I/chatty ( 1699): uid=1000(system) Binder:1699_20 expire 1 line
07-25 07:49:59.577 I/chatty ( 1699): uid=1000(system) android.ui expire 4 lines
07-25 07:50:30.835 I/chatty ( 1699): uid=1000(system) Binder:1699_17 expire 1 line
07-25 08:30:56.954 I/chatty ( 1699): uid=1000(system) Binder:1699_9 expire 1 line
07-25 08:31:27.601 I/chatty ( 1699): uid=1000 system_server expire 1 line
07-25 09:37:05.549 I/chatty ( 1699): uid=1000(system) Binder:1699_C expire 2 lines
07-25 09:37:05.569 I/chatty ( 1699): uid=1000(system) PowerManagerSer expire 20 lines
07-25 09:37:05.572 I/chatty ( 1699): uid=1000(system) android.display expire 5 lines
07-25 09:37:05.613 I/chatty ( 1699): uid=1000(system) Thread-16 expire 2 lines
07-25 09:37:05.614 I/chatty ( 1699): uid=1000 system_server expire 1 line
07-25 09:37:05.615 I/chatty ( 1699): uid=1000 system_server expire 6 lines
07-25 09:37:05.628 I/chatty ( 1699): uid=1000 system_server expire 1 line
07-25 09:37:05.629 I/chatty ( 1699): uid=1000 system_server expire 5 lines
07-25 09:37:05.708 I/chatty ( 1699): uid=1000(system) PhoneWinHandler expire 6 lines
07-25 09:37:05.837 I/chatty ( 1699): uid=1000(system) Binder:1699_1D expire 1 line
07-25 09:37:10.907 I/chatty ( 1699): uid=1000(system) Binder:1699_14 expire 3 lines
07-25 09:37:16.684 I/chatty ( 1699): uid=1000(system) aceService.Main expire 2 lines
07-25 09:37:17.199 I/chatty ( 1699): uid=1000(system) Thread-140 expire 6 lines
07-25 09:42:19.330 I/chatty ( 1699): uid=1000(system) Binder:1699_1 expire 2 lines
07-25 09:43:11.509 I/chatty ( 1699): uid=1000(system) InputReader expire 4 lines
07-25 09:43:12.376 I/chatty ( 1699): uid=1000(system) Binder:1699_11 expire 1 line
07-25 09:43:22.073 I/chatty ( 1699): uid=1000(system) Binder:1699_10 expire 1 line
07-25 09:48:23.248 I/chatty ( 1699): uid=1000(system) Binder:1699_18 expire 1 line
07-25 09:53:28.477 I/chatty ( 1699): uid=1000(system) Binder:1699_16 expire 1 line
07-25 10:01:00.714 I/chatty ( 1699): uid=1000(system) Binder:1699_4 expire 1 line
07-25 10:01:00.842 I/chatty ( 1699): uid=1000(system) PowerManagerSer expire 26 lines
07-25 10:01:01.134 I/chatty ( 1699): uid=1000(system) android.ui expire 18 lines
07-25 10:01:01.240 I/chatty ( 1699): uid=1000(system) Binder:1699_1D expire 17 lines
07-25 10:01:01.901 I/chatty ( 1699): uid=1000(system) Binder:1699_14 expire 1 line
07-25 10:01:01.914 I/chatty ( 1699): uid=1000(system) Binder:1699_1E expire 9 lines
07-25 10:01:11.639 I/chatty ( 1699): uid=1000(system) aceService.Main expire 4 lines
07-25 10:01:11.911 I/chatty ( 1699): uid=1000(system) android.display expire 8 lines
07-25 10:01:12.156 I/chatty ( 1699): uid=1000(system) Thread-140 expire 21 lines
07-25 10:01:12.161 I/chatty ( 1699): uid=1000(system) Binder:1699_10 expire 5 lines
07-25 10:01:12.171 I/chatty ( 1699): uid=1000 system_server expire 13 lines
07-25 10:01:12.177 I/chatty ( 1699): uid=1000(system) Binder:1699_1F expire 3 lines
07-25 10:01:12.227 I/chatty ( 1699): uid=1000(system) android.bg expire 7 lines
07-25 10:01:12.273 I/chatty ( 1699): uid=1000(system) Binder:1699_F expire 1 line
07-25 10:01:23.687 I/chatty ( 1699): uid=1000(system) PhoneWinHandler expire 6 lines
07-25 10:01:23.731 I/chatty ( 1699): uid=1000(system) InputReader expire 14 lines
07-25 10:01:24.272 I/chatty ( 1699): uid=1000(system) Binder:1699_1B expire 4 lines
07-25 10:01:24.398 I/chatty ( 1699): uid=1000(system) Binder:1699_1A expire 4 lines
07-25 10:01:24.900 I/chatty ( 1699): uid=1000(system) Binder:1699_17 expire 1 line
07-25 10:01:25.592 I/chatty ( 1699): uid=1000(system) Binder:1699_18 expire 6 lines
07-25 10:01:26.027 I/chatty ( 1699): uid=1000(system) Binder:1699_15 expire 1 line
07-25 10:01:27.901 I/chatty ( 1699): uid=1000(system) Binder:1699_5 expire 1 line
07-25 10:01:27.914 I/chatty ( 1699): uid=1000(system) Binder:1699_20 expire 6 lines
07-25 10:01:27.915 I/chatty ( 1699): uid=1000(system) BroadcastQueue expire 10 lines
07-25 10:01:27.920 I/chatty ( 1699): uid=1000(system) Binder:1699_1C expire 8 lines
07-25 10:01:30.028 I/chatty ( 1699): uid=1000(system) android.anim expire 4 lines
07-25 10:01:31.104 I/chatty ( 1699): uid=1000(system) ns expire 10 lines
07-25 10:01:33.040 I/chatty ( 1699): uid=1000(system) Binder:1699_1 expire 2 lines
07-25 10:01:33.439 I/chatty ( 1699): uid=1000(system) ActivityManager expire 4 lines
07-25 10:01:33.529 I/chatty ( 1699): uid=1000(system) Binder:1699_19 expire 5 lines
07-25 10:02:33.812 I/chatty ( 1699): uid=1000(system) batterystats-wo expire 1 line
07-25 10:06:33.745 I/chatty ( 1699): uid=1000(system) Binder:1699_16 expire 2 lines
07-25 10:07:05.183 I/chatty ( 1699): uid=1000(system) Thread-40 expire 2 lines
07-25 10:34:56.726 W/ActivityThread(25859): ClassLoader.loadClass: The class loader returned by Thread.getContextClassLoader() may fail for processes that host multiple applications. You should explicitly specify a context class loader. For example: Thread.setContextClassLoader(getClass().getClassLoader());
07-25 10:35:25.188 I/chatty ( 1699): uid=1000(system) ConnectivitySer expire 1 line
07-25 10:35:25.340 I/chatty ( 1699): uid=1000(system) Binder:1699_A expire 1 line
07-25 10:35:25.598 I/chatty ( 1699): uid=1000(system) android.ui expire 2 lines
07-25 10:35:37.843 I/chatty ( 1699): uid=1000 system_server expire 1 line
07-25 10:35:57.690 I/chatty ( 1699): uid=1000 system_server expire 5 lines
07-25 10:51:51.229 I/chatty ( 1699): uid=1000(system) PowerManagerSer expire 9 lines
07-25 10:51:51.250 I/chatty ( 1699): uid=1000(system) Binder:1699_11 expire 3 lines
07-25 10:51:52.328 I/chatty ( 1699): uid=1000(system) PowerManagerSer expire 11 lines
07-25 10:51:52.332 I/chatty ( 1699): uid=1000(system) Binder:1699_1D expire 10 lines
07-25 10:51:52.340 I/chatty ( 1699): uid=1000(system) android.display expire 2 lines
07-25 10:51:52.493 I/chatty ( 1699): uid=1000(system) PhoneWinHandler expire 2 lines
07-25 10:51:52.500 I/chatty ( 1699): uid=1000(system) Thread-140 expire 18 lines
07-25 10:51:52.501 I/chatty ( 1699): uid=1000(system) Binder:1699_A expire 2 lines
07-25 10:51:52.677 I/chatty ( 1699): uid=1000 system_server expire 17 lines
07-25 10:51:52.785 I/chatty ( 1699): uid=1000(system) android.ui expire 21 lines
07-25 10:51:53.089 I/chatty ( 1699): uid=1000(system) BroadcastQueue expire 17 lines
07-25 10:51:53.211 I/chatty ( 1699): uid=1000(system) Binder:1699_18 expire 18 lines
07-25 10:51:53.648 I/chatty ( 1699): uid=1000(system) Binder:1699_10 expire 5 lines
07-25 10:51:55.535 I/chatty ( 1699): uid=1000(system) Binder:1699_4 expire 4 lines
07-25 10:51:55.618 I/chatty ( 1699): uid=1000(system) Binder:1699_1F expire 9 lines
07-25 10:51:55.628 I/chatty ( 1699): uid=1000(system) Binder:1699_20 expire 10 lines
07-25 10:52:01.752 I/chatty ( 1699): uid=1000(system) Binder:1699_C expire 9 lines
07-25 10:52:01.872 I/chatty ( 1699): uid=1000(system) android.anim expire 15 lines
07-25 10:52:02.197 I/chatty ( 1699): uid=1000(system) InputDispatcher expire 4 lines
07-25 10:52:02.233 I/chatty ( 1699): uid=1000(system) ns expire 5 lines
07-25 10:52:02.265 I/chatty ( 1699): uid=1000(system) Binder:1699_E expire 4 lines
07-25 10:52:04.623 I/chatty ( 1699): uid=1000(system) ActivityManager expire 2 lines
07-25 10:52:05.492 I/chatty ( 1699): uid=1000(system) Binder:1699_1E expire 2 lines
07-25 10:52:05.626 I/chatty ( 1699): uid=1000(system) Binder:1699_1B expire 5 lines
07-25 10:52:05.728 I/chatty ( 1699): uid=1000(system) Binder:1699_1A expire 5 lines
07-25 10:52:09.713 I/chatty ( 1699): uid=1000(system) batterystats-wo expire 2 lines
07-25 10:52:19.460 I/chatty ( 1699): uid=1000(system) Binder:1699_14 expire 5 lines
07-25 10:52:22.915 I/chatty ( 1699): uid=1000(system) Binder:1699_1 expire 3 lines
07-25 10:53:23.168 I/chatty ( 1699): uid=1000(system) Binder:1699_19 expire 7 lines
07-25 10:54:23.377 I/chatty ( 1699): uid=1000(system) Binder:1699_F expire 1 line
07-25 10:55:14.972 I/chatty ( 1699): uid=1000(system) Binder:1699_1C expire 5 lines
07-25 10:55:23.651 I/chatty ( 1699): uid=1000(system) Binder:1699_6 expire 2 lines
07-25 10:56:03.796 I/chatty ( 1699): uid=1000(system) Binder:1699_D expire 1 line
07-25 10:56:23.842 I/chatty ( 1699): uid=1000(system) Binder:1699_9 expire 1 line
07-25 10:57:19.953 I/chatty ( 1699): uid=1000(system) aceService.Main expire 1 line
07-25 10:57:20.528 I/chatty ( 1699): uid=1000(system) Binder:1699_17 expire 2 lines
07-25 10:57:20.533 I/chatty ( 1699): uid=1000(system) android.bg expire 1 line
07-25 10:57:20.584 I/chatty ( 1699): uid=1000(system) Binder:1699_2 expire 1 line
07-25 10:57:26.042 I/chatty ( 1699): uid=1000(system) Thread-40 expire 1 line
07-25 11:04:21.405 I/chatty ( 1699): uid=1000(system) Binder:1699_12 expire 1 line
07-25 11:04:21.579 I/chatty ( 1699): uid=1000(system) Binder:1699_16 expire 1 line
07-25 11:07:21.135 I/chatty ( 1699): uid=1000 system_server expire 1 line
07-25 11:07:21.140 I/chatty ( 1699): uid=1000(system) AlarmManager expire 2 lines
07-25 11:07:21.157 I/chatty ( 1699): uid=1000(system) OppoAlarmHandle expire 2 lines
07-25 11:07:21.222 I/chatty ( 1699): uid=1000(system) Binder:1699_18 expire 9 lines
07-25 11:07:21.225 I/chatty ( 1699): uid=1000(system) Binder:1699_19 expire 5 lines
07-25 11:07:23.137 I/chatty ( 1699): uid=1000 system_server expire 9 lines
07-25 11:07:25.893 I/chatty ( 1699): uid=1000(system) android.bg expire 7 lines
07-25 11:17:29.999 I/chatty ( 1699): uid=1000(system) Binder:1699_20 expire 6 lines
07-25 11:24:57.596 I/chatty ( 1699): uid=1000(system) Binder:1699_1E expire 10 lines
07-25 11:25:27.211 I/chatty ( 1699): uid=1000(system) Thread-40 expire 1 line
07-25 11:39:28.439 I/chatty ( 1699): uid=1000(system) Binder:1699_1F expire 4 lines
07-25 11:39:28.463 I/chatty ( 1699): uid=1000(system) PowerManagerSer expire 4 lines
07-25 11:39:28.480 I/chatty ( 1699): uid=1000(system) android.display expire 3 lines
07-25 11:39:28.638 I/chatty ( 1699): uid=1000(system) Binder:1699_1A expire 7 lines
07-25 11:39:28.986 I/chatty ( 1699): uid=1000(system) PhoneWinHandler expire 2 lines
07-25 11:39:29.239 I/chatty ( 1699): uid=1000(system) Binder:1699_D expire 9 lines
07-25 11:39:29.400 I/chatty ( 1699): uid=1000(system) android.ui expire 27 lines
07-25 11:39:37.912 I/chatty ( 1699): uid=1000(system) Binder:1699_14 expire 7 lines
07-25 11:39:39.223 D/ViewRootImpl(27358): swipeFromBottom mIgnoring true downY 2320 mScreenHeight 2340 mStatusBarHeight 54 globalScale 1.125
07-25 11:39:39.227 D/ViewRootImpl(27358): swipeFromBottom mIgnoring true downY 2320 mScreenHeight 2340 mStatusBarHeight 54 globalScale 1.125
07-25 11:39:39.227 D/ViewRootImpl(27358): swipeFromBottom mIgnoring === false downY 2320 mStatusBarHeight 54
07-25 11:39:43.134 I/chatty ( 1699): uid=1000(system) Binder:1699_1B expire 13 lines
07-25 11:39:48.019 D/ViewRootImpl(27358): swipeFromBottom mIgnoring true downY 2324 mScreenHeight 2340 mStatusBarHeight 54 globalScale 1.125
07-25 11:39:48.023 D/ViewRootImpl(27358): swipeFromBottom mIgnoring true downY 2324 mScreenHeight 2340 mStatusBarHeight 54 globalScale 1.125
07-25 11:39:48.023 D/ViewRootImpl(27358): swipeFromBottom mIgnoring === false downY 2324 mStatusBarHeight 54
07-25 11:39:48.094 I/chatty ( 1699): uid=1000(system) Binder:1699_3 expire 8 lines
07-25 11:39:48.471 I/chatty ( 1699): uid=1000(system) Binder:1699_1D expire 9 lines
07-25 11:39:50.438 I/chatty ( 1699): uid=1000(system) BroadcastQueue expire 10 lines
07-25 11:39:50.458 I/chatty ( 1699): uid=1000(system) Thread-140 expire 15 lines
07-25 11:39:50.955 I/chatty ( 1699): uid=1000(system) Binder:1699_1C expire 6 lines
07-25 11:39:51.005 I/chatty ( 1699): uid=1000(system) Binder:1699_8 expire 2 lines
07-25 11:39:52.880 I/chatty ( 1699): uid=1000(system) batterystats-wo expire 1 line
07-25 11:39:52.979 I/chatty ( 1699): uid=1000(system) Binder:1699_C expire 1 line
07-25 11:40:03.808 I/chatty ( 1699): uid=1000(system) android.anim expire 6 lines
07-25 11:40:04.863 I/chatty ( 1699): uid=1000(system) ns expire 5 lines
07-25 11:40:09.381 I/chatty ( 1699): uid=1000(system) Binder:1699_16 expire 1 line
07-25 11:40:09.597 I/chatty ( 1699): uid=1000(system) Binder:1699_E expire 9 lines
07-25 11:40:09.639 I/chatty ( 1699): uid=1000(system) Binder:1699_9 expire 2 lines
07-25 11:40:23.520 I/chatty ( 1699): uid=1000(system) Binder:1699_5 expire 2 lines
07-25 11:42:51.063 I/chatty ( 1699): uid=1000(system) Binder:1699_7 expire 1 line
07-25 11:42:52.129 I/chatty ( 1699): uid=1000(system) ActivityManager expire 2 lines
07-25 11:43:09.850 I/chatty ( 1699): uid=1000(system) Binder:1699_6 expire 1 line
07-25 11:43:10.531 I/chatty ( 1699): uid=1000(system) Binder:1699_17 expire 4 lines
07-25 11:43:10.875 I/chatty ( 1699): uid=1000(system) PackageManager expire 30 lines
07-25 11:43:11.399 I/chatty ( 1699): uid=1000(system) backup expire 1 line
07-25 11:43:12.015 I/chatty ( 1699): uid=1000(system) BroadcastQueue expire 13 lines
07-25 11:43:12.018 I/chatty ( 1699): uid=1000(system) PackageManager expire 1 line
07-25 11:43:12.074 I/chatty ( 1699): uid=1000 system_server expire 3 lines
07-25 11:43:12.147 I/chatty ( 1699): uid=1000(system) FileObserver expire 1 line
07-25 11:43:12.224 I/chatty ( 1699): uid=1000(system) Binder:1699_20 expire 3 lines
07-25 11:43:12.373 I/chatty ( 1699): uid=1000(system) OppoSafeDbReade expire 2 lines
07-25 11:43:12.387 I/chatty ( 1699): uid=1000(system) Binder:1699_19 expire 1 line
07-25 11:43:20.138 I/chatty ( 1699): uid=1000(system) Binder:1699_1 expire 7 lines
07-25 11:43:20.172 I/chatty ( 1699): uid=1000(system) android.bg expire 3 lines
07-25 11:43:20.227 I/chatty ( 1699): uid=1000(system) Binder:1699_17 expire 15 lines
07-25 11:43:20.259 I/chatty ( 1699): uid=1000(system) Binder:1699_1F expire 4 lines
07-25 11:43:20.285 I/chatty ( 1699): uid=1000(system) android.ui expire 5 lines
07-25 11:43:20.286 I/chatty ( 1699): uid=1000(system) ns expire 5 lines
07-25 11:43:20.289 I/chatty ( 1699): uid=1000(system) android.anim expire 14 lines
07-25 11:43:20.613 I/chatty ( 1699): uid=1000(system) ActivityManager expire 9 lines
07-25 11:43:20.863 I/chatty ( 1699): uid=1000(system) Binder:1699_1E expire 4 lines
07-25 11:43:22.269 I/chatty ( 1699): uid=1000(system) Binder:1699_1C expire 1 line
07-25 11:43:22.652 I/chatty ( 1699): uid=1000(system) Dex2oatManagerS expire 36 lines
07-25 11:43:22.955 I/chatty ( 1699): uid=1000(system) CpuTracker expire 73 lines
07-25 11:43:23.266 I/chatty ( 1699): uid=1000(system) Binder:1699_C expire 3 lines
07-25 11:43:23.922 I/chatty ( 1699): uid=1000(system) Dex2oatManager expire 26 lines
07-25 11:43:24.035 I/chatty ( 1699): uid=1000(system) Binder:1699_E expire 2 lines
07-25 11:43:26.083 I/chatty ( 1699): uid=1000(system) Binder:1699_18 expire 1 line
07-25 11:43:35.617 I/chatty ( 1699): uid=1000(system) Binder:1699_9 expire 1 line
07-25 11:43:39.589 I/chatty ( 1699): uid=1000(system) Binder:1699_1D expire 1 line
07-25 11:43:40.778 I/chatty ( 1699): uid=1000(system) Binder:1699_1A expire 2 lines
07-25 11:43:43.226 I/chatty ( 1699): uid=1000(system) Binder:1699_14 expire 2 lines
07-25 11:43:46.490 I/chatty ( 1699): uid=1000(system) Binder:1699_15 expire 4 lines
07-25 11:43:46.600 I/chatty ( 1699): uid=1000(system) Binder:1699_14 expire 1 line
07-25 11:43:46.709 I/chatty ( 1699): uid=1000(system) Binder:1699_12 expire 2 lines
07-25 11:43:46.903 I/chatty ( 1699): uid=1000(system) Binder:1699_17 expire 1 line
07-25 11:43:46.976 I/chatty ( 1699): uid=1000(system) android.anim expire 8 lines
07-25 11:43:53.001 I/chatty ( 1699): uid=1000 system_server expire 8 lines
07-25 11:43:57.673 W/PackageParser(30403): No actions in intent filter at /storage/emulated/0/baidu/AppSearch_Lite/downloads/oppo_v4_3_0_190725_1026_Debug.apk Binary XML file line #958
07-25 11:44:07.192 I/chatty ( 1699): uid=1000(system) Binder:1699_16 expire 2 lines
07-25 11:44:07.229 I/chatty ( 1699): uid=1000(system) Binder:1699_C expire 4 lines
07-25 11:44:07.251 I/chatty ( 1699): uid=1000(system) BroadcastQueue expire 18 lines
07-25 11:44:07.255 I/chatty ( 1699): uid=1000(system) ns expire 10 lines
07-25 11:44:07.257 I/chatty ( 1699): uid=1000(system) android.ui expire 12 lines
07-25 11:44:07.314 I/chatty ( 1699): uid=1000(system) Binder:1699_1F expire 2 lines
07-25 11:44:07.630 I/chatty ( 1699): uid=1000(system) ActivityManager expire 11 lines
07-25 11:44:07.648 W/PackageParser(31965): No actions in intent filter at /storage/emulated/0/Android/data/com.android.packageinstaller/cache/package5637398678858788274.apk Binary XML file line #958
07-25 11:44:07.666 I/chatty (31965): uid=10028(com.android.packageinstaller) identical 1 line
07-25 11:44:07.709 W/PackageParser(31965): No actions in intent filter at /storage/emulated/0/Android/data/com.android.packageinstaller/cache/package5637398678858788274.apk Binary XML file line #958
07-25 11:44:09.748 W/PackageParser(30403): No actions in intent filter at /storage/emulated/0/Android/data/com.android.packageinstaller/cache/package5637398678858788274.apk Binary XML file line #958
07-25 11:44:09.878 I/chatty ( 1699): uid=1000(system) Binder:1699_1 expire 1 line
07-25 11:44:11.728 I/chatty ( 1699): uid=1000(system) Binder:1699_A expire 3 lines
07-25 11:44:14.555 I/chatty ( 1699): uid=1000(system) Binder:1699_9 expire 4 lines
07-25 11:44:14.585 I/chatty ( 1699): uid=1000(system) Binder:1699_13 expire 2 lines
07-25 11:44:14.674 W/PackageParser(31965): No actions in intent filter at /storage/emulated/0/Android/data/com.android.packageinstaller/cache/package5637398678858788274.apk Binary XML file line #958
07-25 11:44:15.564 I/chatty ( 1699): uid=1000(system) PackageInstalle expire 1 line
07-25 11:44:15.596 W/PackageParser( 3385): No actions in intent filter at /data/app/vmdl1383092912.tmp/base.apk Binary XML file line #958
07-25 11:44:15.795 I/chatty ( 1699): uid=1000(system) Binder:1699_10 expire 1 line
07-25 11:44:15.797 I/chatty ( 1699): uid=1000(system) PackageManager expire 24 lines
07-25 11:44:15.854 I/chatty ( 1699): uid=1000(system) Dex2oatManagerS expire 24 lines
07-25 11:44:16.161 I/chatty ( 1699): uid=1000(system) CpuTracker expire 36 lines
07-25 11:44:17.233 I/chatty ( 1699): uid=1000(system) Dex2oatManager expire 39 lines
07-25 11:44:23.213 I/chatty ( 1699): uid=1000(system) android.bg expire 3 lines
07-25 11:44:23.428 I/chatty ( 1699): uid=1000(system) FileObserver expire 1 line
07-25 11:44:23.505 I/chatty ( 1699): uid=1000(system) Binder:1699_1E expire 3 lines
07-25 11:44:24.872 I/chatty ( 1699): uid=1000(system) Binder:1699_1A expire 3 lines
07-25 11:44:25.701 I/chatty ( 1699): uid=1000(system) backup expire 1 line
07-25 11:44:33.258 I/chatty ( 1699): uid=1000(system) Binder:1699_20 expire 4 lines
07-25 11:44:55.888 I/chatty ( 1699): uid=1000(system) Binder:1699_1D expire 9 lines
07-25 11:44:56.543 I/chatty ( 1699): uid=1000(system) CpuTracker expire 37 lines
07-25 11:44:57.021 I/chatty ( 1699): uid=1000 system_server expire 3 lines
07-25 11:44:57.034 I/chatty ( 1699): uid=1000(system) batterystats-wo expire 1 line
07-25 11:44:57.214 I/chatty ( 1699): uid=1000(system) Dex2oatManager expire 52 lines
07-25 11:44:57.320 I/chatty ( 1699): uid=1000(system) Binder:1699_1 expire 1 line
07-25 11:44:57.727 I/chatty ( 1699): uid=1000(system) ActivityManager expire 6 lines
07-25 11:44:57.887 I/chatty ( 1699): uid=1000(system) Dex2oatManagerS expire 22 lines
07-25 11:44:59.520 I/chatty ( 1699): uid=1000(system) Binder:1699_5 expire 1 line
07-25 11:45:05.356 I/chatty ( 1699): uid=1000(system) Binder:1699_1F expire 3 lines
07-25 11:45:09.764 I/chatty ( 1699): uid=1000(system) Binder:1699_18 expire 1 line
07-25 11:45:25.128 I/chatty ( 1699): uid=1000(system) Binder:1699_20 expire 8 lines
07-25 11:46:15.387 I/chatty ( 1699): uid=1000(system) Binder:1699_8 expire 2 lines
07-25 11:46:15.505 I/chatty ( 1699): uid=1000(system) Thread-140 expire 3 lines
07-25 11:46:15.512 I/chatty ( 1699): uid=1000(system) BroadcastQueue expire 20 lines
07-25 11:46:15.573 I/chatty ( 1699): uid=1000(system) ns expire 15 lines
07-25 11:46:15.580 I/chatty ( 1699): uid=1000(system) android.ui expire 12 lines
07-25 11:46:15.739 I/chatty ( 1699): uid=1000(system) android.anim expire 11 lines
07-25 11:46:35.152 I/chatty ( 1699): uid=1000(system) Binder:1699_3 expire 2 lines
07-25 11:46:35.245 I/chatty ( 1699): uid=1000(system) Binder:1699_F expire 8 lines
07-25 11:46:36.816 I/chatty ( 1699): uid=1000(system) Binder:1699_A expire 2 lines
07-25 11:46:39.992 I/chatty ( 1699): uid=1000(system) Binder:1699_10 expire 1 line
07-25 11:46:41.259 I/chatty ( 1699): uid=1000(system) Binder:1699_1C expire 1 line
07-25 11:46:42.807 I/chatty ( 1699): uid=1000(system) Binder:1699_1B expire 1 line
07-25 11:46:43.329 D/vold ( 571): Remounting 10228 as mode read
07-25 11:46:43.355 D/vold ( 571): Found matching PID 1859
07-25 11:46:43.361 D/vold ( 571): Found matching PID 1901
07-25 11:46:43.366 D/vold ( 571): Found matching PID 1968
07-25 11:46:43.370 D/vold ( 571): Found matching PID 2460
07-25 11:46:43.375 D/vold ( 571): Found matching PID 2547
07-25 11:46:43.392 D/vold ( 571): Remounting 10228 as mode write
07-25 11:46:43.415 D/vold ( 571): Found matching PID 1859
07-25 11:46:43.419 D/vold ( 571): Found matching PID 1901
07-25 11:46:43.423 D/vold ( 571): Found matching PID 1968
07-25 11:46:43.426 D/vold ( 571): Found matching PID 2460
07-25 11:46:43.430 D/vold ( 571): Found matching PID 2547
07-25 11:46:43.483 I/chatty ( 1699): uid=1000(system) Binder:1699_1A expire 4 lines
07-25 11:46:43.545 I/chatty ( 1699): uid=1000(system) BroadcastQueue expire 5 lines
07-25 11:46:43.603 I/chatty ( 1699): uid=1000(system) android.ui expire 9 lines
07-25 11:46:43.756 I/chatty ( 1699): uid=1000(system) BroadcastQueue expire 75 lines
07-25 11:46:43.877 I/chatty ( 1699): uid=1000(system) ActivityManager expire 12 lines
07-25 11:46:45.922 I/chatty ( 1699): uid=1000(system) Binder:1699_1E expire 10 lines
07-25 11:46:45.946 I/chatty ( 1699): uid=1000(system) Binder:1699_18 expire 2 lines
07-25 11:46:47.147 I/chatty ( 1699): uid=1000(system) Binder:1699_1B expire 6 lines
07-25 11:46:47.459 I/chatty ( 1699): uid=1000(system) android.anim expire 24 lines
07-25 11:46:47.466 I/chatty ( 1699): uid=1000(system) Binder:1699_6 expire 3 lines
07-25 11:46:48.603 I/chatty ( 1699): uid=1000(system) android.bg expire 3 lines
07-25 11:47:05.008 I/chatty ( 1699): uid=1000 system_server expire 10 lines
07-25 11:47:18.733 I/chatty ( 1699): uid=1000(system) Binder:1699_3 expire 1 line
07-25 11:47:26.853 I/chatty ( 1699): uid=1000(system) Binder:1699_1 expire 3 lines
07-25 11:47:43.270 I/chatty ( 1699): uid=1000(system) Binder:1699_20 expire 3 lines
07-25 11:48:05.499 I/chatty ( 1699): uid=1000(system) Binder:1699_11 expire 4 lines
07-25 11:48:05.532 I/chatty ( 1699): uid=1000(system) Binder:1699_15 expire 6 lines
07-25 11:48:09.668 I/chatty ( 1699): uid=1000(system) Binder:1699_8 expire 7 lines
07-25 11:48:09.799 I/chatty ( 1699): uid=1000(system) Binder:1699_5 expire 1 line
07-25 11:48:12.443 I/chatty ( 1699): uid=1000(system) Binder:1699_10 expire 1 line
07-25 11:49:43.384 I/chatty ( 1699): uid=1000(system) Binder:1699_B expire 2 lines
07-25 11:49:50.932 I/chatty ( 1699): uid=1000(system) batterystats-wo expire 3 lines
07-25 11:49:53.389 I/chatty ( 1699): uid=1000(system) AlarmManager expire 1 line
07-25 11:51:22.081 I/chatty ( 1699): uid=1000(system) Binder:1699_A expire 3 lines
07-25 11:51:22.097 I/chatty ( 1699): uid=1000(system) Binder:1699_1F expire 4 lines
07-25 11:51:31.057 I/chatty ( 1699): uid=1000(system) Binder:1699_19 expire 5 lines
07-25 11:51:36.184 I/chatty ( 1699): uid=1000(system) Binder:1699_16 expire 2 lines
07-25 11:51:55.379 I/chatty ( 1699): uid=1000(system) Binder:1699_F expire 2 lines
07-25 11:52:16.324 I/chatty ( 1699): uid=1000(system) Binder:1699_14 expire 1 line
07-25 11:53:16.474 I/chatty ( 1699): uid=1000(system) Binder:1699_2 expire 2 lines
07-25 11:53:31.446 I/chatty ( 1699): uid=1000(system) Binder:1699_4 expire 1 line
07-25 11:54:28.677 I/chatty ( 1699): uid=1000(system) Binder:1699_C expire 2 lines
07-25 11:54:36.812 I/chatty ( 1699): uid=1000(system) Binder:1699_D expire 2 lines
07-25 11:55:16.901 I/chatty ( 1699): uid=1000(system) Binder:1699_17 expire 1 line
07-25 11:55:39.506 I/chatty ( 1699): uid=1000(system) PowerManagerSer expire 6 lines
07-25 11:55:39.510 I/chatty ( 1699): uid=1000(system) aceService.Main expire 1 line
07-25 11:55:39.869 I/chatty ( 1699): uid=1000(system) android.display expire 1 line
07-25 11:55:40.154 I/chatty ( 1699): uid=1000(system) Thread-140 expire 8 lines
07-25 11:55:40.192 I/chatty ( 1699): uid=1000(system) Binder:1699_9 expire 2 lines
07-25 11:55:40.257 I/chatty ( 1699): uid=1000(system) Binder:1699_12 expire 8 lines
07-25 11:55:40.820 I/chatty ( 1699): uid=1000(system) Thread-140 expire 70 lines
07-25 11:55:40.820 I/chatty ( 1699): uid=1000(system) BroadcastQueue expire 40 lines
07-25 11:55:45.999 I/chatty ( 1699): uid=1000(system) Thread-40 expire 1 line
07-25 11:56:13.377 I/chatty ( 1699): uid=1000 system_server expire 6 lines
07-25 11:57:24.511 I/chatty ( 1699): uid=1000(system) Binder:1699_1D expire 2 lines
07-25 11:57:24.538 I/chatty ( 1699): uid=1000(system) PowerManagerSer expire 13 lines
07-25 11:57:24.547 I/chatty ( 1699): uid=1000(system) Binder:1699_1F expire 5 lines
07-25 11:57:24.548 I/chatty ( 1699): uid=1000(system) android.display expire 4 lines
07-25 11:57:24.779 I/chatty ( 1699): uid=1000(system) InputReader expire 2 lines
07-25 11:57:24.867 I/chatty ( 1699): uid=1000(system) Binder:1699_15 expire 1 line
07-25 11:57:25.107 I/chatty ( 1699): uid=1000(system) PhoneWinHandler expire 4 lines
07-25 11:57:25.275 I/chatty ( 1699): uid=1000(system) aceService.Main expire 1 line
07-25 11:57:25.395 I/chatty ( 1699): uid=1000(system) android.ui expire 21 lines
07-25 11:57:25.757 I/chatty ( 1699): uid=1000(system) Binder:1699_16 expire 1 line
07-25 11:57:25.838 I/chatty ( 1699): uid=1000(system) android.bg expire 1 line
07-25 11:57:25.889 I/chatty ( 1699): uid=1000(system) Binder:1699_17 expire 1 line
07-25 11:57:26.092 I/chatty ( 1699): uid=1000(system) Binder:1699_14 expire 4 lines
07-25 11:59:32.082 I/chatty ( 1699): uid=1000(system) Binder:1699_20 expire 2 lines
07-25 11:59:32.112 I/chatty ( 1699): uid=1000(system) Binder:1699_8 expire 1 line
07-25 11:59:32.424 I/chatty ( 1699): uid=1000(system) Binder:1699_1C expire 1 line
07-25 11:59:33.400 I/chatty ( 1699): uid=1000(system) Binder:1699_18 expire 6 lines
07-25 11:59:35.958 I/chatty ( 1699): uid=1000(system) Binder:1699_1 expire 2 lines
07-25 11:59:36.029 I/chatty ( 1699): uid=1000(system) Binder:1699_11 expire 7 lines
07-25 11:59:37.316 I/chatty ( 1699): uid=1000(system) ns expire 5 lines
07-25 11:59:37.365 I/chatty ( 1699): uid=1000(system) Binder:1699_F expire 2 lines
07-25 11:59:37.671 I/chatty ( 1699): uid=1000(system) android.anim expire 2 lines
07-25 11:59:39.773 I/chatty ( 1699): uid=1000(system) Binder:1699_2 expire 17 lines
07-25 11:59:39.967 I/chatty ( 1699): uid=1000(system) Binder:1699_5 expire 1 line
07-25 11:59:41.273 I/chatty ( 1699): uid=1000(system) Binder:1699_C expire 14 lines
07-25 11:59:41.641 I/chatty ( 1699): uid=1000(system) android.anim expire 12 lines
07-25 11:59:41.730 I/chatty ( 1699): uid=1000 system_server expire 4 lines
07-25 11:59:41.734 I/chatty ( 1699): uid=1000(system) BroadcastQueue expire 12 lines
07-25 11:59:41.856 I/chatty ( 1699): uid=1000(system) android.ui expire 23 lines
07-25 11:59:44.070 I/chatty ( 1699): uid=1000(system) Binder:1699_5 expire 4 lines
07-25 11:59:52.474 I/chatty ( 1699): uid=1000(system) Binder:1699_6 expire 3 lines
07-25 11:59:52.498 I/chatty ( 1699): uid=1000(system) Binder:1699_15 expire 4 lines
07-25 11:59:52.563 I/chatty ( 1699): uid=1000(system) Binder:1699_1 expire 2 lines
07-25 11:59:56.464 I/chatty ( 1699): uid=1000(system) Binder:1699_10 expire 3 lines
07-25 11:59:57.289 I/chatty ( 1699): uid=1000(system) Binder:1699_12 expire 6 lines
07-25 11:59:59.065 I/chatty ( 1699): uid=1000(system) Binder:1699_7 expire 2 lines
07-25 12:00:01.884 I/chatty ( 1699): uid=1000(system) Binder:1699_9 expire 1 line
07-25 12:00:07.241 I/chatty ( 1699): uid=1000(system) Binder:1699_20 expire 10 lines
07-25 12:00:07.330 I/chatty ( 1699): uid=1000(system) Binder:1699_4 expire 1 line
07-25 12:00:07.365 I/chatty ( 1699): uid=1000(system) ns expire 10 lines
07-25 12:00:07.426 I/chatty ( 1699): uid=1000(system) Binder:1699_1F expire 1 line
07-25 12:00:07.672 I/chatty ( 1699): uid=1000(system) ActivityManager expire 3 lines
07-25 12:00:07.686 I/chatty ( 1699): uid=1000(system) Binder:1699_1B expire 1 line
07-25 12:00:10.375 I/chatty ( 1699): uid=1000(system) Binder:1699_13 expire 4 lines
07-25 12:00:24.178 I/chatty ( 1699): uid=1000(system) Binder:1699_14 expire 8 lines
07-25 12:00:24.206 I/chatty ( 1699): uid=1000(system) Binder:1699_8 expire 7 lines
07-25 12:00:24.413 I/chatty ( 1699): uid=1000(system) Binder:1699_16 expire 6 lines
07-25 12:00:27.507 I/chatty ( 1699): uid=1000(system) Binder:1699_17 expire 3 lines
07-25 12:00:42.522 D/ViewRootImpl(27436): swipeFromBottom mIgnoring true downY 2314 mScreenHeight 2340 mStatusBarHeight 54 globalScale 1.125
07-25 12:00:42.713 I/chatty ( 1699): uid=1000(system) Thread-140 expire 6 lines
07-25 12:00:42.714 I/chatty ( 1699): uid=1000(system) BroadcastQueue expire 24 lines
07-25 12:00:42.746 I/chatty ( 1699): uid=1000(system) ns expire 10 lines
07-25 12:00:42.773 I/chatty ( 1699): uid=1000(system) android.ui expire 12 lines
07-25 12:00:42.821 I/chatty ( 1699): uid=1000(system) android.anim expire 9 lines
07-25 12:00:53.210 I/chatty ( 1699): uid=1000(system) Binder:1699_1D expire 5 lines
07-25 12:00:53.493 I/chatty ( 1699): uid=1000(system) Binder:1699_11 expire 1 line
07-25 12:00:54.812 I/chatty ( 1699): uid=1000(system) Binder:1699_B expire 2 lines
07-25 12:00:57.601 I/chatty ( 1699): uid=1000(system) Binder:1699_1C expire 5 lines
07-25 12:00:58.534 D/ViewRootImpl(27358): swipeFromBottom mIgnoring true downY 2316 mScreenHeight 2340 mStatusBarHeight 54 globalScale 1.125
07-25 12:00:58.542 D/ViewRootImpl(27358): swipeFromBottom mIgnoring true downY 2316 mScreenHeight 2340 mStatusBarHeight 54 globalScale 1.125
07-25 12:00:58.542 D/ViewRootImpl(27358): swipeFromBottom mIgnoring === false downY 2316 mStatusBarHeight 54
07-25 12:02:18.367 I/chatty ( 1699): uid=1000(system) android.bg expire 2 lines
07-25 12:03:13.566 I/chatty ( 1699): uid=1000(system) Binder:1699_D expire 1 line
07-25 12:03:14.790 I/chatty ( 1699): uid=1000(system) batterystats-wo expire 1 line
07-25 12:03:23.750 I/chatty ( 1699): uid=1000(system) Binder:1699_1A expire 1 line
07-25 12:05:40.756 I/chatty ( 1699): uid=1000(system) Binder:1699_18 expire 1 line
07-25 12:05:58.534 I/chatty ( 1699): uid=1000(system) PowerManagerSer expire 7 lines
07-25 12:05:58.535 I/chatty ( 1699): uid=1000(system) aceService.Main expire 1 line
07-25 12:05:58.876 I/chatty ( 1699): uid=1000(system) android.display expire 8 lines
07-25 12:05:59.446 I/chatty ( 1699): uid=1000(system) Binder:1699_7 expire 2 lines
07-25 12:05:59.448 I/chatty ( 1699): uid=1000(system) Thread-140 expire 9 lines
07-25 12:05:59.449 I/chatty ( 1699): uid=1000(system) BroadcastQueue expire 12 lines
07-25 12:06:30.110 I/chatty ( 1699): uid=1000(system) Thread-40 expire 3 lines
07-25 12:11:00.244 I/chatty ( 1699): uid=1000(system) Binder:1699_20 expire 5 lines
07-25 12:11:00.244 I/chatty ( 1699): uid=1000(system) Binder:1699_16 expire 3 lines
07-25 12:14:55.108 I/chatty ( 1699): uid=1000 system_server expire 23 lines
07-25 12:14:55.569 I/chatty ( 1699): uid=1000 system_server expire 1 line
07-25 12:14:55.850 I/chatty ( 1699): uid=1000(system) android.ui expire 17 lines
07-25 12:16:00.215 I/chatty ( 1699): uid=1000(system) Binder:1699_1E expire 22 lines
07-25 12:16:00.324 I/chatty ( 1699): uid=1000(system) Binder:1699_10 expire 1 line
07-25 12:16:00.328 I/chatty ( 1699): uid=1000(system) ActivityManager expire 2 lines
07-25 12:16:00.355 E/FrameworkListener( 1209): read() failed (Connection reset by peer)
07-25 12:16:01.113 I/chatty ( 1699): uid=1000(system) Binder:1699_1C expire 3 lines
07-25 12:19:45.111 I/chatty ( 1699): uid=1000(system) Binder:1699_1F expire 1 line
07-25 12:21:00.541 I/chatty ( 1699): uid=1000(system) BroadcastQueue expire 4 lines
07-25 12:26:00.173 I/chatty ( 1699): uid=1000(system) Binder:1699_11 expire 26 lines
07-25 12:26:00.258 I/chatty ( 1699): uid=1000(system) Binder:1699_D expire 4 lines
07-25 12:26:00.261 I/chatty ( 1699): uid=1000(system) Binder:1699_17 expire 2 lines
07-25 12:26:00.271 I/chatty ( 1699): uid=1000(system) batterystats-wo expire 2 lines
07-25 12:26:00.524 I/chatty ( 1699): uid=1000(system) Binder:1699_9 expire 2 lines
07-25 12:26:00.524 I/chatty ( 1699): uid=1000(system) Binder:1699_18 expire 6 lines
07-25 12:26:00.526 I/chatty ( 1699): uid=1000(system) ConnectivitySer expire 1 line
07-25 12:44:55.286 I/chatty ( 1699): uid=1000(system) android.bg expire 2 lines
07-25 12:51:00.169 I/chatty ( 1699): uid=1000(system) Binder:1699_E expire 5 lines
07-25 13:11:00.130 I/chatty ( 1699): uid=1000(system) Binder:1699_15 expire 3 lines
07-25 13:11:00.186 I/chatty ( 1699): uid=1000(system) Binder:1699_1A expire 1 line
07-25 13:34:50.786 I/chatty ( 1699): uid=1000(system) Binder:1699_3 expire 10 lines
07-25 13:34:50.806 I/chatty ( 1699): uid=1000(system) PowerManagerSer expire 13 lines
07-25 13:34:50.875 I/chatty ( 1699): uid=1000(system) Thread-16 expire 2 lines
07-25 13:34:50.883 I/chatty ( 1699): uid=1000 system_server expire 1 line
07-25 13:34:50.885 I/chatty ( 1699): uid=1000 system_server expire 6 lines
07-25 13:34:50.891 I/chatty ( 1699): uid=1000 system_server expire 1 line
07-25 13:34:50.893 I/chatty ( 1699): uid=1000 system_server expire 5 lines
07-25 13:34:50.944 I/chatty ( 1699): uid=1000(system) PhoneWinHandler expire 4 lines
07-25 13:34:53.140 I/chatty ( 1699): uid=1000(system) Binder:1699_1B expire 5 lines
07-25 13:34:53.517 I/chatty ( 1699): uid=1000(system) Binder:1699_13 expire 2 lines
07-25 13:35:04.094 I/chatty ( 1699): uid=1000(system) aceService.Main expire 1 line
07-25 13:57:47.532 I/chatty ( 1699): uid=1000(system) InputReader expire 2 lines
07-25 13:57:47.707 I/chatty ( 1699): uid=1000(system) backup expire 1 line
07-25 13:57:48.861 I/chatty ( 1699): uid=1000(system) Binder:1699_14 expire 4 lines
07-25 13:57:51.473 I/chatty ( 1699): uid=1000(system) Binder:1699_1D expire 3 lines
07-25 13:57:51.507 I/chatty ( 1699): uid=1000(system) ns expire 15 lines
07-25 13:58:20.468 I/chatty ( 1699): uid=1000(system) Binder:1699_E expire 3 lines
07-25 13:58:20.527 I/chatty ( 1699): uid=1000(system) Binder:1699_16 expire 12 lines
07-25 13:58:21.983 I/chatty ( 1699): uid=1000(system) Binder:1699_13 expire 7 lines
07-25 13:58:22.401 I/chatty ( 1699): uid=1000(system) Binder:1699_18 expire 16 lines
07-25 13:58:22.548 I/chatty ( 1699): uid=1000(system) android.anim expire 21 lines
07-25 13:58:27.859 I/chatty ( 1699): uid=1000(system) Binder:1699_14 expire 11 lines
07-25 13:58:28.174 I/chatty ( 1699): uid=1000(system) Binder:1699_17 expire 11 lines
07-25 13:58:28.752 I/chatty ( 1699): uid=1000(system) android.ui expire 13 lines
07-25 13:58:30.102 I/chatty ( 1699): uid=1000(system) Binder:1699_C expire 3 lines
07-25 13:58:30.872 I/chatty ( 1699): uid=1000 system_server expire 8 lines
07-25 13:58:38.709 I/chatty ( 1699): uid=1000(system) ActivityManager expire 2 lines
07-25 13:58:52.590 I/chatty ( 1699): uid=1000(system) Binder:1699_7 expire 3 lines
07-25 13:58:52.682 I/chatty ( 1699): uid=1000(system) Binder:1699_1B expire 6 lines
07-25 13:58:57.989 I/chatty ( 1699): uid=1000(system) Binder:1699_1F expire 6 lines
07-25 13:58:58.515 I/chatty ( 1699): uid=1000(system) Binder:1699_9 expire 5 lines
07-25 13:59:02.402 D/ViewRootImpl(27358): swipeFromBottom mIgnoring === false downY 733 mStatusBarHeight 54
07-25 13:59:04.214 I/chatty ( 1699): uid=1000(system) android.ui expire 11 lines
07-25 13:59:04.403 I/chatty ( 1699): uid=1000(system) android.display expire 5 lines
07-25 13:59:06.615 I/chatty ( 1699): uid=1000(system) Binder:1699_6 expire 3 lines
07-25 13:59:06.864 I/chatty ( 1699): uid=1000(system) ns expire 10 lines
07-25 13:59:06.931 I/chatty ( 1699): uid=1000(system) android.anim expire 6 lines
07-25 13:59:17.542 I/chatty ( 1699): uid=1000(system) Binder:1699_20 expire 3 lines
07-25 13:59:51.872 I/chatty ( 1699): uid=1000(system) Binder:1699_19 expire 1 line
07-25 14:00:54.063 I/chatty ( 1699): uid=1000(system) batterystats-wo expire 1 line
07-25 14:04:06.602 I/chatty ( 1699): uid=1000(system) PowerManagerSer expire 17 lines
07-25 14:04:06.602 I/chatty ( 1699): uid=1000(system) aceService.Main expire 2 lines
07-25 14:04:07.494 I/chatty ( 1699): uid=1000(system) android.bg expire 2 lines
07-25 14:04:28.039 I/chatty ( 1699): uid=1000(system) Thread-40 expire 1 line
07-25 14:07:13.291 I/chatty ( 1699): uid=1000(system) Binder:1699_12 expire 4 lines
07-25 14:07:13.325 I/chatty ( 1699): uid=1000(system) Binder:1699_1C expire 8 lines
07-25 14:07:13.435 I/chatty ( 1699): uid=1000(system) PhoneWinHandler expire 4 lines
07-25 14:07:14.080 I/chatty ( 1699): uid=1000(system) InputReader expire 6 lines
07-25 14:07:14.653 I/chatty ( 1699): uid=1000(system) Binder:1699_11 expire 1 line
07-25 14:07:16.556 D/ViewRootImpl(27358): swipeFromBottom mIgnoring true downY 2314 mScreenHeight 2340 mStatusBarHeight 54 globalScale 1.125
07-25 14:07:16.560 D/ViewRootImpl(27358): swipeFromBottom mIgnoring true downY 2314 mScreenHeight 2340 mStatusBarHeight 54 globalScale 1.125
07-25 14:07:16.561 D/ViewRootImpl(27358): swipeFromBottom mIgnoring === false downY 2314 mStatusBarHeight 54
07-25 14:07:19.111 I/chatty ( 1699): uid=1000(system) Binder:1699_18 expire 2 lines
07-25 14:07:21.284 I/chatty ( 1699): uid=1000(system) android.ui expire 9 lines
07-25 14:07:36.709 I/chatty ( 1699): uid=1000(system) Binder:1699_D expire 3 lines
07-25 14:07:36.743 I/chatty ( 1699): uid=1000(system) Binder:1699_3 expire 4 lines
07-25 14:07:37.204 I/chatty ( 1699): uid=1000(system) android.anim expire 23 lines
07-25 14:07:38.042 I/chatty ( 1699): uid=1000(system) Binder:1699_19 expire 9 lines
07-25 14:07:38.099 I/chatty ( 1699): uid=1000(system) Binder:1699_17 expire 3 lines
07-25 14:07:40.920 I/chatty ( 1699): uid=1000(system) Binder:1699_20 expire 17 lines
07-25 14:07:49.775 I/chatty ( 1699): uid=1000(system) Binder:1699_10 expire 5 lines
07-25 14:07:54.103 I/chatty ( 1699): uid=1000(system) Binder:1699_1 expire 5 lines
07-25 14:07:54.891 I/chatty ( 1699): uid=1000 system_server expire 4 lines
07-25 14:07:55.642 I/chatty ( 1699): uid=1000(system) Binder:1699_1B expire 5 lines
07-25 14:07:59.051 I/chatty ( 1699): uid=1000(system) android.ui expire 31 lines
07-25 14:08:03.186 I/chatty ( 1699): uid=1000(system) Binder:1699_1A expire 6 lines
07-25 14:08:04.882 I/chatty ( 1699): uid=1000(system) Binder:1699_F expire 5 lines
07-25 14:08:04.936 I/chatty ( 1699): uid=1000(system) Binder:1699_15 expire 1 line
07-25 14:08:07.806 I/chatty ( 1699): uid=1000(system) Binder:1699_18 expire 1 line
07-25 14:08:10.270 I/chatty ( 1699): uid=1000(system) Binder:1699_1E expire 8 lines
07-25 14:08:12.390 I/chatty ( 1699): uid=1000(system) Binder:1699_14 expire 14 lines
07-25 14:08:13.363 I/chatty ( 1699): uid=1000(system) Binder:1699_13 expire 2 lines
07-25 14:08:57.225 D/ViewRootImpl( 3994): swipeFromBottom mIgnoring true downY 2330 mScreenHeight 2340 mStatusBarHeight 54 globalScale 1.125
07-25 14:08:57.322 I/chatty ( 1699): uid=1000(system) Binder:1699_16 expire 10 lines
07-25 14:08:57.451 I/chatty ( 1699): uid=1000(system) ns expire 5 lines
07-25 14:08:57.529 I/chatty ( 1699): uid=1000(system) android.anim expire 40 lines
07-25 14:08:59.127 I/chatty ( 1699): uid=1000(system) Binder:1699_1F expire 10 lines
07-25 14:08:59.514 I/chatty ( 1699): uid=1000(system) ActivityManager expire 4 lines
07-25 14:09:00.836 I/chatty ( 1699): uid=1000(system) Binder:1699_D expire 4 lines
07-25 14:09:01.627 I/chatty ( 1699): uid=1000(system) Binder:1699_11 expire 12 lines
07-25 14:09:01.700 I/chatty ( 1699): uid=1000(system) Binder:1699_5 expire 3 lines
07-25 14:10:26.256 I/chatty ( 1699): uid=1000(system) Binder:1699_2 expire 31 lines
07-25 14:10:31.706 I/chatty ( 1699): uid=1000(system) Binder:1699_19 expire 12 lines
07-25 14:10:31.938 I/chatty ( 1699): uid=1000(system) android.anim expire 20 lines
07-25 14:10:36.269 I/chatty ( 1699): uid=1000(system) ActivityManager expire 3 lines
07-25 14:11:02.025 I/chatty ( 1699): uid=1000 system_server expire 20 lines
07-25 14:11:02.046 I/chatty ( 1699): uid=1000(system) batterystats-wo expire 5 lines
07-25 14:11:38.791 I/chatty ( 1699): uid=1000(system) Binder:1699_10 expire 1 line
07-25 14:11:38.855 I/chatty ( 1699): uid=1000(system) Binder:1699_5 expire 11 lines
07-25 14:11:38.954 I/chatty ( 1699): uid=1000(system) Binder:1699_B expire 4 lines
07-25 14:12:10.029 I/chatty ( 1699): uid=1000(system) Binder:1699_9 expire 5 lines
07-25 14:12:10.477 I/chatty ( 1699): uid=1000(system) Binder:1699_1A expire 6 lines
07-25 14:12:12.526 I/chatty ( 1699): uid=1000(system) Binder:1699_1F expire 21 lines
07-25 14:12:12.770 I/chatty ( 1699): uid=1000(system) Binder:1699_1E expire 5 lines
07-25 14:12:17.176 I/chatty ( 1699): uid=1000(system) Binder:1699_E expire 2 lines
07-25 14:12:57.263 I/chatty ( 1699): uid=1000(system) Binder:1699_1D expire 2 lines
07-25 14:14:12.463 I/chatty ( 1699): uid=1000(system) Binder:1699_16 expire 4 lines
07-25 14:15:17.768 I/chatty ( 1699): uid=1000(system) Binder:1699_20 expire 11 lines
07-25 14:16:12.967 I/chatty ( 1699): uid=1000(system) Binder:1699_3 expire 1 line
07-25 14:16:32.001 I/chatty ( 1699): uid=1000(system) OppoBatteryServ expire 11 lines
07-25 14:16:32.064 D/ViewRootImpl(27358): swipeFromBottom mIgnoring true downY 2304 mScreenHeight 2340 mStatusBarHeight 54 globalScale 1.125
07-25 14:16:32.070 D/ViewRootImpl(27358): swipeFromBottom mIgnoring true downY 2304 mScreenHeight 2340 mStatusBarHeight 54 globalScale 1.125
07-25 14:16:32.070 D/ViewRootImpl(27358): swipeFromBottom mIgnoring === false downY 2304 mStatusBarHeight 54
07-25 14:16:32.424 I/chatty ( 1699): uid=1000(system) Binder:1699_15 expire 2 lines
07-25 14:17:01.024 I/chatty ( 1699): uid=1000(system) Binder:1699_1C expire 2 lines
07-25 14:17:13.217 I/chatty ( 1699): uid=1000(system) Binder:1699_4 expire 1 line
07-25 14:17:14.049 D/ViewRootImpl(27358): swipeFromBottom mIgnoring true downY 2339 mScreenHeight 2340 mStatusBarHeight 54 globalScale 1.125
07-25 14:17:14.053 D/ViewRootImpl(27358): swipeFromBottom mIgnoring true downY 2339 mScreenHeight 2340 mStatusBarHeight 54 globalScale 1.125
07-25 14:17:14.053 D/ViewRootImpl(27358): swipeFromBottom mIgnoring === false downY 2339 mStatusBarHeight 54
07-25 14:17:18.284 I/chatty ( 1699): uid=1000(system) Binder:1699_13 expire 2 lines
07-25 14:18:07.142 I/chatty ( 1699): uid=1000(system) android.bg expire 2 lines
07-25 14:18:13.463 I/chatty ( 1699): uid=1000(system) Binder:1699_F expire 1 line
07-25 14:18:55.210 D/ViewRootImpl(27358): swipeFromBottom mIgnoring true downY 2299 mScreenHeight 2340 mStatusBarHeight 54 globalScale 1.125
07-25 14:18:55.214 D/ViewRootImpl(27358): swipeFromBottom mIgnoring true downY 2299 mScreenHeight 2340 mStatusBarHeight 54 globalScale 1.125
07-25 14:18:55.214 D/ViewRootImpl(27358): swipeFromBottom mIgnoring === false downY 2299 mStatusBarHeight 54
07-25 14:19:33.299 I/chatty ( 1699): uid=1000(system) Binder:1699_C expire 1 line
07-25 14:19:34.389 D/ViewRootImpl(27358): swipeFromBottom mIgnoring true downY 2329 mScreenHeight 2340 mStatusBarHeight 54 globalScale 1.125
07-25 14:19:34.400 D/ViewRootImpl(27358): swipeFromBottom mIgnoring true downY 2329 mScreenHeight 2340 mStatusBarHeight 54 globalScale 1.125
07-25 14:19:34.400 D/ViewRootImpl(27358): swipeFromBottom mIgnoring === false downY 2329 mStatusBarHeight 54
07-25 14:19:43.996 I/chatty ( 1699): uid=1000(system) OppoBatteryServ expire 11 lines
07-25 14:19:58.986 I/chatty ( 1699): uid=1000(system) Binder:1699_14 expire 8 lines
07-25 14:21:14.159 I/chatty ( 1699): uid=1000(system) Binder:1699_1 expire 1 line
07-25 14:21:19.281 I/chatty ( 1699): uid=1000(system) Binder:1699_2 expire 1 line
07-25 14:22:39.103 I/chatty ( 1699): uid=1000(system) ns expire 5 lines
07-25 14:22:39.128 I/chatty ( 1699): uid=1000(system) android.ui expire 13 lines
07-25 14:22:39.423 I/chatty ( 1699): uid=1000(system) android.anim expire 2 lines
07-25 14:22:57.402 I/chatty ( 1699): uid=1000(system) android.display expire 2 lines
07-25 14:22:59.754 I/chatty ( 1699): uid=1000(system) Binder:1699_17 expire 4 lines
07-25 14:23:04.458 I/chatty ( 1699): uid=1000(system) Binder:1699_D expire 4 lines
07-25 14:23:04.602 I/chatty ( 1699): uid=1000(system) Binder:1699_C expire 1 line
07-25 14:23:04.603 I/chatty ( 1699): uid=1000(system) Binder:1699_15 expire 1 line
07-25 14:23:04.621 I/chatty ( 1699): uid=1000(system) android.display expire 3 lines
07-25 14:23:04.623 I/chatty ( 1699): uid=1000(system) android.ui expire 38 lines
07-25 14:23:04.862 I/chatty ( 1699): uid=1000(system) Binder:1699_9 expire 2 lines
07-25 14:23:05.253 I/chatty ( 1699): uid=1000(system) Binder:1699_17 expire 9 lines
07-25 14:23:05.257 I/chatty ( 1699): uid=1000(system) Binder:1699_19 expire 17 lines
07-25 14:23:05.294 I/chatty ( 1699): uid=1000(system) ns expire 25 lines
07-25 14:23:05.305 I/chatty ( 1699): uid=1000(system) Binder:1699_10 expire 7 lines
07-25 14:23:05.370 I/chatty ( 1699): uid=1000(system) android.anim expire 30 lines
07-25 14:23:18.069 I/chatty ( 1699): uid=1000(system) Binder:1699_1E expire 7 lines
07-25 14:23:28.046 I/chatty ( 1699): uid=1000 system_server expire 8 lines
07-25 14:23:44.707 D/ViewRootImpl( 3385): swipeFromBottom mIgnoring true downY 2317 mScreenHeight 2340 mStatusBarHeight 54 globalScale 1.125
07-25 14:23:44.733 D/ViewRootImpl( 3385): swipeFromBottom mIgnoring true downY 2317 mScreenHeight 2340 mStatusBarHeight 54 globalScale 1.125
07-25 14:23:44.733 D/ViewRootImpl( 3385): swipeFromBottom mIgnoring === false downY 2317 mStatusBarHeight 54
07-25 14:24:04.070 D/ViewRootImpl( 3385): swipeFromBottom mIgnoring true downY 2298 mScreenHeight 2340 mStatusBarHeight 54 globalScale 1.125
07-25 14:24:04.214 D/ViewRootImpl( 3385): swipeFromBottom mIgnoring true downY 2298 mScreenHeight 2340 mStatusBarHeight 54 globalScale 1.125
07-25 14:24:04.215 D/ViewRootImpl( 3385): swipeFromBottom mIgnoring === false downY 2298 mStatusBarHeight 54
07-25 14:24:23.047 I/chatty ( 1699): uid=1000(system) Binder:1699_1D expire 8 lines
07-25 14:24:23.237 I/chatty ( 1699): uid=1000(system) Binder:1699_1B expire 12 lines
07-25 14:24:25.248 I/chatty ( 1699): uid=1000(system) Binder:1699_F expire 1 line
07-25 14:24:26.497 I/chatty ( 1699): uid=1000(system) Binder:1699_5 expire 3 lines
07-25 14:24:35.862 I/chatty ( 1699): uid=1000(system) Binder:1699_1A expire 6 lines
07-25 14:24:36.864 I/chatty ( 1699): uid=1000(system) Binder:1699_1F expire 15 lines
