07-27 11:21:57.659 D/jni_imsdk(26715): [19-07-27 11:21:57.659][DEBUG][group_manager_proto.cc:372][ApplyJoinGroup][IMCore]cmd: group_open_svc.apply_join_group|req: 080112180a0e40544753236153514259443746511206e6b58be8af95
07-27 11:21:57.659 D/jni_imsdk(26715): [19-07-27 11:21:57.659][DEBUG][][imcore_jni]request user: userid_1898141|cmd:group_open_svc.apply_join_group
07-27 11:21:57.659 D/jni_imsdk(26715): [19-07-27 11:21:57.659][DEBUG][][imsdk.IMMsfCoreProxy]request user: userid_1898141|cmd:group_open_svc.apply_join_group|req
07-27 11:21:57.659 D/MsfServiceSdk(26715): sdk sendMsg. ssoCmd:group_open_svc.apply_join_group msfCmd:unknown appSeq:1171
07-27 11:21:57.659 D/MSF.D.RemoteServiceProxy(26715): waiteSendSeqSet put:144115213350774102group_open_svc.apply_join_group :-1:1171
07-27 11:21:57.660 D/MsfServiceProxy(26715): send req to msfService:ToServiceMsg msName:unknown ssoSeq:-1 appId:537050853 appSeq:1171 sName:com.tencent.qalsdk.service.QalService uin:144115213350774102 sCmd:group_open_svc.apply_join_group t:10000 needResp:truehttpReq:false
07-27 11:21:57.660 I/StatisticsManager(26715): 2474/track record: ak=1f5391995f6484a88200043733864b0f&dv=be6f83affd5f477f940a39eae2737c63&cup=com.yishouapp.fumi.activity.VideoActivity&tm=1564197717658&ct=一手女装批发服装批发<=0&tp=0&u=e352030af05e4d5e98afecdc3e884d41
07-27 11:21:57.661 D/QalService(23909): service rcvmsg. ssoCmd:group_open_svc.apply_join_group msfCmd:unknown appSeq:1171
07-27 11:21:57.662 D/MSF.C.NetConnTag(23909): ping pkg sent, buffer size: 21
07-27 11:21:57.663 D/MSF.C.NetConnTag(23909): add ToServiceMsg msName:qal_Hello ssoSeq:45791 appId:537050853 appSeq:-1 sName: uin:0 sCmd:MSF t:10000 needResp:truehttpReq:false to send
07-27 11:21:57.664 I/MSF.C.NetConnTag(23909): netSend ssoSeq:45791 appSeq:-1 uin:0 cmd:MSF 45812
07-27 11:21:57.665 D/jni_imsdk(26715): [19-07-27 11:21:57.665][INFO][][IMMsgSender]resend msg original request, qalSeq:1171|ResendMsg{sender:userid_1898141, serviceCmd:group_open_svc.apply_join_group, randKey:111213463, remainRetries:2}
07-27 11:21:57.666 I/MSF.C.NetConnTag(23909): netSend ssoSeq:45790 appSeq:1171 uin:*4102 cmd:group_open_svc.apply_join_group 46138
07-27 11:21:57.666 D/Unknow (26715): [txg_jni_util.cpp, setJavaVM, 155]:JniHelper::setJavaVM(0xf1319140), pthread_self() = -868587152
07-27 11:21:57.667 I/Unknow (26715): [StreamRecvThread.cpp, init, 79]:flv init
07-27 11:21:57.670 I/Choreographer(26715): Skipped 4 frames! The application may be doing too much work on its main thread.
07-27 11:21:57.671 W/network.TXCFLVDownloader(26715): flv play receive first data
07-27 11:21:57.675 D/MSF.C.NetConnTag(23909): ping pkg ack received
07-27 11:21:57.676 I/MSF.C.NetConnTag(23909): netRecv ssoSeq:45791 uin: cmd:MSF 45812
07-27 11:21:57.676 W/Unknow (26715): [StreamRecvThread.cpp, threadLoop, 164]:flv play parse the flv tag head at 0
07-27 11:21:57.677 D/Unknow (26715): [txg_jni_util.cpp, getEnv, 173]:JniHelper::getEnv() env == null ptr
07-27 11:21:57.678 V/WindowManager( 1699): Changing focus from null to Window{6f287b5 u0 com.yishouapp.fumi/com.yishouapp.fumi.activity.VideoActivity}
07-27 11:21:57.678 I/StatusBar( 6802): setNavigationBarColor() vis:2000000 color:ffffffff expandNavBar:false mNavigationBarEnableStatus:2
07-27 11:21:57.679 D/BarTransitions.NavigationBarView( 6802): setForceOpaque forceOpaque:true color:0 @com.android.systemui.statusbar.phone.NavigationBarTransitions@459b45c
07-27 11:21:57.679 D/Unknow (26715): [txg_jni_util.cpp, cacheEnv, 313]:Success cacheEnv JNI_EDETACHED
07-27 11:21:57.680 D/network.TXCFLVDownloader(26715): receive first audio with ts 101752446
07-27 11:21:57.680 E/AudioCenter:TXCAudioBasePlayController(26715): onPlayJitterStateNotify cur state 0
07-27 11:21:57.681 I/TXCRenderAndDec(26715): TXCRenderAndDec notifyEvent: mUserID 0
07-27 11:21:57.681 I/Unknow (26715): [TXCAudioJitterBuffer.cpp, setCacheTime, 350]:AudioCenter:TXCAudioJitterBuffer setCacheTime: 5.000000
07-27 11:21:57.682 I/Unknow (26715): [TXCAudioJitterBuffer.cpp, setMute, 395]:AudioCenter:TXCAudioJitterBuffer setMute: 0
07-27 11:21:57.683 I/Unknow (26715): [TXCAudioJitterBuffer.cpp, enableRealTimePlay, 321]:AudioCenter:TXCAudioJitterBuffer enableRealTimePlay: 0
07-27 11:21:57.683 I/Unknow (26715): [TXCAudioJitterBuffer.cpp, enableAutoAdjustCache, 356]:AudioCenter:TXCAudioJitterBuffer enableAutoAdjustCache: 1
07-27 11:21:57.683 I/Unknow (26715): [TXCAudioJitterBuffer.cpp, setAutoAdjustMaxCache, 361]:AudioCenter:TXCAudioJitterBuffer setAutoAdjustMaxCache: 5.000000
07-27 11:21:57.683 I/Unknow (26715): [TXCAudioJitterBuffer.cpp, setAutoAdjustMinCache, 372]:AudioCenter:TXCAudioJitterBuffer setAutoAdjustMinCache: 1.000000
07-27 11:21:57.683 I/Unknow (26715): [TXCAudioJitterBuffer.cpp, setSmoothMode, 327]:AudioCenter:TXCAudioJitterBuffer setSmoothMode: 0
07-27 11:21:57.684 I/Unknow (26715): [TXCAudioJitterBuffer.cpp, setSmoothSpeed, 337]:AudioCenter:TXCAudioJitterBuffer setSmoothSpeed:1.20
07-27 11:21:57.685 I/Unknow (26715): [TXCAudioJitterBuffer.cpp, setJitterCycle, 376]:AudioCenter:TXCAudioJitterBuffer setJitterCycle: 500
07-27 11:21:57.685 I/Unknow (26715): [TXCAudioJitterBuffer.cpp, setRealtimeJitterCycle, 382]:AudioCenter:TXCAudioJitterBuffer setRealtimeJitterCycle: 240
07-27 11:21:57.685 I/Unknow (26715): [TXCAudioJitterBuffer.cpp, setLoadingThreshold, 388]:AudioCenter:TXCAudioJitterBuffer setLoadingThreshold: 800
07-27 11:21:57.685 I/Unknow (26715): [TXCAudioJitterBuffer.cpp, setRTCPlayHungryTimeThreshold, 345]:AudioCenter:TXCAudioJitterBuffer setRTCPlayHungryTimeThreshold:60
07-27 11:21:57.685 E/AudioCenter:b(26715): soft dec, create jitterbuffer with id 3
07-27 11:21:57.690 I/MSF.C.NetConnTag(23909): netRecv ssoSeq:45790 uin:*4102 cmd:group_open_svc.apply_join_group 45974
07-27 11:21:57.691 D/MSF.C.MsfCore(23909): service recv msg . ssoCmd:group_open_svc.apply_join_group ssoSeq:45790
07-27 11:21:57.692 D/MSF.S.RespHandler(23909): service getMsfMessagePairs resp:group_open_svc.apply_join_group:45790:1171
07-27 11:21:57.692 D/MSF.S.AppProcessManager(23909): service add queue last:1564197717692|group_open_svc.apply_join_group|45790
07-27 11:21:57.694 I/MSF.S.AppProcessManager(23909): service send resp :com.yishouapp.fumi| from:144115213350774102|group_open_svc.apply_join_group|45790|1171
07-27 11:21:57.695 I/AudioCenter:b(26715): soft dec, recv aac seq 0x110x88
07-27 11:21:57.695 E/Unknow (26715): [TXCFFmpegAACDecoder.cpp, Init, 149]:AudioCenter:CTXCloudAudioDecThread : init audio deconder , audio type:10
07-27 11:21:57.696 D/TXCLivePlayer(26715): onPlayAudioInfoChanged, samplerate=48000, channels=2, bits=16
07-27 11:21:57.696 D/MsfServiceProxy(26715): msfProxy onReceiveResp:144115213350774102:group_open_svc.apply_join_group :45790:1171
07-27 11:21:57.697 D/MsfServiceProxy(26715): waiteSendSeqSet receiveResp remove:144115213350774102:group_open_svc.apply_join_group :45790:1171
07-27 11:21:57.697 D/MsfServiceProxy(26715): onReceiveResp SsoCmd:group_open_svc.apply_join_group ssoSeq:45790
07-27 11:21:57.697 W/AudioCenter:d(26715): mult-track-player start!
07-27 11:21:57.697 D/MsfServiceProxy(26715): sdk add queue req:ToServiceMsg msName:unknown ssoSeq:45790 appId:537050853 appSeq:1171 sName:com.tencent.qalsdk.service.QalService uin:144115213350774102 sCmd:group_open_svc.apply_join_group t:10000 needResp:truehttpReq:false from:FromServiceMsg msName:unknown ssoSeq:45790 failCode:1000 errorMsg: uin:144115213350774102 serviceCmd:group_open_svc.apply_join_group appId:537050853 appSeq:1171
07-27 11:21:57.697 I/CoreWrapper(26715): [CoreWrapper handleRespMsg] recv resp msg:1564197717697|group_open_svc.apply_join_group|45790|1171
07-27 11:21:57.697 W/AudioCenter:d(26715): mult-track-player thread start finish!
07-27 11:21:57.698 D/jni_imsdk(26715): [19-07-27 11:21:57.698][DEBUG][][CoreWrapper][CoreWrapper handleRespMsg] recv resp msg:1564197717697|group_open_svc.apply_join_group|45790|1171
07-27 11:21:57.698 D/jni_imsdk(26715): [19-07-27 11:21:57.698][INFO][][IMMsgSender]resend msg reply onSucc, qalSeq:1171
07-27 11:21:57.698 D/jni_imsdk(26715): [19-07-27 11:21:57.698][INFO][][IMMsgSender]resend msg reply callback, qalSeq:1171|randKey:111213463
07-27 11:21:57.698 D/MsfServiceSub(26715): serviceSub add last:1564197717698|group_open_svc.apply_join_group|45790
07-27 11:21:57.698 D/jni_imsdk(26715): [19-07-27 11:21:57.698][DEBUG][][imsdk.IMMsfCoreProxy]request user: userid_1898141|cmd:group_open_svc.apply_join_group|rsp
07-27 11:21:57.698 D/jni_imsdk(26715): [19-07-27 11:21:57.698][DEBUG][group_manager_proto.cc:376][operator()][IMCore]cmd: group_open_svc.apply_join_group|rsp: 0a06080012026f6b10011a3c0800123835326a5335564646636d3778794363475851496e55783947796e35552f45666e6973687955332f7865596134454961456236496277673d3d
07-27 11:21:57.698 D/jni_imsdk(26715): [19-07-27 11:21:57.698][INFO][group_manager_proto.cc:379][operator()][IMCore]JoinGroup|2-Send|Succ|group id=@TGS#aSQBYD7FQ
07-27 11:21:57.698 D/AudioPolicyManagerCustom( 1196): deep buffer already active
07-27 11:21:57.698 D/jni_imsdk(26715): [19-07-27 11:21:57.698][INFO][group_manager_proto.cc:406][operator()][IMCore]applyJoin group succ
07-27 11:21:57.698 D/jni_imsdk(26715): [19-07-27 11:21:57.698][INFO][group_manager_proto.cc:409][operator()][IMCore]join long polling group : group=@TGS#aSQBYD7FQ
07-27 11:21:57.698 D/jni_imsdk(26715): [19-07-27 11:21:57.698][INFO][msg_manager.cc:2007][JoinLongPollingGroup][IMCore]JoinLongPollingGroup: group|@TGS#aSQBYD7FQ
07-27 11:21:57.698 D/mmscene ( 1196): getHint applicationScene=com.yishouapp.fumi,idx=3 none
07-27 11:21:57.698 I/AudioPolicyManagerCustom( 1196): setting force DEEP buffer now
07-27 11:21:57.698 D/jni_imsdk(26715): [19-07-27 11:21:57.698][DEBUG][long_polling_msg.cc:166][JoinGroup][IMCore]long polling task already exist : group=@TGS#aSQBYD7FQ
07-27 11:21:57.705 D/AudioPolicyManagerCustom( 1196): deep buffer already active
07-27 11:21:57.705 W/Unknow (26715): [FlvContainer.cpp, parseVideoData, 320]:flv parse the I Frame
07-27 11:21:57.705 D/mmscene ( 1196): getHint applicationScene=com.yishouapp.fumi,idx=3 none
07-27 11:21:57.705 I/AudioPolicyManagerCustom( 1196): setting force DEEP buffer now
07-27 11:21:57.706 D/AudioPolicyManagerCustom( 1196): deep buffer already active
07-27 11:21:57.706 D/mmscene ( 1196): getHint applicationScene=com.yishouapp.fumi,idx=3 none
07-27 11:21:57.706 I/AudioPolicyManagerCustom( 1196): setting force DEEP buffer now
07-27 11:21:57.708 D/network.TXCFLVDownloader(26715): receive first video with ts 101752474
07-27 11:21:57.710 D/PRETTY_LOGGER(26715): ┌────────────────────────────────────────────────────────────────────────────────────────────────────────────────
07-27 11:21:57.710 E/Unknow (26715): [TXCFFmpegAACDecoder.cpp, doDecode, 89]:AudioCenter: TXCFFmpegAACDecoder with audio info : samplerate[48000|48000] , channel [1|2]
07-27 11:21:57.710 D/PRETTY_LOGGER(26715): │ Thread: main
07-27 11:21:57.710 D/PRETTY_LOGGER(26715): ├┄┄┄┄┄┄┄┄┄┄┄┄┄┄┄┄┄┄┄┄┄┄┄┄┄┄┄┄┄┄┄┄┄┄┄┄┄┄┄┄┄┄┄┄┄┄┄┄┄┄┄┄┄┄┄┄┄┄┄┄┄┄┄┄┄┄┄┄┄┄┄┄┄┄┄┄┄┄┄┄┄┄┄┄┄┄┄┄┄┄┄┄┄┄┄┄┄┄┄┄┄┄┄┄┄┄┄┄┄┄┄┄
07-27 11:21:57.710 D/PRETTY_LOGGER(26715): │ TCVodControllerFloat.onWindowVisibilityChanged (TCVodControllerFloat.java:185)
07-27 11:21:57.710 D/PRETTY_LOGGER(26715): │ LogUtils.logd (LogUtils.java:49)
07-27 11:21:57.710 D/PRETTY_LOGGER(26715): ├┄┄┄┄┄┄┄┄┄┄┄┄┄┄┄┄┄┄┄┄┄┄┄┄┄┄┄┄┄┄┄┄┄┄┄┄┄┄┄┄┄┄┄┄┄┄┄┄┄┄┄┄┄┄┄┄┄┄┄┄┄┄┄┄┄┄┄┄┄┄┄┄┄┄┄┄┄┄┄┄┄┄┄┄┄┄┄┄┄┄┄┄┄┄┄┄┄┄┄┄┄┄┄┄┄┄┄┄┄┄┄┄
07-27 11:21:57.710 D/PRETTY_LOGGER(26715): │ TCVodControllerFloat onWindowVisibilityChanged visibility8
07-27 11:21:57.710 D/PRETTY_LOGGER(26715): └────────────────────────────────────────────────────────────────────────────────────────────────────────────────
07-27 11:21:57.711 D/audio_hw_spkr_prot( 711): audio_extn_fbsp_get_parameters: Speaker protection disabled
07-27 11:21:57.711 D/audio_hw_extn( 711): audio_extn_get_parameters: returns
07-27 11:21:57.712 D/mmscene (26715): getHint applicationScene=com.yishouapp.fumi,idx=5 none
07-27 11:21:57.712 D/OppoSmartVolume(26715): mEnginerringFeatureSwtich:1, mSmartVolumeAPKSwtich:-22, mSmartVolumePcmDumpSwitch:0
07-27 11:21:57.712 D/OppoSmartVolume(26715): mWechatDbLevel:19, mWechatUseDynamicMode:1
07-27 11:21:57.712 D/AudioTrack(26715): set() streamType -1, sampleRate 48000, format 0x1, channelMask 0x3, frameCount 3844, flags #0, notificationFrames 0, sessionId 0, transferType 3, uid -1, pid -1 cbf 1
07-27 11:21:57.712 D/AudioTrack(26715): gATLogLevel = 0
07-27 11:21:57.713 D/AudioPolicyManagerCustom( 1196): Force Direct Flag .. old flags(0x0)
07-27 11:21:57.713 D/AudioPolicyManagerCustom( 1196): deep buffer already active
07-27 11:21:57.713 D/mmscene ( 1196): getHint applicationScene=com.yishouapp.fumi,idx=3 none
07-27 11:21:57.713 D/voice_scence_discern( 1196): add name:sample_rate, value:48000
07-27 11:21:57.713 V/voice_scence_discern( 1196): add name:sample_rate value:48000 list:0xe8a53410
07-27 11:21:57.713 D/voice_scence_discern( 1196): add name:channels, value:2
07-27 11:21:57.713 V/voice_scence_discern( 1196): add name:channels value:2 list:0xe8a53410
07-27 11:21:57.714 D/voice_scence_discern( 1196): get scence process pid:26715, name:com.yishouapp.fumi
07-27 11:21:57.714 V/voice_scence_discern( 1196): this process not in init apk. apk_list:0xebed4760
07-27 11:21:57.714 I/AudioFlinger( 1196): openOutput() this 0xe9d9f000, module 10 Device 2, SamplingRate 48000, Format 0x000001, Channels 3, flags 1
07-27 11:21:57.714 D/audio_hw_primary( 711): adev_open_output_stream: enter: format(0x1) sample_rate(48000) channel_mask(0x3) devices(0x2) flags(0x1) stream_handle(0xee3ef000)
07-27 11:21:57.715 I/audio_hw_utils( 711): PCM offload Fragment size to 7680 bytes
07-27 11:21:57.715 D/audio_hw_primary( 711): adev_open_output_stream: Stream (0xee3ef000) picks up usecase (compress-offload-playback2)
07-27 11:21:57.716 I/AudioFlinger( 1196): HAL output buffer size 1920 frames, normal sink buffer size 1920 frames
07-27 11:21:57.717 D/audio_hw_utils( 711): audio_extn_utils_compress_get_dsp_latency:: Using Fix DSP delay
07-27 11:21:57.717 D/audio_hw_utils( 711): audio_extn_utils_compress_get_dsp_latency:: delay in ms is 50
07-27 11:21:57.717 I/AudioFlinger( 1196): AudioFlinger's thread 0xe7ea0000 tid=27228 ready to run
07-27 11:21:57.718 D/audio_hw_utils( 711): audio_extn_utils_compress_get_dsp_latency:: Using Fix DSP delay
07-27 11:21:57.718 D/audio_hw_utils( 711): audio_extn_utils_compress_get_dsp_latency:: delay in ms is 50
07-27 11:21:57.723 W/TXCVideoDecoder(26715): play:decode: push first i frame
07-27 11:21:57.725 D/audio_hw_primary( 711): out_standby: enter: stream (0xee3ef000) usecase(4: compress-offload-playback2)
07-27 11:21:57.725 D/audio_hw_primary( 711): out_standby: exit
07-27 11:21:57.726 W/TXCVideoDecoder(26715): play:decode: start decode thread
07-27 11:21:57.728 D/AudioTrack(26715): createTrack_l() output 181 afLatency 50
07-27 11:21:57.728 D/audio_hw_utils( 711): audio_extn_utils_compress_get_dsp_latency:: Using Fix DSP delay
07-27 11:21:57.728 D/audio_hw_utils( 711): audio_extn_utils_compress_get_dsp_latency:: delay in ms is 50
07-27 11:21:57.729 D/AudioFlinger( 1196): game noise value (null) sampleRate 48000
07-27 11:21:57.731 D/AudioTrack(26715): Client defaulted notificationFrames to 1922 for frameCount 3844
07-27 11:21:57.735 W/AudioTrack(26715): Use of stream types is deprecated for operations other than volume control
07-27 11:21:57.735 W/AudioTrack(26715): See the documentation of AudioTrack() for what to use instead with android.media.AudioAttributes to qualify your playback use case
07-27 11:21:57.735 I/AudioCenter:d(26715): create audio track, samplerate:48000, channels:2, bits:16
07-27 11:21:57.736 D/AudioTrack(26715): start() output 181 stream 3 session 633 state 1
07-27 11:21:57.736 V/MediaRouterService( 1699): restoreBluetoothA2dp(false)
07-27 11:21:57.736 D/AudioPolicyManagerCustom( 1196): setForceUse() usage 1, config 10, mPhoneState 0
07-27 11:21:57.738 W/TXCVideoDecoder(26715): play:decode: start decode hwdec: false, hevc: false
07-27 11:21:57.741 D/jni_imsdk(26715): [19-07-27 11:21:57.741][INFO][][MSF.C.TIMGroupManager]JoinGroup|3-Callback|Succ|code=0
07-27 11:21:57.741 W//system/bin/hw/android.hidl.allocator@1.0-service( 710): ashmem_create_region(7680) returning hidl_memory(0x75cda2c520, 7680)
07-27 11:21:57.742 D/xx ( 2513): setInputState isInput=false isPre=false
07-27 11:21:57.742 D/xx ( 2513): updateKeyboardKeys mComposer.update ComposingText()=
07-27 11:21:57.743 D/QALSDKManager(26715): sendmsg:userid_1898141:group_open_svc.get_group_info:0
07-27 11:21:57.743 D/jni_imsdk(26715): [19-07-27 11:21:57.743][DEBUG][sso_task.cc:42][run][IMCore]sso send cmd:group_open_svc.get_group_info|req:08082a1c0a0e4054475323615351425944374651120a10001800280030004200
07-27 11:21:57.743 D/jni_imsdk(26715): [19-07-27 11:21:57.743][DEBUG][][imcore_jni]request user: userid_1898141|cmd:group_open_svc.get_group_info
07-27 11:21:57.743 D/jni_imsdk(26715): [19-07-27 11:21:57.743][DEBUG][][imsdk.IMMsfCoreProxy]request user: userid_1898141|cmd:group_open_svc.get_group_info|req
07-27 11:21:57.743 D/jni_imsdk(26715): [19-07-27 11:21:57.743][EVENT][][IMMsgSender]sendmsg cb: com.tencent.imsdk.ac@5b08af
07-27 11:21:57.743 D/MsfServiceSdk(26715): sdk sendMsg. ssoCmd:group_open_svc.get_group_info msfCmd:unknown appSeq:1172
07-27 11:21:57.743 D/MSF.D.RemoteServiceProxy(26715): waiteSendSeqSet put:144115213350774102group_open_svc.get_group_info :-1:1172
07-27 11:21:57.743 D/MsfServiceProxy(26715): send req to msfService:ToServiceMsg msName:unknown ssoSeq:-1 appId:537050853 appSeq:1172 sName:com.tencent.qalsdk.service.QalService uin:144115213350774102 sCmd:group_open_svc.get_group_info t:10000 needResp:truehttpReq:false
07-27 11:21:57.744 D/APM_AudioPolicyManager( 1196): startOutput() output 181, stream 3, session 633
07-27 11:21:57.744 D/AudioPolicyManagerCustom( 1196): startSource output 181 first active
07-27 11:21:57.744 W/AudioFlinger( 1196): moveEffectChain_l() effect chain for session 0 not on source thread 0xe9283100
07-27 11:21:57.744 D/APM_AudioPolicyManager( 1196): setOutputDevice() output 181 device 0002 force 1 delayMs 0
07-27 11:21:57.745 D/QalService(23909): service rcvmsg. ssoCmd:group_open_svc.get_group_info msfCmd:unknown appSeq:1172
07-27 11:21:57.745 D/audio_hw_primary( 711): out_set_parameters: enter: usecase(4: compress-offload-playback2) kvpairs: routing=2
07-27 11:21:57.745 D/MSF.C.NetConnTag(23909): ping pkg sent, buffer size: 21
07-27 11:21:57.745 D/audio_hw_utils( 711): audio_extn_utils_compress_get_dsp_latency:: Using Fix DSP delay
07-27 11:21:57.745 D/audio_hw_utils( 711): audio_extn_utils_compress_get_dsp_latency:: delay in ms is 50
07-27 11:21:57.747 D/MSF.C.NetConnTag(23909): add ToServiceMsg msName:qal_Hello ssoSeq:45793 appId:537050853 appSeq:-1 sName: uin:0 sCmd:MSF t:10000 needResp:truehttpReq:false to send
07-27 11:21:57.748 D/LocalSocketClient( 1196): sendMessage info 1:633,3 info length 7
07-27 11:21:57.748 D/LocalSocketClient( 1196): sendMessage end
07-27 11:21:57.748 D/AudioFlinger( 1196): Notify dirac service when music track add
07-27 11:21:57.749 D/LocalSocketServer( 1699): new client coming !
07-27 11:21:57.749 D/LocalSocketServer( 1699): wait for new client coming !
07-27 11:21:57.749 D/audio_hw_primary( 711): copl(0xee3ef000):calling compress flush
07-27 11:21:57.749 W/audio_hw_primary( 711): out_flush called in invalid state 0
07-27 11:21:57.749 D/audio_hw_primary( 711): copl(0xee3ef000):out of compress flush
07-27 11:21:57.749 D/AudioManager(26715): setMode mode=0 from com.yishouapp.fumi
07-27 11:21:57.749 D/LocalSocketServer( 1699): readBytes = 7
07-27 11:21:57.749 D/LocalSocketServer( 1699): ClientSocket read info = 1:633,3
07-27 11:21:57.749 D/AudioFlinger( 1196): socketSendString +++
07-27 11:21:57.749 I/AudioService( 1699): setMode(mode = 0, callingPackage = com.yishouapp.fumi, Process ID: 26715
07-27 11:21:57.749 D/AudioService( 1699): +notifyMultimediaServiceModesUpdate onlyRead :true
07-27 11:21:57.749 D/AudioService( 1699): modekey = allmodes=
07-27 11:21:57.750 D/AudioService( 1699): -notifyMultimediaServiceModesUpdate
07-27 11:21:57.750 D/DiracDetectSceneService( 3517): +new tast
07-27 11:21:57.750 D/DiracDetectSceneService( 3517): -new tast
07-27 11:21:57.750 D/DiracDetectSceneService( 3517): Task.run, effectenable = true
07-27 11:21:57.752 D/AudioFlinger( 1196): getActiveAudioPids pids = :26715
07-27 11:21:57.752 D/DiracDetectSceneService( 3517): checkAndSetDirac : activeAudioPids = :26715
07-27 11:21:57.752 D/DiracDetectSceneService( 3517): +activePidList = [26715]
07-27 11:21:57.752 D/AudioFlinger( 1196): socketSendString ---
07-27 11:21:57.753 D/APM_AudioPolicyManager( 1196): setStreamVolumeIndex() stream 3, device 00000002, index 1
07-27 11:21:57.753 D/APM_AudioPolicyManager( 1196): setStreamVolumeIndex() stream 10, device 00000002, index 1
07-27 11:21:57.753 D/APM_AudioPolicyManager( 1196): setStreamVolumeIndex() stream 9, device 00000002, index 1
07-27 11:21:57.754 D/DiracDetectSceneService( 3517): +activeAudioAppList = [com.yishouapp.fumi]
07-27 11:21:57.754 D/DiracDetectSceneService( 3517): isInMusicAppList appName:com.yishouapp.fumi
07-27 11:21:57.754 D/DiracDetectSceneService( 3517): isInVideoAppList appName:com.yishouapp.fumi
07-27 11:21:57.754 D/DiracDetectSceneService( 3517): isInGameAppList appName:com.yishouapp.fumi
07-27 11:21:57.754 D/OppoDiracService( 3517): commonDiracToast str = this app not in list, Service Close Dirac
07-27 11:21:57.754 D/DiracDetectSceneService( 3517): this case is not in app list
07-27 11:21:57.754 D/OppoDiracService( 3517): setDiracEffectInternal ++++ enable = false mode = NONE mSceneMode:MUSIC
07-27 11:21:57.754 D/OppoDiracService( 3517): isHeadsetOn mWiredHeadsetOn:false mA2dpConnected:false
07-27 11:21:57.754 D/OppoDiracService( 3517): isHeadsetOn mWiredHeadsetOn:false mA2dpConnected:false
07-27 11:21:57.754 D/OppoDiracService( 3517): setDiracEffectInternal --- Dirac internal already disabled
07-27 11:21:57.757 I/MSF.C.NetConnTag(23909): netSend ssoSeq:45793 appSeq:-1 uin:0 cmd:MSF 45814
07-27 11:21:57.758 I/Choreographer(26715): Skipped 2 frames! The application may be doing too much work on its main thread.
07-27 11:21:57.758 D/paramsStr(26715): room_id=3598&_abtest=1&plat_type=Android&version_code=430&t_t=1564197717&version=27&token=c73cd61253f12578927e4cd14e8e4f75&uid=1898141&version_name=4.3.0&im_user_id=userid_1898141&model=PBEM00&udid=7ad5a76f-5add-4b35-8191-13d25815b6ef_ys&is_login=1
07-27 11:21:57.759 D/QALSDKManager(26715): sendmsg:userid_1898141:group_open_svc.get_group_info:0
07-27 11:21:57.759 D/jni_imsdk(26715): [19-07-27 11:21:57.759][DEBUG][qr_task.cc:62][AddEvent][IMCore]add event: eventId=9, code=0, desc=, start=1564197717658, end=1564197717758
07-27 11:21:57.759 D/jni_imsdk(26715): [19-07-27 11:21:57.759][DEBUG][sso_task.cc:42][run][IMCore]sso send cmd:group_open_svc.get_group_info|req:0801125e0a0e4054475323615351425944374651124c1a002001280130013801400148015001580160016a0072007a008001008a0100a001009203140a0f556e5365617263686162696c69747912013092030f0a0a5669736962696c697479120130
07-27 11:21:57.759 D/jni_imsdk(26715): [19-07-27 11:21:57.759][DEBUG][][imcore_jni]request user: userid_1898141|cmd:group_open_svc.get_group_info
07-27 11:21:57.759 D/jni_imsdk(26715): [19-07-27 11:21:57.759][DEBUG][][imsdk.IMMsfCoreProxy]request user: userid_1898141|cmd:group_open_svc.get_group_info|req
07-27 11:21:57.759 D/jni_imsdk(26715): [19-07-27 11:21:57.759][EVENT][][IMMsgSender]sendmsg cb: com.tencent.imsdk.ac@929ec45
07-27 11:21:57.759 D/MsfServiceSdk(26715): sdk sendMsg. ssoCmd:group_open_svc.get_group_info msfCmd:unknown appSeq:1173
07-27 11:21:57.759 D/MSF.D.RemoteServiceProxy(26715): waiteSendSeqSet put:144115213350774102group_open_svc.get_group_info :-1:1173
07-27 11:21:57.760 D/MsfServiceProxy(26715): send req to msfService:ToServiceMsg msName:unknown ssoSeq:-1 appId:537050853 appSeq:1173 sName:com.tencent.qalsdk.service.QalService uin:144115213350774102 sCmd:group_open_svc.get_group_info t:10000 needResp:truehttpReq:false
07-27 11:21:57.760 W/TXCVideoRender(26715): play:vrender: texture available @android.graphics.SurfaceTexture@f34cf9a
07-27 11:21:57.760 I/MSF.C.NetConnTag(23909): netSend ssoSeq:45792 appSeq:1172 uin:*4102 cmd:group_open_svc.get_group_info 46140
07-27 11:21:57.761 W/TXCTextureViewWrapper(26715): vrender: set view size:1080,2340
07-27 11:21:57.762 D/QalService(23909): service rcvmsg. ssoCmd:group_open_svc.get_group_info msfCmd:unknown appSeq:1173
07-27 11:21:57.763 W/TXCVideoRender(26715): play:vrender: start render thread
07-27 11:21:57.764 I/AudioManager(26715): In setSpeakerphoneOn(), on: true, calling application: com.yishouapp.fumi
07-27 11:21:57.764 D/AudioManager(26715): setSpeakerphoneOn on=true from com.yishouapp.fumi
07-27 11:21:57.765 I/MSF.C.NetConnTag(23909): netSend ssoSeq:45794 appSeq:1173 uin:*4102 cmd:group_open_svc.get_group_info 46206
07-27 11:21:57.765 D/APM_AudioPolicyManager( 1196): setStreamVolumeIndex() stream 8, device 00000002, index 0
07-27 11:21:57.765 D/APM_AudioPolicyManager( 1196): setStreamVolumeIndex() stream 8, device 40000000, index 0
07-27 11:21:57.765 D/APM_AudioPolicyManager( 1196): setStreamVolumeIndex() stream 10, device 00000002, index 1
07-27 11:21:57.765 D/APM_AudioPolicyManager( 1196): setStreamVolumeIndex() stream 10, device 40000000, index 9
07-27 11:21:57.767 D/AudioManager(26715): setSpeakerphoneOn keys: get_speaker_authority=com.yishouapp.fumi, mAuthoriyStr = true
07-27 11:21:57.768 I/AudioService( 1699): In setSpeakerphoneOn(), on: true, eventSource: setSpeakerphoneOn(true) from u/pid:10231/26715
07-27 11:21:57.768 I/AudioService( 1699): In setSpeakerphoneOn(), mForcedUseForCommExt: 1
07-27 11:21:57.769 D/AudioPolicyManagerCustom( 1196): setForceUse() usage 0, config 1, mPhoneState 0
07-27 11:21:57.769 I/TXCAudioConfig(26715): AudioCenter setAudioMode to speaker
07-27 11:21:57.769 D/Unknow (26715): [txg_jni_util.cpp, getEnv, 173]:JniHelper::getEnv() env == null ptr
07-27 11:21:57.769 D/Unknow (26715): [txg_jni_util.cpp, cacheEnv, 301]:Success cacheEnv JNI_OK
07-27 11:21:57.770 E/AudioCenter:TXCAudioBasePlayController(26715): onPlayJitterStateNotify cur state 3
07-27 11:21:57.770 I/TXCRenderAndDec(26715): TXCRenderAndDec notifyEvent: mUserID 0
07-27 11:21:57.770 W/TXCVideoRenderThread(26715): vrender: init egl @context=com.google.android.gles_jni.EGLContextImpl@c9a2efcf,surface=com.google.android.gles_jni.EGLSurfaceImpl@e729c4ef
07-27 11:21:57.772 W/TXCTextureViewWrapper(26715): vrender: set view size:1080,2340
07-27 11:21:57.772 W/TXCTextureViewWrapper(26715): vrender: set video size:720,1280
07-27 11:21:57.776 D/MSF.C.NetConnTag(23909): ping pkg ack received
07-27 11:21:57.777 I/MSF.C.NetConnTag(23909): netRecv ssoSeq:45793 uin: cmd:MSF 45814
07-27 11:21:57.779 E/TXCVideoDecoder(26715): play:decode: start decoder error when decoder is started
07-27 11:21:57.784 I/MSF.C.NetConnTag(23909): netRecv ssoSeq:45792 uin:*4102 cmd:group_open_svc.get_group_info 45952
07-27 11:21:57.786 D/MSF.C.MsfCore(23909): service recv msg . ssoCmd:group_open_svc.get_group_info ssoSeq:45792
07-27 11:21:57.787 I/MSF.C.NetConnTag(23909): netRecv ssoSeq:45794 uin:*4102 cmd:group_open_svc.get_group_info 46226
07-27 11:21:57.787 D/jni_imsdk(26715): [19-07-27 11:21:57.787][EVENT][msg_manager.cc:1261][operator()][IMCore]getmsgs from cache: 4| from store: 16
07-27 11:21:57.787 D/jni_imsdk(26715): [19-07-27 11:21:57.787][DEBUG][msg_cache.cc:213][AddMsg][IMCore]insert into grp_msg: client_time=1564197602, server_time=1564197602, seq=4430, rand=3737515750
07-27 11:21:57.788 D/jni_imsdk(26715): [19-07-27 11:21:57.787][DEBUG][msg_cache.cc:213][AddMsg][IMCore]insert into grp_msg: client_time=1564197601, server_time=1564197601, seq=4429, rand=3737199564
07-27 11:21:57.788 D/jni_imsdk(26715): [19-07-27 11:21:57.788][DEBUG][msg_cache.cc:213][AddMsg][IMCore]insert into grp_msg: client_time=1564197600, server_time=1564197600, seq=4427, rand=3736939136
07-27 11:21:57.788 D/jni_imsdk(26715): [19-07-27 11:21:57.788][DEBUG][msg_cache.cc:213][AddMsg][IMCore]insert into grp_msg: client_time=1564197599, server_time=1564197599, seq=4426, rand=3736727052
07-27 11:21:57.788 D/jni_imsdk(26715): [19-07-27 11:21:57.788][DEBUG][msg_cache.cc:213][AddMsg][IMCore]insert into grp_msg: client_time=1564197597, server_time=1564197597, seq=4424, rand=3736415982
07-27 11:21:57.788 D/jni_imsdk(26715): [19-07-27 11:21:57.788][DEBUG][msg_cache.cc:213][AddMsg][IMCore]insert into grp_msg: client_time=1564197597, server_time=1564197597, seq=4422, rand=3736161169
07-27 11:21:57.788 D/jni_imsdk(26715): [19-07-27 11:21:57.788][DEBUG][msg_cache.cc:213][AddMsg][IMCore]insert into grp_msg: client_time=1564197596, server_time=1564197596, seq=4420, rand=3735886355
07-27 11:21:57.788 D/jni_imsdk(26715): [19-07-27 11:21:57.788][DEBUG][msg_cache.cc:213][AddMsg][IMCore]insert into grp_msg: client_time=1564197595, server_time=1564197595, seq=4419, rand=3735628077
07-27 11:21:57.788 D/jni_imsdk(26715): [19-07-27 11:21:57.788][DEBUG][msg_cache.cc:213][AddMsg][IMCore]insert into grp_msg: client_time=1564197594, server_time=1564197594, seq=4418, rand=3735394086
07-27 11:21:57.788 D/jni_imsdk(26715): [19-07-27 11:21:57.788][DEBUG][msg_cache.cc:213][AddMsg][IMCore]insert into grp_msg: client_time=1564197593, server_time=1564197593, seq=4417, rand=3735127246
07-27 11:21:57.788 D/MSF.S.RespHandler(23909): service getMsfMessagePairs resp:group_open_svc.get_group_info:45792:1172
07-27 11:21:57.788 D/jni_imsdk(26715): [19-07-27 11:21:57.788][DEBUG][msg_cache.cc:213][AddMsg][IMCore]insert into grp_msg: client_time=1564197590, server_time=1564197590, seq=4416, rand=3734629318
07-27 11:21:57.788 D/jni_imsdk(26715): [19-07-27 11:21:57.788][DEBUG][msg_cache.cc:213][AddMsg][IMCore]insert into grp_msg: client_time=1564197590, server_time=1564197590, seq=4415, rand=3734832996
07-27 11:21:57.788 D/jni_imsdk(26715): [19-07-27 11:21:57.788][DEBUG][msg_cache.cc:213][AddMsg][IMCore]insert into grp_msg: client_time=1564197590, server_time=1564197590, seq=4414, rand=3734366714
07-27 11:21:57.788 D/jni_imsdk(26715): [19-07-27 11:21:57.788][DEBUG][msg_cache.cc:213][AddMsg][IMCore]insert into grp_msg: client_time=1564197589, server_time=1564197589, seq=4413, rand=3734064784
07-27 11:21:57.788 D/jni_imsdk(26715): [19-07-27 11:21:57.788][DEBUG][msg_cache.cc:213][AddMsg][IMCore]insert into grp_msg: client_time=1564197267, server_time=1564197267, seq=4017, rand=3649698608
07-27 11:21:57.788 D/jni_imsdk(26715): [19-07-27 11:21:57.788][DEBUG][msg_cache.cc:213][AddMsg][IMCore]insert into grp_msg: client_time=1564197266, server_time=1564197266, seq=4016, rand=3649410555
07-27 11:21:57.788 D/jni_imsdk(26715): [19-07-27 11:21:57.788][INFO][msg_manager.cc:1281][operator()][IMCore]get msg|sid: @TGS#aSQBYD7FQ|sender: userid_ys156419427092|seq: 4556|rand: 3765817421|time: 1564197715|status: 2
07-27 11:21:57.788 D/jni_imsdk(26715): [19-07-27 11:21:57.788][INFO][msg_manager.cc:1281][operator()][IMCore]get msg|sid: @TGS#aSQBYD7FQ|sender: userid_ys156419427092|seq: 4555|rand: 3765521269|time: 1564197714|status: 2
07-27 11:21:57.788 D/jni_imsdk(26715): [19-07-27 11:21:57.788][INFO][msg_manager.cc:1281][operator()][IMCore]get msg|sid: @TGS#aSQBYD7FQ|sender: userid_ys156419427092|seq: 4553|rand: 3765242889|time: 1564197712|status: 2
07-27 11:21:57.788 D/jni_imsdk(26715): [19-07-27 11:21:57.788][INFO][msg_manager.cc:1281][operator()][IMCore]get msg|sid: @TGS#aSQBYD7FQ|sender: userid_ys156419427092|seq: 4552|rand: 3765005380|time: 1564197712|status: 2
07-27 11:21:57.788 D/MSF.S.AppProcessManager(23909): service add queue last:1564197717788|group_open_svc.get_group_info|45792
07-27 11:21:57.788 D/jni_imsdk(26715): [19-07-27 11:21:57.788][INFO][msg_manager.cc:1281][operator()][IMCore]get msg|sid: @TGS#aSQBYD7FQ|sender: userid_ys156419427092|seq: 4430|rand: 3737515750|time: 1564197602|status: 2
07-27 11:21:57.788 D/jni_imsdk(26715): [19-07-27 11:21:57.788][INFO][msg_manager.cc:1281][operator()][IMCore]get msg|sid: @TGS#aSQBYD7FQ|sender: userid_ys156419427092|seq: 4429|rand: 3737199564|time: 1564197601|status: 2
07-27 11:21:57.788 D/jni_imsdk(26715): [19-07-27 11:21:57.788][INFO][msg_manager.cc:1281][operator()][IMCore]get msg|sid: @TGS#aSQBYD7FQ|sender: userid_ys156419427092|seq: 4427|rand: 3736939136|time: 1564197600|status: 2
07-27 11:21:57.788 D/jni_imsdk(26715): [19-07-27 11:21:57.788][INFO][msg_manager.cc:1281][operator()][IMCore]get msg|sid: @TGS#aSQBYD7FQ|sender: userid_ys156419427092|seq: 4426|rand: 3736727052|time: 1564197599|status: 2
07-27 11:21:57.788 D/jni_imsdk(26715): [19-07-27 11:21:57.788][INFO][msg_manager.cc:1281][operator()][IMCore]get msg|sid: @TGS#aSQBYD7FQ|sender: userid_ys156419427092|seq: 4424|rand: 3736415982|time: 1564197597|status: 2
07-27 11:21:57.788 D/jni_imsdk(26715): [19-07-27 11:21:57.788][INFO][msg_manager.cc:1281][operator()][IMCore]get msg|sid: @TGS#aSQBYD7FQ|sender: userid_ys156419427092|seq: 4422|rand: 3736161169|time: 1564197597|status: 2
07-27 11:21:57.788 D/jni_imsdk(26715): [19-07-27 11:21:57.788][INFO][msg_manager.cc:1281][operator()][IMCore]get msg|sid: @TGS#aSQBYD7FQ|sender: userid_ys156419427092|seq: 4420|rand: 3735886355|time: 1564197596|status: 2
07-27 11:21:57.788 D/jni_imsdk(26715): [19-07-27 11:21:57.788][INFO][msg_manager.cc:1281][operator()][IMCore]get msg|sid: @TGS#aSQBYD7FQ|sender: userid_ys156419427092|seq: 4419|rand: 3735628077|time: 1564197595|status: 2
07-27 11:21:57.788 D/jni_imsdk(26715): [19-07-27 11:21:57.788][INFO][msg_manager.cc:1281][operator()][IMCore]get msg|sid: @TGS#aSQBYD7FQ|sender: userid_ys156419427092|seq: 4418|rand: 3735394086|time: 1564197594|status: 2
07-27 11:21:57.788 D/jni_imsdk(26715): [19-07-27 11:21:57.788][INFO][msg_manager.cc:1281][operator()][IMCore]get msg|sid: @TGS#aSQBYD7FQ|sender: userid_ys156419427092|seq: 4417|rand: 3735127246|time: 1564197593|status: 2
07-27 11:21:57.788 D/jni_imsdk(26715): [19-07-27 11:21:57.788][INFO][msg_manager.cc:1281][operator()][IMCore]get msg|sid: @TGS#aSQBYD7FQ|sender: userid_ys156419427092|seq: 4416|rand: 3734629318|time: 1564197590|status: 2
07-27 11:21:57.788 D/jni_imsdk(26715): [19-07-27 11:21:57.788][INFO][msg_manager.cc:1281][operator()][IMCore]get msg|sid: @TGS#aSQBYD7FQ|sender: userid_ys156419427092|seq: 4415|rand: 3734832996|time: 1564197590|status: 2
07-27 11:21:57.788 D/jni_imsdk(26715): [19-07-27 11:21:57.788][INFO][msg_manager.cc:1281][operator()][IMCore]get msg|sid: @TGS#aSQBYD7FQ|sender: userid_ys156419427092|seq: 4414|rand: 3734366714|time: 1564197590|status: 2
07-27 11:21:57.788 D/jni_imsdk(26715): [19-07-27 11:21:57.788][INFO][msg_manager.cc:1281][operator()][IMCore]get msg|sid: @TGS#aSQBYD7FQ|sender: userid_ys156419427092|seq: 4413|rand: 3734064784|time: 1564197589|status: 2
07-27 11:21:57.788 D/jni_imsdk(26715): [19-07-27 11:21:57.788][INFO][msg_manager.cc:1281][operator()][IMCore]get msg|sid: @TGS#aSQBYD7FQ|sender: userid_ys156419427092|seq: 4017|rand: 3649698608|time: 1564197267|status: 2
07-27 11:21:57.788 D/jni_imsdk(26715): [19-07-27 11:21:57.788][INFO][msg_manager.cc:1281][operator()][IMCore]get msg|sid: @TGS#aSQBYD7FQ|sender: userid_ys156419427092|seq: 4016|rand: 3649410555|time: 1564197266|status: 2
07-27 11:21:57.790 I/MSF.S.AppProcessManager(23909): service send resp :com.yishouapp.fumi| from:144115213350774102|group_open_svc.get_group_info|45792|1172
07-27 11:21:57.791 E/audio_hw_primary( 711): out_set_volume: compress mute 0
07-27 11:21:57.792 E/audio_hw_primary( 711): out_set_compr_volume:ctl for mixer cmd - Compress Playback 15 Volume, left 0.003981, right 0.003981
07-27 11:21:57.792 D/MSF.C.MsfCore(23909): service recv msg . ssoCmd:group_open_svc.get_group_info ssoSeq:45794
07-27 11:21:57.793 D/MSF.S.RespHandler(23909): service getMsfMessagePairs resp:group_open_svc.get_group_info:45794:1173
07-27 11:21:57.793 D/MSF.S.AppProcessManager(23909): service add queue last:1564197717793|group_open_svc.get_group_info|45794
07-27 11:21:57.793 I/MSF.C.NetConnTag(23909): netRecv ssoSeq:-2014593059 uin:*4102 cmd:im_open_push.msg_push -2014592707
07-27 11:21:57.794 D/MsfServiceProxy(26715): msfProxy onReceiveResp:144115213350774102:group_open_svc.get_group_info :45792:1172
07-27 11:21:57.794 D/MsfServiceProxy(26715): waiteSendSeqSet receiveResp remove:144115213350774102:group_open_svc.get_group_info :45792:1172
07-27 11:21:57.794 D/MsfServiceProxy(26715): onReceiveResp SsoCmd:group_open_svc.get_group_info ssoSeq:45792
07-27 11:21:57.794 D/MsfServiceProxy(26715): sdk add queue req:ToServiceMsg msName:unknown ssoSeq:45792 appId:537050853 appSeq:1172 sName:com.tencent.qalsdk.service.QalService uin:144115213350774102 sCmd:group_open_svc.get_group_info t:10000 needResp:truehttpReq:false from:FromServiceMsg msName:unknown ssoSeq:45792 failCode:1000 errorMsg: uin:144115213350774102 serviceCmd:group_open_svc.get_group_info appId:537050853 appSeq:1172
07-27 11:21:57.794 D/MsfServiceSub(26715): serviceSub add last:1564197717794|group_open_svc.get_group_info|45792
07-27 11:21:57.795 I/CoreWrapper(26715): [CoreWrapper handleRespMsg] recv resp msg:1564197717794|group_open_svc.get_group_info|45792|1172
07-27 11:21:57.796 D/jni_imsdk(26715): [19-07-27 11:21:57.795][DEBUG][][CoreWrapper][CoreWrapper handleRespMsg] recv resp msg:1564197717794|group_open_svc.get_group_info|45792|1172
07-27 11:21:57.796 I/MSF.S.AppProcessManager(23909): service send resp :com.yishouapp.fumi| from:144115213350774102|group_open_svc.get_group_info|45794|1173
07-27 11:21:57.796 D/jni_imsdk(26715): [19-07-27 11:21:57.796][DEBUG][][imsdk.IMMsfCoreProxy]request user: userid_1898141|cmd:group_open_svc.get_group_info|rsp
07-27 11:21:57.796 D/jni_imsdk(26715): [19-07-27 11:21:57.796][DEBUG][sso_task.cc:51][operator()][IMCore]sso recv cmd:group_open_svc.get_group_info|rsp:0a06080012026f6b100832290a0e4054475323615351425944374651121708d6ca8294de8080800210e585efe905180228c8013000
07-27 11:21:57.797 D/audio_hw_primary( 711): start_output_stream: enter: stream(0xee3ef000)usecase(4: compress-offload-playback2) devices(0x2)
07-27 11:21:57.797 D/audio_hw_primary( 711): start_output_stream: out->scence:0
07-27 11:21:57.798 E/ANDR-PERF-MPCTL( 736): Invalid profile no. 0, total profiles 0 only
07-27 11:21:57.798 D/MSF.C.MsfCore(23909): service recv msg . ssoCmd:im_open_push.msg_push ssoSeq:-2014593059
07-27 11:21:57.799 D/MsfServiceProxy(26715): msfProxy onReceiveResp:144115213350774102:group_open_svc.get_group_info :45794:1173
07-27 11:21:57.799 D/MsfServiceProxy(26715): waiteSendSeqSet receiveResp remove:144115213350774102:group_open_svc.get_group_info :45794:1173
07-27 11:21:57.799 D/MsfServiceProxy(26715): onReceiveResp SsoCmd:group_open_svc.get_group_info ssoSeq:45794
07-27 11:21:57.799 D/MsfServiceProxy(26715): sdk add queue req:ToServiceMsg msName:unknown ssoSeq:45794 appId:537050853 appSeq:1173 sName:com.tencent.qalsdk.service.QalService uin:144115213350774102 sCmd:group_open_svc.get_group_info t:10000 needResp:truehttpReq:false from:FromServiceMsg msName:unknown ssoSeq:45794 failCode:1000 errorMsg: uin:144115213350774102 serviceCmd:group_open_svc.get_group_info appId:537050853 appSeq:1173
07-27 11:21:57.799 D/MsfServiceSub(26715): serviceSub add last:1564197717799|group_open_svc.get_group_info|45794
07-27 11:21:57.799 D/audio_hw_primary( 711): select_devices for use case (compress-offload-playback2)
07-27 11:21:57.799 D/msm8974_platform( 711): platform_get_output_snd_device: enter: output devices(0x2), mode=0
07-27 11:21:57.799 D/OPPO_AUDIO_SCENCE( 711): handle:181, scence:0, out->usecase:4
07-27 11:21:57.799 D/OPPO_AUDIO_SCENCE( 711): get_output_snd_device_common: is_tmgp_foreground 1
07-27 11:21:57.799 D/OPPO_AUDIO_SCENCE( 711): get_output_snd_device_common: is_dirac_game_foreground 0
07-27 11:21:57.799 D/audio_hw_primary( 711): select_devices: out_snd_device(2: speaker) in_snd_device(0: )
07-27 11:21:57.799 I/msm8974_platform( 711): platform_check_and_set_codec_backend_cfg:becf: afe: bitwidth 16, samplerate 48000 channels 2, backend_idx 0 usecase = 4 device (speaker)
07-27 11:21:57.799 D/msm8974_platform( 711): platform_split_snd_device: snd_device(2) num devices(1) new_snd_devices(0)
07-27 11:21:57.799 I/msm8974_platform( 711): platform_check_and_set_codec_backend_cfg: new_snd_devices[0] is 2
07-27 11:21:57.799 I/msm8974_platform( 711): platform_check_codec_backend_cfg:becf: afe: bitwidth 16, samplerate 48000 channels 2, backend_idx 0 usecase = 4 device (speaker)
07-27 11:21:57.799 D/msm8974_platform( 711): platform_check_codec_backend_cfg:napb: (0) - (deep-buffer-playback)id (0) sr 48000 bw (16) ch (2) device speaker
07-27 11:21:57.799 D/msm8974_platform( 711): platform_check_codec_backend_cfg:becf: afe: playback on codec device not supporting native playback set default Sample Rate(48k)
07-27 11:21:57.799 I/msm8974_platform( 711): platform_check_codec_backend_cfg:becf: afe: Codec selected backend: 0 updated bit width: 16 and sample rate: 48000
07-27 11:21:57.799 D/audio_hw_primary( 711): check_usecases_codec_backend:becf: force routing 0
07-27 11:21:57.799 D/audio_hw_primary( 711): check_usecases_codec_backend:becf: (63) check_usecases curr device: speaker, usecase device:speaker backends match 1
07-27 11:21:57.799 E/msm8974_platform( 711): platform_check_backends_match: Invalid snd_device =
07-27 11:21:57.799 D/audio_hw_primary( 711): check_usecases_codec_backend:becf: (63) check_usecases curr device: speaker, usecase device: backends match 0
07-27 11:21:57.799 D/audio_hw_primary( 711): check_usecases_codec_backend:becf: check_usecases num.of Usecases to switch 0
07-27 11:21:57.799 D/hardware_info( 711): hw_info_append_hw_type : device_name = speaker
07-27 11:21:57.799 D/knowles_util( 711): +ifSpeakerSetBargein+
07-27 11:21:57.799 D/knowles_util( 711): BARGEIN ifSpeakerSetBargein , snd_device = 2
07-27 11:21:57.799 D/knowles_util( 711): setBargeinStatus = 2 1
07-27 11:21:57.799 D/knowles_st_hal( 711): ### +stdev_set_bargein+ 2 ###
07-27 11:21:57.799 D/knowles_st_hal( 711): stdev_set_bargein pthread_mutex_lock(&stdev->set_bargein_lock);
07-27 11:21:57.800 D/knowles_st_hal( 711): BARGEIN isTimerBargein = 1, isCvq = 0
07-27 11:21:57.800 D/knowles_st_hal( 711): ### -stdev_set_bargein- 1 ###
07-27 11:21:57.800 D/knowles_util( 711): -setBargeinStatus-
07-27 11:21:57.800 D/knowles_util( 711): -ifSpeakerSetBargein-
07-27 11:21:57.800 I/CoreWrapper(26715): [CoreWrapper handleRespMsg] recv resp msg:1564197717799|group_open_svc.get_group_info|45794|1173
07-27 11:21:57.800 D/audio_hw_utils( 711): audio_extn_utils_send_app_type_cfg: usecase->out_snd_device speaker
07-27 11:21:57.800 D/msm8974_platform( 711): platform_split_snd_device: snd_device(2) num devices(0) new_snd_devices(0)
07-27 11:21:57.800 D/audio_hw_utils( 711): audio_extn_btsco_get_sample_rate:Not a BT SCO device, need not update sampling rate
07-27 11:21:57.800 I/audio_hw_utils( 711): send_app_type_cfg_for_device PLAYBACK app_type 69936, acdb_dev_id 15, sample_rate 48000, snd_device_be_idx 45
07-27 11:21:57.800 D/jni_imsdk(26715): [19-07-27 11:21:57.800][DEBUG][][CoreWrapper][CoreWrapper handleRespMsg] recv resp msg:1564197717799|group_open_svc.get_group_info|45794|1173
07-27 11:21:57.800 D/jni_imsdk(26715): [19-07-27 11:21:57.800][DEBUG][][imsdk.IMMsfCoreProxy]request user: userid_1898141|cmd:group_open_svc.get_group_info|rsp
07-27 11:21:57.800 D/jni_imsdk(26715): [19-07-27 11:21:57.800][DEBUG][sso_task.cc:51][operator()][IMCore]sso recv cmd:group_open_svc.get_group_info|rsp:0a06080012026f6b10011aba020ab7020a0e405447532361535142594437465110001a0c44656661756c7447726f757020ffdfeee90528fdb1fcd5da8080800230d72938d586efe90540d02348d586efe90550a883d29b0558a80160e8076acf017b22676f6f645f6964223a223132313539363033222c22676f6f645f70686f746f223a22687474703a5c2f5c2f696d672e796973686f756170702e636f6d5c2f676f6f64735c2f696d675c2f6d6f64656c5c2f323031395c2f375c2f31385c2f66353539313730336234383865366466653739386563313237313039313931362e706e673f696d61676556696577325c2f325c2f775c2f3330305c2f685c2f3330305c2f666f726d61745c2f6a70675c2f715c2f37355c2f222c22676f6f645f7072696365223a2236332e3030227d72007a008001028a010a415643686174526f6f6da00100
07-27 11:21:57.800 D/jni_imsdk(26715): [19-07-27 11:21:57.800][INFO][msg.cc:668][MsgNode][IMCore]new MsgNode: 19701|1291169624|1564197717
07-27 11:21:57.801 D/msm8974_platform( 711): platform_split_snd_device: snd_device(2) num devices(1) new_snd_devices(0)
07-27 11:21:57.801 D/ACDB-LOADER( 711): ACDB -> send_audio_cal, acdb_id = 15, path = 0, app id = 0x11130, sample rate = 48000
07-27 11:21:57.801 D/ACDB-LOADER( 711): ACDB -> send_asm_topology
07-27 11:21:57.801 D/ACDB-LOADER( 711): ACDB -> ACDB_CMD_GET_AUDPROC_STREAM_TOPOLOGY_ID
07-27 11:21:57.801 D/ACDB-LOADER( 711): ACDB -> send_adm_topology
07-27 11:21:57.801 D/ACDB-LOADER( 711): ACDB -> ACDB_CMD_GET_AUDPROC_COMMON_TOPOLOGY_ID
07-27 11:21:57.801 D/ACDB-LOADER( 711): ACDB -> send_audtable
07-27 11:21:57.801 D/ACDB-LOADER( 711): ACDB -> ACDB_CMD_GET_AUDPROC_COMMON_TABLE_SIZE
07-27 11:21:57.801 D/ACDB-LOADER( 711): ACDB -> ACDB_CMD_GET_AUDPROC_COMMON_TABLE
07-27 11:21:57.801 D/ACDB-LOADER( 711): ACDB -> AUDIO_SET_AUDPROC_CAL
07-27 11:21:57.801 D/ACDB-LOADER( 711): ACDB -> send_audvoltable
07-27 11:21:57.801 D/ACDB-LOADER( 711): ACDB -> ACDB_CMD_GET_AUDPROC_VOL_STEP_TABLE_SIZE
07-27 11:21:57.801 D/ACDB-LOADER( 711): ACDB -> ACDB_CMD_GET_AUDPROC_GAIN_DEP_STEP_TABLE, vol index 5
07-27 11:21:57.801 D/ ( 711): Failed to fetch the lookup information of the device 0000000F
07-27 11:21:57.801 E/ACDB-LOADER( 711): Error: ACDB AudProc vol returned = -19
07-27 11:21:57.801 D/ACDB-LOADER( 711): ACDB -> AUDIO_SET_VOL_CAL cal type = 12
07-27 11:21:57.802 D/ACDB-LOADER( 711): ACDB -> ACDB_CMD_GET_AUDPROC_STREAM_TABLE_SIZE
07-27 11:21:57.802 D/ACDB-LOADER( 711): ACDB -> send_audstrmtable
07-27 11:21:57.802 D/ACDB-LOADER( 711): ACDB -> ACDB_CMD_GET_AUDPROC_STREAM_TABLE_V2
07-27 11:21:57.802 D/ACDB-LOADER( 711): ACDB -> audstrm_cal->cal_type.cal_data.cal_size = 488
07-27 11:21:57.802 D/ACDB-LOADER( 711): ACDB -> send_afe_topology
07-27 11:21:57.802 D/ACDB-LOADER( 711): ACDB -> ACDB_CMD_GET_AFE_TOPOLOGY_ID
07-27 11:21:57.802 D/ACDB-LOADER( 711): ACDB -> GET_AFE_TOPOLOGY_ID for adcd_id 15, Topology Id 1001025e
07-27 11:21:57.802 D/ACDB-LOADER( 711): ACDB -> send_afe_cal
07-27 11:21:57.802 D/ACDB-LOADER( 711): ACDB -> ACDB_CMD_GET_AFE_COMMON_TABLE_SIZE
07-27 11:21:57.802 D/ACDB-LOADER( 711): ACDB -> ACDB_CMD_GET_AFE_COMMON_TABLE
07-27 11:21:57.802 D/ACDB-LOADER( 711): ACDB -> AUDIO_SET_AFE_CAL
07-27 11:21:57.802 D/ACDB-LOADER( 711): ACDB -> send_hw_delay : acdb_id = 15 path = 0
07-27 11:21:57.802 D/ACDB-LOADER( 711): ACDB -> ACDB_AVSYNC_INFO: ACDB_CMD_GET_DEVICE_PROPERTY
07-27 11:21:57.802 D/audio_hw_primary( 711): enable_audio_route: apply mixer and update path: compress-offload-playback2 speaker
07-27 11:21:57.802 D/audio_route( 711): Apply path: compress-offload-playback2 speaker
07-27 11:21:57.804 E/msm8974_platform( 711): platform_get_snd_device_acdb_id: Invalid snd_device = 0
07-27 11:21:57.804 D/audio_hw_primary( 711): select_devices: acdb_id_in: -22 acdb_id_out: 15
07-27 11:21:57.804 D/audio_hw_primary( 711): select_devices: done
07-27 11:21:57.804 D/msm8974_platform( 711): platform_set_channel_map mixer_ctl_name:Playback Channel Map15
07-27 11:21:57.804 D/msm8974_platform( 711): platform_set_channel_map: set mapping(1 2 0 0 0 0 0 0) for channel:2
07-27 11:21:57.805 D/MSF.C.PushManager(23909): recv push com.yishouapp.fumi FromServiceMsg msName:onRecvPushMsg ssoSeq:-2014593059 failCode:1000 errorMsg: uin:144115213350774102 serviceCmd:im_open_push.msg_push appId:-1 appSeq:-2014593059
07-27 11:21:57.805 D/MSF.S.AppProcessManager(23909): service add queue last:1564197717805|im_open_push.msg_push|-2014593059
07-27 11:21:57.805 D/audio_hw_primary( 711): audio_enable_asm_bit_width_enforce_mode: DSP bitwidth feature is disabled.
07-27 11:21:57.807 D/MSF.S.AppProcessManager(23909): send push com.yishouapp.fumi from:144115213350774102|im_open_push.msg_push|-2014593059
07-27 11:21:57.809 D/MsfServiceProxy(26715): onRecvPushResp FromServiceMsg msName:onRecvPushMsg ssoSeq:-2014593059 failCode:1000 errorMsg: uin:144115213350774102 serviceCmd:im_open_push.msg_push appId:-1 appSeq:-2014593059
07-27 11:21:57.809 D/MsfServiceProxy(26715): onRecvServicePushResp SsoCmd:im_open_push.msg_push ssoSeq:-2014593059
07-27 11:21:57.813 D/LocalSocketClient( 1196): sendMessage info 2:625,3 info length 7
07-27 11:21:57.813 D/LocalSocketClient( 1196): sendMessage end
07-27 11:21:57.815 D/LocalSocketServer( 1699): new client coming !
07-27 11:21:57.815 D/LocalSocketServer( 1699): wait for new client coming !
07-27 11:21:57.815 D/LocalSocketServer( 1699): readBytes = 7
07-27 11:21:57.815 D/LocalSocketServer( 1699): ClientSocket read info = 2:625,3
07-27 11:21:57.823 D/audio_hw_utils( 711): audio_extn_utils_compress_set_render_mode:: render mode 0
07-27 11:21:57.823 D/audio_hw_utils( 711): audio_extn_utils_compress_set_clk_rec_mode:: clk recovery is only supported in STC render mode
07-27 11:21:57.823 D/knowles_util( 711): +onPlayStartUpdateBaregein+
07-27 11:21:57.823 D/knowles_util( 711): BARGEIN onPlayStartUpdateBaregein : usecase = 4
07-27 11:21:57.823 E/knowles_util( 711): BARGEIN onPlayStartUpdateBaregein = its not touchtone
07-27 11:21:57.823 D/knowles_util( 711): setBargeinStatus = 2 1
07-27 11:21:57.823 D/knowles_st_hal( 711): ### +stdev_set_bargein+ 2 ###
07-27 11:21:57.823 D/knowles_st_hal( 711): stdev_set_bargein pthread_mutex_lock(&stdev->set_bargein_lock);
07-27 11:21:57.823 D/knowles_st_hal( 711): BARGEIN isTimerBargein = 1, isCvq = 0
07-27 11:21:57.823 D/knowles_st_hal( 711): ### -stdev_set_bargein- 1 ###
07-27 11:21:57.823 D/knowles_util( 711): -setBargeinStatus-
07-27 11:21:57.823 D/knowles_util( 711): -onPlayStartUpdateBaregein-
07-27 11:21:57.823 D/offload_visualizer( 711): thread enter
07-27 11:21:57.824 D/audio_hw_primary( 711): start_output_stream: exit
07-27 11:21:57.824 D/audio_hw_primary( 711): out_write: retry previous failed cal level set
