07-27 11:23:14.647 D/AudioFlinger( 1196): socketSendString ---
07-27 11:23:14.647 D/DiracDetectSceneService( 3517): Task.run, effectenable = true
07-27 11:23:14.647 D/AudioFlinger( 1196): getActiveAudioPids pids = :27310
07-27 11:23:14.648 D/DiracDetectSceneService( 3517): checkAndSetDirac : activeAudioPids = :27310
07-27 11:23:14.648 D/DiracDetectSceneService( 3517): +activePidList = [27310]
07-27 11:23:14.648 D/Unknow (27310): [txg_jni_util.cpp, getEnv, 173]:JniHelper::getEnv() env == null ptr
07-27 11:23:14.648 D/Unknow (27310): [txg_jni_util.cpp, cacheEnv, 301]:Success cacheEnv JNI_OK
07-27 11:23:14.648 D/MsfServiceProxy(27310): sdk add queue req:ToServiceMsg msName:unknown ssoSeq:45863 appId:537050853 appSeq:64352 sName:com.tencent.qalsdk.service.QalService uin:144115213350774102 sCmd:group_open_long_polling_svc.get_msg t:5000 needResp:truehttpReq:false from:FromServiceMsg msName:unknown ssoSeq:45863 failCode:1000 errorMsg: uin:144115213350774102 serviceCmd:group_open_long_polling_svc.get_msg appId:537050853 appSeq:64352
07-27 11:23:14.648 E/msm8974_platform( 711): platform_get_snd_device_acdb_id: Invalid snd_device = 0
07-27 11:23:14.649 D/audio_hw_primary( 711): select_devices: acdb_id_in: -22 acdb_id_out: 15
07-27 11:23:14.649 D/audio_hw_primary( 711): select_devices: done
07-27 11:23:14.649 I/CoreWrapper(27310): [CoreWrapper handleRespMsg] recv resp msg:1564197794649|group_open_long_polling_svc.get_msg|45863|64352
07-27 11:23:14.649 D/MsfServiceSub(27310): serviceSub add last:1564197794649|group_open_long_polling_svc.get_msg|45863
07-27 11:23:14.649 D/DiracDetectSceneService( 3517): +activeAudioAppList = [com.yishouapp.fumi]
07-27 11:23:14.649 D/DiracDetectSceneService( 3517): isInMusicAppList appName:com.yishouapp.fumi
07-27 11:23:14.649 D/DiracDetectSceneService( 3517): isInVideoAppList appName:com.yishouapp.fumi
07-27 11:23:14.649 D/DiracDetectSceneService( 3517): isInGameAppList appName:com.yishouapp.fumi
07-27 11:23:14.649 D/OppoDiracService( 3517): commonDiracToast str = this app not in list, Service Close Dirac
07-27 11:23:14.649 D/DiracDetectSceneService( 3517): this case is not in app list
07-27 11:23:14.650 D/OppoDiracService( 3517): setDiracEffectInternal ++++ enable = false mode = NONE mSceneMode:MUSIC
07-27 11:23:14.650 D/OppoDiracService( 3517): isHeadsetOn mWiredHeadsetOn:false mA2dpConnected:false
07-27 11:23:14.650 D/OppoDiracService( 3517): isHeadsetOn mWiredHeadsetOn:false mA2dpConnected:false
07-27 11:23:14.650 D/OppoDiracService( 3517): setDiracEffectInternal --- Dirac internal already disabled
07-27 11:23:14.650 D/jni_imsdk(27310): [19-07-27 11:23:14.650][DEBUG][][CoreWrapper][CoreWrapper handleRespMsg] recv resp msg:1564197794649|group_open_long_polling_svc.get_msg|45863|64352
07-27 11:23:14.650 D/jni_imsdk(27310): [19-07-27 11:23:14.650][DEBUG][][imsdk.IMMsfCoreProxy]request user: userid_1898141|cmd:group_open_long_polling_svc.get_msg|rsp
07-27 11:23:14.651 D/jni_imsdk(27310): [19-07-27 11:23:14.650][DEBUG][sso_task.cc:53][operator()][IMCore]sso recv cmd:group_open_long_polling_svc.get_msg|rsp
07-27 11:23:14.651 D/jni_imsdk(27310): [19-07-27 11:23:14.651][INFO][long_polling_msg.cc:136][run][IMCore]long polling ret: code=0, msg=
07-27 11:23:14.651 D/jni_imsdk(27310): [19-07-27 11:23:14.651][DEBUG][sso_task.cc:42][run][IMCore]sso send cmd:group_open_long_polling_svc.get_msg|req:0a4062395468593144376c6b51616a7a6456566455506e2b773875545a367646667039545a46796b7435334f753648587365764b4e644652704a38363338446a516c108d251805
07-27 11:23:14.651 D/Unknow (27310): [txg_jni_util.cpp, _detachCurrentThread, 34]:JniHelper::_detachCurrentThread(), pthread_self() = -916981392
07-27 11:23:14.651 E/AudioCenter:TXCAudioBasePlayController(27310): onPlayJitterStateNotify cur state 3
07-27 11:23:14.651 D/jni_imsdk(27310): [19-07-27 11:23:14.651][DEBUG][][imcore_jni]request user: userid_1898141|cmd:group_open_long_polling_svc.get_msg
07-27 11:23:14.651 D/jni_imsdk(27310): [19-07-27 11:23:14.651][DEBUG][][imsdk.IMMsfCoreProxy]request user: userid_1898141|cmd:group_open_long_polling_svc.get_msg|req
07-27 11:23:14.651 D/jni_imsdk(27310): [19-07-27 11:23:14.651][EVENT][][IMMsgSender]sendmsg cb: com.tencent.imsdk.ac@9f5de87
07-27 11:23:14.652 I/TXCRenderAndDec(27310): TXCRenderAndDec notifyEvent: mUserID 0
07-27 11:23:14.652 D/QALSDKManager(27310): sendmsg:userid_1898141:group_open_long_polling_svc.get_msg:5000
07-27 11:23:14.652 D/MsfServiceSdk(27310): sdk sendMsg. ssoCmd:group_open_long_polling_svc.get_msg msfCmd:unknown appSeq:64357
07-27 11:23:14.652 D/MSF.D.RemoteServiceProxy(27310): waiteSendSeqSet put:144115213350774102group_open_long_polling_svc.get_msg :-1:64357
07-27 11:23:14.652 D/MsfServiceProxy(27310): send req to msfService:ToServiceMsg msName:unknown ssoSeq:-1 appId:537050853 appSeq:64357 sName:com.tencent.qalsdk.service.QalService uin:144115213350774102 sCmd:group_open_long_polling_svc.get_msg t:5000 needResp:truehttpReq:false
07-27 11:23:14.654 D/QalService(23909): service rcvmsg. ssoCmd:group_open_long_polling_svc.get_msg msfCmd:unknown appSeq:64357
07-27 11:23:14.654 D/MSF.C.NetConnTag(23909): ping pkg sent, buffer size: 21
07-27 11:23:14.656 D/MSF.C.NetConnTag(23909): add ToServiceMsg msName:qal_Hello ssoSeq:45871 appId:537050853 appSeq:-1 sName: uin:0 sCmd:MSF t:10000 needResp:truehttpReq:false to send
07-27 11:23:14.656 D/ActivityTrigger( 1699): activityResumeTrigger: The activity in ApplicationInfo{88732d9 com.yishouapp.fumi} is now in focus and seems to be in full-screen mode
07-27 11:23:14.657 E/ActivityTrigger( 1699): activityResumeTrigger: not whiteListedcom.yishouapp.fumi/com.yishouapp.fumi.activity.GoodsDetailActivity/430
07-27 11:23:14.657 I/MSF.C.NetConnTag(23909): netSend ssoSeq:45871 appSeq:-1 uin:0 cmd:MSF 45892
07-27 11:23:14.658 I/StatisticsManager(27310): 2478/track record: ak=1f5391995f6484a88200043733864b0f&dv=be6f83affd5f477f940a39eae2737c63&cup=com.yishouapp.fumi.activity.VideoActivity&tm=1564197794653&ct=一手女装批发服装批发<=1&tp=0&u=43f373bfe86a40458a0f3e8f2d8007d9
07-27 11:23:14.659 D/msm8974_platform( 711): platform_set_channel_map mixer_ctl_name:Playback Channel Map0
07-27 11:23:14.659 D/msm8974_platform( 711): platform_set_channel_map: set mapping(1 2 0 0 0 0 0 0) for channel:2
07-27 11:23:14.659 D/jni_imsdk(27310): [19-07-27 11:23:14.659][DEBUG][msg.cc:1701][GetMsgTinyidList][IMCore]write tinyid: sdkappid=, acctype=, identifier=@TIM#SYSTEM, tinyid=144115198244471703
07-27 11:23:14.659 D/jni_imsdk(27310): [19-07-27 11:23:14.659][DEBUG][msg.cc:1750][GetMsgTinyidList][IMCore]write tinyid: sdkappid=, acctype=, identifier=userid_772561, tinyid=144115212289600610
07-27 11:23:14.659 D/knowles_util( 711): +onPlayStartUpdateBaregein+
07-27 11:23:14.659 D/knowles_util( 711): BARGEIN onPlayStartUpdateBaregein : usecase = 0
07-27 11:23:14.659 E/knowles_util( 711): BARGEIN onPlayStartUpdateBaregein = its not touchtone
07-27 11:23:14.659 D/knowles_util( 711): setBargeinStatus = 2 1
07-27 11:23:14.659 D/knowles_st_hal( 711): ### +stdev_set_bargein+ 2 ###
07-27 11:23:14.659 D/knowles_st_hal( 711): stdev_set_bargein pthread_mutex_lock(&stdev->set_bargein_lock);
07-27 11:23:14.659 D/knowles_st_hal( 711): BARGEIN isTimerBargein = 1, isCvq = 0
07-27 11:23:14.659 D/knowles_st_hal( 711): ### -stdev_set_bargein- 1 ###
07-27 11:23:14.659 D/jni_imsdk(27310): [19-07-27 11:23:14.659][DEBUG][msg.cc:1763][GetMsgTinyidList][IMCore]write tinyid: sdkappid=, acctype=, identifier=userid_772561, tinyid=144115212289600610
07-27 11:23:14.659 D/knowles_util( 711): -setBargeinStatus-
07-27 11:23:14.659 D/knowles_util( 711): -onPlayStartUpdateBaregein-
07-27 11:23:14.659 D/jni_imsdk(27310): [19-07-27 11:23:14.659][INFO][online_msg_task.cc:132][run][IMCore]subtype 0x38
07-27 11:23:14.659 D/jni_imsdk(27310): [19-07-27 11:23:14.659][INFO][online_msg_task.cc:336][run][IMCore]msg 0x38: 080110e2d8819ada8080800218e2d8819ada80808002321c08e2d8819ada8080800210c801420d7573657269645f3737323536313a1c08e2d8819ada8080800210c801420d7573657269645f3737323536314071
07-27 11:23:14.659 D/jni_imsdk(27310): [19-07-27 11:23:14.659][INFO][online_msg_task.cc:378][run][IMCore]group member update, 0x1
07-27 11:23:14.659 D/jni_imsdk(27310): [19-07-27 11:23:14.659][DEBUG][sso_task.cc:42][run][IMCore]sso send cmd:group_open_svc.get_group_info|req:081032240a0e405447532361364443594437464710e2d8819ada808080021a081000280030004200
07-27 11:23:14.659 D/jni_imsdk(27310): [19-07-27 11:23:14.659][DEBUG][][imcore_jni]request user: userid_1898141|cmd:group_open_svc.get_group_info
07-27 11:23:14.660 D/audio_hw_primary( 711): start_output_stream: exit
07-27 11:23:14.660 D/audio_hw_primary( 711): out_write: retry previous failed cal level set
07-27 11:23:14.660 D/msm8974_platform( 711): platform_split_snd_device: snd_device(2) num devices(1) new_snd_devices(0)
07-27 11:23:14.660 D/msm8974_platform( 711): platform_split_snd_device: snd_device(2) num devices(1) new_snd_devices(0)
07-27 11:23:14.661 D/jni_imsdk(27310): [19-07-27 11:23:14.661][DEBUG][][imsdk.IMMsfCoreProxy]request user: userid_1898141|cmd:group_open_svc.get_group_info|req
07-27 11:23:14.661 D/QALSDKManager(27310): sendmsg:userid_1898141:group_open_svc.get_group_info:0
07-27 11:23:14.661 D/jni_imsdk(27310): [19-07-27 11:23:14.661][EVENT][][IMMsgSender]sendmsg cb: com.tencent.imsdk.ac@930a152
07-27 11:23:14.661 D/AudioTrack(27310): pause() output 197 stream 3 session 649 state 0
07-27 11:23:14.661 D/MsfServiceSdk(27310): sdk sendMsg. ssoCmd:group_open_svc.get_group_info msfCmd:unknown appSeq:64358
07-27 11:23:14.661 D/MSF.D.RemoteServiceProxy(27310): waiteSendSeqSet put:144115213350774102group_open_svc.get_group_info :-1:64358
07-27 11:23:14.662 D/AudioTrack(27310): flush() output 197 stream 3 session 649 state 2
07-27 11:23:14.662 D/AudioTrack(27310): stop() output 197 stream 3 session 649 state 4
07-27 11:23:14.662 D/AudioTrack(27310): stop() output 197 stream 3 session 649 state 4
07-27 11:23:14.662 I/MSF.C.NetConnTag(23909): netSend ssoSeq:45870 appSeq:64357 uin:*4102 cmd:group_open_long_polling_svc.get_msg 46266
07-27 11:23:14.663 D/AudioTrack(27310): ~AudioTrack, releasing mStatus =0 session id 649 from 27310 on behalf of 27310
07-27 11:23:14.663 D/AudioTrack(27310): stop() output 197 stream 3 session 649 state 4
07-27 11:23:14.664 E/AudioCenter:d(27310): mult-player thread stop finish!
07-27 11:23:14.664 V/WindowManager( 1699): Changing focus from Window{6852f32 u0 com.yishouapp.fumi/com.yishouapp.fumi.activity.VideoActivity} to null
07-27 11:23:14.664 D/MsfServiceProxy(27310): send req to msfService:ToServiceMsg msName:unknown ssoSeq:-1 appId:537050853 appSeq:64358 sName:com.tencent.qalsdk.service.QalService uin:144115213350774102 sCmd:group_open_svc.get_group_info t:10000 needResp:truehttpReq:false
07-27 11:23:14.664 V/MediaRouterService( 1699): restoreBluetoothA2dp(false)
07-27 11:23:14.666 D/AudioPolicyManagerCustom( 1196): setForceUse() usage 1, config 10, mPhoneState 0
07-27 11:23:14.667 D/Unknow (27310): [txg_jni_util.cpp, getJavaVM, 163]:JniHelper::getJavaVM(), pthread_self() = -916981392
07-27 11:23:14.668 D/QalService(23909): service rcvmsg. ssoCmd:group_open_svc.get_group_info msfCmd:unknown appSeq:64358
07-27 11:23:14.670 I/MSF.C.NetConnTag(23909): netSend ssoSeq:45872 appSeq:64358 uin:*4102 cmd:group_open_svc.get_group_info 46228
07-27 11:23:14.674 I/Choreographer(27310): Skipped 6 frames! The application may be doing too much work on its main thread.
07-27 11:23:14.675 D/PRETTY_LOGGER(27310): ┌────────────────────────────────────────────────────────────────────────────────────────────────────────────────
07-27 11:23:14.675 D/Unknow (27310): [txg_jni_util.cpp, _detachCurrentThread, 34]:JniHelper::_detachCurrentThread(), pthread_self() = -916981392
07-27 11:23:14.675 D/PRETTY_LOGGER(27310): │ Thread: main
07-27 11:23:14.675 D/PRETTY_LOGGER(27310): ├┄┄┄┄┄┄┄┄┄┄┄┄┄┄┄┄┄┄┄┄┄┄┄┄┄┄┄┄┄┄┄┄┄┄┄┄┄┄┄┄┄┄┄┄┄┄┄┄┄┄┄┄┄┄┄┄┄┄┄┄┄┄┄┄┄┄┄┄┄┄┄┄┄┄┄┄┄┄┄┄┄┄┄┄┄┄┄┄┄┄┄┄┄┄┄┄┄┄┄┄┄┄┄┄┄┄┄┄┄┄┄┄
07-27 11:23:14.678 D/PRETTY_LOGGER(27310): │ TCVodControllerFloat.onWindowVisibilityChanged (TCVodControllerFloat.java:185)
07-27 11:23:14.678 D/PRETTY_LOGGER(27310): │ LogUtils.logd (LogUtils.java:49)
07-27 11:23:14.678 D/PRETTY_LOGGER(27310): ├┄┄┄┄┄┄┄┄┄┄┄┄┄┄┄┄┄┄┄┄┄┄┄┄┄┄┄┄┄┄┄┄┄┄┄┄┄┄┄┄┄┄┄┄┄┄┄┄┄┄┄┄┄┄┄┄┄┄┄┄┄┄┄┄┄┄┄┄┄┄┄┄┄┄┄┄┄┄┄┄┄┄┄┄┄┄┄┄┄┄┄┄┄┄┄┄┄┄┄┄┄┄┄┄┄┄┄┄┄┄┄┄
07-27 11:23:14.678 D/PRETTY_LOGGER(27310): │ TCVodControllerFloat onWindowVisibilityChanged visibility0
07-27 11:23:14.678 D/PRETTY_LOGGER(27310): └────────────────────────────────────────────────────────────────────────────────────────────────────────────────
07-27 11:23:14.679 D/Unknow (27310): [txg_jni_util.cpp, getJavaVM, 163]:JniHelper::getJavaVM(), pthread_self() = -926942864
07-27 11:23:14.686 D/MSF.C.NetConnTag(23909): ping pkg ack received
07-27 11:23:14.687 I/MSF.C.NetConnTag(23909): netRecv ssoSeq:45871 uin: cmd:MSF 45892
07-27 11:23:14.691 D/Unknow (27310): [txg_jni_util.cpp, _detachCurrentThread, 34]:JniHelper::_detachCurrentThread(), pthread_self() = -926942864
07-27 11:23:14.701 D/audio_hw_utils( 711): audio_extn_utils_compress_get_dsp_latency:: Using Fix DSP delay
07-27 11:23:14.701 D/audio_hw_utils( 711): audio_extn_utils_compress_get_dsp_latency:: delay in ms is 50
07-27 11:23:14.708 V/test (27310): 2478/http request: https://da.qiyukf.com/mobileda/da.gif?ak=1f5391995f6484a88200043733864b0f&bid=com.yishouapp.fumi&r=YWs9MWY1MzkxOTk1ZjY0ODRhODgyMDAwNDM3MzM4NjRiMGYmZHY9YmU2ZjgzYWZmZDVmNDc3Zjk0MGEzOWVhZTI3MzdjNjMmY3VwPWNvbS55aXNob3VhcHAuZnVtaS5hY3Rpdml0eS5ZaXNob3VNYWluQWN0aXZpdHkmdG09MTU2NDE5NzYxNDAwOCZjdD3kuIDmiYvlpbPoo4Xmibnlj5HmnI3oo4Xmibnlj5EmbHQ9MSZ0cD0wJnU9ODY2MzdhYmM0MzNiNGRkMjk5MTI3MDEzM2NhM2QxNDI=,YWs9MWY1MzkxOTk1ZjY0ODRhODgyMDAwNDM3MzM4NjRiMGYmZHY9YmU2ZjgzYWZmZDVmNDc3Zjk0MGEzOWVhZTI3MzdjNjMmY3VwPWNvbS55aXNob3VhcHAuZnVtaS5hY3Rpdml0eS5XZWJWaWV3QWN0aXZpdHkmdG09MTU2NDE5NzYxNDM4NiZjdD3kuIDmiYvlpbPoo4Xmibnlj5HmnI3oo4Xmibnlj5EmbHQ9MCZ0cD0wJnU9MmI5NDU1ODNiNGQyNGQ0Zjk1ODZkOWI0MGU2YzIyZmU=,YWs9MWY1MzkxOTk1ZjY0ODRhODgyMDAwNDM3MzM4NjRiMGYmZHY9YmU2ZjgzYWZmZDVmNDc3Zjk0MGEzOWVhZTI3MzdjNjMmY3VwPWNvbS55aXNob3VhcHAuZnVtaS5hY3Rpdml0eS5XZWJWaWV3QWN0aXZpdHkmdG09MTU2NDE5NzcwNDgwMCZjdD3kuIDmiYvlpbPoo4Xmibnlj5HmnI3oo4Xmibnlj5EmbHQ9MSZ0cD0wJnU9MmI5NDU1ODNiNGQyNGQ0Zjk1ODZkOWI0MGU2YzIyZmU=,YWs9MWY1MzkxOTk1ZjY0ODRhODgyMDAwNDM3MzM4NjRiMGYmZHY9YmU2ZjgzYWZmZDVmNDc3Zjk0MGEzOWVhZTI3MzdjNjMmY3VwPWNvbS55aXNob3VhcHAuZnVtaS5hY3Rpdml0eS5ZaXNob3VNYWluQWN0aXZpdHkmdG09MTU2NDE5NzcwNDg1MiZjdD3kuIDmiYvlpbPoo4Xmibnlj5HmnI3oo4Xmibnlj5EmbHQ9MCZ0cD0wJnU9NzYyMmU1ZjAyYmNjNDQ3ZjhiNzk3ODM4MmRlOWZjZjI=,YWs9MWY1MzkxOTk1ZjY0ODRhODgyMDAwNDM3MzM4NjRiMGYmZHY9YmU2ZjgzYWZmZDVmNDc3Zjk0MGEzOWVhZTI3MzdjNjMmY3VwPWNvbS55aXNob3VhcHAuZnVtaS5hY3Rpdml0eS5ZaXNob3VNYWluQWN0aXZpdHkmdG09MTU2NDE5NzcwNzc3NSZjdD3kuIDmiYvlpbPoo4Xmibnlj5HmnI3oo4Xmibnlj5EmbHQ9MSZ0cD0wJnU9NzYyMmU1ZjAyYmNjNDQ3ZjhiNzk3ODM4MmRlOWZjZjI=,YWs9MWY1MzkxOTk1ZjY0ODRhODgyMDAwNDM3MzM4NjRiMGYmZHY9YmU2ZjgzYWZmZDVmNDc3Zjk0MGEzOWVhZTI3MzdjNjMmY3VwPWNvbS55aXNob3VhcHAuZnVtaS5hY3Rpdml0eS5WaWRlb0xpc3RBY3Rpdml0eSZ0bT0xNTY0MTk3NzA4MDU0JmN0PeS4gOaJi+Wls+ijheaJueWPkeacjeijheaJueWPkSZsdD0wJnRwPTAmdT04N2QzYzA5ZjY1ZTU0MzRlOTI0YWRhN2E4MzU0Y2FkYg==,YWs9MWY1MzkxOTk1ZjY0ODRhODgyMDAwNDM3MzM4NjRiMGYmZHY9YmU2ZjgzYWZmZDVmNDc3Zjk0MGEzOWVhZTI3MzdjNjMmY3VwPWNvbS55aXNob3VhcHAuZnVtaS5hY3Rpdml0eS5WaWRlb0xpc3RBY3Rpdml0eSZ0bT0xNTY0MTk3NzEwMzU3JmN0PeS4gOaJi+Wls+ijheaJueWPkeacjeijheaJueWPkSZsdD0xJnRwPTAmdT04N2QzYzA5ZjY1ZTU0MzRlOTI0YWRhN2E4MzU0Y2FkYg==,YWs9MWY1MzkxOTk1ZjY0ODRhODgyMDAwNDM3MzM4NjRiMGYmZHY9YmU2ZjgzYWZmZDVmNDc3Zjk0MGEzOWVhZTI3MzdjNjMmY3VwPWNvbS55aXNob3VhcHAuZnVtaS5hY3Rpdml0eS5WaWRlb0FjdGl2aXR5JnRtPTE1NjQxOTc3MTA2NjcmY3Q95LiA5omL5aWz6KOF5om55Y+R5pyN6KOF5om55Y+RJmx0PTAmdHA9MCZ1PTk5NDgyYWY4NTkyMzRkZWY5OGQyODU5MDY0MmMxMWEx,YWs9MWY1MzkxOTk1ZjY0ODRhODgyMDAwNDM3MzM4NjRiMGYmZHY9YmU2ZjgzYWZmZDVmNDc3Zjk0MGEzOWVhZTI3MzdjNjMmY3VwPWNvbS55aXNob3VhcHAuZnVtaS5hY3Rpdml0eS5WaWRlb0FjdGl2aXR5JnRtPTE1NjQxOTc3MTYxODQmY3Q95LiA5omL5aWz6KOF5om55Y+R5pyN6KOF5om55Y+RJmx0PTEmdHA9MCZ1PTk5NDgyYWY4NTkyMzRkZWY5OGQyODU5MDY0MmMxMWEx,YWs9MWY1MzkxOTk1ZjY0ODRhODgyMDAwNDM3MzM4NjRiMGYmZHY9YmU2ZjgzYWZmZDVmNDc3Zjk0MGEzOWVhZTI3MzdjNjMmY3VwPWNvbS55aXNob3VhcHAuZnVtaS5hY3Rpdml0eS5Hb29kc0RldGFpbEFjdGl2aXR5JnRtPTE1NjQxOTc3MTYzNzQmY3Q95LiA5omL5aWz6KOF5om55Y+R5pyN6KOF5om55Y+RJmx0PTAmdHA9MCZ1PTMyZmU4NjEzN2U0OTRkYjY4OTJkY2UyYzE5YTNlYWRj,YWs9MWY1MzkxOTk1ZjY0ODRhODgyMDAwNDM3MzM4NjRiMGYmZHY9YmU2ZjgzYWZmZDVmNDc3Zjk0MGEzOWVhZTI3MzdjNjMmY3VwPWNvbS55aXNob3VhcHAuZnVtaS5hY3Rpdml0eS5Hb29kc0RldGFpbEFjdGl2aXR5JnRtPTE1NjQxOTc3MTc1NjEmY3Q95LiA5omL5aWz6KOF5om55Y+R5pyN6KOF5om55Y+RJmx0PTEmdHA9MCZ1PTMyZmU4NjEzN2U0OTRkYjY4OTJkY2UyYzE5YTNlYWRj,YWs9MWY1MzkxOTk1ZjY0ODRhODgyMDAwNDM3MzM4NjRiMGYmZHY9YmU2ZjgzYWZmZDVmNDc3Zjk0MGEzOWVhZTI3MzdjNjMmY3VwPWNvbS55aXNob3VhcHAuZnVtaS5hY3Rpdml0eS5WaWRlb0FjdGl2aXR5JnRtPTE1NjQxOTc3MTc2NTgmY3Q95LiA5omL5aWz6KOF5om55Y+R5pyN6KOF5om55Y+RJmx0PTAmdHA9MCZ1PWUzNTIwMzBhZjA1ZTRkNWU5OGFmZWNkYzNlODg0ZDQx,YWs9MWY1MzkxOTk1ZjY0ODRhODgyMDAwNDM3MzM4NjRiMGYmZHY9YmU2ZjgzYWZmZDVmNDc3Zjk0MGEzOWVhZTI3MzdjNjMmY3VwPWNvbS55aXNob3VhcHAuZnVtaS5hY3Rpdml0eS5WaWRlb0FjdGl2aXR5JnRtPTE1NjQxOTc3MTk1MjcmY3Q95LiA5omL5aWz6KOF5om55Y+R5pyN6KOF5om55Y+RJmx0PTEmdHA9MCZ1PWUzNTIwMzBhZjA1ZTRkNWU5OGFmZWNkYzNlODg0ZDQx,YWs9MWY1MzkxOTk1ZjY0ODRhODgyMDAwNDM3MzM4NjRiMGYmZHY9YmU2ZjgzYWZmZDVmNDc3Zjk0MGEzOWVhZTI3MzdjNjMmY3VwPWNvbS55aXNob3VhcHAuZnVtaS5hY3Rpdml0eS5WaWRlb0xpc3RBY3Rpdml0eSZ0bT0xNTY0MT
07-27 11:23:14.721 D/audio_hw_utils( 711): audio_extn_utils_compress_get_dsp_latency:: Using Fix DSP delay
07-27 11:23:14.721 D/audio_hw_utils( 711): audio_extn_utils_compress_get_dsp_latency:: delay in ms is 50
07-27 11:23:14.723 D/jni_imsdk(27310): [19-07-27 11:23:14.723][INFO][online_msg_task.cc:384][operator()][IMCore]group member update callback invoke
07-27 11:23:14.723 D/jni_imsdk(27310): [19-07-27 11:23:14.723][DEBUG][][IMCoreGroupUpdateCallback]no group member update listener registered
07-27 11:23:14.723 D/jni_imsdk(27310): [19-07-27 11:23:14.723][INFO][online_msg_task.cc:539][operator()][IMCore]group tips event callback invoke
07-27 11:23:14.724 W/TXCVideoDecoder(27310): play:decode: start decode hwdec: false, hevc: false
07-27 11:23:14.735 I/MSF.C.NetConnTag(23909): netRecv ssoSeq:45872 uin:*4102 cmd:group_open_svc.get_group_info 46032
07-27 11:23:14.736 D/MSF.C.MsfCore(23909): service recv msg . ssoCmd:group_open_svc.get_group_info ssoSeq:45872
07-27 11:23:14.737 D/MSF.S.RespHandler(23909): service getMsfMessagePairs resp:group_open_svc.get_group_info:45872:64358
07-27 11:23:14.737 D/MSF.S.AppProcessManager(23909): service add queue last:1564197794737|group_open_svc.get_group_info|45872
07-27 11:23:14.738 I/MSF.S.AppProcessManager(23909): service send resp :com.yishouapp.fumi| from:144115213350774102|group_open_svc.get_group_info|45872|64358
07-27 11:23:14.739 W/ContentService( 1699): Observer android.database.IContentObserver$Stub$Proxy@cb304cf is already registered.
07-27 11:23:14.741 D/audio_hw_utils( 711): audio_extn_utils_compress_get_dsp_latency:: Using Fix DSP delay
07-27 11:23:14.741 D/audio_hw_utils( 711): audio_extn_utils_compress_get_dsp_latency:: delay in ms is 50
07-27 11:23:14.743 D/MsfServiceProxy(27310): msfProxy onReceiveResp:144115213350774102:group_open_svc.get_group_info :45872:64358
07-27 11:23:14.743 D/MsfServiceProxy(27310): waiteSendSeqSet receiveResp remove:144115213350774102:group_open_svc.get_group_info :45872:64358
07-27 11:23:14.743 D/MsfServiceProxy(27310): onReceiveResp SsoCmd:group_open_svc.get_group_info ssoSeq:45872
07-27 11:23:14.743 D/MsfServiceProxy(27310): sdk add queue req:ToServiceMsg msName:unknown ssoSeq:45872 appId:537050853 appSeq:64358 sName:com.tencent.qalsdk.service.QalService uin:144115213350774102 sCmd:group_open_svc.get_group_info t:10000 needResp:truehttpReq:false from:FromServiceMsg msName:unknown ssoSeq:45872 failCode:1000 errorMsg: uin:144115213350774102 serviceCmd:group_open_svc.get_group_info appId:537050853 appSeq:64358
07-27 11:23:14.743 D/MsfServiceSub(27310): serviceSub add last:1564197794743|group_open_svc.get_group_info|45872
07-27 11:23:14.743 I/CoreWrapper(27310): [CoreWrapper handleRespMsg] recv resp msg:1564197794743|group_open_svc.get_group_info|45872|64358
07-27 11:23:14.744 D/jni_imsdk(27310): [19-07-27 11:23:14.744][DEBUG][][CoreWrapper][CoreWrapper handleRespMsg] recv resp msg:1564197794743|group_open_svc.get_group_info|45872|64358
07-27 11:23:14.744 D/jni_imsdk(27310): [19-07-27 11:23:14.744][DEBUG][][imsdk.IMMsfCoreProxy]request user: userid_1898141|cmd:group_open_svc.get_group_info|rsp
07-27 11:23:14.744 D/jni_imsdk(27310): [19-07-27 11:23:14.744][DEBUG][sso_task.cc:51][operator()][IMCore]sso recv cmd:group_open_svc.get_group_info|rsp:0a06080012026f6b10103a270a0e4054475323613644435944374647121508e2d8819ada80808002108687efe90528c8013000
07-27 11:23:14.761 D/audio_hw_utils( 711): audio_extn_utils_compress_get_dsp_latency:: Using Fix DSP delay
07-27 11:23:14.761 D/audio_hw_utils( 711): audio_extn_utils_compress_get_dsp_latency:: delay in ms is 50
07-27 11:23:14.780 D/audio_hw_utils( 711): audio_extn_utils_compress_get_dsp_latency:: Using Fix DSP delay
07-27 11:23:14.780 D/audio_hw_utils( 711): audio_extn_utils_compress_get_dsp_latency:: delay in ms is 50
07-27 11:23:14.780 D/audio_hw_primary( 711): copl(0xee3ef000):pause compress driver
07-27 11:23:14.780 D/audio_hw_primary( 711): copl(0xee3ef000):calling compress flush
07-27 11:23:14.794 D/AudioFlinger( 1196): mixer(0xe9283100) throttle end: throttle time(48)
07-27 11:23:14.830 D/YSFClient(27310): 2478/upload records, code = 200
07-27 11:23:14.831 V/test (27310): 2478/http request: https://da.qiyukf.com/mobileda/da.gif?ak=1f5391995f6484a88200043733864b0f&bid=com.yishouapp.fumi&r=YWs9MWY1MzkxOTk1ZjY0ODRhODgyMDAwNDM3MzM4NjRiMGYmZHY9YmU2ZjgzYWZmZDVmNDc3Zjk0MGEzOWVhZTI3MzdjNjMmY3VwPWNvbS55aXNob3VhcHAuZnVtaS5hY3Rpdml0eS5WaWRlb0FjdGl2aXR5JnRtPTE1NjQxOTc3OTQ2NTMmY3Q95LiA5omL5aWz6KOF5om55Y+R5pyN6KOF5om55Y+RJmx0PTEmdHA9MCZ1PTQzZjM3M2JmZTg2YTQwNDU4YTBmM2U4ZjJkODAwN2Q5
07-27 11:23:14.836 D/audio_hw_primary( 711): copl(0xee3ef000):out of compress flush
07-27 11:23:14.837 D/LocalSocketClient( 1196): sendMessage info 2:649,3 info length 7
07-27 11:23:14.837 D/LocalSocketClient( 1196): sendMessage end
07-27 11:23:14.837 D/LocalSocketServer( 1699): new client coming !
07-27 11:23:14.837 D/LocalSocketServer( 1699): wait for new client coming !
07-27 11:23:14.838 D/LocalSocketServer( 1699): readBytes = 7
07-27 11:23:14.838 D/LocalSocketServer( 1699): ClientSocket read info = 2:649,3
07-27 11:23:14.842 D/AudioFlinger( 1196): pid 6285 mSessionid 441
07-27 11:23:14.842 D/AudioFlinger( 1196): pid 27310 mSessionid 649
07-27 11:23:14.842 D/AudioFlinger( 1196): pid 1196 mSessionid 649
07-27 11:23:14.842 D/AudioFlinger( 1196): pid 27310 mSessionid 657
07-27 11:23:14.842 D/AudioFlinger( 1196): pid 1196 mSessionid 657
07-27 11:23:14.842 D/AudioFlinger( 1196): getAudioInfos ;;get_playback_infos,441:6285:649:27310:649:1196:657:27310:657:1196;
07-27 11:23:14.843 D/AudioFlinger( 1196): getActiveAudioPids pids = :27310
07-27 11:23:14.853 D/GoodsDetailActivity(27310): onCreate
07-27 11:23:14.855 D/report_route_json(27310): {"route_detail":[{"operateDict":{"banner_id":"1438","banner_name":"7.27-10点-星推荐"},"index":"1","page_name":"首页"},{"index":"2","page_name":"直播间列表"},{"room_id":"3599","index":"3","page_name":"直播间"},{"goods_id":"12332981","index":"4","page_name":"商品详情"}],"app_version":"4.3.0","device_id":"7ad5a76f-5add-4b35-8191-13d25815b6ef_ys","os":"Android","report_time":"1564197794854","route":"首页_直播间列表_直播间_商品详情","user_id":"1898141"}
07-27 11:23:14.857 D/audio_hw_primary( 711): copl(0xee3ef000):send new gapless metadata
07-27 11:23:14.858 D/APM_AudioPolicyManager( 1196): stopOutput() output 197, stream 3, session 649
07-27 11:23:14.858 D/APM_AudioPolicyManager( 1196): setOutputDevice() output 197 device 0000 force 0 delayMs 100
07-27 11:23:14.858 D/APM_AudioPolicyManager( 1196): setOutputDevice() output 21 device 0002 force 0 delayMs 0
07-27 11:23:14.858 W/AudioFlinger( 1196): moveEffectChain_l() effect chain for session 0 not on source thread 0xe9165000
07-27 11:23:14.858 D/msm8974_platform( 711): platform_split_snd_device: snd_device(2) num devices(1) new_snd_devices(0)
07-27 11:23:14.859 D/msm8974_platform( 711): platform_split_snd_device: snd_device(2) num devices(1) new_snd_devices(0)
07-27 11:23:14.859 D/audio_hw_primary( 711): out_set_parameters: enter: usecase(4: compress-offload-playback2) kvpairs: routing=0
07-27 11:23:14.859 D/audio_hw_utils( 711): audio_extn_utils_compress_get_dsp_latency:: Using Fix DSP delay
07-27 11:23:14.859 D/audio_hw_utils( 711): audio_extn_utils_compress_get_dsp_latency:: delay in ms is 50
07-27 11:23:14.860 D/TXLivePlayer(27310): liteav_api startPlay com.tencent.rtmp.TXLivePlayer@92a40ff
07-27 11:23:14.860 E/TXLivePlayer(27310): start play error when new url is the same with old url com.tencent.rtmp.TXLivePlayer@92a40ff
07-27 11:23:14.861 D/audio_hw_primary( 711): out_set_parameters: enter: usecase(4: compress-offload-playback2) kvpairs: closing=true
07-27 11:23:14.862 D/audio_hw_primary( 711): out_set_parameters: enter: usecase(4: compress-offload-playback2) kvpairs: exiting=1
07-27 11:23:14.863 D/audio_hw_primary( 711): out_standby: enter: stream (0xee3ef000) usecase(4: compress-offload-playback2)
07-27 11:23:14.863 W/TXCTextureViewWrapper(27310): vrender: set video size:720,1280
07-27 11:23:14.863 D/knowles_util( 711): +onPlayStopUpdateBaregein+
07-27 11:23:14.863 D/knowles_util( 711): BARGEIN onPlayStopUpdateBaregein : out->dev->isPlaying = 1, out->dev->isSpeakerSelected = 2
07-27 11:23:14.863 D/knowles_util( 711): -onPlayStopUpdateBaregein-
07-27 11:23:14.863 D/audio_hw_primary( 711): copl(0xee3ef000):standby
07-27 11:23:14.864 D/YSFClient(27310): 2478/upload records, code = 200
07-27 11:23:14.866 D/GoodsDetailActivity(27310): onStart
07-27 11:23:14.869 D/offload_visualizer( 711): thread exit
07-27 11:23:14.869 D/audio_hw_primary( 711): disable_audio_route: reset and update mixer path: compress-offload-playback2 speaker
07-27 11:23:14.870 D/hardware_info( 711): hw_info_append_hw_type : device_name = speaker
07-27 11:23:14.870 D/knowles_util( 711): +turnBypassOff+
07-27 11:23:14.870 D/knowles_util( 711): -turnBypassOff-
07-27 11:23:14.870 D/audio_hw_primary( 711): audio_enable_asm_bit_width_enforce_mode: DSP bitwidth feature is disabled.
07-27 11:23:14.870 D/audio_hw_primary( 711): out_standby: exit
07-27 11:23:14.871 D/audio_hw_primary( 711): adev_close_output_stream: enter:stream_handle(compress-offload-playback2)
07-27 11:23:14.871 D/audio_hw_primary( 711): out_standby: enter: stream (0xee3ef000) usecase(4: compress-offload-playback2)
07-27 11:23:14.871 D/audio_hw_primary( 711): out_standby: exit
07-27 11:23:14.873 I/MSF.C.NetConnTag(23909): netRecv ssoSeq:45870 uin:*4102 cmd:group_open_long_polling_svc.get_msg 46782
07-27 11:23:14.873 D/PRETTY_LOGGER(27310): ┌────────────────────────────────────────────────────────────────────────────────────────────────────────────────
07-27 11:23:14.873 D/PRETTY_LOGGER(27310): │ Thread: main
07-27 11:23:14.873 D/PRETTY_LOGGER(27310): ├┄┄┄┄┄┄┄┄┄┄┄┄┄┄┄┄┄┄┄┄┄┄┄┄┄┄┄┄┄┄┄┄┄┄┄┄┄┄┄┄┄┄┄┄┄┄┄┄┄┄┄┄┄┄┄┄┄┄┄┄┄┄┄┄┄┄┄┄┄┄┄┄┄┄┄┄┄┄┄┄┄┄┄┄┄┄┄┄┄┄┄┄┄┄┄┄┄┄┄┄┄┄┄┄┄┄┄┄┄┄┄┄
07-27 11:23:14.873 D/PRETTY_LOGGER(27310): │ ForegroundCallbacks.onActivityResumed (ForegroundCallbacks.java:100)
07-27 11:23:14.873 D/PRETTY_LOGGER(27310): │ LogUtils.logd (LogUtils.java:45)
07-27 11:23:14.873 D/MSF.C.MsfCore(23909): service recv msg . ssoCmd:group_open_long_polling_svc.get_msg ssoSeq:45870
07-27 11:23:14.873 D/PRETTY_LOGGER(27310): ├┄┄┄┄┄┄┄┄┄┄┄┄┄┄┄┄┄┄┄┄┄┄┄┄┄┄┄┄┄┄┄┄┄┄┄┄┄┄┄┄┄┄┄┄┄┄┄┄┄┄┄┄┄┄┄┄┄┄┄┄┄┄┄┄┄┄┄┄┄┄┄┄┄┄┄┄┄┄┄┄┄┄┄┄┄┄┄┄┄┄┄┄┄┄┄┄┄┄┄┄┄┄┄┄┄┄┄┄┄┄┄┄
07-27 11:23:14.874 D/PRETTY_LOGGER(27310): │ still foreground
07-27 11:23:14.874 D/PRETTY_LOGGER(27310): └────────────────────────────────────────────────────────────────────────────────────────────────────────────────
07-27 11:23:14.875 D/MSF.S.RespHandler(23909): service getMsfMessagePairs resp:group_open_long_polling_svc.get_msg:45870:64357
07-27 11:23:14.875 D/MSF.S.AppProcessManager(23909): service add queue last:1564197794875|group_open_long_polling_svc.get_msg|45870
07-27 11:23:14.875 D/GoodsDetailActivity(27310): onResume
07-27 11:23:14.876 I/MSF.S.AppProcessManager(23909): service send resp :com.yishouapp.fumi| from:144115213350774102|group_open_long_polling_svc.get_msg|45870|64357
07-27 11:23:14.877 D/MsfServiceProxy(27310): msfProxy onReceiveResp:144115213350774102:group_open_long_polling_svc.get_msg :45870:64357
07-27 11:23:14.877 D/MsfServiceProxy(27310): waiteSendSeqSet receiveResp remove:144115213350774102:group_open_long_polling_svc.get_msg :45870:64357
07-27 11:23:14.877 D/MsfServiceProxy(27310): onReceiveResp SsoCmd:group_open_long_polling_svc.get_msg ssoSeq:45870
07-27 11:23:14.877 D/MsfServiceProxy(27310): sdk add queue req:ToServiceMsg msName:unknown ssoSeq:45870 appId:537050853 appSeq:64357 sName:com.tencent.qalsdk.service.QalService uin:144115213350774102 sCmd:group_open_long_polling_svc.get_msg t:5000 needResp:truehttpReq:false from:FromServiceMsg msName:unknown ssoSeq:45870 failCode:1000 errorMsg: uin:144115213350774102 serviceCmd:group_open_long_polling_svc.get_msg appId:537050853 appSeq:64357
07-27 11:23:14.878 D/MsfServiceSub(27310): serviceSub add last:1564197794877|group_open_long_polling_svc.get_msg|45870
07-27 11:23:14.878 I/CoreWrapper(27310): [CoreWrapper handleRespMsg] recv resp msg:1564197794878|group_open_long_polling_svc.get_msg|45870|64357
07-27 11:23:14.878 D/jni_imsdk(27310): [19-07-27 11:23:14.878][DEBUG][][CoreWrapper][CoreWrapper handleRespMsg] recv resp msg:1564197794878|group_open_long_polling_svc.get_msg|45870|64357
07-27 11:23:14.878 D/jni_imsdk(27310): [19-07-27 11:23:14.878][DEBUG][][imsdk.IMMsfCoreProxy]request user: userid_1898141|cmd:group_open_long_polling_svc.get_msg|rsp
07-27 11:23:14.878 D/jni_imsdk(27310): [19-07-27 11:23:14.878][DEBUG][sso_task.cc:53][operator()][IMCore]sso recv cmd:group_open_long_polling_svc.get_msg|rsp
07-27 11:23:14.879 D/jni_imsdk(27310): [19-07-27 11:23:14.878][INFO][sso_proto.cc:265][ProcGroupMsgPush][IMCore]RecvMsg|3-ParseOver|Succ|GRP:groupid=@TGS#a6DCYD7FG, flag=0, seq=4749, subtype=0x6, rand=3788138945, time=1564197794
07-27 11:23:14.879 D/jni_imsdk(27310): [19-07-27 11:23:14.879][DEBUG][msg.cc:1701][GetMsgTinyidList][IMCore]write tinyid: sdkappid=, acctype=, identifier=userid_ys156419427092, tinyid=144115214158580424
07-27 11:23:14.879 D/jni_imsdk(27310): [19-07-27 11:23:14.879][EVENT][session.cc:727][GetSession][IMCore]get sess in cache failed: type|2 sid|@TGS#a6DCYD7FG
07-27 11:23:14.879 D/jni_imsdk(27310): [19-07-27 11:23:14.879][DEBUG][session.cc:780][AddSession][IMCore]add session, type: 2, sid: @TGS#a6DCYD7FG
07-27 11:23:14.879 D/jni_imsdk(27310): [19-07-27 11:23:14.879][DEBUG][msg_manager.cc:1530][ProcSyncMsgsResult][IMCore]MsgManager ProcSyncMsgsResultDone new session: 2|@TGS#a6DCYD7FG|ret:1
07-27 11:23:14.879 D/jni_imsdk(27310): [19-07-27 11:23:14.879][DEBUG][msg_manager.cc:270][CheckGroupDupMsg][IMCore]check group dup: is_self=0, rand=3788138945, client_time=1564197794, server_time=1564197794, seq=4749
07-27 11:23:14.879 D/jni_imsdk(27310): [19-07-27 11:23:14.879][WARN][msg_manager.cc:278][CheckGroupDupMsg][IMCore]dup group msg: is_self=0, rand=3788138945, client_time=1564197794, server_time=1564197794, seq=4749
07-27 11:23:14.879 D/jni_imsdk(27310): [19-07-27 11:23:14.879][DEBUG][msg_cache.cc:213][AddMsg][IMCore]insert into grp_msg: client_time=1564197794, server_time=1564197794, seq=4749, rand=3788138945
07-27 11:23:14.879 D/jni_imsdk(27310): [19-07-27 11:23:14.879][DEBUG][timer_queue.cc:81][AddTimer][IMCore]add timer: id=userid_1898141_msgstat
07-27 11:23:14.879 D/jni_imsdk(27310): [19-07-27 11:23:14.879][INFO][sso_proto.cc:265][ProcGroupMsgPush][IMCore]RecvMsg|3-ParseOver|Succ|GRP:groupid=@TGS#a6DCYD7FG, flag=0, seq=4750, subtype=0x6, rand=3788400483, time=1564197794
07-27 11:23:14.879 D/jni_imsdk(27310): [19-07-27 11:23:14.879][DEBUG][timer_queue.cc:121][RunLoop][IMCore]timer runloop: name|ctx_timer_queue fire_time_ms|829819135
07-27 11:23:14.879 D/jni_imsdk(27310): [19-07-27 11:23:14.879][DEBUG][msg.cc:1701][GetMsgTinyidList][IMCore]write tinyid: sdkappid=, acctype=, identifier=userid_ys156419427092, tinyid=144115214158580424
07-27 11:23:14.879 D/jni_imsdk(27310): [19-07-27 11:23:14.879][DEBUG][msg_manager.cc:1520][ProcSyncMsgsResult][IMCore]MsgManager ProcSyncMsgsResultDone update session: 2|@TGS#a6DCYD7FG
07-27 11:23:14.879 D/jni_imsdk(27310): [19-07-27 11:23:14.879][DEBUG][msg_manager.cc:270][CheckGroupDupMsg][IMCore]check group dup: is_self=0, rand=3788400483, client_time=1564197794, server_time=1564197794, seq=4750
07-27 11:23:14.879 D/jni_imsdk(27310): [19-07-27 11:23:14.879][WARN][msg_manager.cc:278][CheckGroupDupMsg][IMCore]dup group msg: is_self=0, rand=3788400483, client_time=1564197794, server_time=1564197794, seq=4750
07-27 11:23:14.879 D/jni_imsdk(27310): [19-07-27 11:23:14.879][DEBUG][msg_cache.cc:213][AddMsg][IMCore]insert into grp_msg: client_time=1564197794, server_time=1564197794, seq=4750, rand=3788400483
07-27 11:23:14.879 D/jni_imsdk(27310): [19-07-27 11:23:14.879][INFO][long_polling_msg.cc:136][run][IMCore]long polling ret: code=0, msg=
07-27 11:23:14.879 D/jni_imsdk(27310): [19-07-27 11:23:14.879][DEBUG][sso_task.cc:42][run][IMCore]sso send cmd:group_open_long_polling_svc.get_msg|req:0a40542b6e4759415073516b636c3641553633424c4d46595373396c5631593755744736304a4e45567564355367366b58447659416a69775835624342684438736a108f251805
07-27 11:23:14.879 D/jni_imsdk(27310): [19-07-27 11:23:14.879][DEBUG][][imcore_jni]request user: userid_1898141|cmd:group_open_long_polling_svc.get_msg
07-27 11:23:14.880 D/QALSDKManager(27310): sendmsg:userid_1898141:group_open_long_polling_svc.get_msg:5000
07-27 11:23:14.880 D/jni_imsdk(27310): [19-07-27 11:23:14.880][DEBUG][][imsdk.IMMsfCoreProxy]request user: userid_1898141|cmd:group_open_long_polling_svc.get_msg|req
07-27 11:23:14.880 D/jni_imsdk(27310): [19-07-27 11:23:14.880][EVENT][][IMMsgSender]sendmsg cb: com.tencent.imsdk.ac@c0eee0d
07-27 11:23:14.880 D/MsfServiceSdk(27310): sdk sendMsg. ssoCmd:group_open_long_polling_svc.get_msg msfCmd:unknown appSeq:64359
07-27 11:23:14.881 D/MSF.D.RemoteServiceProxy(27310): waiteSendSeqSet put:144115213350774102group_open_long_polling_svc.get_msg :-1:64359
07-27 11:23:14.882 D/MsfServiceProxy(27310): send req to msfService:ToServiceMsg msName:unknown ssoSeq:-1 appId:537050853 appSeq:64359 sName:com.tencent.qalsdk.service.QalService uin:144115213350774102 sCmd:group_open_long_polling_svc.get_msg t:5000 needResp:truehttpReq:false
07-27 11:23:14.883 I/StatisticsManager(27310): 2478/track record: ak=1f5391995f6484a88200043733864b0f&dv=be6f83affd5f477f940a39eae2737c63&cup=com.yishouapp.fumi.activity.GoodsDetailActivity&tm=1564197794880&ct=一手女装批发服装批发<=0&tp=0&u=8896a7f47e53457999fdc672807ec708
07-27 11:23:14.887 D/jni_imsdk(27310): [19-07-27 11:23:14.887][DEBUG][sqlite_store.cc:1056][WriteGroupMsgLatestSeq][IMCore]WriteGroupLatestSeq: ret=1, gid=@TGS#a6DCYD7FG, seq=4749
07-27 11:23:14.891 D/QalService(23909): service rcvmsg. ssoCmd:group_open_long_polling_svc.get_msg msfCmd:unknown appSeq:64359
07-27 11:23:14.892 D/MSF.C.NetConnTag(23909): ping pkg sent, buffer size: 21
07-27 11:23:14.892 D/MSF.C.NetConnTag(23909): add ToServiceMsg msName:qal_Hello ssoSeq:45874 appId:537050853 appSeq:-1 sName: uin:0 sCmd:MSF t:10000 needResp:truehttpReq:false to send
07-27 11:23:14.893 I/MSF.C.NetConnTag(23909): netSend ssoSeq:45874 appSeq:-1 uin:0 cmd:MSF 45895
07-27 11:23:14.894 D/WindowManager(27310): Add to mViews: DecorView@bd0310[GoodsDetailActivity], this = android.view.WindowManagerGlobal@df6150,pkg=com.yishouapp.fumi
07-27 11:23:14.895 I/MSF.C.NetConnTag(23909): netSend ssoSeq:45873 appSeq:64359 uin:*4102 cmd:group_open_long_polling_svc.get_msg 46269
07-27 11:23:14.896 W/ContentService( 1699): Observer android.database.IContentObserver$Stub$Proxy@aca4e5c is already registered.
07-27 11:23:14.903 D/MSF.C.NetConnTag(23909): ping pkg ack received
07-27 11:23:14.904 I/MSF.C.NetConnTag(23909): netRecv ssoSeq:45874 uin: cmd:MSF 45895
07-27 11:23:14.906 D/jni_imsdk(27310): [19-07-27 11:23:14.906][DEBUG][sqlite_store.cc:1056][WriteGroupMsgLatestSeq][IMCore]WriteGroupLatestSeq: ret=1, gid=@TGS#a6DCYD7FG, seq=4750
07-27 11:23:14.907 I/Choreographer(27310): Skipped 11 frames! The application may be doing too much work on its main thread.
07-27 11:23:14.910 W/TXCVideoRender(27310): play:vrender: texture available @android.graphics.SurfaceTexture@5c95e09
07-27 11:23:14.910 W/TXCTextureViewWrapper(27310): vrender: set view size:261,468
07-27 11:23:14.911 W/TXCVideoRender(27310): play:vrender: start render thread
07-27 11:23:14.916 D/EAP_frame( 5840): skippedFrames : com.yishouapp.fumi(27310), 17
07-27 11:23:14.921 W/TXCVideoRenderThread(27310): vrender: init egl @context=com.google.android.gles_jni.EGLContextImpl@ccf79d0f,surface=com.google.android.gles_jni.EGLSurfaceImpl@e729ba4f
07-27 11:23:14.923 D/knowles_st_hal( 711): ### +bargein_timeout_thread_func+ ###
07-27 11:23:14.923 D/knowles_st_hal( 711): +bargein_event_handler+ event(2) bargeinState(2)
07-27 11:23:14.923 D/knowles_st_hal( 711): bargein_event_handler START_TIMER_RUNNING_STATE
07-27 11:23:14.923 D/knowles_st_hal( 711): bargein_event_handler receive evt :TIMEOUT_EVT
07-27 11:23:14.923 D/knowles_st_hal( 711): bargein_event_handler timer_lock released (1)
07-27 11:23:14.923 D/knowles_st_hal( 711): ### +set_bargein+ 1 ###
07-27 11:23:14.923 D/knowles_st_hal( 711): BARGEIN isBargein = 1, isCvq = 0
07-27 11:23:14.923 D/knowles_st_hal( 711): ### -set_bargein- 1 ###
07-27 11:23:14.923 D/knowles_st_hal( 711): -bargein_event_handler- event(2)
07-27 11:23:14.923 D/knowles_st_hal( 711): ### -bargein_timeout_thread_func- ###
07-27 11:23:14.923 W/TXCTextureViewWrapper(27310): vrender: set view size:261,468
07-27 11:23:14.924 W/TXCTextureViewWrapper(27310): vrender: set video size:720,1280
07-27 11:23:14.929 E/TXCVideoDecoder(27310): play:decode: start decoder error when decoder is started
07-27 11:23:14.931 V/WindowManager( 1699): Changing focus from null to Window{231923a u0 com.yishouapp.fumi/com.yishouapp.fumi.activity.GoodsDetailActivity}
07-27 11:23:14.932 I/StatusBar( 6802): setNavigationBarColor() vis:0 color:fffbfbfb expandNavBar:false mNavigationBarEnableStatus:2
07-27 11:23:14.932 D/BarTransitions.NavigationBarView( 6802): setForceOpaque forceOpaque:true color:0 @com.android.systemui.statusbar.phone.NavigationBarTransitions@459b45c
07-27 11:23:14.957 I/Choreographer(27310): Skipped 1 frames! The application may be doing too much work on its main thread.
07-27 11:23:14.959 D/xx ( 2513): setInputState isInput=false isPre=false
07-27 11:23:14.959 D/xx ( 2513): updateKeyboardKeys mComposer.update ComposingText()=
07-27 11:23:14.975 I/ActivityManager( 1699): Displayed com.yishouapp.fumi/.activity.GoodsDetailActivity: +314ms
07-27 11:23:14.976 W//system/bin/hwservicemanager( 546): getTransport: Cannot find entry vendor.qti.hardware.iop@2.0::IIop/default in either framework or device manifest.
07-27 11:23:14.978 E/ANDR-PERF-JNI( 1699): Iop tryGetService failed
07-27 11:23:14.981 D/jni_imsdk(27310): [19-07-27 11:23:14.981][INFO][][IMCoreNotify]listeners size: 1|msg size: 1|pid:27310
07-27 11:23:14.985 D/jni_imsdk(27310): [19-07-27 11:23:14.985][INFO][][imsdk.TIMMessage]msgid 3788138945
07-27 11:23:14.986 D/jni_imsdk(27310): [19-07-27 11:23:14.985][INFO][][IMCoreNotify]RecvMsg|4-Callback|Succ|type=Group, sid=@TGS#a6DCYD7FG, msgid=3788138945, seq=4749, rand=3788138945, time=1564197794, isRead=false
07-27 11:23:14.986 D/jni_imsdk(27310): [19-07-27 11:23:14.986][INFO][][IMCoreNotify]listeners size: 1|msg size: 1|pid:27310
07-27 11:23:14.987 D/jni_imsdk(27310): [19-07-27 11:23:14.987][INFO][][imsdk.TIMMessage]msgid 3788400483
07-27 11:23:14.987 D/jni_imsdk(27310): [19-07-27 11:23:14.987][INFO][][IMCoreNotify]RecvMsg|4-Callback|Succ|type=Group, sid=@TGS#a6DCYD7FG, msgid=3788400483, seq=4750, rand=3788400483, time=1564197794, isRead=false
07-27 11:23:14.999 V/WindowOrientationListener( 1699): Runnable mRotationEvaluator newRotation : 0
07-27 11:23:15.039 D/CommodityDetailActivity(27310): http://api.yishouapp.com/goods/get_goods_info
07-27 11:23:15.039 D/CommodityDetailActivity(27310): {"room_id":"3599","ss_type":"0","_abtest":"1","plat_type":"Android","version_code":"430","t_t":"1564197794","goods_id":"12332981","source":"29","version":"27","token":"c73cd61253f12578927e4cd14e8e4f75","uid":"1898141","version_name":"4.3.0","model":"PBEM00","udid":"7ad5a76f-5add-4b35-8191-13d25815b6ef_ys"}
07-27 11:23:15.040 D/CommodityDetailActivity(27310): {"data":{"goods_thumb":"http:\/\/img.yishouapp.com\/goods\/img\/real\/2019\/7\/24\/69e5ef1e829ec09d7c26ec72fa25249a.jpg","goods_img":["http:\/\/img.yishouapp.com\/goods\/img\/real\/2019\/7\/24\/69e5ef1e829ec09d7c26ec72fa25249a.jpg?imageView2\/2\/w\/1000\/format\/jpg\/q\/85\/","http:\/\/img.yishouapp.com\/goods\/img\/real\/2019\/7\/24\/4d74a13e033116249403fb35112e74bd.jpg?imageView2\/2\/w\/1000\/format\/jpg\/q\/85\/","http:\/\/img.yishouapp.com\/goods\/img\/real\/2019\/7\/24\/1da9235d4db5f072805c260050150004.jpg?imageView2\/2\/w\/1000\/format\/jpg\/q\/85\/","http:\/\/img.yishouapp.com\/goods\/img\/real\/2019\/7\/24\/2c5f7a757e6cb7a650e92549c0baf822.jpg?imageView2\/2\/w\/1000\/format\/jpg\/q\/85\/","http:\/\/img.yishouapp.com\/goods\/img\/real\/2019\/7\/24\/9336bd565b570caa3cbf52a9f0db4092.jpg?imageView2\/2\/w\/1000\/format\/jpg\/q\/85\/","http:\/\/img.yishouapp.com\/goods\/img\/real\/2019\/7\/24\/555b9916a2515f6050056fd3527e2b49.jpg?imageView2\/2\/w\/1000\/format\/jpg\/q\/85\/","http:\/\/img.yishouapp.com\/goods\/img\/real\/2019\/7\/24\/86bf3a8adda39b9ca940b0c1ea077550.jpg?imageView2\/2\/w\/1000\/format\/jpg\/q\/85\/","http:\/\/img.yishouapp.com\/goods\/img\/real\/2019\/7\/24\/be9038d2fa64680dea239dcc813857e6.jpg?imageView2\/2\/w\/1000\/format\/jpg\/q\/85\/","http:\/\/img.yishouapp.com\/goods\/img\/real\/2019\/7\/24\/ed65a0b3ff7cf9e32a46d97cfa2090bc.jpg?imageView2\/2\/w\/1000\/format\/jpg\/q\/85\/","http:\/\/img.yishouapp.com\/2018%2F09%2F22%2F5ba5b35c389c2.png"],"imgs":{"model":[],"real":["http:\/\/img.yishouapp.com\/goods\/img\/real\/2019\/7\/24\/69e5ef1e829ec09d7c26ec72fa25249a.jpg?imageView2\/2\/w\/1000\/format\/jpg\/q\/85\/","http:\/\/img.yishouapp.com\/goods\/img\/real\/2019\/7\/24\/4d74a13e033116249403fb35112e74bd.jpg?imageView2\/2\/w\/1000\/format\/jpg\/q\/85\/","http:\/\/img.yishouapp.com\/goods\/img\/real\/2019\/7\/24\/1da9235d4db5f072805c260050150004.jpg?imageView2\/2\/w\/1000\/format\/jpg\/q\/85\/","http:\/\/img.yishouapp.com\/goods\/img\/real\/2019\/7\/24\/2c5f7a757e6cb7a650e92549c0baf822.jpg?imageView2\/2\/w\/1000\/format\/jpg\/q\/85\/","http:\/\/img.yishouapp.com\/goods\/img\/real\/2019\/7\/24\/9336bd565b570caa3cbf52a9f0db4092.jpg?imageView2\/2\/w\/1000\/format\/jpg\/q\/85\/","http:\/\/img.yishouapp.com\/goods\/img\/real\/2019\/7\/24\/555b9916a2515f6050056fd3527e2b49.jpg?imageView2\/2\/w\/1000\/format\/jpg\/q\/85\/","http:\/\/img.yishouapp.com\/goods\/img\/real\/2019\/7\/24\/86bf3a8adda39b9ca940b0c1ea077550.jpg?imageView2\/2\/w\/1000\/format\/jpg\/q\/85\/","http:\/\/img.yishouapp.com\/goods\/img\/real\/2019\/7\/24\/be9038d2fa64680dea239dcc813857e6.jpg?imageView2\/2\/w\/1000\/format\/jpg\/q\/85\/","http:\/\/img.yishouapp.com\/goods\/img\/real\/2019\/7\/24\/ed65a0b3ff7cf9e32a46d97cfa2090bc.jpg?imageView2\/2\/w\/1000\/format\/jpg\/q\/85\/"]},"sales_total":"24","goods_desc":"","goods_no":"1119700038","supplier_id":"18047","video_url":"","video_status":"0","cat_name":"毛呢外套","fabric_tag":"","origin":"2","origin_name":"杭州发货商品","is_show_stock":"0","attribute":[{"color":"黑色","color_card":"http:\/\/img.yishouapp.com\/goods\/color\/thumb\/2019\/7\/24\/b2da775d3852e8d569a3e4e60152237c.jpg?imageView2\/2\/w\/1000\/format\/jpg\/q\/85\/","card_thumb":"http:\/\/img.yishouapp.com\/goods\/color\/thumb\/2019\/7\/24\/b2da775d3852e8d569a3e4e60152237c.jpg?imageView2\/2\/w\/150\/h\/150\/format\/jpg\/q\/75\/","item":[{"size":"S","sort":"200","stock":"500","num":"0","sku":"17811993","is_show_stock":"0"},{"size":"M","sort":"199","stock":"500","num":"0","sku":"17811994","is_show_stock":"0"}]}],"goods_id":"12332981","special_id":"58220","is_new":"0","old_price":"570.00","goods_in_stock":"0","goods_name":"直播㉛!原价:570.00!早秋上新经典A字型翻领排扣双面羊绒大衣毛呢外套(90%羊毛+10%羊驼毛) 8011","sales":"24","enough_number":"5","shoppe_discount":"","shoppe_price":"","shop_price":"152.25","goods_status":"1","is_on_sale":"1","is_stockout":"0","desc":"5件成团,已拼24件","desc2":"成团后,买手向档口拿货","is_replenis
07-27 11:23:15.062 D/report_click_json(27310): {"distinct_id":"1898141","event":"goodDetailPage","properties":{"AppGoodPrice":"152.25","device_number":"7ad5a76f-5add-4b35-8191-13d25815b6ef_ys","goodCategoryName":"毛呢外套","goodID":"12332981","goodName":"直播㉛!原价:570.00!早秋上新经典A字型翻领排扣双面羊绒大衣毛呢外套(90%羊毛+10%羊驼毛) 8011","isFinish":false,"liveID":"3599","source":"29","ss_type":"0","ad_id":"7ad5a76f-5add-4b35-8191-13d25815b6ef_ys","ad_idMD5":"1893ee2f2f0bcf76640e9db2f65eff20","app_version":"4.3.0","carrier":"未知","device_id":"7ad5a76f-5add-4b35-8191-13d25815b6ef_ys","isAorB":"B","manufacturer":"OPPO","model":"PBEM00","network_type":"WIFI","os":"Android","os_version":"8.1.0","screen_height":2340,"screen_width":1080,"userid":"1898141"},"time":1564197795056}
07-27 11:23:15.109 I/Choreographer(27310): Skipped 4 frames! The application may be doing too much work on its main thread.
07-27 11:23:15.179 D/商品简介图(27310): 加载开始
07-27 11:23:15.187 I/chatty (27310): uid=10231(com.yishouapp.fumi) identical 9 lines
07-27 11:23:15.188 D/商品简介图(27310): 加载开始
07-27 11:23:15.206 W/StaticLayout(27310): maxLineHeight should not be -1. maxLines:2 lineCount:2
07-27 11:23:15.223 D/GlideImageLoader(27310): path=http://img.yishouapp.com/2019/07/22/5d3592dda37dc.gif
07-27 11:23:15.224 I/chatty (27310): uid=10231(com.yishouapp.fumi) identical 1 line
07-27 11:23:15.224 D/GlideImageLoader(27310): path=http://img.yishouapp.com/2019/07/22/5d3592dda37dc.gif
07-27 11:23:15.236 W/StaticLayout(27310): maxLineHeight should not be -1. maxLines:1 lineCount:1
07-27 11:23:15.275 I/Choreographer(27310): Skipped 1 frames! The application may be doing too much work on its main thread.
07-27 11:23:15.292 I/WindowManager( 1699): handleOpeningSpecialApp (statusbar != null ) true pkg: com.oppo.launcher start: 3
07-27 11:23:15.292 I/WindowManager( 1699): handleOpeningSpecialApp (statusbar != null ) true pkg: com.coloros.recents start: 4
07-27 11:23:15.314 D/商品简介图(27310): 已被保持http://img.yishouapp.com/goods/img/real/2019/7/24/69e5ef1e829ec09d7c26ec72fa25249a.jpg?imageView2/2/w/1000/format/jpg/q/85/
07-27 11:23:15.342 I/MSF.C.NetConnTag(23909): netRecv ssoSeq:45873 uin:*4102 cmd:group_open_long_polling_svc.get_msg 46425
07-27 11:23:15.344 D/MSF.C.MsfCore(23909): service recv msg . ssoCmd:group_open_long_polling_svc.get_msg ssoSeq:45873
07-27 11:23:15.345 D/MSF.S.RespHandler(23909): service getMsfMessagePairs resp:group_open_long_polling_svc.get_msg:45873:64359
07-27 11:23:15.345 D/MSF.S.AppProcessManager(23909): service add queue last:1564197795345|group_open_long_polling_svc.get_msg|45873
07-27 11:23:15.348 I/MSF.S.AppProcessManager(23909): service send resp :com.yishouapp.fumi| from:144115213350774102|group_open_long_polling_svc.get_msg|45873|64359
07-27 11:23:15.349 D/MsfServiceProxy(27310): msfProxy onReceiveResp:144115213350774102:group_open_long_polling_svc.get_msg :45873:64359
07-27 11:23:15.349 D/MsfServiceProxy(27310): waiteSendSeqSet receiveResp remove:144115213350774102:group_open_long_polling_svc.get_msg :45873:64359
07-27 11:23:15.349 D/MsfServiceProxy(27310): onReceiveResp SsoCmd:group_open_long_polling_svc.get_msg ssoSeq:45873
07-27 11:23:15.349 D/MsfServiceProxy(27310): sdk add queue req:ToServiceMsg msName:unknown ssoSeq:45873 appId:537050853 appSeq:64359 sName:com.tencent.qalsdk.service.QalService uin:144115213350774102 sCmd:group_open_long_polling_svc.get_msg t:5000 needResp:truehttpReq:false from:FromServiceMsg msName:unknown ssoSeq:45873 failCode:1000 errorMsg: uin:144115213350774102 serviceCmd:group_open_long_polling_svc.get_msg appId:537050853 appSeq:64359
07-27 11:23:15.350 D/MsfServiceSub(27310): serviceSub add last:1564197795349|group_open_long_polling_svc.get_msg|45873
07-27 11:23:15.350 I/CoreWrapper(27310): [CoreWrapper handleRespMsg] recv resp msg:1564197795350|group_open_long_polling_svc.get_msg|45873|64359
07-27 11:23:15.350 D/jni_imsdk(27310): [19-07-27 11:23:15.350][DEBUG][][CoreWrapper][CoreWrapper handleRespMsg] recv resp msg:1564197795350|group_open_long_polling_svc.get_msg|45873|64359
07-27 11:23:15.350 D/jni_imsdk(27310): [19-07-27 11:23:15.350][DEBUG][][imsdk.IMMsfCoreProxy]request user: userid_1898141|cmd:group_open_long_polling_svc.get_msg|rsp
07-27 11:23:15.350 D/jni_imsdk(27310): [19-07-27 11:23:15.350][DEBUG][sso_task.cc:53][operator()][IMCore]sso recv cmd:group_open_long_polling_svc.get_msg|rsp
07-27 11:23:15.351 D/jni_imsdk(27310): [19-07-27 11:23:15.351][INFO][sso_proto.cc:265][ProcGroupMsgPush][IMCore]RecvMsg|3-ParseOver|Succ|GRP:groupid=@TGS#a6DCYD7FG, flag=0, seq=4751, subtype=0x6, rand=3788661307, time=1564197794
07-27 11:23:15.351 D/QALSDKManager(27310): sendmsg:userid_1898141:group_open_long_polling_svc.get_msg:5000
07-27 11:23:15.351 D/jni_imsdk(27310): [19-07-27 11:23:15.351][DEBUG][msg.cc:1701][GetMsgTinyidList][IMCore]write tinyid: sdkappid=, acctype=, identifier=userid_ys156419427092, tinyid=144115214158580424
07-27 11:23:15.351 D/jni_imsdk(27310): [19-07-27 11:23:15.351][DEBUG][msg_manager.cc:1520][ProcSyncMsgsResult][IMCore]MsgManager ProcSyncMsgsResultDone update session: 2|@TGS#a6DCYD7FG
07-27 11:23:15.351 D/jni_imsdk(27310): [19-07-27 11:23:15.351][DEBUG][msg_manager.cc:270][CheckGroupDupMsg][IMCore]check group dup: is_self=0, rand=3788661307, client_time=1564197794, server_time=1564197794, seq=4751
07-27 11:23:15.351 D/jni_imsdk(27310): [19-07-27 11:23:15.351][WARN][msg_manager.cc:278][CheckGroupDupMsg][IMCore]dup group msg: is_self=0, rand=3788661307, client_time=1564197794, server_time=1564197794, seq=4751
