07-27 11:20:14.600 W/VideoCapabilities(26715): Unsupported mime video/divx
07-27 11:20:14.602 W/VideoCapabilities(26715): Unsupported mime video/divx4
07-27 11:20:14.613 W/VideoCapabilities(26715): Unrecognized profile/level 0/3 for video/mpeg2
07-27 11:20:14.614 W/VideoCapabilities(26715): Unrecognized profile/level 0/3 for video/mpeg2
07-27 11:20:14.619 D/EAP_frame( 5840): skippedFrames : com.yishouapp.fumi(26715), 29
07-27 11:20:14.622 W/VideoCapabilities(26715): Unsupported mime video/ffmpeg
07-27 11:20:14.624 W/VideoCapabilities(26715): Unsupported mime video/x-ms-wmv
07-27 11:20:14.636 W/VideoCapabilities(26715): Unrecognized profile 2130706433 for video/avc
07-27 11:20:14.636 W/VideoCapabilities(26715): Unrecognized profile 2130706434 for video/avc
07-27 11:20:14.651 I/VideoCapabilities(26715): Unsupported profile 4 for video/mp4v-es
07-27 11:20:14.698 I/chromium(26715): [INFO:CONSOLE(1)] "The key "viewport-fit" is not recognized and ignored.", source: http://static.yishouapp.com/app/h5/exchange-service-inform-test/index.html#/exchange-service-inform?token=c73cd61253f12578927e4cd14e8e4f75&uid=1898141&app_version=4.3.0&system_type=Android&use_new_version=1&time=1564197614347 (1)
07-27 11:20:14.818 I/WindowManager( 1699): handleOpeningSpecialApp (statusbar != null ) true pkg: com.oppo.launcher start: 3
07-27 11:20:14.819 I/WindowManager( 1699): handleOpeningSpecialApp (statusbar != null ) true pkg: com.coloros.recents start: 4
07-27 11:20:14.846 D/orderYishouMainActivity(26715): onStop()
07-27 11:20:14.860 I/Choreographer(26715): Skipped 1 frames! The application may be doing too much work on its main thread.
07-27 11:20:15.015 I/chromium(26715): [INFO:CONSOLE(7)] "The deviceorientation event is deprecated on insecure origins, and support will be removed in the future. You should consider switching your application to a secure origin, such as HTTPS. See https://goo.gl/rStTGz for more details.", source: http://static.yishouapp.com/app/h5/exchange-service-inform-test/js/chunk-vendors.76e57221.js (7)
07-27 11:20:15.019 V/SensorManager(26715): RegisterListener Game Rotation Vector Non-wakeup type:15 delay:16666us by org.chromium.device.sensors.DeviceSensors
07-27 11:20:15.019 E/Parcel (26715): Reading a NULL string not supported here.
07-27 11:20:15.020 W/SensorService( 1699): SensorEventConnection sensor handle=17, package = org.chromium.device.sensors.DeviceSensors enable pid = 26715
07-27 11:20:15.020 D/SensorService( 1699): ice_debug_sensor, sensorType=15
07-27 11:20:15.020 D/SensorService( 1699): Calling batch handle==17 flags=0rate=16666000 timeout== 0
07-27 11:20:15.020 D/SensorService( 1699): SensorDevice::batch: ident=0x7f0e712800, handle=0x00000011, flags=0, period_ns=16666000 timeout=0
07-27 11:20:15.020 D/SensorService( 1699): >>> curr_period=9223372036854775807 min_period=16666000 curr_timeout=0 min_timeout=0
07-27 11:20:15.020 D/SensorService( 1699): >>> actuating h/w BATCH 0x00000011 16666000 0
07-27 11:20:15.020 I/sensors-hal( 724): batch:161, android.sensor.game_rotation_vector/17, period=16666000, max_latency=0
07-27 11:20:15.020 I/sensors-hal( 724): batch:170, android.sensor.game_rotation_vector/17, period=16666000, max_latency=0 request completed
07-27 11:20:15.021 D/SensorService( 1699): recordConnection in enable
07-27 11:20:15.021 D/SensorService( 1699): Calling activate on 17
07-27 11:20:15.021 D/SensorService( 1699): SensorDevice::activate: ident=0x7f0e712800, handle=0x00000011, enabled=1, count=1
07-27 11:20:15.021 D/SensorService( 1699): enable index=0
07-27 11:20:15.021 D/SensorService( 1699): >>> actuating h/w activate handle=17 enabled=1
07-27 11:20:15.021 I/sensors-hal( 724): activate:128, android.sensor.game_rotation_vector/17 en=1
07-27 11:20:15.023 I/sensors-hal( 724): activate:139, android.sensor.game_rotation_vector/17 en=1 completed
07-27 11:20:15.173 V/SensorManager(26715): unRegisterListener by org.chromium.device.sensors.DeviceSensors
07-27 11:20:15.174 W/SensorService( 1699): SensorEventConnection sensor handle=17, package = org.chromium.device.sensors.DeviceSensors disable
07-27 11:20:15.174 D/SensorService( 1699): recordConnection in disable
07-27 11:20:15.174 D/SensorService( 1699): SensorDevice::activate: ident=0x7f0e712800, handle=0x00000011, enabled=0, count=1
07-27 11:20:15.174 D/SensorService( 1699): disable index=0
07-27 11:20:15.174 D/SensorService( 1699): >>> actuating h/w activate handle=17 enabled=0
07-27 11:20:15.174 I/sensors-hal( 724): activate:128, android.sensor.game_rotation_vector/17 en=0
07-27 11:20:15.175 E/sensors-hal( 724): ~worker:57, ~worker
07-27 11:20:15.175 I/sensors-hal( 724): activate:139, android.sensor.game_rotation_vector/17 en=0 completed
07-27 11:20:15.175 D/SensorService( 1699): reset the mRecentEvent handle = 17
07-27 11:20:15.175 D/SensorService( 1699): disable reset the lastEvent handle = 17 in disable
07-27 11:20:15.176 E/Parcel (26715): Reading a NULL string not supported here.
07-27 11:20:15.176 D/SensorService( 1699): 4 active sensors
07-27 11:20:15.176 D/SensorService( 1699): removing connection 0x7f0e712800 for sensor[0].handle=0x00000002
07-27 11:20:15.176 D/SensorService( 1699): removing connection 0x7f0e712800 for sensor[1].handle=0x0000000f
07-27 11:20:15.176 D/SensorService( 1699): removing connection 0x7f0e712800 for sensor[2].handle=0x00000012
07-27 11:20:15.176 D/SensorService( 1699): removing connection 0x7f0e712800 for sensor[3].handle=0x00000015
07-27 11:20:15.176 D/SensorService( 1699): ~SensorEventConnection(0x7f0e712800)
07-27 11:20:15.411 V/stat (26715): 2571/collect and upload stat on UI login done...
07-27 11:20:15.412 V/stat (26715): 2571/begin to get connected wifi info...
07-27 11:20:15.414 V/stat (26715): 2571/check permission ACCESS_WIFI_STATE true, check ACCESS_NETWORK_STATE true
07-27 11:20:15.417 I/WifiService( 1699): getDhcpInfo uid=10231
07-27 11:20:15.418 V/stat (26715): 2571/find connected wifi: NIMConnectedWifiInfo{bssid='4c:ed:fb:5a:e2:dc',ssid='"1515-5g"',frequency=5745,speed=866,rssi=-51,ip='192.168.3.95',dns1='192.168.1.244',dns2='192.168.1.246',gateway='192.168.3.1',netmask='255.255.255.0'}
07-27 11:20:15.419 V/stat (26715): 2571/get connected wifi info success
07-27 11:20:15.419 V/stat (26715): 2571/begin to scan wifi list...
07-27 11:20:15.420 V/stat (26715): 2571/check permission ACCESS_WIFI_STATE true, check ACCESS_NETWORK_STATE true
07-27 11:20:15.436 V/stat (26715): 2571/find empty wifi node
07-27 11:20:15.436 V/stat (26715): 2571/get wifi list, total count=0
07-27 11:20:15.443 V/stat (26715): 2571/should not report wifi info, as connected wifi info has not changed
07-27 11:20:15.750 D/mmscene ( 1196): getHint applicationScene=com.yishouapp.fumi,idx=3 none
07-27 11:20:15.751 I/AudioPolicyManagerCustom( 1196): setting force DEEP buffer now
07-27 11:20:15.752 D/mmscene ( 1196): getHint applicationScene=com.yishouapp.fumi,idx=3 none
07-27 11:20:15.752 I/AudioPolicyManagerCustom( 1196): setting force DEEP buffer now
07-27 11:20:15.752 D/mmscene ( 1196): getHint applicationScene=com.yishouapp.fumi,idx=3 none
07-27 11:20:15.752 I/AudioPolicyManagerCustom( 1196): setting force DEEP buffer now
07-27 11:20:15.761 D/mmscene ( 1196): getHint applicationScene=com.yishouapp.fumi,idx=3 none
07-27 11:20:15.761 I/AudioPolicyManagerCustom( 1196): setting force DEEP buffer now
07-27 11:20:15.762 I/MediaCodec(26715): CreateByType(), mime = video/avc, encoder = 0
07-27 11:20:15.762 I/MediaCodec(26715): new MediaCodec()
07-27 11:20:15.765 I/ACodec (26715): new ACodec()
07-27 11:20:15.766 D/mmscene ( 1196): getHint applicationScene=com.yishouapp.fumi,idx=3 none
07-27 11:20:15.766 I/AudioPolicyManagerCustom( 1196): setting force DEEP buffer now
07-27 11:20:15.766 I/ACodec (26715): onAllocateComponent()
07-27 11:20:15.767 D/mmscene ( 1196): getHint applicationScene=com.yishouapp.fumi,idx=3 none
07-27 11:20:15.767 I/AudioPolicyManagerCustom( 1196): setting force DEEP buffer now
07-27 11:20:15.768 I/ACodec (26715): ----------------------------------------
07-27 11:20:15.769 I/ACodec (26715): matched component [OMX.qcom.video.decoder.avc]
07-27 11:20:15.769 I/ACodec (26715): matched component [OMX.google.h264.decoder]
07-27 11:20:15.769 I/ACodec (26715): ----------------------------------------
07-27 11:20:15.772 D/ (26715): PlayerBase::PlayerBase()
07-27 11:20:15.773 D/ (26715): TrackPlayerBase::TrackPlayerBase()
07-27 11:20:15.773 I/OMXClient(26715): Treble IOmx obtained
07-27 11:20:15.773 I/libOpenSLES(26715): Emulating old channel mask behavior (ignoring positional mask 0x3, using default mask 0x3 based on channel count of 2)
07-27 11:20:15.773 D/AudioTrack(26715): set() streamType 3, sampleRate 48000, format 0x5, channelMask 0x3, frameCount 0, flags #8, notificationFrames 0, sessionId 609, transferType 0, uid -1, pid -1 cbf 1
07-27 11:20:15.774 D/AudioTrack(26715): gATLogLevel = 0
07-27 11:20:15.774 D/MMListParser(26715): onlineVersion -1 defaultVersion 20181113
07-27 11:20:15.776 D/mmscene ( 1196): getHint applicationScene=com.yishouapp.fumi,idx=3 none
07-27 11:20:15.776 D/voice_scence_discern( 1196): add name:sample_rate, value:48000
07-27 11:20:15.776 V/voice_scence_discern( 1196): add name:sample_rate value:48000 list:0xebed4910
07-27 11:20:15.776 D/voice_scence_discern( 1196): add name:channels, value:2
07-27 11:20:15.776 V/voice_scence_discern( 1196): add name:channels value:2 list:0xebed4910
07-27 11:20:15.776 D/voice_scence_discern( 1196): get scence process pid:26715, name:com.yishouapp.fumi
07-27 11:20:15.776 I/OMXMaster( 1215): makeComponentInstance(OMX.qcom.video.decoder.avc) in omx@1.0-service process
07-27 11:20:15.776 V/voice_scence_discern( 1196): this process not in init apk. apk_list:0xebed4760
07-27 11:20:15.777 D/AudioTrack(26715): createTrack_l() output 21 afLatency 80
07-27 11:20:15.778 D/AudioFlinger( 1196): game noise value (null) sampleRate 48000
07-27 11:20:15.779 E/ ( 1215): Service not available yet
07-27 11:20:15.781 D/AudioTrack(26715): Client defaulted notificationFrames to 1922 for frameCount 3844
07-27 11:20:15.782 D/audio_hw_spkr_prot( 711): audio_extn_fbsp_get_parameters: Speaker protection disabled
07-27 11:20:15.782 D/audio_hw_extn( 711): audio_extn_get_parameters: returns
07-27 11:20:15.783 D/mmscene (26715): open server config ok /data/oppo/multimedia/oppo_display_perf_list.xml
07-27 11:20:15.784 D/mmscene (26715): getHint applicationScene=com.yishouapp.fumi,idx=5 none
07-27 11:20:15.784 D/OppoSmartVolume(26715): mEnginerringFeatureSwtich:1, mSmartVolumeAPKSwtich:-22, mSmartVolumePcmDumpSwitch:0
07-27 11:20:15.784 D/OppoSmartVolume(26715): mWechatDbLevel:19, mWechatUseDynamicMode:1
07-27 11:20:15.787 D/AudioTrack(26715): start() output 21 stream 3 session 609 state 1
07-27 11:20:15.788 I/OMX-VDEC-1080P( 1215): Video slvp perflock acquired
07-27 11:20:15.788 E/ANDR-PERF-MPCTL( 736): Invalid profile no. 0, total profiles 0 only
07-27 11:20:15.788 I/OMX-VDEC-1080P( 1215): component_init: OMX.qcom.video.decoder.avc : fd=7
07-27 11:20:15.789 E/OMX-VDEC-1080P( 1215): Unsupported output color format for c2d (2141391876)
07-27 11:20:15.789 E/OMX-VDEC-1080P( 1215): Setting color format failed
07-27 11:20:15.789 V/MediaRouterService( 1699): restoreBluetoothA2dp(false)
07-27 11:20:15.789 D/AudioPolicyManagerCustom( 1196): setForceUse() usage 1, config 10, mPhoneState 0
07-27 11:20:15.791 W//system/bin/hw/android.hidl.allocator@1.0-service( 710): ashmem_create_region(7680) returning hidl_memory(0x75cda2c520, 7680)
07-27 11:20:15.792 W//system/bin/hw/android.hidl.allocator@1.0-service( 710): ashmem_create_region(7680) returning hidl_memory(0x75cda2c520, 7680)
07-27 11:20:15.794 D/APM_AudioPolicyManager( 1196): startOutput() output 21, stream 3, session 609
07-27 11:20:15.794 D/AudioPolicyManagerCustom( 1196): startSource output 21 first active
07-27 11:20:15.794 W/AudioFlinger( 1196): moveEffectChain_l() effect chain for session 0 not on source thread 0xe9793000
07-27 11:20:15.794 D/APM_AudioPolicyManager( 1196): setOutputDevice() output 21 device 0002 force 0 delayMs 0
07-27 11:20:15.794 D/LocalSocketClient( 1196): sendMessage info 1:609,3 info length 7
07-27 11:20:15.795 D/LocalSocketClient( 1196): sendMessage end
07-27 11:20:15.795 D/AudioFlinger( 1196): Notify dirac service when music track add
07-27 11:20:15.795 I/OMX-VDEC-1080P( 1215): omx_vdec::component_init() success : fd=7
07-27 11:20:15.795 D/LocalSocketServer( 1699): new client coming !
07-27 11:20:15.796 D/LocalSocketServer( 1699): wait for new client coming !
07-27 11:20:15.796 D/LocalSocketServer( 1699): readBytes = 7
07-27 11:20:15.796 D/LocalSocketServer( 1699): ClientSocket read info = 1:609,3
07-27 11:20:15.796 D/audio_hw_primary( 711): start_output_stream: enter: stream(0xed51d000)usecase(0: deep-buffer-playback) devices(0x2)
07-27 11:20:15.796 D/audio_hw_primary( 711): start_output_stream: out->scence:0
07-27 11:20:15.796 I/ACodec (26715): Successfully allocate component [OMX.qcom.video.decoder.avc]
07-27 11:20:15.797 D/audio_hw_primary( 711): select_devices for use case (deep-buffer-playback)
07-27 11:20:15.797 D/msm8974_platform( 711): platform_get_output_snd_device: enter: output devices(0x2), mode=0
07-27 11:20:15.797 D/OPPO_AUDIO_SCENCE( 711): handle:21, scence:0, out->usecase:0
07-27 11:20:15.797 D/OPPO_AUDIO_SCENCE( 711): get_output_snd_device_common: is_tmgp_foreground 1
07-27 11:20:15.797 D/OPPO_AUDIO_SCENCE( 711): get_output_snd_device_common: is_dirac_game_foreground 0
07-27 11:20:15.797 D/audio_hw_primary( 711): select_devices: out_snd_device(2: speaker) in_snd_device(0: )
07-27 11:20:15.797 I/msm8974_platform( 711): platform_check_and_set_codec_backend_cfg:becf: afe: bitwidth 16, samplerate 48000 channels 2, backend_idx 0 usecase = 0 device (speaker)
07-27 11:20:15.797 D/msm8974_platform( 711): platform_split_snd_device: snd_device(2) num devices(1) new_snd_devices(0)
07-27 11:20:15.797 I/msm8974_platform( 711): platform_check_and_set_codec_backend_cfg: new_snd_devices[0] is 2
07-27 11:20:15.797 I/msm8974_platform( 711): platform_check_codec_backend_cfg:becf: afe: bitwidth 16, samplerate 48000 channels 2, backend_idx 0 usecase = 0 device (speaker)
07-27 11:20:15.797 D/msm8974_platform( 711): platform_check_codec_backend_cfg:becf: afe: playback on codec device not supporting native playback set default Sample Rate(48k)
07-27 11:20:15.797 I/msm8974_platform( 711): platform_check_codec_backend_cfg:becf: afe: Codec selected backend: 0 updated bit width: 16 and sample rate: 48000
07-27 11:20:15.797 D/audio_hw_primary( 711): check_usecases_codec_backend:becf: force routing 0
07-27 11:20:15.797 E/msm8974_platform( 711): platform_check_backends_match: Invalid snd_device =
07-27 11:20:15.797 D/audio_hw_primary( 711): check_usecases_codec_backend:becf: (63) check_usecases curr device: speaker, usecase device: backends match 0
07-27 11:20:15.797 D/audio_hw_primary( 711): check_usecases_codec_backend:becf: check_usecases num.of Usecases to switch 0
07-27 11:20:15.797 D/hardware_info( 711): hw_info_append_hw_type : device_name = speaker
07-27 11:20:15.797 D/msm8974_platform( 711): platform_split_snd_device: snd_device(2) num devices(0) new_snd_devices(0)
07-27 11:20:15.797 D/audio_hw_primary( 711): enable_snd_device: snd_device(2: speaker)
07-27 11:20:15.797 D/audio_route( 711): Apply path: speaker
07-27 11:20:15.797 D/knowles_util( 711): +turnBypassON+
07-27 11:20:15.797 D/knowles_util( 711): -turnBypassON-
07-27 11:20:15.797 D/knowles_util( 711): +ifSpeakerSetBargein+
07-27 11:20:15.797 D/knowles_util( 711): BARGEIN ifSpeakerSetBargein , snd_device = 2
07-27 11:20:15.797 D/knowles_util( 711): -ifSpeakerSetBargein-
07-27 11:20:15.797 D/audio_hw_utils( 711): audio_extn_utils_send_app_type_cfg: usecase->out_snd_device speaker
07-27 11:20:15.797 D/msm8974_platform( 711): platform_split_snd_device: snd_device(2) num devices(0) new_snd_devices(0)
07-27 11:20:15.797 D/AudioFlinger( 1196): socketSendString +++
07-27 11:20:15.797 D/audio_hw_utils( 711): audio_extn_btsco_get_sample_rate:Not a BT SCO device, need not update sampling rate
07-27 11:20:15.797 I/audio_hw_utils( 711): send_app_type_cfg_for_device PLAYBACK app_type 69936, acdb_dev_id 15, sample_rate 48000, snd_device_be_idx 45
07-27 11:20:15.798 D/msm8974_platform( 711): platform_split_snd_device: snd_device(2) num devices(1) new_snd_devices(0)
07-27 11:20:15.798 D/ACDB-LOADER( 711): ACDB -> send_audio_cal, acdb_id = 15, path = 0, app id = 0x11130, sample rate = 48000
07-27 11:20:15.798 D/ACDB-LOADER( 711): ACDB -> send_asm_topology
07-27 11:20:15.798 D/ACDB-LOADER( 711): ACDB -> ACDB_CMD_GET_AUDPROC_STREAM_TOPOLOGY_ID
07-27 11:20:15.798 D/ACDB-LOADER( 711): ACDB -> send_adm_topology
07-27 11:20:15.799 D/ACDB-LOADER( 711): ACDB -> ACDB_CMD_GET_AUDPROC_COMMON_TOPOLOGY_ID
07-27 11:20:15.799 D/ACDB-LOADER( 711): ACDB -> send_audtable
07-27 11:20:15.799 D/ACDB-LOADER( 711): ACDB -> ACDB_CMD_GET_AUDPROC_COMMON_TABLE_SIZE
07-27 11:20:15.799 D/ACDB-LOADER( 711): ACDB -> ACDB_CMD_GET_AUDPROC_COMMON_TABLE
07-27 11:20:15.799 D/ACDB-LOADER( 711): ACDB -> AUDIO_SET_AUDPROC_CAL
07-27 11:20:15.799 D/ACDB-LOADER( 711): ACDB -> send_audvoltable
07-27 11:20:15.799 D/ACDB-LOADER( 711): ACDB -> ACDB_CMD_GET_AUDPROC_VOL_STEP_TABLE_SIZE
07-27 11:20:15.799 D/ACDB-LOADER( 711): ACDB -> ACDB_CMD_GET_AUDPROC_GAIN_DEP_STEP_TABLE, vol index 5
07-27 11:20:15.799 D/ ( 711): Failed to fetch the lookup information of the device 0000000F
07-27 11:20:15.799 D/DiracDetectSceneService( 3517): +new tast
07-27 11:20:15.799 E/ACDB-LOADER( 711): Error: ACDB AudProc vol returned = -19
07-27 11:20:15.799 D/ACDB-LOADER( 711): ACDB -> AUDIO_SET_VOL_CAL cal type = 12
07-27 11:20:15.799 D/ACDB-LOADER( 711): ACDB -> ACDB_CMD_GET_AUDPROC_STREAM_TABLE_SIZE
07-27 11:20:15.799 D/ACDB-LOADER( 711): ACDB -> send_audstrmtable
07-27 11:20:15.799 D/ACDB-LOADER( 711): ACDB -> ACDB_CMD_GET_AUDPROC_STREAM_TABLE_V2
07-27 11:20:15.799 D/ACDB-LOADER( 711): ACDB -> audstrm_cal->cal_type.cal_data.cal_size = 488
07-27 11:20:15.799 D/ACDB-LOADER( 711): ACDB -> send_afe_topology
07-27 11:20:15.799 D/ACDB-LOADER( 711): ACDB -> ACDB_CMD_GET_AFE_TOPOLOGY_ID
07-27 11:20:15.799 D/ACDB-LOADER( 711): ACDB -> GET_AFE_TOPOLOGY_ID for adcd_id 15, Topology Id 1001025e
07-27 11:20:15.799 D/ACDB-LOADER( 711): ACDB -> send_afe_cal
07-27 11:20:15.799 D/ACDB-LOADER( 711): ACDB -> ACDB_CMD_GET_AFE_COMMON_TABLE_SIZE
07-27 11:20:15.799 D/ACDB-LOADER( 711): ACDB -> ACDB_CMD_GET_AFE_COMMON_TABLE
07-27 11:20:15.799 W/VideoCapabilities(26715): Unrecognized profile 2130706433 for video/avc
07-27 11:20:15.799 D/ACDB-LOADER( 711): ACDB -> AUDIO_SET_AFE_CAL
07-27 11:20:15.799 D/ACDB-LOADER( 711): ACDB -> send_hw_delay : acdb_id = 15 path = 0
07-27 11:20:15.799 D/ACDB-LOADER( 711): ACDB -> ACDB_AVSYNC_INFO: ACDB_CMD_GET_DEVICE_PROPERTY
07-27 11:20:15.799 W/VideoCapabilities(26715): Unrecognized profile 2130706434 for video/avc
07-27 11:20:15.799 D/DiracDetectSceneService( 3517): -new tast
07-27 11:20:15.799 D/audio_hw_primary( 711): enable_audio_route: apply mixer and update path: deep-buffer-playback speaker
07-27 11:20:15.799 D/audio_route( 711): Apply path: deep-buffer-playback speaker
07-27 11:20:15.799 D/DiracDetectSceneService( 3517): Task.run, effectenable = true
07-27 11:20:15.800 D/AudioFlinger( 1196): getActiveAudioPids pids = :26715
07-27 11:20:15.800 D/DiracDetectSceneService( 3517): checkAndSetDirac : activeAudioPids = :26715
07-27 11:20:15.800 D/DiracDetectSceneService( 3517): +activePidList = [26715]
07-27 11:20:15.801 D/AudioFlinger( 1196): socketSendString ---
07-27 11:20:15.801 E/msm8974_platform( 711): platform_get_snd_device_acdb_id: Invalid snd_device = 0
07-27 11:20:15.801 D/audio_hw_primary( 711): select_devices: acdb_id_in: -22 acdb_id_out: 15
07-27 11:20:15.801 D/audio_hw_primary( 711): select_devices: done
07-27 11:20:15.801 I/MediaCodec(26715): configure()
07-27 11:20:15.801 I/MediaCodec(26715): Video encode Width is = 1920 ,Height = 1080 ,isEncoder = 0 ,videobitrate = 1920
07-27 11:20:15.801 D/SurfaceUtils(26715): connecting to surface 0xc6dfe008, reason connectToSurface
07-27 11:20:15.801 I/MediaCodec(26715): [OMX.qcom.video.decoder.avc] setting surface generation to 27356161
07-27 11:20:15.801 D/SurfaceUtils(26715): disconnecting from surface 0xc6dfe008, reason connectToSurface(reconnect)
07-27 11:20:15.801 D/SurfaceUtils(26715): connecting to surface 0xc6dfe008, reason connectToSurface(reconnect)
07-27 11:20:15.801 I/ACodec (26715): configureCodec() mime = video/avc
07-27 11:20:15.802 E/OMX-VDEC-1080P( 1215): Enable/Disable allocate-native-handle allowed only on input port!
07-27 11:20:15.802 E/OMX-VDEC-1080P( 1215): set_parameter: Error: 0x80001019, setting param 0x7f00005d
07-27 11:20:15.802 E/OMXNodeInstance( 1215): setParameter(0xe2a8ef04:qcom.decoder.avc, OMX.google.android.index.allocateNativeHandle(0x7f00005d): Output:1 en=0) ERROR: UnsupportedSetting(0x80001019)
07-27 11:20:15.802 E/OMX-VDEC-1080P( 1215): Extension: OMX.google.android.index.storeANWBufferInMetadata not implemented
07-27 11:20:15.802 I/ExtendedACodec(26715): setupVideoDecoder()
07-27 11:20:15.804 E/OMX-VDEC-1080P( 1215): Extension: OMX.google.android.index.storeANWBufferInMetadata not implemented
07-27 11:20:15.804 E/OMX-VDEC-1080P( 1215): Extension: OMX.google.android.index.configureVideoTunnelMode not implemented
07-27 11:20:15.804 E/OMX-VDEC-1080P( 1215): Extension: OMX.google.android.index.useAndroidNativeBuffer is supported
07-27 11:20:15.804 I/ExtendedACodec(26715): Decoder will be in frame by frame mode
07-27 11:20:15.804 E/OMX-VDEC-1080P( 1215): Setparameter: unknown param 2130706434
07-27 11:20:15.804 E/OMX-VDEC-1080P( 1215): set_parameter: Error: 0x8000101a, setting param 0x7f000002
07-27 11:20:15.804 E/OMXNodeInstance( 1215): setParameter(0xe2a8ef04:qcom.decoder.avc, ??(0x7f000002)) ERROR: UnsupportedIndex(0x8000101a)
07-27 11:20:15.804 W/ExtendedACodec(26715): Failed to set frame packing format on component
07-27 11:20:15.805 D/DiracDetectSceneService( 3517): +activeAudioAppList = [com.yishouapp.fumi]
07-27 11:20:15.805 D/DiracDetectSceneService( 3517): isInMusicAppList appName:com.yishouapp.fumi
07-27 11:20:15.805 D/DiracDetectSceneService( 3517): isInVideoAppList appName:com.yishouapp.fumi
07-27 11:20:15.805 D/DiracDetectSceneService( 3517): isInGameAppList appName:com.yishouapp.fumi
07-27 11:20:15.805 D/OppoDiracService( 3517): commonDiracToast str = this app not in list, Service Close Dirac
07-27 11:20:15.805 D/DiracDetectSceneService( 3517): this case is not in app list
07-27 11:20:15.805 D/OppoDiracService( 3517): setDiracEffectInternal ++++ enable = false mode = NONE mSceneMode:MUSIC
07-27 11:20:15.805 D/OppoDiracService( 3517): isHeadsetOn mWiredHeadsetOn:false mA2dpConnected:false
07-27 11:20:15.805 D/OppoDiracService( 3517): isHeadsetOn mWiredHeadsetOn:false mA2dpConnected:false
07-27 11:20:15.805 D/OppoDiracService( 3517): setDiracEffectInternal --- Dirac internal already disabled
07-27 11:20:15.806 E/OMX-VDEC-1080P( 1215): Does not handle dataspace request
07-27 11:20:15.806 E/OMXNodeInstance( 1215): getConfig(0xe2a8ef04:qcom.decoder.avc, ??(0x7f000062)) ERROR: UnsupportedSetting(0x80001019)
07-27 11:20:15.808 E/OMXNodeInstance( 1215): getParameter(0xe2a8ef04:qcom.decoder.avc, ??(0x7f000060)) ERROR: UnsupportedIndex(0x8000101a)
07-27 11:20:15.808 W/ExtendedACodec(26715): getParameter for input extradata failed
07-27 11:20:15.813 I/MediaCodec(26715): Video start()
07-27 11:20:15.816 W//system/bin/hw/android.hidl.allocator@1.0-service( 710): ashmem_create_region(7077888) returning hidl_memory(0x75cda2c520, 7077888)
07-27 11:20:15.824 I/chatty ( 710): uid=1000(system) allocator@1.0-s identical 2 lines
07-27 11:20:15.826 W//system/bin/hw/android.hidl.allocator@1.0-service( 710): ashmem_create_region(7077888) returning hidl_memory(0x75cda2c520, 7077888)
07-27 11:20:15.828 E/OMX-VDEC-1080P( 1215): Extension: OMX.google.android.index.AndroidNativeBufferConsumerUsage not implemented
07-27 11:20:15.829 D/SurfaceUtils(26715): set up nativeWindow 0xc6dfe008 for 1920x1080, color 0x7fa30c06, rotation 0, usage 0x20002900
07-27 11:20:15.837 W/GrallocMapperPassthrough(26715): buffer descriptor with invalid usage bits 0x2000
07-27 11:20:15.851 I/chatty (26715): uid=10231(com.yishouapp.fumi) identical 4 lines
07-27 11:20:15.853 W/GrallocMapperPassthrough(26715): buffer descriptor with invalid usage bits 0x2000
07-27 11:20:15.867 D/msm8974_platform( 711): platform_set_channel_map mixer_ctl_name:Playback Channel Map0
07-27 11:20:15.868 D/msm8974_platform( 711): platform_set_channel_map: set mapping(1 2 0 0 0 0 0 0) for channel:2
07-27 11:20:15.868 D/knowles_util( 711): +onPlayStartUpdateBaregein+
07-27 11:20:15.868 D/knowles_util( 711): BARGEIN onPlayStartUpdateBaregein : usecase = 0
07-27 11:20:15.868 E/knowles_util( 711): BARGEIN onPlayStartUpdateBaregein = its not touchtone
07-27 11:20:15.868 D/knowles_util( 711): setBargeinStatus = 1 1
07-27 11:20:15.868 D/knowles_st_hal( 711): ### +stdev_set_bargein+ 1 ###
07-27 11:20:15.868 D/knowles_st_hal( 711): stdev_set_bargein pthread_mutex_lock(&stdev->set_bargein_lock);
07-27 11:20:15.868 D/knowles_st_hal( 711): +start_bargein+
07-27 11:20:15.868 D/knowles_st_hal( 711): +event_handler+ event(1)
07-27 11:20:15.868 D/knowles_st_hal( 711): +bargein_event_handler+ event(1) bargeinState(0)
07-27 11:20:15.868 D/knowles_st_hal( 711): bargein_event_handler BARGEIN_STOPPED_STATE
07-27 11:20:15.868 D/knowles_st_hal( 711): bargein_event_handler receive evt :START_BARGEIN_EVT
07-27 11:20:15.868 D/knowles_st_hal( 711): +start_bargein_timer+
07-27 11:20:15.868 D/knowles_st_hal( 711): start_bargein_timer, Timer started
07-27 11:20:15.868 D/knowles_st_hal( 711): -start_bargein_timer-
07-27 11:20:15.868 D/knowles_st_hal( 711): bargein_event_handler timer_lock released (0)
07-27 11:20:15.868 D/knowles_st_hal( 711): -bargein_event_handler- event(1)
07-27 11:20:15.868 D/knowles_st_hal( 711): -event_handler- event(1)
07-27 11:20:15.868 D/knowles_st_hal( 711): -start_bargein-
07-27 11:20:15.868 D/knowles_st_hal( 711): BARGEIN isTimerBargein = 1, isCvq = 0
07-27 11:20:15.868 D/knowles_st_hal( 711): ### -stdev_set_bargein- 1 ###
07-27 11:20:15.868 D/knowles_util( 711): -setBargeinStatus-
07-27 11:20:15.868 D/knowles_util( 711): -onPlayStartUpdateBaregein-
07-27 11:20:15.869 D/audio_hw_primary( 711): start_output_stream: exit
07-27 11:20:15.869 W/GrallocMapperPassthrough(26715): buffer descriptor with invalid usage bits 0x2000
07-27 11:20:15.869 D/msm8974_platform( 711): platform_split_snd_device: snd_device(2) num devices(1) new_snd_devices(0)
07-27 11:20:15.871 W/GrallocMapperPassthrough(26715): buffer descriptor with invalid usage bits 0x2000
07-27 11:20:15.873 W/GrallocMapperPassthrough(26715): buffer descriptor with invalid usage bits 0x2000
07-27 11:20:15.881 E/OMX-VDEC-1080P( 1215): Does not handle dataspace request
07-27 11:20:15.881 E/OMXNodeInstance( 1215): getConfig(0xe2a8ef04:qcom.decoder.avc, ??(0x7f000062)) ERROR: UnsupportedSetting(0x80001019)
07-27 11:20:15.883 W/GrallocMapperPassthrough(26715): buffer descriptor with invalid usage bits 0x2000
07-27 11:20:15.885 I/chatty (26715): uid=10231(com.yishouapp.fumi) identical 1 line
07-27 11:20:15.891 W/GrallocMapperPassthrough(26715): buffer descriptor with invalid usage bits 0x2000
07-27 11:20:15.894 E/OMX-VDEC-1080P( 1215): Extension: OMX.QTI.index.config.video.getdsmode not implemented
07-27 11:20:15.895 W/GrallocMapperPassthrough(26715): buffer descriptor with invalid usage bits 0x2000
07-27 11:20:15.900 W/GrallocMapperPassthrough(26715): buffer descriptor with invalid usage bits 0x2000
07-27 11:20:15.908 I/MSF.C.NetConnTag(23909): netRecv ssoSeq:1927989950 uin:*4102 cmd:im_open_push.msg_push 1927990302
07-27 11:20:15.919 D/MSF.C.MsfCore(23909): service recv msg . ssoCmd:im_open_push.msg_push ssoSeq:1927989950
07-27 11:20:15.922 D/MSF.C.PushManager(23909): recv push com.yishouapp.fumi FromServiceMsg msName:onRecvPushMsg ssoSeq:1927989950 failCode:1000 errorMsg: uin:144115213350774102 serviceCmd:im_open_push.msg_push appId:-1 appSeq:1927989950
07-27 11:20:15.922 D/MSF.S.AppProcessManager(23909): service add queue last:1564197615922|im_open_push.msg_push|1927989950
07-27 11:20:15.923 I/MSF.S.AppProcessManager(23909): boot proccesscom.yishouapp.fumi from:144115213350774102:onRecvPushMsg:im_open_push.msg_push
07-27 11:20:15.929 D/MSF.S.Util(23909): send bootAction com.tencent.qalsdk.broadcast.qal for com.yishouapp.fumi uin:userid_1898141 istatus:11
07-27 11:20:15.941 D/QALBroadcastReceiver(26715): userid:userid_1898141 cmd:im_open_push.msg_push
07-27 11:20:15.948 E/MSF.C.MsfCore(26715): system load so library succ!
07-27 11:20:15.953 D/QALBroadcastReceiver(26715): offline push come,no callback
07-27 11:20:15.954 I/Choreographer(26715): Skipped 1 frames! The application may be doing too much work on its main thread.
07-27 11:20:15.964 D/AudioFlinger( 1196): mixer(0xe9283100) throttle end: throttle time(47)
07-27 11:20:16.289 E/OppoThermalService( 1699): Could not open ''
07-27 11:20:16.289 I/chatty ( 1699): uid=1000(system) Binder:1699_1C identical 1 line
07-27 11:20:16.289 E/OppoThermalService( 1699): Could not open ''
07-27 11:20:16.956 E/ANDR-PERF-OPTSHANDLER( 736): Max bounds check failed
07-27 11:20:16.957 E/ANDR-PERF-OPTSHANDLER( 736): Error! Perflock failed, invalid request value 49
07-27 11:20:16.957 E/ANDR-PERF-RESOURCEQS( 736): Failed to apply optimization [6, 0]
07-27 11:20:16.966 I/Choreographer(26715): Skipped 1 frames! The application may be doing too much work on its main thread.
07-27 11:20:17.961 E/ANDR-PERF-RESOURCEQS( 736): Failed to reset optimization [3, 0]
07-27 11:20:18.868 D/knowles_st_hal( 711): ### +bargein_timeout_thread_func+ ###
07-27 11:20:18.869 D/knowles_st_hal( 711): +bargein_event_handler+ event(2) bargeinState(2)
07-27 11:20:18.869 D/knowles_st_hal( 711): bargein_event_handler START_TIMER_RUNNING_STATE
07-27 11:20:18.869 D/knowles_st_hal( 711): bargein_event_handler receive evt :TIMEOUT_EVT
07-27 11:20:18.869 D/knowles_st_hal( 711): bargein_event_handler timer_lock released (1)
07-27 11:20:18.869 D/knowles_st_hal( 711): ### +set_bargein+ 1 ###
07-27 11:20:18.869 D/knowles_st_hal( 711): BARGEIN isBargein = 1, isCvq = 0
07-27 11:20:18.869 D/knowles_st_hal( 711): ### -set_bargein- 1 ###
07-27 11:20:18.869 D/knowles_st_hal( 711): -bargein_event_handler- event(2)
07-27 11:20:18.869 D/knowles_st_hal( 711): ### -bargein_timeout_thread_func- ###
07-27 11:20:18.905 I/elsa ( 8312): addCgroupTask, TASK_PID, add the uid: 10231 pid:26968 to cgroup /dev/cpuset
07-27 11:20:18.931 I/System.out(26715): Return============ ping
07-27 11:20:18.932 I/Return===状态(26715): faild
07-27 11:20:19.002 D/uploadDeviceInfo(26715): http://api.yishouapp.com/users/upload_device_info
07-27 11:20:19.002 D/uploadDeviceInfo(26715): {"unique_device":"867871040465094","_abtest":"1","app_version":"4.3.0","device_id":"1692458","plat_type":"Android","channel":"yishou","version_code":"430","t_t":"1564197618","version":"27","yishou_channel":"yishou","token":"c73cd61253f12578927e4cd14e8e4f75","uid":"1898141","version_name":"4.3.0","system_type":"android","system_version":"8.1.0","model":"PBEM00","udid":"7ad5a76f-5add-4b35-8191-13d25815b6ef_ys"}
07-27 11:20:19.002 D/uploadDeviceInfo(26715): {"code":"200","msg":"success","data":[]}
07-27 11:20:19.075 D/fetchDeviceInfoAndSaveToLocal(26715): http://api.yishouapp.com/users/get_device_info
07-27 11:20:19.075 D/fetchDeviceInfoAndSaveToLocal(26715): {"uid":"1898141","version_name":"4.3.0","_abtest":"1","plat_type":"Android","version_code":"430","t_t":"1564197619","model":"PBEM00","udid":"7ad5a76f-5add-4b35-8191-13d25815b6ef_ys","version":"27","token":"c73cd61253f12578927e4cd14e8e4f75"}
07-27 11:20:19.075 D/fetchDeviceInfoAndSaveToLocal(26715): {"code":"200","msg":"success","data":[{"device_id":"1589498","user_id":"1898141","system_type":"android","app_version":"3.9.0","model":"EDI-AL10","channel":"yishou","unique_device":"863455039257870","add_time":"1557295411","update_time":"1560760681","system_version":"8.0.0","is_prison_break":"0","yishou_channel":"yishou","sub_channel":""},{"device_id":"1602589","user_id":"1898141","system_type":"ios","app_version":"4.0.0","model":"iPhone 6 Plus","channel":"AppStore","unique_device":"DC629352-361A-4077-BA3A-71DBF548153A","add_time":"1557750391","update_time":"1562314688","system_version":"9.3.5","is_prison_break":"0","yishou_channel":"com.FuMi.YiSho","sub_channel":""},{"device_id":"1605974","user_id":"1898141","system_type":"android","app_version":"3.6.0","model":"Redmi 5 Plus","channel":"xiaomi","unique_device":"868208039240122","add_time":"1557875788","update_time":"1557875922","system_version":"7.1.2","is_prison_break":"0","yishou_channel":"xiaomi","sub_channel":""},{"device_id":"1619612","user_id":"1898141","system_type":"ios","app_version":"3.7.0","model":"iPhone 6s","channel":"AppStore","unique_device":"0B511923-1282-4C0E-9F9A-55E286DFA8C2","add_time":"1558357340","update_time":"0","system_version":"12.1.2","is_prison_break":"0","yishou_channel":"AppStore","sub_channel":""},{"device_id":"1642737","user_id":"1898141","system_type":"ios","app_version":"3.9.0","model":"iPhone 6","channel":"AppStore","unique_device":"BA85DFA8-CD64-4BD0-BD35-146983853207","add_time":"1559186239","update_time":"1561537069","system_version":"8.4.1","is_prison_break":"0","yishou_channel":"AppStore","sub_channel":""},{"device_id":"1678971","user_id":"1898141","system_type":"android","app_version":"3.9.0","model":"OPPO A59s","channel":"yishou","unique_device":"862986037919211","add_time":"1560577446","update_time":"1560594268","system_version":"5.1","is_prison_break":"0","yishou_channel":"yishou","sub_channel":""},{"device_id":"1679046","user_id":"1898141","system_type":"ios","app_version":"4.1.0","model":"iPhone X","channel":"AppStore","unique_device":"0A7F6BA8-4385-438E-9809-90807C77FFB6","add_time":"1560579580","update_time":"1563373009","system_version":"11.3.1","is_prison_break":"0","yishou_channel":"AppStore","sub_channel":""},{"device_id":"1682813","user_id":"1898141","system_type":"android","app_version":"4.0.0","model":"vivo X9","channel":"yishou","unique_device":"864555032363119","add_time":"1560736261","update_time":"1561624217","system_version":"7.1.2","is_prison_break":"0","yishou_channel":"yishou","sub_channel":""},{"device_id":"1683548","user_id":"1898141","system_type":"ios","app_version":"3.8.1","model":"iPhone 6","channel":"AppStore","unique_device":"B9A53E87-E8D7-4189-BD6E-F3682676BEA4","add_time":"1560755619","update_time":"1560997109","system_version":"10.2","is_prison_break":"0","yishou_channel":"AppStore","sub_channel":""},{"device_id":"1692458","user_id":"1898141","system_type":"android","app_version":"4.3.0","model":"PBEM00","channel":"yishou","unique_device":"867871040465094","add_time":"1561084996","update_time":"1564197618","system_version":"8.1.0","is_prison_break":"0","yishou_channel":"yishou","sub_channel":""},{"device_id":"1706285","user_id":"1898141","system_type":"ios","app_version":"4.0.0","model":"iPhone 6","channel":"AppStore","unique_device":"0B717026-5D55-45C1-9FAA-1FA116B75A1E","add_time":"1561624038","update_time":"1562314017","system_version":"10.2","is_prison_break":"0","yishou_channel":"com.FuMi.YiSho","sub_channel":""},{"device_id":"1722768","user_id":"1898141","system_type":"ios","app_version":"4.0.0","model":"iPhone 6","channel":"AppStore","unique_device":"2DFBDEC2-B6F2-4711-9D41-22A044E9A462","add_time":"1562297276","update_time":"0","system_version":"9.2","is_prison_break":"0","yishou_channel":"com.FuMi.YiSho","sub_channel":""},{"device_id":"1723168","user_id":"1898141","system_type":"ios","app_version":"4.0.0","model":"iPhone 6","channel":"AppStore","unique_device":"A19FDEA0-BC18-4CC5-A549-B6F8BB9E65EB","add_time":"1562307646","update
07-27 11:20:19.979 E/ANDR-PERF-OPTSHANDLER( 736): Max bounds check failed
07-27 11:20:19.979 E/ANDR-PERF-OPTSHANDLER( 736): Error! Perflock failed, invalid request value 49
07-27 11:20:19.979 E/ANDR-PERF-RESOURCEQS( 736): Failed to apply optimization [6, 0]
07-27 11:20:20.981 E/ANDR-PERF-RESOURCEQS( 736): Failed to reset optimization [3, 0]
07-27 11:20:21.404 E/OppoThermalService( 1699): Could not open ''
07-27 11:20:21.405 I/chatty ( 1699): uid=1000(system) Binder:1699_20 identical 1 line
07-27 11:20:21.405 E/OppoThermalService( 1699): Could not open ''
07-27 11:20:22.783 D/RUtils (17816): isRUtilsEnable oppo.service.rutils.enable = 0!
07-27 11:20:22.784 D/RUtils (17816): setRutilsEnable times == 0
07-27 11:20:22.784 D/RUtils (17816): mActivitymanager != null setRutilsEnable!
07-27 11:20:22.830 I/rutils (26978): BpServiceManager->addService
07-27 11:20:22.830 I/rutils (26978): ServiceManager:0x79eda3f200
07-27 11:20:22.830 I/rutils (26978): RUtils init
07-27 11:20:22.831 D/rutils (26978): workthread procMonitor begin to run, processName = rutilsdaemon!
07-27 11:20:22.831 D/rutils (26978): nR = 0
07-27 11:20:22.841 D/RUtils (17816): isRUtilsEnable oppo.service.rutils.enable = 1!
07-27 11:20:22.841 D/RUtils (17816): waitForRUtilsEnable OK!
07-27 11:20:22.841 E/ (17816): android_rutils_RUtils :: bArrSize = 51
07-27 11:20:22.870 D/RUtils (17816): isRUtilsEnable oppo.service.rutils.enable = 1!
07-27 11:20:22.870 D/RUtils (17816): waitForRUtilsEnable OK!
07-27 11:20:22.870 E/ (17816): android_rutils_RUtils :: bArrSize = 64
07-27 11:20:22.900 D/RUtils (17816): isRUtilsEnable oppo.service.rutils.enable = 1!
07-27 11:20:22.900 D/RUtils (17816): waitForRUtilsEnable OK!
07-27 11:20:22.900 E/ (17816): android_rutils_RUtils :: bArrSize = 49
07-27 11:20:22.928 I/QualityProtectService(17816): EAP_LOG:eap_log_crash
07-27 11:20:22.929 I/QualityProtectService(17816): keep service alive
07-27 11:20:22.993 E/ANDR-PERF-OPTSHANDLER( 736): Max bounds check failed
07-27 11:20:22.994 E/ANDR-PERF-OPTSHANDLER( 736): Error! Perflock failed, invalid request value 49
07-27 11:20:22.994 E/ANDR-PERF-RESOURCEQS( 736): Failed to apply optimization [6, 0]
07-27 11:20:23.061 E/MSM-irqbalance( 1484): IRQ 136 not found in internal structure or should be ignored
07-27 11:20:23.442 I/OppoScene-NearbyPoiSceneService( 6535): updateDataJob begin, dataSource = 0; synthesis = 0; mScreenOn = true
07-27 11:20:23.442 I/OppoScene-PoiSceneUtils( 6535): checkResidentShop end, result = false; step - stepThree = 0 ## stepSecond = 509 & stepThree = 509& stepCur = 509
07-27 11:20:23.443 I/OppoScene-NearbyPoiSceneService( 6535): sendPoiInfoUpdate sendEmptyMessageDelayed; reportTime = 10000; true; true; true
07-27 11:20:23.998 E/ANDR-PERF-RESOURCEQS( 736): Failed to reset optimization [3, 0]
07-27 11:20:25.777 D/ (26715): PlayerBase::stop() from IPlayer
07-27 11:20:25.777 D/AudioTrack(26715): stop() output 21 stream 3 session 609 state 0
07-27 11:20:25.777 D/AudioTrack(26715): stop() called with 482422 frames delivered
07-27 11:20:25.780 D/AudioTrack(26715): flush() output 21 stream 3 session 609 state 1
07-27 11:20:25.781 V/MediaRouterService( 1699): restoreBluetoothA2dp(false)
07-27 11:20:25.783 D/AudioPolicyManagerCustom( 1196): setForceUse() usage 1, config 10, mPhoneState 0
07-27 11:20:25.932 D/LocalSocketClient( 1196): sendMessage info 2:609,3 info length 7
07-27 11:20:25.935 D/LocalSocketClient( 1196): sendMessage end
07-27 11:20:25.937 D/LocalSocketServer( 1699): new client coming !
07-27 11:20:25.938 D/LocalSocketServer( 1699): wait for new client coming !
07-27 11:20:25.940 D/LocalSocketServer( 1699): readBytes = 7
07-27 11:20:25.940 D/LocalSocketServer( 1699): ClientSocket read info = 2:609,3
07-27 11:20:25.969 D/APM_AudioPolicyManager( 1196): stopOutput() output 21, stream 3, session 609
07-27 11:20:25.969 D/APM_AudioPolicyManager( 1196): setOutputDevice() output 21 device 0000 force 0 delayMs 160
07-27 11:20:25.970 W/AudioFlinger( 1196): moveEffectChain_l() effect chain for session 0 not on source thread 0xe9283100
07-27 11:20:26.001 E/ANDR-PERF-OPTSHANDLER( 736): Max bounds check failed
07-27 11:20:26.001 E/ANDR-PERF-OPTSHANDLER( 736): Error! Perflock failed, invalid request value 49
07-27 11:20:26.001 E/ANDR-PERF-RESOURCEQS( 736): Failed to apply optimization [6, 0]
07-27 11:20:27.003 E/ANDR-PERF-RESOURCEQS( 736): Failed to reset optimization [3, 0]
07-27 11:20:27.308 E/OppoThermalService( 1699): Could not open ''
07-27 11:20:27.309 I/chatty ( 1699): uid=1000(system) Binder:1699_15 identical 1 line
07-27 11:20:27.309 E/OppoThermalService( 1699): Could not open ''
07-27 11:20:27.884 I/SocketReaderNew( 6366): SocketReader(2368) continue
07-27 11:20:27.885 D/MSF.C.NetConnTag( 6366): MsfCoreSocketReaderNew closeConn readError
07-27 11:20:27.891 D/MSF.C.NetConnTag( 6366): conn is already closed on readError
07-27 11:20:27.893 W/System.err( 6366): java.net.SocketException: Socket is closed
07-27 11:20:27.893 W/System.err( 6366): at java.net.Socket.getSoTimeout(Socket.java:1191)
07-27 11:20:27.893 W/System.err( 6366): at com.tencent.qphone.base.util.MsfSocketInputBuffer.isDataAvailable(MsfSocketInputBuffer.java:71)
07-27 11:20:27.894 W/System.err( 6366): at com.tencent.mobileqq.msf.core.net.l$b.run(SocketEngine.java:525)
07-27 11:20:27.894 I/SocketReaderNew( 6366): SocketReader(2368) wait
07-27 11:20:28.812 D/audio_hw_primary( 711): out_standby: enter: stream (0xed51d000) usecase(0: deep-buffer-playback)
07-27 11:20:28.812 D/knowles_util( 711): +onPlayStopUpdateBaregein+
07-27 11:20:28.812 D/knowles_util( 711): BARGEIN onPlayStopUpdateBaregein : out->dev->isPlaying = 0, out->dev->isSpeakerSelected = 2
07-27 11:20:28.812 D/knowles_util( 711): setBargeinStatus = 0 1
07-27 11:20:28.812 D/knowles_st_hal( 711): ### +stdev_set_bargein+ 0 ###
07-27 11:20:28.812 D/knowles_st_hal( 711): stdev_set_bargein pthread_mutex_lock(&stdev->set_bargein_lock);
07-27 11:20:28.812 D/knowles_st_hal( 711): +stop_bargein+
07-27 11:20:28.812 D/knowles_st_hal( 711): +event_handler+ event(0)
07-27 11:20:28.812 D/knowles_st_hal( 711): +bargein_event_handler+ event(0) bargeinState(1)
07-27 11:20:28.812 D/knowles_st_hal( 711): bargein_event_handler BARGEIN_STARTED_STATE
07-27 11:20:28.812 D/knowles_st_hal( 711): bargein_event_handler receive evt :STOP_BARGEIN_EVT
07-27 11:20:28.813 D/knowles_st_hal( 711): +start_bargein_timer+
07-27 11:20:28.813 D/knowles_st_hal( 711): start_bargein_timer, Timer started
07-27 11:20:28.813 D/knowles_st_hal( 711): -start_bargein_timer-
07-27 11:20:28.813 D/knowles_st_hal( 711): bargein_event_handler timer_lock released (0)
07-27 11:20:28.813 D/knowles_st_hal( 711): -bargein_event_handler- event(0)
07-27 11:20:28.813 D/knowles_st_hal( 711): -event_handler- event(0)
07-27 11:20:28.813 D/knowles_st_hal( 711): -stop_bargein-
07-27 11:20:28.813 D/knowles_st_hal( 711): BARGEIN isTimerBargein = 0, isCvq = 0
07-27 11:20:28.813 D/knowles_st_hal( 711): ### -stdev_set_bargein- 0 ###
07-27 11:20:28.813 D/knowles_util( 711): -setBargeinStatus-
07-27 11:20:28.813 D/knowles_util( 711): -onPlayStopUpdateBaregein-
07-27 11:20:28.968 D/audio_hw_primary( 711): disable_audio_route: reset and update mixer path: deep-buffer-playback speaker
07-27 11:20:28.970 D/hardware_info( 711): hw_info_append_hw_type : device_name = speaker
07-27 11:20:28.970 D/audio_hw_primary( 711): disable_snd_device: snd_device(2: speaker)
07-27 11:20:28.970 D/msm8974_platform( 711): platform_split_snd_device: snd_device(2) num devices(0) new_snd_devices(0)
07-27 11:20:28.970 D/knowles_util( 711): +turnBypassOff+
07-27 11:20:28.970 D/knowles_util( 711): -turnBypassOff-
07-27 11:20:28.970 D/audio_hw_primary( 711): out_standby: exit
07-27 11:20:29.032 E/ANDR-PERF-OPTSHANDLER( 736): Max bounds check failed
07-27 11:20:29.032 E/ANDR-PERF-OPTSHANDLER( 736): Error! Perflock failed, invalid request value 49
07-27 11:20:29.032 E/ANDR-PERF-RESOURCEQS( 736): Failed to apply optimization [6, 0]
07-27 11:20:30.036 E/ANDR-PERF-RESOURCEQS( 736): Failed to reset optimization [3, 0]
07-27 11:20:30.786 D/AudioTrack(26715): stop() output 21 stream 3 session 609 state 4
07-27 11:20:30.787 D/AudioTrack(26715): ~AudioTrack, releasing mStatus =0 session id 609 from 26715 on behalf of 26715
07-27 11:20:30.787 D/AudioTrack(26715): stop() output 21 stream 3 session 609 state 4
07-27 11:20:30.914 W/cr_MediaCodecBridge(26715): Releasing: OMX.qcom.video.decoder.avc
07-27 11:20:30.916 I/MediaCodec(26715): Video release()
07-27 11:20:30.947 I/OMX-VDEC-1080P( 1215): omx_vdec::component_deinit() complete
07-27 11:20:30.952 I/OMX-VDEC-1080P( 1215): Exit OMX vdec Destructor: fd=7
07-27 11:20:30.953 I/OMX-VDEC-1080P( 1215): Video slvp perflock released
07-27 11:20:30.958 D/SurfaceUtils(26715): disconnecting from surface 0xc6dfe008, reason disconnectFromSurface
07-27 11:20:30.961 I/MediaCodec(26715): ~MediaCodec()
07-27 11:20:30.961 W/MediaAnalyticsItem(26715): Unable to record: (codec:0:-1:-11:0:11:android.media.mediacodec.mime=video/avc:android.media.mediacodec.mode=video:android.media.mediacodec.encoder=0:android.media.mediacodec.codec=OMX.qcom.video.decoder.avc:android.media.mediacodec.secure=0:android.media.mediacodec.width=1920:android.media.mediacodec.height=1080:android.media.mediacodec.rotation-degrees=0:android.media.mediacodec.maxwidth=1920:android.media.mediacodec.maxheight=1080:android.media.mediacodec.bytesin=407256:) [forcenew=0]
07-27 11:20:30.961 I/ACodec (26715): ~ACodec()
07-27 11:20:30.963 W/cr_MediaCodecBridge(26715): Codec released
07-27 11:20:31.711 D/ ( 1181): thermal_monitor msm_therm: open fail -1
07-27 11:20:31.813 D/knowles_st_hal( 711): ### +bargein_timeout_thread_func+ ###
07-27 11:20:31.814 D/knowles_st_hal( 711): +bargein_event_handler+ event(2) bargeinState(3)
07-27 11:20:31.814 D/knowles_st_hal( 711): bargein_event_handler STOP_TIMER_RUNNING_STATE
07-27 11:20:31.814 D/knowles_st_hal( 711): bargein_event_handler receive evt :TIMEOUT_EVT
07-27 11:20:31.814 D/knowles_st_hal( 711): bargein_event_handler timer_lock released (1)
07-27 11:20:31.814 D/knowles_st_hal( 711): ### +set_bargein+ 0 ###
07-27 11:20:31.814 D/knowles_st_hal( 711): +disableEchoReference+
07-27 11:20:31.815 D/knowles_st_hal( 711): -disableEchoReference-
07-27 11:20:31.815 D/knowles_st_hal( 711): BARGEIN isBargein = 0, isCvq = 0
07-27 11:20:31.815 D/knowles_st_hal( 711): ### -set_bargein- 0 ###
07-27 11:20:31.815 D/knowles_st_hal( 711): -bargein_event_handler- event(2)
07-27 11:20:31.815 D/knowles_st_hal( 711): ### -bargein_timeout_thread_func- ###
07-27 11:20:32.043 E/ANDR-PERF-MPCTL( 736): Invalid profile no. 0, total profiles 0 only
07-27 11:20:32.044 E/ANDR-PERF-OPTSHANDLER( 736): Max bounds check failed
07-27 11:20:32.044 E/ANDR-PERF-OPTSHANDLER( 736): Error! Perflock failed, invalid request value 49
07-27 11:20:32.044 E/ANDR-PERF-RESOURCEQS( 736): Failed to apply optimization [6, 0]
07-27 11:20:32.448 E/OppoThermalService( 1699): Could not open ''
07-27 11:20:32.448 I/chatty ( 1699): uid=1000(system) Binder:1699_1D identical 1 line
07-27 11:20:32.448 E/OppoThermalService( 1699): Could not open ''
07-27 11:20:32.888 W/Watchdog_N( 1699): !@WatchDog_3388;
07-27 11:20:33.050 E/ANDR-PERF-RESOURCEQS( 736): Failed to reset optimization [3, 0]
07-27 11:20:33.471 I/OppoScene-NearbyPoiSceneService( 6535): updateDataJob begin, dataSource = 0; synthesis = 0; mScreenOn = true
07-27 11:20:33.472 I/OppoScene-PoiSceneUtils( 6535): checkResidentShop end, result = false; step - stepThree = 0 ## stepSecond = 509 & stepThree = 509& stepCur = 509
07-27 11:20:33.473 I/OppoScene-NearbyPoiSceneService( 6535): sendPoiInfoUpdate sendEmptyMessageDelayed; reportTime = 10000; true; true; true
07-27 11:20:35.058 E/ANDR-PERF-MPCTL( 736): Invalid profile no. 0, total profiles 0 only
07-27 11:20:35.059 E/ANDR-PERF-OPTSHANDLER( 736): Max bounds check failed
07-27 11:20:35.059 E/ANDR-PERF-OPTSHANDLER( 736): Error! Perflock failed, invalid request value 49
07-27 11:20:35.059 E/ANDR-PERF-RESOURCEQS( 736): Failed to apply optimization [6, 0]
07-27 11:20:36.064 E/ANDR-PERF-RESOURCEQS( 736): Failed to reset optimization [3, 0]
07-27 11:20:38.066 E/ANDR-PERF-MPCTL( 736): Invalid profile no. 0, total profiles 0 only
07-27 11:20:38.067 E/ANDR-PERF-OPTSHANDLER( 736): Max bounds check failed
07-27 11:20:38.067 E/ANDR-PERF-OPTSHANDLER( 736): Error! Perflock failed, invalid request value 49
07-27 11:20:38.068 E/ANDR-PERF-RESOURCEQS( 736): Failed to apply optimization [6, 0]
07-27 11:20:38.303 E/OppoThermalService( 1699): Could not open ''
07-27 11:20:38.303 I/chatty ( 1699): uid=1000(system) Binder:1699_20 identical 1 line
07-27 11:20:38.303 E/OppoThermalService( 1699): Could not open ''
07-27 11:20:39.079 E/ANDR-PERF-RESOURCEQS( 736): Failed to reset optimization [3, 0]
07-27 11:20:41.094 E/ANDR-PERF-MPCTL( 736): Invalid profile no. 0, total profiles 0 only
07-27 11:20:41.095 E/ANDR-PERF-OPTSHANDLER( 736): Max bounds check failed
07-27 11:20:41.095 E/ANDR-PERF-OPTSHANDLER( 736): Error! Perflock failed, invalid request value 49
07-27 11:20:41.095 E/ANDR-PERF-RESOURCEQS( 736): Failed to apply optimization [6, 0]
07-27 11:20:42.102 E/ANDR-PERF-RESOURCEQS( 736): Failed to reset optimization [3, 0]
07-27 11:20:42.373 E/OppoThermalService( 1699): Could not open ''
07-27 11:20:42.373 I/chatty ( 1699): uid=1000(system) Binder:1699_1 identical 1 line
07-27 11:20:42.373 E/OppoThermalService( 1699): Could not open ''
07-27 11:20:42.498 V/LocSvc_HIDL_IzatProvider( 732): [onLocationChanged][70] [HS] =>>>> [HC]
07-27 11:20:42.500 V/LocSvc_HIDL_IzatProvider_jni( 1699): [onLocationChanged][206] [HC] <<= [HS]
07-27 11:20:43.505 I/OppoScene-NearbyPoiSceneService( 6535): updateDataJob begin, dataSource = 0; synthesis = 0; mScreenOn = true
07-27 11:20:43.505 I/OppoScene-PoiSceneUtils( 6535): checkResidentShop end, result = false; step - stepThree = 0 ## stepSecond = 509 & stepThree = 509& stepCur = 509
07-27 11:20:43.509 I/OppoScene-NearbyPoiSceneService( 6535): sendPoiInfoUpdate sendEmptyMessageDelayed; reportTime = 10000; true; true; true
07-27 11:20:44.102 E/ANDR-PERF-MPCTL( 736): Invalid profile no. 0, total profiles 0 only
07-27 11:20:44.102 E/ANDR-PERF-OPTSHANDLER( 736): Max bounds check failed
