07-27 11:23:13.189 D/jni_imsdk(27310): [19-07-27 11:23:13.189][DEBUG][sso_task.cc:51][operator()][IMCore]sso recv cmd:group_open_svc.get_group_info|rsp:0a06080012026f6b10011ab9020ab6020a0e405447532361364443594437464710001a0c44656661756c7447726f757020bfe0eee90528fdb1fcd5da8080800230aa2a38a087efe905408c2548a087efe90550a883d29b05587160e8076acf017b22676f6f645f6964223a223132333332393831222c22676f6f645f70686f746f223a22687474703a5c2f5c2f696d672e796973686f756170702e636f6d5c2f676f6f64735c2f696d675c2f7265616c5c2f323031395c2f375c2f32345c2f36396535656631653832396563303964376332366563373266613235323439612e6a70673f696d61676556696577325c2f325c2f775c2f3330305c2f685c2f3330305c2f666f726d61745c2f6a70675c2f715c2f37355c2f222c22676f6f645f7072696365223a223135322e3235227d72007a008001028a010a415643686174526f6f6da00100
07-27 11:23:13.189 D/jni_imsdk(27310): [19-07-27 11:23:13.189][INFO][msg.cc:668][MsgNode][IMCore]new MsgNode: 44307|2903746938|1564197793
07-27 11:23:13.189 D/jni_imsdk(27310): [19-07-27 11:23:13.189][DEBUG][sso_task.cc:42][run][IMCore]sso send cmd:openim.pbtinyidtouserid|req:0a0608a883d29b0510fdb1fcd5da80808002
07-27 11:23:13.190 D/jni_imsdk(27310): [19-07-27 11:23:13.190][DEBUG][][imcore_jni]request user: userid_1898141|cmd:openim.pbtinyidtouserid
07-27 11:23:13.191 I/MSF.C.NetConnTag(23909): netRecv ssoSeq:45847 uin:*4102 cmd:im_open_msg.msg_sync 45951
07-27 11:23:13.192 W/MSF.C.PushManager(23909): found not handle push msg FromServiceMsg msName:unknown ssoSeq:45847 failCode:1000 errorMsg: uin:144115213350774102 serviceCmd:im_open_msg.msg_sync appId:-1 appSeq:45847
07-27 11:23:13.193 D/jni_imsdk(27310): [19-07-27 11:23:13.193][DEBUG][][imsdk.IMMsfCoreProxy]request user: userid_1898141|cmd:openim.pbtinyidtouserid|req:0A0608A883D29B0510FDB1FCD5DA80808002
07-27 11:23:13.193 D/QALSDKManager(27310): sendmsg:userid_1898141:openim.pbtinyidtouserid:0
07-27 11:23:13.193 D/jni_imsdk(27310): [19-07-27 11:23:13.193][EVENT][][IMMsgSender]sendmsg cb: com.tencent.imsdk.ac@c355ba9
07-27 11:23:13.193 D/MsfServiceSdk(27310): sdk sendMsg. ssoCmd:openim.pbtinyidtouserid msfCmd:unknown appSeq:64345
07-27 11:23:13.193 D/MSF.D.RemoteServiceProxy(27310): waiteSendSeqSet put:144115213350774102openim.pbtinyidtouserid :-1:64345
07-27 11:23:13.194 D/MsfServiceProxy(27310): send req to msfService:ToServiceMsg msName:unknown ssoSeq:-1 appId:537050853 appSeq:64345 sName:com.tencent.qalsdk.service.QalService uin:144115213350774102 sCmd:openim.pbtinyidtouserid t:10000 needResp:truehttpReq:false
07-27 11:23:13.195 D/paramsStr(27310): uid=1898141&version_name=4.3.0&_abtest=1&plat_type=Android&version_code=430&t_t=1564197793&model=PBEM00&udid=7ad5a76f-5add-4b35-8191-13d25815b6ef_ys&version=27&token=c73cd61253f12578927e4cd14e8e4f75
07-27 11:23:13.195 D/QalService(23909): service rcvmsg. ssoCmd:openim.pbtinyidtouserid msfCmd:unknown appSeq:64345
07-27 11:23:13.195 D/MSF.C.NetConnTag(23909): ping pkg sent, buffer size: 21
07-27 11:23:13.196 D/MSF.C.NetConnTag(23909): add ToServiceMsg msName:qal_Hello ssoSeq:45854 appId:537050853 appSeq:-1 sName: uin:0 sCmd:MSF t:10000 needResp:truehttpReq:false to send
07-27 11:23:13.196 D/MsfServiceProxy(27310): msfProxy onReceiveResp:144115213350774102:group_open_svc.get_group_info :45846:64339
07-27 11:23:13.197 D/MsfServiceProxy(27310): waiteSendSeqSet receiveResp remove:144115213350774102:group_open_svc.get_group_info :45846:64339
07-27 11:23:13.197 D/MsfServiceProxy(27310): onReceiveResp SsoCmd:group_open_svc.get_group_info ssoSeq:45846
07-27 11:23:13.197 D/MsfServiceProxy(27310): sdk add queue req:ToServiceMsg msName:unknown ssoSeq:45846 appId:537050853 appSeq:64339 sName:com.tencent.qalsdk.service.QalService uin:144115213350774102 sCmd:group_open_svc.get_group_info t:10000 needResp:truehttpReq:false from:FromServiceMsg msName:unknown ssoSeq:45846 failCode:1000 errorMsg: uin:144115213350774102 serviceCmd:group_open_svc.get_group_info appId:537050853 appSeq:64339
07-27 11:23:13.197 D/MsfServiceSub(27310): serviceSub add last:1564197793197|group_open_svc.get_group_info|45846
07-27 11:23:13.197 I/CoreWrapper(27310): [CoreWrapper handleRespMsg] recv resp msg:1564197793197|group_open_svc.get_group_info|45846|64339
07-27 11:23:13.197 I/MSF.C.NetConnTag(23909): netSend ssoSeq:45854 appSeq:-1 uin:0 cmd:MSF 45875
07-27 11:23:13.197 D/jni_imsdk(27310): [19-07-27 11:23:13.197][DEBUG][][CoreWrapper][CoreWrapper handleRespMsg] recv resp msg:1564197793197|group_open_svc.get_group_info|45846|64339
07-27 11:23:13.197 D/jni_imsdk(27310): [19-07-27 11:23:13.197][DEBUG][][imsdk.IMMsfCoreProxy]request user: userid_1898141|cmd:group_open_svc.get_group_info|rsp
07-27 11:23:13.198 D/jni_imsdk(27310): [19-07-27 11:23:13.198][INFO][group_manager_proto.cc:1676][operator()][IMCore]ApiCall(group_open_svc.get_group_info) done.
07-27 11:23:13.198 D/jni_imsdk(27310): [19-07-27 11:23:13.198][DEBUG][group_manager_proto.cc:1696][operator()][IMCore]cmd: group_open_svc.get_group_info|rsp: 0a06080012026f6b10091a170a150a0e40544753236136444359443746471000408c25321f0a0e4054475323613644435944374647120d08d6ca8294de80808002208b25
07-27 11:23:13.198 D/jni_imsdk(27310): [19-07-27 11:23:13.198][DEBUG][group_manager_proto.cc:1715][operator()][IMCore]update group seq: @TGS#a6DCYD7FG|svrseq: 4747|readseq: 4747
07-27 11:23:13.198 D/jni_imsdk(27310): [19-07-27 11:23:13.198][INFO][msg.cc:1261][operator()][IMCore]group report: GetMsgSeq
07-27 11:23:13.199 I/MSF.C.NetConnTag(23909): netSend ssoSeq:45853 appSeq:64345 uin:*4102 cmd:openim.pbtinyidtouserid 46177
07-27 11:23:13.202 D/jni_imsdk(27310): [19-07-27 11:23:13.202][DEBUG][sqlite_store.cc:1056][WriteGroupMsgLatestSeq][IMCore]WriteGroupLatestSeq: ret=1, gid=@TGS#a6DCYD7FG, seq=4747
07-27 11:23:13.204 D/jni_imsdk(27310): [19-07-27 11:23:13.204][DEBUG][sqlite_store.cc:1071][WriteGroupMsgReadedSeq][IMCore]WriteGroupReadedSeq: ret=1, gid=@TGS#a6DCYD7FG, seq=4747
07-27 11:23:13.207 I/MSF.C.NetConnTag(23909): netRecv ssoSeq:45849 uin:*4102 cmd:im_open_msg.msg_remove 45945
07-27 11:23:13.208 D/MSF.C.MsfCore(23909): service recv msg . ssoCmd:im_open_msg.msg_remove ssoSeq:45849
07-27 11:23:13.209 D/MSF.S.RespHandler(23909): service getMsfMessagePairs resp:im_open_msg.msg_remove:45849:64342
07-27 11:23:13.209 D/MSF.S.AppProcessManager(23909): service add queue last:1564197793209|im_open_msg.msg_remove|45849
07-27 11:23:13.210 I/MSF.C.NetConnTag(23909): netRecv ssoSeq:45850 uin:*4102 cmd:group_open_svc.get_group_info 46010
07-27 11:23:13.211 D/MSF.C.MsfCore(23909): service recv msg . ssoCmd:group_open_svc.get_group_info ssoSeq:45850
07-27 11:23:13.211 I/MSF.S.AppProcessManager(23909): service send resp :com.yishouapp.fumi| from:144115213350774102|im_open_msg.msg_remove|45849|64342
07-27 11:23:13.212 W/StaticLayout(27310): maxLineHeight should not be -1. maxLines:2 lineCount:2
07-27 11:23:13.212 W/StaticLayout(27310): maxLineHeight should not be -1. maxLines:2 lineCount:2
07-27 11:23:13.212 D/MSF.S.RespHandler(23909): service getMsfMessagePairs resp:group_open_svc.get_group_info:45850:64343
07-27 11:23:13.212 D/MSF.S.AppProcessManager(23909): service add queue last:1564197793212|group_open_svc.get_group_info|45850
07-27 11:23:13.212 I/MSF.C.NetConnTag(23909): netRecv ssoSeq:45852 uin:*4102 cmd:group_open_svc.get_group_info 46284
07-27 11:23:13.213 D/MsfServiceProxy(27310): msfProxy onReceiveResp:144115213350774102:im_open_msg.msg_remove :45849:64342
07-27 11:23:13.213 D/MsfServiceProxy(27310): waiteSendSeqSet receiveResp remove:144115213350774102:im_open_msg.msg_remove :45849:64342
07-27 11:23:13.213 D/MsfServiceProxy(27310): onReceiveResp SsoCmd:im_open_msg.msg_remove ssoSeq:45849
07-27 11:23:13.213 D/MsfServiceProxy(27310): sdk add queue req:ToServiceMsg msName:unknown ssoSeq:45849 appId:537050853 appSeq:64342 sName:com.tencent.qalsdk.service.QalService uin:144115213350774102 sCmd:im_open_msg.msg_remove t:10000 needResp:truehttpReq:false from:FromServiceMsg msName:unknown ssoSeq:45849 failCode:1000 errorMsg: uin:144115213350774102 serviceCmd:im_open_msg.msg_remove appId:537050853 appSeq:64342
07-27 11:23:13.213 D/MsfServiceSub(27310): serviceSub add last:1564197793213|im_open_msg.msg_remove|45849
07-27 11:23:13.213 D/MSF.C.MsfCore(23909): service recv msg . ssoCmd:group_open_svc.get_group_info ssoSeq:45852
07-27 11:23:13.214 I/CoreWrapper(27310): [CoreWrapper handleRespMsg] recv resp msg:1564197793213|im_open_msg.msg_remove|45849|64342
07-27 11:23:13.214 I/MSF.S.AppProcessManager(23909): service send resp :com.yishouapp.fumi| from:144115213350774102|group_open_svc.get_group_info|45850|64343
07-27 11:23:13.215 D/MsfServiceProxy(27310): msfProxy onReceiveResp:144115213350774102:group_open_svc.get_group_info :45850:64343
07-27 11:23:13.215 D/MSF.S.RespHandler(23909): service getMsfMessagePairs resp:group_open_svc.get_group_info:45852:64344
07-27 11:23:13.215 I/MSF.C.NetConnTag(23909): netRecv ssoSeq:45848 uin:*4102 cmd:Recentcontact.Get_PB 45960
07-27 11:23:13.216 D/MsfServiceProxy(27310): waiteSendSeqSet receiveResp remove:144115213350774102:group_open_svc.get_group_info :45850:64343
07-27 11:23:13.216 D/MsfServiceProxy(27310): onReceiveResp SsoCmd:group_open_svc.get_group_info ssoSeq:45850
07-27 11:23:13.216 D/MSF.S.AppProcessManager(23909): service add queue last:1564197793216|group_open_svc.get_group_info|45852
07-27 11:23:13.216 D/MsfServiceProxy(27310): sdk add queue req:ToServiceMsg msName:unknown ssoSeq:45850 appId:537050853 appSeq:64343 sName:com.tencent.qalsdk.service.QalService uin:144115213350774102 sCmd:group_open_svc.get_group_info t:10000 needResp:truehttpReq:false from:FromServiceMsg msName:unknown ssoSeq:45850 failCode:1000 errorMsg: uin:144115213350774102 serviceCmd:group_open_svc.get_group_info appId:537050853 appSeq:64343
07-27 11:23:13.216 D/MsfServiceSub(27310): serviceSub add last:1564197793216|group_open_svc.get_group_info|45850
07-27 11:23:13.216 D/logUrlResponse(27310): http://api.yishouapp.com/live/room_user_enter
07-27 11:23:13.216 D/logUrlResponse(27310): room_id=3599&_abtest=1&plat_type=Android&version_code=430&t_t=1564197793&version=27&token=c73cd61253f12578927e4cd14e8e4f75&uid=1898141&version_name=4.3.0&im_user_id=userid_1898141&model=PBEM00&udid=7ad5a76f-5add-4b35-8191-13d25815b6ef_ys&is_login=1
07-27 11:23:13.216 D/logUrlResponse(27310): {"data":{},"msg":"success","code":"200"}
07-27 11:23:13.216 I/CoreWrapper(27310): [CoreWrapper handleRespMsg] recv resp msg:1564197793216|group_open_svc.get_group_info|45850|64343
07-27 11:23:13.217 D/MSF.C.MsfCore(23909): service recv msg . ssoCmd:Recentcontact.Get_PB ssoSeq:45848
07-27 11:23:13.217 I/MSF.S.AppProcessManager(23909): service send resp :com.yishouapp.fumi| from:144115213350774102|group_open_svc.get_group_info|45852|64344
07-27 11:23:13.218 D/jni_imsdk(27310): [19-07-27 11:23:13.218][DEBUG][][CoreWrapper][CoreWrapper handleRespMsg] recv resp msg:1564197793213|im_open_msg.msg_remove|45849|64342
07-27 11:23:13.218 D/jni_imsdk(27310): [19-07-27 11:23:13.218][EVENT][][imsdk.IMMsfCoreProxy]cmd:im_open_msg.msg_remove|rsp: null or zero size buff from server
07-27 11:23:13.218 D/jni_imsdk(27310): [19-07-27 11:23:13.218][DEBUG][][imsdk.IMMsfCoreProxy]request user: userid_1898141|cmd:im_open_msg.msg_remove|rsp
07-27 11:23:13.218 D/jni_imsdk(27310): [19-07-27 11:23:13.218][DEBUG][sso_task.cc:51][operator()][IMCore]sso recv cmd:im_open_msg.msg_remove|rsp:
07-27 11:23:13.218 D/jni_imsdk(27310): [19-07-27 11:23:13.218][DEBUG][][CoreWrapper][CoreWrapper handleRespMsg] recv resp msg:1564197793216|group_open_svc.get_group_info|45850|64343
07-27 11:23:13.218 D/jni_imsdk(27310): [19-07-27 11:23:13.218][DEBUG][][imsdk.IMMsfCoreProxy]request user: userid_1898141|cmd:group_open_svc.get_group_info|rsp
07-27 11:23:13.218 D/jni_imsdk(27310): [19-07-27 11:23:13.218][DEBUG][sso_task.cc:51][operator()][IMCore]sso recv cmd:group_open_svc.get_group_info|rsp:0a06080012026f6b100832270a0e4054475323613644435944374647121508d6ca8294de8080800210d886efe905180228c801
07-27 11:23:13.218 D/MSF.S.RespHandler(23909): service getMsfMessagePairs resp:Recentcontact.Get_PB:45848:64341
07-27 11:23:13.218 D/MSF.S.AppProcessManager(23909): service add queue last:1564197793218|Recentcontact.Get_PB|45848
07-27 11:23:13.218 W/StaticLayout(27310): maxLineHeight should not be -1. maxLines:2 lineCount:2
07-27 11:23:13.218 W/StaticLayout(27310): maxLineHeight should not be -1. maxLines:2 lineCount:2
07-27 11:23:13.220 I/MSF.S.AppProcessManager(23909): service send resp :com.yishouapp.fumi| from:144115213350774102|Recentcontact.Get_PB|45848|64341
07-27 11:23:13.222 D/MsfServiceProxy(27310): msfProxy onReceiveResp:144115213350774102:group_open_svc.get_group_info :45852:64344
07-27 11:23:13.222 D/MsfServiceProxy(27310): waiteSendSeqSet receiveResp remove:144115213350774102:group_open_svc.get_group_info :45852:64344
07-27 11:23:13.222 D/MsfServiceProxy(27310): onReceiveResp SsoCmd:group_open_svc.get_group_info ssoSeq:45852
07-27 11:23:13.223 D/MsfServiceProxy(27310): sdk add queue req:ToServiceMsg msName:unknown ssoSeq:45852 appId:537050853 appSeq:64344 sName:com.tencent.qalsdk.service.QalService uin:144115213350774102 sCmd:group_open_svc.get_group_info t:10000 needResp:truehttpReq:false from:FromServiceMsg msName:unknown ssoSeq:45852 failCode:1000 errorMsg: uin:144115213350774102 serviceCmd:group_open_svc.get_group_info appId:537050853 appSeq:64344
07-27 11:23:13.224 D/MsfServiceSub(27310): serviceSub add last:1564197793224|group_open_svc.get_group_info|45852
07-27 11:23:13.224 I/CoreWrapper(27310): [CoreWrapper handleRespMsg] recv resp msg:1564197793224|group_open_svc.get_group_info|45852|64344
07-27 11:23:13.224 D/jni_imsdk(27310): [19-07-27 11:23:13.224][DEBUG][][CoreWrapper][CoreWrapper handleRespMsg] recv resp msg:1564197793224|group_open_svc.get_group_info|45852|64344
07-27 11:23:13.225 D/jni_imsdk(27310): [19-07-27 11:23:13.225][DEBUG][][imsdk.IMMsfCoreProxy]request user: userid_1898141|cmd:group_open_svc.get_group_info|rsp
07-27 11:23:13.225 D/jni_imsdk(27310): [19-07-27 11:23:13.225][DEBUG][sso_task.cc:51][operator()][IMCore]sso recv cmd:group_open_svc.get_group_info|rsp:0a06080012026f6b10011ab9020ab6020a0e405447532361364443594437464710001a0c44656661756c7447726f757020bfe0eee90528fdb1fcd5da8080800230aa2a38a087efe905408c2548a087efe90550a883d29b05587160e8076acf017b22676f6f645f6964223a223132333332393831222c22676f6f645f70686f746f223a22687474703a5c2f5c2f696d672e796973686f756170702e636f6d5c2f676f6f64735c2f696d675c2f7265616c5c2f323031395c2f375c2f32345c2f36396535656631653832396563303964376332366563373266613235323439612e6a70673f696d61676556696577325c2f325c2f775c2f3330305c2f685c2f3330305c2f666f726d61745c2f6a70675c2f715c2f37355c2f222c22676f6f645f7072696365223a223135322e3235227d72007a008001028a010a415643686174526f6f6da00100
07-27 11:23:13.225 D/jni_imsdk(27310): [19-07-27 11:23:13.225][INFO][msg.cc:668][MsgNode][IMCore]new MsgNode: 44308|2903817094|1564197793
07-27 11:23:13.225 D/jni_imsdk(27310): [19-07-27 11:23:13.225][DEBUG][sso_task.cc:42][run][IMCore]sso send cmd:openim.pbtinyidtouserid|req:0a0608a883d29b0510fdb1fcd5da80808002
07-27 11:23:13.225 D/jni_imsdk(27310): [19-07-27 11:23:13.225][DEBUG][][imcore_jni]request user: userid_1898141|cmd:openim.pbtinyidtouserid
07-27 11:23:13.225 D/jni_imsdk(27310): [19-07-27 11:23:13.225][DEBUG][][imsdk.IMMsfCoreProxy]request user: userid_1898141|cmd:openim.pbtinyidtouserid|req:0A0608A883D29B0510FDB1FCD5DA80808002
07-27 11:23:13.225 D/QALSDKManager(27310): sendmsg:userid_1898141:openim.pbtinyidtouserid:0
07-27 11:23:13.225 D/jni_imsdk(27310): [19-07-27 11:23:13.225][EVENT][][IMMsgSender]sendmsg cb: com.tencent.imsdk.ac@1d458cf
07-27 11:23:13.225 D/MsfServiceSdk(27310): sdk sendMsg. ssoCmd:openim.pbtinyidtouserid msfCmd:unknown appSeq:64346
07-27 11:23:13.225 D/MSF.D.RemoteServiceProxy(27310): waiteSendSeqSet put:144115213350774102openim.pbtinyidtouserid :-1:64346
07-27 11:23:13.226 D/MsfServiceProxy(27310): send req to msfService:ToServiceMsg msName:unknown ssoSeq:-1 appId:537050853 appSeq:64346 sName:com.tencent.qalsdk.service.QalService uin:144115213350774102 sCmd:openim.pbtinyidtouserid t:10000 needResp:truehttpReq:false
07-27 11:23:13.227 D/QalService(23909): service rcvmsg. ssoCmd:openim.pbtinyidtouserid msfCmd:unknown appSeq:64346
07-27 11:23:13.227 D/MsfServiceProxy(27310): msfProxy onReceiveResp:144115213350774102:Recentcontact.Get_PB :45848:64341
07-27 11:23:13.227 D/MsfServiceProxy(27310): waiteSendSeqSet receiveResp remove:144115213350774102:Recentcontact.Get_PB :45848:64341
07-27 11:23:13.227 D/MsfServiceProxy(27310): onReceiveResp SsoCmd:Recentcontact.Get_PB ssoSeq:45848
07-27 11:23:13.228 D/MsfServiceProxy(27310): sdk add queue req:ToServiceMsg msName:unknown ssoSeq:45848 appId:537050853 appSeq:64341 sName:com.tencent.qalsdk.service.QalService uin:144115213350774102 sCmd:Recentcontact.Get_PB t:10000 needResp:truehttpReq:false from:FromServiceMsg msName:unknown ssoSeq:45848 failCode:1000 errorMsg: uin:144115213350774102 serviceCmd:Recentcontact.Get_PB appId:537050853 appSeq:64341
07-27 11:23:13.228 D/MsfServiceSub(27310): serviceSub add last:1564197793228|Recentcontact.Get_PB|45848
07-27 11:23:13.228 I/CoreWrapper(27310): [CoreWrapper handleRespMsg] recv resp msg:1564197793228|Recentcontact.Get_PB|45848|64341
07-27 11:23:13.228 I/MSF.C.NetConnTag(23909): netSend ssoSeq:45855 appSeq:64346 uin:*4102 cmd:openim.pbtinyidtouserid 46179
07-27 11:23:13.228 D/jni_imsdk(27310): [19-07-27 11:23:13.228][DEBUG][][CoreWrapper][CoreWrapper handleRespMsg] recv resp msg:1564197793228|Recentcontact.Get_PB|45848|64341
07-27 11:23:13.228 D/jni_imsdk(27310): [19-07-27 11:23:13.228][DEBUG][][imsdk.IMMsfCoreProxy]request user: userid_1898141|cmd:Recentcontact.Get_PB|rsp
07-27 11:23:13.231 D/jni_imsdk(27310): [19-07-27 11:23:13.231][DEBUG][sso_task.cc:51][operator()][IMCore]sso recv cmd:Recentcontact.Get_PB|rsp:c23e024f4bc83e00d23e00da3e00
07-27 11:23:13.232 W/StaticLayout(27310): maxLineHeight should not be -1. maxLines:2 lineCount:2
07-27 11:23:13.232 W/StaticLayout(27310): maxLineHeight should not be -1. maxLines:2 lineCount:2
07-27 11:23:13.233 D/jni_imsdk(27310): [19-07-27 11:23:13.233][DEBUG][][imcore_jni]request user: userid_1898141|cmd:imopenstat.report
07-27 11:23:13.233 D/jni_imsdk(27310): [19-07-27 11:23:13.233][DEBUG][][imsdk.IMMsfCoreProxy]request user: userid_1898141|cmd:imopenstat.report|req
07-27 11:23:13.233 D/jni_imsdk(27310): [19-07-27 11:23:13.233][EVENT][][IMMsgSender]sendmsg cb: com.tencent.imsdk.ac@25f0965
07-27 11:23:13.233 D/QALSDKManager(27310): sendmsg:userid_1898141:imopenstat.report:0
07-27 11:23:13.234 D/MsfServiceSdk(27310): sdk sendMsg. ssoCmd:imopenstat.report msfCmd:unknown appSeq:64347
07-27 11:23:13.234 D/MSF.D.RemoteServiceProxy(27310): waiteSendSeqSet put:144115213350774102imopenstat.report :-1:64347
07-27 11:23:13.234 D/MsfServiceProxy(27310): send req to msfService:ToServiceMsg msName:unknown ssoSeq:-1 appId:537050853 appSeq:64347 sName:com.tencent.qalsdk.service.QalService uin:144115213350774102 sCmd:imopenstat.report t:10000 needResp:truehttpReq:false
07-27 11:23:13.236 D/QalService(23909): service rcvmsg. ssoCmd:imopenstat.report msfCmd:unknown appSeq:64347
07-27 11:23:13.237 I/MSF.C.NetConnTag(23909): netSend ssoSeq:45856 appSeq:64347 uin:*4102 cmd:imopenstat.report 46212
07-27 11:23:13.237 D/MSF.C.NetConnTag(23909): ping pkg ack received
07-27 11:23:13.238 I/MSF.C.NetConnTag(23909): netRecv ssoSeq:45854 uin: cmd:MSF 45875
07-27 11:23:13.240 I/MSF.C.NetConnTag(23909): netRecv ssoSeq:45853 uin:*4102 cmd:openim.pbtinyidtouserid 45997
07-27 11:23:13.241 D/MSF.C.MsfCore(23909): service recv msg . ssoCmd:openim.pbtinyidtouserid ssoSeq:45853
07-27 11:23:13.242 D/MSF.S.RespHandler(23909): service getMsfMessagePairs resp:openim.pbtinyidtouserid:45853:64345
07-27 11:23:13.242 D/MSF.S.AppProcessManager(23909): service add queue first:1564197793242|openim.pbtinyidtouserid|45853
07-27 11:23:13.244 I/MSF.S.AppProcessManager(23909): service send resp :com.yishouapp.fumi| from:144115213350774102|openim.pbtinyidtouserid|45853|64345
07-27 11:23:13.246 I/MSF.C.NetConnTag(23909): netRecv ssoSeq:45855 uin:*4102 cmd:openim.pbtinyidtouserid 45999
07-27 11:23:13.247 D/MSF.C.MsfCore(23909): service recv msg . ssoCmd:openim.pbtinyidtouserid ssoSeq:45855
07-27 11:23:13.247 D/MsfServiceProxy(27310): msfProxy onReceiveResp:144115213350774102:openim.pbtinyidtouserid :45853:64345
07-27 11:23:13.247 D/MsfServiceProxy(27310): waiteSendSeqSet receiveResp remove:144115213350774102:openim.pbtinyidtouserid :45853:64345
07-27 11:23:13.247 D/MsfServiceProxy(27310): onReceiveResp SsoCmd:openim.pbtinyidtouserid ssoSeq:45853
07-27 11:23:13.247 D/MsfServiceProxy(27310): sdk add queue req:ToServiceMsg msName:unknown ssoSeq:45853 appId:537050853 appSeq:64345 sName:com.tencent.qalsdk.service.QalService uin:144115213350774102 sCmd:openim.pbtinyidtouserid t:10000 needResp:truehttpReq:false from:FromServiceMsg msName:unknown ssoSeq:45853 failCode:1000 errorMsg: uin:144115213350774102 serviceCmd:openim.pbtinyidtouserid appId:537050853 appSeq:64345
07-27 11:23:13.247 D/MsfServiceSub(27310): serviceSub add first:1564197793247|openim.pbtinyidtouserid|45853|64345
07-27 11:23:13.248 D/MSF.S.RespHandler(23909): service getMsfMessagePairs resp:openim.pbtinyidtouserid:45855:64346
07-27 11:23:13.248 I/MSF.C.NetConnTag(23909): netRecv ssoSeq:-824232397 uin:*4102 cmd:im_open_push.msg_push -824232045
07-27 11:23:13.248 D/MSF.S.AppProcessManager(23909): service add queue first:1564197793248|openim.pbtinyidtouserid|45855
07-27 11:23:13.248 I/CoreWrapper(27310): [CoreWrapper handleRespMsg] recv resp msg:1564197793248|openim.pbtinyidtouserid|45853|64345
07-27 11:23:13.248 D/jni_imsdk(27310): [19-07-27 11:23:13.248][DEBUG][][CoreWrapper][CoreWrapper handleRespMsg] recv resp msg:1564197793248|openim.pbtinyidtouserid|45853|64345
07-27 11:23:13.248 D/jni_imsdk(27310): [19-07-27 11:23:13.248][DEBUG][][imsdk.IMMsfCoreProxy]request user: userid_1898141|cmd:openim.pbtinyidtouserid|rsp:12270A05333638363210A883D29B051A0E737570706C7969645F313338353620FDB1FCD5DA80808002
07-27 11:23:13.248 D/jni_imsdk(27310): [19-07-27 11:23:13.248][DEBUG][sso_task.cc:51][operator()][IMCore]sso recv cmd:openim.pbtinyidtouserid|rsp:12270a05333638363210a883d29b051a0e737570706c7969645f313338353620fdb1fcd5da80808002
07-27 11:23:13.248 D/jni_imsdk(27310): [19-07-27 11:23:13.248][DEBUG][qr_task.cc:62][AddEvent][IMCore]add event: eventId=14, code=0, desc=, start=829697445, end=829697504
07-27 11:23:13.250 I/MSF.S.AppProcessManager(23909): service send resp :com.yishouapp.fumi| from:144115213350774102|openim.pbtinyidtouserid|45855|64346
07-27 11:23:13.253 W/StaticLayout(27310): maxLineHeight should not be -1. maxLines:2 lineCount:2
07-27 11:23:13.253 D/MSF.C.MsfCore(23909): service recv msg . ssoCmd:im_open_push.msg_push ssoSeq:-824232397
07-27 11:23:13.253 W/StaticLayout(27310): maxLineHeight should not be -1. maxLines:2 lineCount:2
07-27 11:23:13.253 D/MsfServiceProxy(27310): msfProxy onReceiveResp:144115213350774102:openim.pbtinyidtouserid :45855:64346
07-27 11:23:13.253 D/MsfServiceProxy(27310): waiteSendSeqSet receiveResp remove:144115213350774102:openim.pbtinyidtouserid :45855:64346
07-27 11:23:13.254 D/MsfServiceProxy(27310): onReceiveResp SsoCmd:openim.pbtinyidtouserid ssoSeq:45855
07-27 11:23:13.254 D/MsfServiceProxy(27310): sdk add queue req:ToServiceMsg msName:unknown ssoSeq:45855 appId:537050853 appSeq:64346 sName:com.tencent.qalsdk.service.QalService uin:144115213350774102 sCmd:openim.pbtinyidtouserid t:10000 needResp:truehttpReq:false from:FromServiceMsg msName:unknown ssoSeq:45855 failCode:1000 errorMsg: uin:144115213350774102 serviceCmd:openim.pbtinyidtouserid appId:537050853 appSeq:64346
07-27 11:23:13.254 D/MsfServiceSub(27310): serviceSub add first:1564197793254|openim.pbtinyidtouserid|45855|64346
07-27 11:23:13.254 I/CoreWrapper(27310): [CoreWrapper handleRespMsg] recv resp msg:1564197793254|openim.pbtinyidtouserid|45855|64346
07-27 11:23:13.255 D/jni_imsdk(27310): [19-07-27 11:23:13.254][DEBUG][][CoreWrapper][CoreWrapper handleRespMsg] recv resp msg:1564197793254|openim.pbtinyidtouserid|45855|64346
07-27 11:23:13.255 D/MSF.C.PushManager(23909): recv push com.yishouapp.fumi FromServiceMsg msName:onRecvPushMsg ssoSeq:-824232397 failCode:1000 errorMsg: uin:144115213350774102 serviceCmd:im_open_push.msg_push appId:-1 appSeq:-824232397
07-27 11:23:13.255 D/MSF.S.AppProcessManager(23909): service add queue last:1564197793255|im_open_push.msg_push|-824232397
07-27 11:23:13.255 D/jni_imsdk(27310): [19-07-27 11:23:13.255][DEBUG][][imsdk.IMMsfCoreProxy]request user: userid_1898141|cmd:openim.pbtinyidtouserid|rsp:12270A05333638363210A883D29B051A0E737570706C7969645F313338353620FDB1FCD5DA80808002
07-27 11:23:13.255 D/jni_imsdk(27310): [19-07-27 11:23:13.255][DEBUG][sso_task.cc:51][operator()][IMCore]sso recv cmd:openim.pbtinyidtouserid|rsp:12270a05333638363210a883d29b051a0e737570706c7969645f313338353620fdb1fcd5da80808002
07-27 11:23:13.255 D/jni_imsdk(27310): [19-07-27 11:23:13.255][DEBUG][qr_task.cc:62][AddEvent][IMCore]add event: eventId=14, code=0, desc=, start=829697481, end=829697511
07-27 11:23:13.255 D/jni_imsdk(27310): [19-07-27 11:23:13.255][INFO][msg.cc:668][MsgNode][IMCore]new MsgNode: 44309|2903841499|1564197793
07-27 11:23:13.256 D/MSF.S.AppProcessManager(23909): send push com.yishouapp.fumi from:144115213350774102|im_open_push.msg_push|-824232397
07-27 11:23:13.257 D/MsfServiceProxy(27310): onRecvPushResp FromServiceMsg msName:onRecvPushMsg ssoSeq:-824232397 failCode:1000 errorMsg: uin:144115213350774102 serviceCmd:im_open_push.msg_push appId:-1 appSeq:-824232397
07-27 11:23:13.257 D/MsfServiceProxy(27310): onRecvServicePushResp SsoCmd:im_open_push.msg_push ssoSeq:-824232397
07-27 11:23:13.260 D/jni_imsdk(27310): [19-07-27 11:23:13.260][DEBUG][sqlite_store.cc:2582][WriteGroupInfos][IMCore]WriteGroupInfos, groupid:@TGS#a6DCYD7FG
07-27 11:23:13.262 D/jni_imsdk(27310): [19-07-27 11:23:13.262][DEBUG][group_manager_task.cc:1093][run][IMCore]end sync group @TGS#a6DCYD7FG from server
07-27 11:23:13.268 W/StaticLayout(27310): maxLineHeight should not be -1. maxLines:2 lineCount:2
07-27 11:23:13.269 W/StaticLayout(27310): maxLineHeight should not be -1. maxLines:2 lineCount:2
07-27 11:23:13.278 I/RESP (27310): response = {"data":{},"code":200,"msg":"success"}
07-27 11:23:13.279 D/jni_imsdk(27310): [19-07-27 11:23:13.279][INFO][login_task.cc:668][operator()][IMCore]login refresh nofity
07-27 11:23:13.279 D/CoreWrapper(27310): [CoreWrapper handlePushMsg] recv push cmd: im_open_push.msg_push:msf cmd:onRecvPushMsg:-824232397
07-27 11:23:13.280 D/jni_imsdk(27310): [19-07-27 11:23:13.280][DEBUG][][CoreWrapper][CoreWrapper handlePushMsg] recv push cmd: im_open_push.msg_push:msf cmd:onRecvPushMsg:-824232397
07-27 11:23:13.280 D/jni_imsdk(27310): [19-07-27 11:23:13.280][DEBUG][][imsdk.IMMsfCoreProxy]cmd:im_open_push.msg_push|req:0AD5010A96010A2008B404101718B01520A8F49E840528A087EFE90530A087EFE90540A8F49E840512680A171A1510E5FD8A800228A883D29B055A07416E64726F6964224B089787E3F0A58080800210D6CA8294DE808080021805200538FE90F0F117420C44656661756C7447726F7570620E4054475323613644435944374647720D320B4054494D2353595354454D3A0022082202080028005002123A1238080210D6CA8294DE8080800218DAD7D08BC32D22002A0032003A1D08D6CA8294DE8080800210C801420E7573657269645F3138393831343112210D0AE705311566C7000018C4FAF1FDA4C1F88DB0012A0A10D6CA8294DE8080800218012000
07-27 11:23:13.283 D/logUrlResponse(27310): http://api.yishouapp.com/live/get_white_list
07-27 11:23:13.283 D/logUrlResponse(27310): uid=1898141&version_name=4.3.0&_abtest=1&plat_type=Android&version_code=430&t_t=1564197793&model=PBEM00&udid=7ad5a76f-5add-4b35-8191-13d25815b6ef_ys&version=27&token=c73cd61253f12578927e4cd14e8e4f75
07-27 11:23:13.283 D/logUrlResponse(27310): {"data":["1667436","userid_1438125","220160","userid_1931748","2158300","userid_851226","userid_799715","userid_220160","269075","1931748","993","1345905","733468","784","userid_2028368","2090191","2028368","1856701","764440","userid_1667436","725062","1375194","userid_2198925","2","userid_733468","userid_1917770","2218242","userid_2152492","1348444","3251","1766523","userid_184279","1363697","userid_994912","userid_1348444","userid_925518","userid_1998710","tel:1766523","1296477","1726584","1294604","1518594","userid_1638601","userid_2090191","userid_1296477","2198925","1414147","114500","18445332468","677870","userid_1726584","799715","userid_725062","userid_1518594","1438125","userid_332815","userid_784","2047561","userid_1554924","1460026","433729","761336","917836","userid_269075","1917770","userid_2047561","962088","1554924\t","userid_18758241615","userid_1460026","994912","1735330","1998710","userid_1345905","925518","userid_1005430","785511","1295502"],"msg":"success","code":"200"}
07-27 11:23:13.284 D/QALSDKManager(27310): sendmsg:userid_1898141:im_open_push.msg_push:0
07-27 11:23:13.285 D/jni_imsdk(27310): [19-07-27 11:23:13.285][INFO][][imsdk.IMMsfCoreProxy]RecvMsg|1-OnlinePush|Succ|cmd=im_open_push.msg_push, userid_1898141|userid_1898141
07-27 11:23:13.285 D/jni_imsdk(27310): [19-07-27 11:23:13.285][DEBUG][imcore_user_impl.cc:272][ManualPush][IMCore]manual push need_ack|1 need_sync|1
07-27 11:23:13.285 D/MsfServiceSdk(27310): sdk sendMsg. ssoCmd:im_open_push.msg_push msfCmd:unknown appSeq:64348
07-27 11:23:13.285 D/jni_imsdk(27310): [19-07-27 11:23:13.285][DEBUG][][imcore_jni]request user: userid_1898141|cmd:im_open_push.msg_push
07-27 11:23:13.285 D/jni_imsdk(27310): [19-07-27 11:23:13.285][DEBUG][][imsdk.IMMsfCoreProxy]request user: userid_1898141|cmd:im_open_push.msg_push|req
07-27 11:23:13.285 D/jni_imsdk(27310): [19-07-27 11:23:13.285][EVENT][][IMMsgSender]sendmsg cb: null
07-27 11:23:13.285 D/MsfServiceProxy(27310): send req to msfService:ToServiceMsg msName:unknown ssoSeq:-1 appId:537050853 appSeq:64348 sName:com.tencent.qalsdk.service.QalService uin:144115213350774102 sCmd:im_open_push.msg_push t:10000 needResp:falsehttpReq:false
07-27 11:23:13.288 D/QalService(23909): service rcvmsg. ssoCmd:im_open_push.msg_push msfCmd:unknown appSeq:64348
07-27 11:23:13.289 D/MSF.C.NetConnTag(23909): ping pkg sent, buffer size: 21
07-27 11:23:13.290 D/MSF.C.NetConnTag(23909): add ToServiceMsg msName:qal_Hello ssoSeq:45858 appId:537050853 appSeq:-1 sName: uin:0 sCmd:MSF t:10000 needResp:truehttpReq:false to send
07-27 11:23:13.291 I/MSF.C.NetConnTag(23909): netRecv ssoSeq:45856 uin:*4102 cmd:imopenstat.report 45952
07-27 11:23:13.292 I/MSF.C.NetConnTag(23909): netSend ssoSeq:45858 appSeq:-1 uin:0 cmd:MSF 45879
07-27 11:23:13.292 D/jni_imsdk(27310): [19-07-27 11:23:13.292][INFO][imcore_user_impl.cc:284][ManualPush][IMCore]RecvMsg|2-IMBegin|Succ|msgtype=564 subtype=23
07-27 11:23:13.292 D/jni_imsdk(27310): [19-07-27 11:23:13.292][DEBUG][imcore_user_impl.cc:294][ManualPush][IMCore]msgtype: 0x234 subtype:0x17
07-27 11:23:13.292 D/jni_imsdk(27310): [19-07-27 11:23:13.292][DEBUG][msg.cc:1701][GetMsgTinyidList][IMCore]write tinyid: sdkappid=, acctype=, identifier=@TIM#SYSTEM, tinyid=144115198244471703
07-27 11:23:13.292 D/jni_imsdk(27310): [19-07-27 11:23:13.292][DEBUG][msg.cc:1790][GetMsgTinyidList][IMCore]write tinyid: sdkappid=, acctype=, identifier=userid_1898141, tinyid=144115213350774102
07-27 11:23:13.292 D/jni_imsdk(27310): [19-07-27 11:23:13.292][INFO][msg.cc:1254][BuildLocalPbMsg][IMCore]group report|0x2: GetMsgSeq
07-27 11:23:13.292 D/jni_imsdk(27310): [19-07-27 11:23:13.292][INFO][msg.cc:1256][BuildLocalPbMsg][IMCore]group report|0x6: GetMsgSeq
07-27 11:23:13.292 D/jni_imsdk(27310): [19-07-27 11:23:13.292][INFO][msg.cc:1258][BuildLocalPbMsg][IMCore]group report|0x7: GetMsgSeq
07-27 11:23:13.292 D/jni_imsdk(27310): [19-07-27 11:23:13.292][DEBUG][][imcore_jni]request user: userid_1898141|cmd:group_open_svc.get_group_info
07-27 11:23:13.292 D/jni_imsdk(27310): [19-07-27 11:23:13.292][DEBUG][][imsdk.IMMsfCoreProxy]request user: userid_1898141|cmd:group_open_svc.get_group_info|req
07-27 11:23:13.292 D/jni_imsdk(27310): [19-07-27 11:23:13.292][EVENT][][IMMsgSender]sendmsg cb: com.tencent.imsdk.ac@68ec990
07-27 11:23:13.292 D/QALSDKManager(27310): sendmsg:userid_1898141:group_open_svc.get_group_info:0
07-27 11:23:13.293 D/MSF.C.MsfCore(23909): service recv msg . ssoCmd:imopenstat.report ssoSeq:45856
07-27 11:23:13.293 D/MsfServiceSdk(27310): sdk sendMsg. ssoCmd:group_open_svc.get_group_info msfCmd:unknown appSeq:64349
07-27 11:23:13.293 D/MSF.D.RemoteServiceProxy(27310): waiteSendSeqSet put:144115213350774102group_open_svc.get_group_info :-1:64349
07-27 11:23:13.293 D/MsfServiceProxy(27310): send req to msfService:ToServiceMsg msName:unknown ssoSeq:-1 appId:537050853 appSeq:64349 sName:com.tencent.qalsdk.service.QalService uin:144115213350774102 sCmd:group_open_svc.get_group_info t:10000 needResp:truehttpReq:false
07-27 11:23:13.293 I/MSF.C.NetConnTag(23909): netSend ssoSeq:45857 appSeq:64348 uin:*4102 cmd:im_open_push.msg_push 46197
07-27 11:23:13.295 D/QalService(23909): service rcvmsg. ssoCmd:group_open_svc.get_group_info msfCmd:unknown appSeq:64349
07-27 11:23:13.295 D/MSF.S.RespHandler(23909): service getMsfMessagePairs resp:imopenstat.report:45856:64347
07-27 11:23:13.295 D/MSF.S.AppProcessManager(23909): service add queue last:1564197793295|imopenstat.report|45856
07-27 11:23:13.296 I/MSF.C.NetConnTag(23909): netSend ssoSeq:45859 appSeq:64349 uin:*4102 cmd:group_open_svc.get_group_info 46223
07-27 11:23:13.296 D/QALSDKManager(27310): sendmsg:userid_1898141:im_open_msg.msg_sync:0
07-27 11:23:13.296 D/jni_imsdk(27310): [19-07-27 11:23:13.296][DEBUG][msg.cc:1287][BuildLocalPbMsg][IMCore]0x17 Message: type=2, group=@TGS#a6DCYD7FG, op_user=userid_1898141 msg_key=1564197792730 auth_size=0
07-27 11:23:13.296 D/jni_imsdk(27310): [19-07-27 11:23:13.296][INFO][msg_manager.cc:1918][operator()][IMCore]RecvMsg|3-ParseOver|Succ|C2C:sid=@TIM#SYSTEM, tinyid=144115198244471703, subtype=0x17, rand=1351072296, seq=1351072296, time=1564197792, isRead=0 status=2
07-27 11:23:13.296 D/jni_imsdk(27310): [19-07-27 11:23:13.296][DEBUG][msg_manager.cc:1520][ProcSyncMsgsResult][IMCore]MsgManager ProcSyncMsgsResultDone update session: 3|
07-27 11:23:13.296 D/MsfServiceSdk(27310): sdk sendMsg. ssoCmd:im_open_msg.msg_sync msfCmd:unknown appSeq:64350
07-27 11:23:13.296 D/jni_imsdk(27310): [19-07-27 11:23:13.296][DEBUG][msg_manager.cc:326][CheckC2COtherDupMsg][IMCore]CheckC2COtherDup: is_self=0, seq=1351072296, rand=1351072296, sid=, type=3, time=1564197792
07-27 11:23:13.296 D/jni_imsdk(27310): [19-07-27 11:23:13.296][DEBUG][msg_cache.cc:227][AddMsg][IMCore]insert into c2c_msgs: client_time=1564197792, server_time=1564197792, seq=1351072296, rand=1351072296
07-27 11:23:13.296 D/jni_imsdk(27310): [19-07-27 11:23:13.296][DEBUG][group_assistant.cc:193][OnGroupAdd][IMCore]group @TGS#a6DCYD7FG not exist, sync from server
07-27 11:23:13.296 D/MSF.D.RemoteServiceProxy(27310): waiteSendSeqSet put:144115213350774102im_open_msg.msg_sync :-1:64350
07-27 11:23:13.296 D/jni_imsdk(27310): [19-07-27 11:23:13.296][DEBUG][group_assistant.cc:184][SyncFreqenceCheck][IMCore]sync group info prevented by frequence control, groupid: @TGS#a6DCYD7FG
07-27 11:23:13.296 D/jni_imsdk(27310): [19-07-27 11:23:13.296][DEBUG][sso_task.cc:42][run][IMCore]sso send cmd:im_open_msg.msg_sync|req:0a1808a087efe90510a087efe905288ae0a7ec08388c96a0e00b100020012800
07-27 11:23:13.296 D/MsfServiceProxy(27310): send req to msfService:ToServiceMsg msName:unknown ssoSeq:-1 appId:537050853 appSeq:64350 sName:com.tencent.qalsdk.service.QalService uin:144115213350774102 sCmd:im_open_msg.msg_sync t:10000 needResp:truehttpReq:false
07-27 11:23:13.296 D/jni_imsdk(27310): [19-07-27 11:23:13.296][DEBUG][][imcore_jni]request user: userid_1898141|cmd:im_open_msg.msg_sync
07-27 11:23:13.296 D/jni_imsdk(27310): [19-07-27 11:23:13.296][DEBUG][][imsdk.IMMsfCoreProxy]request user: userid_1898141|cmd:im_open_msg.msg_sync|req
07-27 11:23:13.296 D/jni_imsdk(27310): [19-07-27 11:23:13.296][EVENT][][IMMsgSender]sendmsg cb: com.tencent.imsdk.ac@195e289
07-27 11:23:13.297 I/MSF.S.AppProcessManager(23909): service send resp :com.yishouapp.fumi| from:144115213350774102|imopenstat.report|45856|64347
07-27 11:23:13.298 D/QalService(23909): service rcvmsg. ssoCmd:im_open_msg.msg_sync msfCmd:unknown appSeq:64350
07-27 11:23:13.299 D/MsfServiceProxy(27310): msfProxy onReceiveResp:144115213350774102:imopenstat.report :45856:64347
07-27 11:23:13.299 D/MsfServiceProxy(27310): waiteSendSeqSet receiveResp remove:144115213350774102:imopenstat.report :45856:64347
07-27 11:23:13.299 D/MsfServiceProxy(27310): onReceiveResp SsoCmd:imopenstat.report ssoSeq:45856
07-27 11:23:13.299 D/MsfServiceProxy(27310): sdk add queue req:ToServiceMsg msName:unknown ssoSeq:45856 appId:537050853 appSeq:64347 sName:com.tencent.qalsdk.service.QalService uin:144115213350774102 sCmd:imopenstat.report t:10000 needResp:truehttpReq:false from:FromServiceMsg msName:unknown ssoSeq:45856 failCode:1000 errorMsg: uin:144115213350774102 serviceCmd:imopenstat.report appId:537050853 appSeq:64347
07-27 11:23:13.299 I/MSF.C.NetConnTag(23909): netSend ssoSeq:45860 appSeq:64350 uin:*4102 cmd:im_open_msg.msg_sync 46200
07-27 11:23:13.299 D/MsfServiceSub(27310): serviceSub add last:1564197793299|imopenstat.report|45856
07-27 11:23:13.299 I/CoreWrapper(27310): [CoreWrapper handleRespMsg] recv resp msg:1564197793299|imopenstat.report|45856|64347
07-27 11:23:13.299 D/jni_imsdk(27310): [19-07-27 11:23:13.299][DEBUG][][CoreWrapper][CoreWrapper handleRespMsg] recv resp msg:1564197793299|imopenstat.report|45856|64347
07-27 11:23:13.299 D/jni_imsdk(27310): [19-07-27 11:23:13.299][DEBUG][][imsdk.IMMsfCoreProxy]request user: userid_1898141|cmd:imopenstat.report|rsp
07-27 11:23:13.299 D/jni_imsdk(27310): [19-07-27 11:23:13.299][DEBUG][qr_task.cc:132][operator()][IMCore]ApiCall(imopenstat.report) done. rsp: 0a020800
07-27 11:23:13.300 D/MSF.C.NetConnTag(23909): ping pkg ack received
07-27 11:23:13.302 D/QALSDKManager(27310): sendmsg:userid_1898141:imopenstat.report:0
07-27 11:23:13.302 W/StaticLayout(27310): maxLineHeight should not be -1. maxLines:2 lineCount:2
07-27 11:23:13.302 I/MSF.C.NetConnTag(23909): netRecv ssoSeq:45858 uin: cmd:MSF 45879
07-27 11:23:13.302 D/MsfServiceSdk(27310): sdk sendMsg. ssoCmd:imopenstat.report msfCmd:unknown appSeq:64351
07-27 11:23:13.303 D/MSF.D.RemoteServiceProxy(27310): waiteSendSeqSet put:144115213350774102imopenstat.report :-1:64351
07-27 11:23:13.303 D/MsfServiceProxy(27310): send req to msfService:ToServiceMsg msName:unknown ssoSeq:-1 appId:537050853 appSeq:64351 sName:com.tencent.qalsdk.service.QalService uin:144115213350774102 sCmd:imopenstat.report t:10000 needResp:truehttpReq:false
07-27 11:23:13.303 W/StaticLayout(27310): maxLineHeight should not be -1. maxLines:2 lineCount:2
07-27 11:23:13.304 D/jni_imsdk(27310): [19-07-27 11:23:13.304][DEBUG][][imcore_jni]request user: userid_1898141|cmd:imopenstat.report
07-27 11:23:13.304 D/jni_imsdk(27310): [19-07-27 11:23:13.304][DEBUG][][imsdk.IMMsfCoreProxy]request user: userid_1898141|cmd:imopenstat.report|req
07-27 11:23:13.304 D/jni_imsdk(27310): [19-07-27 11:23:13.304][EVENT][][IMMsgSender]sendmsg cb: com.tencent.imsdk.ac@6cd628e
07-27 11:23:13.306 D/QalService(23909): service rcvmsg. ssoCmd:imopenstat.report msfCmd:unknown appSeq:64351
07-27 11:23:13.308 D/MSF.C.NetConnTag(23909): ping pkg sent, buffer size: 21
07-27 11:23:13.309 W/StaticLayout(27310): maxLineHeight should not be -1. maxLines:2 lineCount:2
07-27 11:23:13.309 W/StaticLayout(27310): maxLineHeight should not be -1. maxLines:2 lineCount:2
07-27 11:23:13.310 D/MSF.C.NetConnTag(23909): add ToServiceMsg msName:qal_Hello ssoSeq:45862 appId:537050853 appSeq:-1 sName: uin:0 sCmd:MSF t:10000 needResp:truehttpReq:false to send
07-27 11:23:13.311 I/MSF.C.NetConnTag(23909): netSend ssoSeq:45862 appSeq:-1 uin:0 cmd:MSF 45883
07-27 11:23:13.313 I/MSF.C.NetConnTag(23909): netSend ssoSeq:45861 appSeq:64351 uin:*4102 cmd:imopenstat.report 46249
07-27 11:23:13.316 W/StaticLayout(27310): maxLineHeight should not be -1. maxLines:2 lineCount:2
07-27 11:23:13.316 W/StaticLayout(27310): maxLineHeight should not be -1. maxLines:2 lineCount:2
07-27 11:23:13.321 I/MSF.C.NetConnTag(23909): netRecv ssoSeq:45859 uin:*4102 cmd:group_open_svc.get_group_info 46035
07-27 11:23:13.322 D/MSF.C.MsfCore(23909): service recv msg . ssoCmd:group_open_svc.get_group_info ssoSeq:45859
07-27 11:23:13.323 D/MSF.S.RespHandler(23909): service getMsfMessagePairs resp:group_open_svc.get_group_info:45859:64349
07-27 11:23:13.323 D/MSF.S.AppProcessManager(23909): service add queue last:1564197793323|group_open_svc.get_group_info|45859
07-27 11:23:13.325 I/MSF.S.AppProcessManager(23909): service send resp :com.yishouapp.fumi| from:144115213350774102|group_open_svc.get_group_info|45859|64349
07-27 11:23:13.326 W/StaticLayout(27310): maxLineHeight should not be -1. maxLines:2 lineCount:2
07-27 11:23:13.326 W/StaticLayout(27310): maxLineHeight should not be -1. maxLines:2 lineCount:2
07-27 11:23:13.329 D/MsfServiceProxy(27310): msfProxy onReceiveResp:144115213350774102:group_open_svc.get_group_info :45859:64349
07-27 11:23:13.330 D/MsfServiceProxy(27310): waiteSendSeqSet receiveResp remove:144115213350774102:group_open_svc.get_group_info :45859:64349
07-27 11:23:13.330 D/MsfServiceProxy(27310): onReceiveResp SsoCmd:group_open_svc.get_group_info ssoSeq:45859
07-27 11:23:13.330 D/MsfServiceProxy(27310): sdk add queue req:ToServiceMsg msName:unknown ssoSeq:45859 appId:537050853 appSeq:64349 sName:com.tencent.qalsdk.service.QalService uin:144115213350774102 sCmd:group_open_svc.get_group_info t:10000 needResp:truehttpReq:false from:FromServiceMsg msName:unknown ssoSeq:45859 failCode:1000 errorMsg: uin:144115213350774102 serviceCmd:group_open_svc.get_group_info appId:537050853 appSeq:64349
07-27 11:23:13.330 D/MsfServiceSub(27310): serviceSub add last:1564197793330|group_open_svc.get_group_info|45859
07-27 11:23:13.330 I/CoreWrapper(27310): [CoreWrapper handleRespMsg] recv resp msg:1564197793330|group_open_svc.get_group_info|45859|64349
07-27 11:23:13.330 D/jni_imsdk(27310): [19-07-27 11:23:13.330][DEBUG][][CoreWrapper][CoreWrapper handleRespMsg] recv resp msg:1564197793330|group_open_svc.get_group_info|45859|64349
07-27 11:23:13.330 D/jni_imsdk(27310): [19-07-27 11:23:13.330][DEBUG][][imsdk.IMMsfCoreProxy]request user: userid_1898141|cmd:group_open_svc.get_group_info|rsp
07-27 11:23:13.330 D/jni_imsdk(27310): [19-07-27 11:23:13.330][INFO][group_manager_proto.cc:1676][operator()][IMCore]ApiCall(group_open_svc.get_group_info) done.
07-27 11:23:13.330 D/jni_imsdk(27310): [19-07-27 11:23:13.330][DEBUG][group_manager_proto.cc:1696][operator()][IMCore]cmd: group_open_svc.get_group_info|rsp: 0a06080012026f6b10091a170a150a0e40544753236136444359443746471000408c25321f0a0e4054475323613644435944374647120d08d6ca8294de80808002208b25
07-27 11:23:13.330 D/jni_imsdk(27310): [19-07-27 11:23:13.330][DEBUG][group_manager_proto.cc:1715][operator()][IMCore]update group seq: @TGS#a6DCYD7FG|svrseq: 4747|readseq: 4747
07-27 11:23:13.330 D/jni_imsdk(27310): [19-07-27 11:23:13.330][INFO][msg.cc:1261][operator()][IMCore]group report: GetMsgSeq
07-27 11:23:13.334 W/StaticLayout(27310): maxLineHeight should not be -1. maxLines:2 lineCount:2
07-27 11:23:13.335 W/StaticLayout(27310): maxLineHeight should not be -1. maxLines:2 lineCount:2
07-27 11:23:13.351 I/RESP (27310): response = {"data":["1667436","userid_1438125","220160","userid_1931748","2158300","userid_851226","userid_799715","userid_220160","269075","1931748","993","1345905","733468","784","userid_2028368","2090191","2028368","1856701","764440","userid_1667436","725062","1375194","userid_2198925","2","userid_733468","userid_1917770","2218242","userid_2152492","1348444","3251","1766523","userid_184279","1363697","userid_994912","userid_1348444","userid_925518","userid_1998710","tel:1766523","1296477","1726584","1294604","1518594","userid_1638601","userid_2090191","userid_1296477","2198925","1414147","114500","18445332468","677870","userid_1726584","799715","userid_725062","userid_1518594","1438125","userid_332815","userid_784","2047561","userid_1554924","1460026","433729","761336","917836","userid_269075","1917770","userid_2047561","962088","1554924\t","userid_18758241615","userid_1460026","994912","1735330","1998710","userid_1345905","925518","userid_1005430","785511","1295502"],"code":200,"msg":"success"}
07-27 11:23:13.352 D/jni_imsdk(27310): [19-07-27 11:23:13.352][INFO][][IMCoreNotify]listeners size: 1|msg size: 1|pid:27310
07-27 11:23:13.353 D/jni_imsdk(27310): [19-07-27 11:23:13.353][INFO][][imsdk.TIMMessage]msgid 1351072296
07-27 11:23:13.353 D/jni_imsdk(27310): [19-07-27 11:23:13.353][INFO][][IMCoreNotify]RecvMsg|4-Callback|Succ|type=System, sid=, msgid=1351072296, seq=1351072296, rand=1351072296, time=1564197792, isRead=false
07-27 11:23:13.366 D/MSF.C.NetConnTag(23909): ping pkg ack received
07-27 11:23:13.368 I/MSF.C.NetConnTag(23909): netRecv ssoSeq:45862 uin: cmd:MSF 45883
07-27 11:23:13.370 I/MSF.C.NetConnTag(23909): netRecv ssoSeq:45861 uin:*4102 cmd:imopenstat.report 45957
07-27 11:23:13.371 D/MSF.C.MsfCore(23909): service recv msg . ssoCmd:imopenstat.report ssoSeq:45861
07-27 11:23:13.373 D/MSF.S.RespHandler(23909): service getMsfMessagePairs resp:imopenstat.report:45861:64351
07-27 11:23:13.373 D/MSF.S.AppProcessManager(23909): service add queue last:1564197793373|imopenstat.report|45861
07-27 11:23:13.373 I/MSF.C.NetConnTag(23909): netRecv ssoSeq:45842 uin:*4102 cmd:group_open_long_polling_svc.get_msg 46274
07-27 11:23:13.374 E/ANDR-PERF-MPCTL( 736): Invalid profile no. 0, total profiles 0 only
07-27 11:23:13.374 E/ANDR-PERF-OPTSHANDLER( 736): Max bounds check failed
07-27 11:23:13.374 E/ANDR-PERF-OPTSHANDLER( 736): Error! Perflock failed, invalid request value 49
07-27 11:23:13.374 E/ANDR-PERF-RESOURCEQS( 736): Failed to apply optimization [6, 0]
07-27 11:23:13.375 D/MSF.C.MsfCore(23909): service recv msg . ssoCmd:group_open_long_polling_svc.get_msg ssoSeq:45842
07-27 11:23:13.375 I/MSF.S.AppProcessManager(23909): service send resp :com.yishouapp.fumi| from:144115213350774102|imopenstat.report|45861|64351
07-27 11:23:13.377 D/MsfServiceProxy(27310): msfProxy onReceiveResp:144115213350774102:imopenstat.report :45861:64351
07-27 11:23:13.377 D/MsfServiceProxy(27310): waiteSendSeqSet receiveResp remove:144115213350774102:imopenstat.report :45861:64351
07-27 11:23:13.377 D/MsfServiceProxy(27310): onReceiveResp SsoCmd:imopenstat.report ssoSeq:45861
07-27 11:23:13.377 D/MsfServiceProxy(27310): sdk add queue req:ToServiceMsg msName:unknown ssoSeq:45861 appId:537050853 appSeq:64351 sName:com.tencent.qalsdk.service.QalService uin:144115213350774102 sCmd:imopenstat.report t:10000 needResp:truehttpReq:false from:FromServiceMsg msName:unknown ssoSeq:45861 failCode:1000 errorMsg: uin:144115213350774102 serviceCmd:imopenstat.report appId:537050853 appSeq:64351
07-27 11:23:13.377 D/MsfServiceSub(27310): serviceSub add last:1564197793377|imopenstat.report|45861
07-27 11:23:13.377 I/CoreWrapper(27310): [CoreWrapper handleRespMsg] recv resp msg:1564197793377|imopenstat.report|45861|64351
07-27 11:23:13.378 D/jni_imsdk(27310): [19-07-27 11:23:13.378][DEBUG][][CoreWrapper][CoreWrapper handleRespMsg] recv resp msg:1564197793377|imopenstat.report|45861|64351
07-27 11:23:13.378 D/jni_imsdk(27310): [19-07-27 11:23:13.378][DEBUG][][imsdk.IMMsfCoreProxy]request user: userid_1898141|cmd:imopenstat.report|rsp
07-27 11:23:13.378 D/jni_imsdk(27310): [19-07-27 11:23:13.378][DEBUG][qr_task.cc:132][operator()][IMCore]ApiCall(imopenstat.report) done. rsp: 0a020800
07-27 11:23:13.381 D/MSF.S.RespHandler(23909): service getMsfMessagePairs resp:group_open_long_polling_svc.get_msg:45842:64336
07-27 11:23:13.381 D/MSF.S.AppProcessManager(23909): service add queue last:1564197793381|group_open_long_polling_svc.get_msg|45842
07-27 11:23:13.382 I/MSF.C.NetConnTag(23909): netRecv ssoSeq:45860 uin:*4102 cmd:im_open_msg.msg_sync 46244
07-27 11:23:13.383 I/MSF.S.AppProcessManager(23909): service send resp :com.yishouapp.fumi| from:144115213350774102|group_open_long_polling_svc.get_msg|45842|64336
07-27 11:23:13.383 D/MSF.C.MsfCore(23909): service recv msg . ssoCmd:im_open_msg.msg_sync ssoSeq:45860
07-27 11:23:13.385 D/MSF.S.RespHandler(23909): service getMsfMessagePairs resp:im_open_msg.msg_sync:45860:64350
07-27 11:23:13.385 D/MSF.S.AppProcessManager(23909): service add queue last:1564197793385|im_open_msg.msg_sync|45860
07-27 11:23:13.386 I/MSF.S.AppProcessManager(23909): service send resp :com.yishouapp.fumi| from:144115213350774102|im_open_msg.msg_sync|45860|64350
07-27 11:23:13.388 D/MsfServiceProxy(27310): msfProxy onReceiveResp:144115213350774102:group_open_long_polling_svc.get_msg :45842:64336
07-27 11:23:13.388 D/MsfServiceProxy(27310): waiteSendSeqSet receiveResp remove:144115213350774102:group_open_long_polling_svc.get_msg :45842:64336
07-27 11:23:13.388 D/MsfServiceProxy(27310): onReceiveResp SsoCmd:group_open_long_polling_svc.get_msg ssoSeq:45842
07-27 11:23:13.388 D/MsfServiceProxy(27310): sdk add queue req:ToServiceMsg msName:unknown ssoSeq:45842 appId:537050853 appSeq:64336 sName:com.tencent.qalsdk.service.QalService uin:144115213350774102 sCmd:group_open_long_polling_svc.get_msg t:5000 needResp:truehttpReq:false from:FromServiceMsg msName:unknown ssoSeq:45842 failCode:1000 errorMsg: uin:144115213350774102 serviceCmd:group_open_long_polling_svc.get_msg appId:537050853 appSeq:64336
07-27 11:23:13.388 D/MsfServiceSub(27310): serviceSub add last:1564197793388|group_open_long_polling_svc.get_msg|45842
07-27 11:23:13.388 I/CoreWrapper(27310): [CoreWrapper handleRespMsg] recv resp msg:1564197793388|group_open_long_polling_svc.get_msg|45842|64336
07-27 11:23:13.389 D/jni_imsdk(27310): [19-07-27 11:23:13.389][DEBUG][][CoreWrapper][CoreWrapper handleRespMsg] recv resp msg:1564197793388|group_open_long_polling_svc.get_msg|45842|64336
07-27 11:23:13.389 D/jni_imsdk(27310): [19-07-27 11:23:13.389][DEBUG][][imsdk.IMMsfCoreProxy]request user: userid_1898141|cmd:group_open_long_polling_svc.get_msg|rsp
