07-27 11:10:13.882 V/WindowManager( 1699): Changing focus from Window{6b2b5bc u0 com.yishouapp.fumi/com.yishouapp.fumi.activity.YishouMainActivity EXITING} to Window{93a81b6 u0 com.yishouapp.fumi/com.yishouapp.fumi.activity.YishouMainActivity}
07-27 11:10:20.108 V/WindowOrientationListener( 1699): onSensorChanged mDesiredRotation = 4
07-27 11:10:21.382 W/ActivityManager( 1699): Launch timeout has expired, giving up wake lock!
07-27 11:10:25.791 D/ViewRootImpl(23081): swipeFromBottom mIgnoring true downY 2304 mScreenHeight 2340 mStatusBarHeight 54 globalScale 1.125
07-27 11:10:25.877 V/WindowManager( 1699): Changing focus from Window{93a81b6 u0 com.yishouapp.fumi/com.yishouapp.fumi.activity.YishouMainActivity} to Window{e0ee4b5 u0 GestureTransitionView}
07-27 11:10:26.165 D/ViewRootImpl( 6802): swipeFromBottom mIgnoring === false downY 19 mStatusBarHeight 54
07-27 11:10:26.206 W/ActivityManager( 1699): preloadAction is 0, starting intent = flg=0x10804000 cmp=com.coloros.recents/.RecentsActivity
07-27 11:10:26.210 I/ActivityManager( 1699): START u0 {flg=0x10804000 cmp=com.coloros.recents/.RecentsActivity} from uid 1000 and from pid 7197
07-27 11:10:26.222 D/ActivityManager( 1699): zjm TOP_APP is ProcessRecord{aca3351 7197:com.coloros.recents/1000} uid is 1000
07-27 11:10:26.236 D/NeuronSystem( 1699): NsAppPreload package:com.yishouapp.fumi do not support preload
07-27 11:10:26.236 D/NeuronSystem( 1699): NsAppPreload package:com.android.settings do not support preload
07-27 11:10:26.236 D/NeuronSystem( 1699): NsAppPreload package:com.tencent.mm do not support preload
07-27 11:10:26.236 D/NeuronSystem( 1699): NsAppPreload package:com.android.browser do not support preload
07-27 11:10:26.236 D/NeuronSystem( 1699): PredictionApp cost: 3 ms
07-27 11:10:26.245 D/Dex2oatManagerService( 1699): Foreground changed, PID: 7197 UID: 1000 foreground: true
07-27 11:10:26.245 D/Dex2oatManagerService( 1699): Current app:com.coloros.recents/com.coloros.recents.RecentsActivity
07-27 11:10:26.245 D/Dex2oatManagerService( 1699): Not cold launch condition
07-27 11:10:26.257 I/StatusBarManagerService( 1699): disable, what:65536, pkg:com.coloros.recents token:android.os.BinderProxy@768cb11
07-27 11:10:26.257 I/StatusBarManagerService( 1699): disableLocked, what:10000, pkg:com.coloros.recents userId: 0 token:android.os.BinderProxy@768cb11 net1:10000 net2:0
07-27 11:10:26.414 D/Dex2oatManagerService( 1699): Foreground changed, PID: 23081 UID: 10231 foreground: false
07-27 11:10:26.529 I/WindowManager( 1699): handleOpeningSpecialApp (statusbar != null ) true pkg: com.coloros.recents start: 3
07-27 11:10:26.529 I/WindowManager( 1699): handleOpeningSpecialApp (statusbar != null ) true pkg: com.oppo.launcher start: 3
07-27 11:10:27.118 D/ViewRootImpl( 6802): swipeFromBottom mIgnoring === false downY 1131 mStatusBarHeight 54
07-27 11:10:27.297 V/ActivityManager( 1699): getAllTopPkgName 5 com.coloros.recents
07-27 11:10:27.517 W/ActivityManager( 1699): preloadAction is 0, starting intent = act=android.intent.action.MAIN cat=[android.intent.category.HOME] flg=0x10200000 cmp=com.oppo.launcher/.Launcher
07-27 11:10:27.518 I/ActivityManager( 1699): START u0 {act=android.intent.action.MAIN cat=[android.intent.category.HOME] flg=0x10200000 cmp=com.oppo.launcher/.Launcher} from uid 1000 and from pid 7197
07-27 11:10:27.531 D/ActivityManager( 1699): zjm TOP_APP is ProcessRecord{5ec7a7b 3385:com.oppo.launcher/u0a23} uid is 10023
07-27 11:10:27.551 D/Dex2oatManagerService( 1699): Foreground changed, PID: 3385 UID: 10023 foreground: true
07-27 11:10:27.551 D/Dex2oatManagerService( 1699): Current app:com.oppo.launcher/com.oppo.launcher.Launcher
07-27 11:10:27.551 D/Dex2oatManagerService( 1699): Not cold launch condition
07-27 11:10:27.553 I/StatusBarManagerService( 1699): disable, what:0, pkg:com.coloros.recents token:android.os.BinderProxy@768cb11
07-27 11:10:27.553 I/StatusBarManagerService( 1699): disableLocked, what:0, pkg:com.coloros.recents userId: 0 token:android.os.BinderProxy@768cb11 net1:0 net2:0
07-27 11:10:27.577 D/Dex2oatManagerService( 1699): Foreground changed, PID: 7197 UID: 1000 foreground: false
07-27 11:10:27.591 I/WindowManager( 1699): handleOpeningSpecialApp (statusbar != null ) true pkg: com.oppo.launcher start: 0
07-27 11:10:27.813 I/WindowManager( 1699): handleOpeningSpecialApp (statusbar != null ) true pkg: com.oppo.launcher start: 3
07-27 11:10:27.814 I/WindowManager( 1699): handleOpeningSpecialApp (statusbar != null ) true pkg: com.coloros.recents start: 4
07-27 11:10:27.848 V/WindowManager( 1699): Changing focus from Window{e0ee4b5 u0 GestureTransitionView} to Window{d49d1c9 u0 com.oppo.launcher/com.oppo.launcher.Launcher}
07-27 11:10:28.252 W/ActivityManager( 1699): preloadAction is 0, starting intent = act=android.intent.action.MAIN cat=[android.intent.category.LAUNCHER] flg=0x10200000 cmp=com.yishouapp.fumi/.activity.ApiChoseActivity bnds=[34,1526][287,1802]
07-27 11:10:28.253 I/ActivityManager( 1699): START u0 {act=android.intent.action.MAIN cat=[android.intent.category.LAUNCHER] flg=0x10200000 cmp=com.yishouapp.fumi/.activity.ApiChoseActivity bnds=[34,1526][287,1802]} from uid 10023 and from pid 3385
07-27 11:10:28.267 V/WindowManager( 1699): Changing focus from Window{d49d1c9 u0 com.oppo.launcher/com.oppo.launcher.Launcher} to null
07-27 11:10:28.269 D/ActivityManager( 1699): zjm TOP_APP is ProcessRecord{45dfed4 23081:com.yishouapp.fumi/u0a231} uid is 10231
07-27 11:10:28.289 D/Dex2oatManagerService( 1699): Foreground changed, PID: 23081 UID: 10231 foreground: true
07-27 11:10:28.290 D/Dex2oatManagerService( 1699): Current app:com.yishouapp.fumi/com.yishouapp.fumi.activity.YishouMainActivity
07-27 11:10:28.290 D/Dex2oatManagerService( 1699): Not cold launch condition
07-27 11:10:28.356 V/WindowManager( 1699): Changing focus from null to Window{93a81b6 u0 com.yishouapp.fumi/com.yishouapp.fumi.activity.YishouMainActivity}
07-27 11:10:28.865 V/WindowManager( 1699): Changing focus from Window{93a81b6 u0 com.yishouapp.fumi/com.yishouapp.fumi.activity.YishouMainActivity} to Window{7ac5dbd u0 com.yishouapp.fumi/com.yishouapp.fumi.activity.YishouMainActivity}
07-27 11:10:29.138 I/WindowManager( 1699): handleOpeningSpecialApp (statusbar != null ) true pkg: com.oppo.launcher start: 3
07-27 11:10:29.138 I/WindowManager( 1699): handleOpeningSpecialApp (statusbar != null ) true pkg: com.coloros.recents start: 4
07-27 11:10:29.142 D/ViewRootImpl(23081): swipeFromBottom mIgnoring true downY 2335 mScreenHeight 2340 mStatusBarHeight 54 globalScale 1.125
07-27 11:10:29.154 V/WindowManager( 1699): Changing focus from Window{7ac5dbd u0 com.yishouapp.fumi/com.yishouapp.fumi.activity.YishouMainActivity EXITING} to Window{93a81b6 u0 com.yishouapp.fumi/com.yishouapp.fumi.activity.YishouMainActivity}
07-27 11:10:29.407 W/ActivityManager( 1699): preloadAction is 0, starting intent = flg=0x10804000 cmp=com.coloros.recents/.RecentsActivity
07-27 11:10:29.408 I/ActivityManager( 1699): START u0 {flg=0x10804000 cmp=com.coloros.recents/.RecentsActivity} from uid 1000 and from pid 7197
07-27 11:10:29.421 V/WindowManager( 1699): Changing focus from Window{93a81b6 u0 com.yishouapp.fumi/com.yishouapp.fumi.activity.YishouMainActivity} to null
07-27 11:10:29.423 D/ActivityManager( 1699): zjm TOP_APP is ProcessRecord{aca3351 7197:com.coloros.recents/1000} uid is 1000
07-27 11:10:29.448 D/Dex2oatManagerService( 1699): Foreground changed, PID: 7197 UID: 1000 foreground: true
07-27 11:10:29.448 D/Dex2oatManagerService( 1699): Current app:com.coloros.recents/com.coloros.recents.RecentsActivity
07-27 11:10:29.448 D/Dex2oatManagerService( 1699): Not cold launch condition
07-27 11:10:29.457 I/StatusBarManagerService( 1699): disable, what:65536, pkg:com.coloros.recents token:android.os.BinderProxy@768cb11
07-27 11:10:29.457 I/StatusBarManagerService( 1699): disableLocked, what:10000, pkg:com.coloros.recents userId: 0 token:android.os.BinderProxy@768cb11 net1:10000 net2:0
07-27 11:10:29.475 D/Dex2oatManagerService( 1699): Foreground changed, PID: 3385 UID: 10023 foreground: false
07-27 11:10:29.477 V/WindowManager( 1699): Changing focus from null to Window{4df70a0 u0 com.coloros.recents/com.coloros.recents.RecentsActivity}
07-27 11:10:29.479 I/WindowManager( 1699): TopFullScreen status bar state changed, topIsFullscreen:true topWin:Window{93a81b6 u0 com.yishouapp.fumi/com.yishouapp.fumi.activity.YishouMainActivity} topActivityIsFullscreen:true
07-27 11:10:29.479 I/StatusBarManagerService( 1699): topIsFullscreen fullscreen true
07-27 11:10:29.479 I/WindowManager( 1699): finishPostLayoutPolicyLw (statusbar != null ) true topIsFullscreen true top = Window{93a81b6 u0 com.yishouapp.fumi/com.yishouapp.fumi.activity.YishouMainActivity} topActivityIsFullscreen true
07-27 11:10:29.479 I/StatusBarManagerService( 1699): topIsFullscreen fullscreen true
07-27 11:10:29.559 D/Dex2oatManagerService( 1699): Foreground changed, PID: 23081 UID: 10231 foreground: false
07-27 11:10:29.567 I/WindowManager( 1699): handleOpeningSpecialApp (statusbar != null ) true pkg: com.coloros.recents start: 3
07-27 11:10:29.568 I/WindowManager( 1699): handleOpeningSpecialApp (statusbar != null ) true pkg: com.oppo.launcher start: 3
07-27 11:10:30.704 I/ActivityManager( 1699): Force stopping com.yishouapp.fumi appid=10231 user=0: from pid 7197
07-27 11:10:30.705 I/ActivityManager( 1699): Killing 23081:com.yishouapp.fumi/u0a231 (adj 700): stop com.yishouapp.fumi
07-27 11:10:30.708 W/ActivityManager( 1699): Service crashed 0 times, stopping: ServiceRecord{484962b u0 com.yishouapp.fumi/com.qiyukf.nimlib.service.WakeupService}this is not core appcom.yishouapp.fumi
07-27 11:10:30.708 W/ActivityManager( 1699): Service crashed 0 times, stopping: ServiceRecord{3063440 u0 com.yishouapp.fumi/cn.jpush.android.service.PluginOppoPushService}this is not core appcom.yishouapp.fumi
07-27 11:10:30.709 D/Dex2oatManagerService( 1699): Process died; UID 10231 PID 23081
07-27 11:10:30.712 I/ActivityManager( 1699): Killing 23106:com.yishouapp.fumi:pushcore/u0a231 (adj 800): stop com.yishouapp.fumi
07-27 11:10:30.713 W/ActivityManager( 1699): Service crashed 0 times, stopping: ServiceRecord{70fef79 u0 com.yishouapp.fumi/.service.PushService}this is not core appcom.yishouapp.fumi:pushcore
07-27 11:10:30.715 D/Dex2oatManagerService( 1699): Process died; UID 10231 PID 23106
07-27 11:10:30.718 I/ActivityManager( 1699): Killing 23334:com.yishouapp.fumi:QALSERVICE/u0a231 (adj 0): stop com.yishouapp.fumi
07-27 11:10:30.720 D/Dex2oatManagerService( 1699): Process died; UID 10231 PID 23334
07-27 11:10:30.722 I/ActivityManager( 1699): Killing 23124:com.yishouapp.fumi:core/u0a231 (adj 0): stop com.yishouapp.fumi
07-27 11:10:30.730 I/ActivityManager( 1699): Force finishing activity ActivityRecord{437643c u0 com.yishouapp.fumi/.activity.ApiChoseActivity t1338}
07-27 11:10:30.739 I/ActivityManager( 1699): Force finishing activity ActivityRecord{b46d6bf u0 com.yishouapp.fumi/.activity.YishouMainActivity t1338}
07-27 11:10:30.744 I/ActivityManager( 1699): Force stopping service ServiceRecord{1fd283b u0 com.yishouapp.fumi/com.qiyukf.nimlib.service.NimService$Aux}
07-27 11:10:30.744 I/ActivityManager( 1699): Force stopping service ServiceRecord{3189f94 u0 com.yishouapp.fumi/com.tencent.qalsdk.service.QalService}
07-27 11:10:30.752 D/Dex2oatManagerService( 1699): Process died; UID 10231 PID 23124
07-27 11:10:30.830 D/Dex2oatManagerService( 1699): Display listener for pid 23081 died.
07-27 11:10:30.831 W/ActivityManager( 1699): setHasOverlayUi called on unknown pid: 23081
07-27 11:10:31.056 V/ActivityManager( 1699): getAllTopPkgName 5 com.coloros.recents
07-27 11:10:31.273 W/ActivityManager( 1699): preloadAction is 0, starting intent = act=android.intent.action.MAIN cat=[android.intent.category.HOME] flg=0x10200000 cmp=com.oppo.launcher/.Launcher
07-27 11:10:31.274 I/ActivityManager( 1699): START u0 {act=android.intent.action.MAIN cat=[android.intent.category.HOME] flg=0x10200000 cmp=com.oppo.launcher/.Launcher} from uid 1000 and from pid 7197
07-27 11:10:31.287 V/WindowManager( 1699): Changing focus from Window{4df70a0 u0 com.coloros.recents/com.coloros.recents.RecentsActivity} to null
07-27 11:10:31.289 D/ActivityManager( 1699): zjm TOP_APP is ProcessRecord{5ec7a7b 3385:com.oppo.launcher/u0a23} uid is 10023
07-27 11:10:31.307 D/NeuronSystem( 1699): NsAppPreload package:com.yishouapp.fumi do not support preload
07-27 11:10:31.307 D/NeuronSystem( 1699): NsAppPreload package:com.android.settings do not support preload
07-27 11:10:31.307 D/NeuronSystem( 1699): NsAppPreload package:com.tencent.mm do not support preload
07-27 11:10:31.307 D/NeuronSystem( 1699): NsAppPreload package:com.android.browser do not support preload
07-27 11:10:31.307 D/NeuronSystem( 1699): PredictionApp cost: 1 ms
07-27 11:10:31.308 D/Dex2oatManagerService( 1699): Foreground changed, PID: 3385 UID: 10023 foreground: true
07-27 11:10:31.308 D/Dex2oatManagerService( 1699): Current app:com.oppo.launcher/com.oppo.launcher.Launcher
07-27 11:10:31.308 D/Dex2oatManagerService( 1699): Not cold launch condition
07-27 11:10:31.310 I/StatusBarManagerService( 1699): disable, what:0, pkg:com.coloros.recents token:android.os.BinderProxy@768cb11
07-27 11:10:31.310 I/StatusBarManagerService( 1699): disableLocked, what:0, pkg:com.coloros.recents userId: 0 token:android.os.BinderProxy@768cb11 net1:0 net2:0
07-27 11:10:31.335 V/WindowManager( 1699): Changing focus from null to Window{d49d1c9 u0 com.oppo.launcher/com.oppo.launcher.Launcher}
07-27 11:10:31.337 I/WindowManager( 1699): TopFullScreen status bar state changed, topIsFullscreen:false topWin:Window{4df70a0 u0 com.coloros.recents/com.coloros.recents.RecentsActivity} topActivityIsFullscreen:false
07-27 11:10:31.337 I/StatusBarManagerService( 1699): topIsFullscreen fullscreen false
07-27 11:10:31.337 I/WindowManager( 1699): finishPostLayoutPolicyLw (statusbar != null ) true topIsFullscreen false top = Window{4df70a0 u0 com.coloros.recents/com.coloros.recents.RecentsActivity} topActivityIsFullscreen false
07-27 11:10:31.337 I/StatusBarManagerService( 1699): topIsFullscreen fullscreen false
07-27 11:10:31.351 D/Dex2oatManagerService( 1699): Foreground changed, PID: 7197 UID: 1000 foreground: false
07-27 11:10:31.365 I/WindowManager( 1699): handleOpeningSpecialApp (statusbar != null ) true pkg: com.oppo.launcher start: 0
07-27 11:10:31.717 I/WindowManager( 1699): handleOpeningSpecialApp (statusbar != null ) true pkg: com.oppo.launcher start: 3
07-27 11:10:31.717 I/WindowManager( 1699): handleOpeningSpecialApp (statusbar != null ) true pkg: com.coloros.recents start: 4
07-27 11:10:32.316 W/ActivityManager( 1699): preloadAction is 0, starting intent = act=android.intent.action.MAIN cat=[android.intent.category.LAUNCHER] flg=0x10200000 cmp=com.yishouapp.fumi/.activity.ApiChoseActivity bnds=[34,1526][287,1802]
07-27 11:10:32.317 I/ActivityManager( 1699): START u0 {act=android.intent.action.MAIN cat=[android.intent.category.LAUNCHER] flg=0x10200000 cmp=com.yishouapp.fumi/.activity.ApiChoseActivity bnds=[34,1526][287,1802]} from uid 10023 and from pid 3385
07-27 11:10:32.343 I/ActivityManager( 1699): Start proc 23658:com.yishouapp.fumi/u0a231 for activity com.yishouapp.fumi/.activity.ApiChoseActivity
07-27 11:10:32.386 D/ActivityManager( 1699): zjm TOP_APP is ProcessRecord{3940c2 23658:com.yishouapp.fumi/u0a231} uid is 10231
07-27 11:10:32.394 V/WindowManager( 1699): Changing focus from Window{d49d1c9 u0 com.oppo.launcher/com.oppo.launcher.Launcher} to null
07-27 11:10:32.400 D/Dex2oatManagerService( 1699): Foreground changed, PID: 23658 UID: 10231 foreground: true
07-27 11:10:32.400 D/Dex2oatManagerService( 1699): Current app:com.yishouapp.fumi/com.yishouapp.fumi.activity.ApiChoseActivity
07-27 11:10:32.400 D/Dex2oatManagerService( 1699): Detect cold launch begin
07-27 11:10:32.400 D/Dex2oatManager( 1699): cold launch time:30000
07-27 11:10:32.520 I/ActivityManager( 1699): Start proc 23683:com.yishouapp.fumi:pushcore/u0a231 for service com.yishouapp.fumi/.service.PushService
07-27 11:10:32.582 I/ActivityManager( 1699): Start proc 23701:com.yishouapp.fumi:core/u0a231 for service com.yishouapp.fumi/com.qiyukf.nimlib.service.NimService
07-27 11:10:33.916 E/DexLoadReporter(23701): Could not create the profile directory: /data/app/com.yishouapp.fumi-zJpXfrdUQ-pAEfYU8Tc8Fw==/lib/arm/oat/libsgmain.so.cur.prof
07-27 11:10:33.923 E/DexLoadReporter(23658): Could not create the profile directory: /data/app/com.yishouapp.fumi-zJpXfrdUQ-pAEfYU8Tc8Fw==/lib/arm/oat/libsgmain.so.cur.prof
07-27 11:10:33.946 E/DexLoadReporter(23683): Could not create the profile directory: /data/app/com.yishouapp.fumi-zJpXfrdUQ-pAEfYU8Tc8Fw==/lib/arm/oat/libsgmain.so.cur.prof
07-27 11:10:34.004 E/DexLoadReporter(23658): Could not create the profile directory: /data/app/com.yishouapp.fumi-zJpXfrdUQ-pAEfYU8Tc8Fw==/lib/arm/oat/libsgsecuritybody.so.cur.prof
07-27 11:10:34.030 E/DexLoadReporter(23701): Could not create the profile directory: /data/app/com.yishouapp.fumi-zJpXfrdUQ-pAEfYU8Tc8Fw==/lib/arm/oat/libsgsecuritybody.so.cur.prof
07-27 11:10:34.068 E/DexLoadReporter(23683): Could not create the profile directory: /data/app/com.yishouapp.fumi-zJpXfrdUQ-pAEfYU8Tc8Fw==/lib/arm/oat/libsgsecuritybody.so.cur.prof
07-27 11:10:34.072 E/DexLoadReporter(23701): Could not create the profile directory: /data/app/com.yishouapp.fumi-zJpXfrdUQ-pAEfYU8Tc8Fw==/lib/arm/oat/libsgavmp.so.cur.prof
07-27 11:10:34.072 E/DexLoadReporter(23658): Could not create the profile directory: /data/app/com.yishouapp.fumi-zJpXfrdUQ-pAEfYU8Tc8Fw==/lib/arm/oat/libsgavmp.so.cur.prof
07-27 11:10:34.133 E/DexLoadReporter(23683): Could not create the profile directory: /data/app/com.yishouapp.fumi-zJpXfrdUQ-pAEfYU8Tc8Fw==/lib/arm/oat/libsgavmp.so.cur.prof
07-27 11:10:34.354 D/Dex2oatManagerService( 1699): registerCallback from pid:23658 from uid:10231
07-27 11:10:34.696 V/WindowManager( 1699): Changing focus from null to Window{29542b3 u0 com.yishouapp.fumi/com.yishouapp.fumi.activity.ApiChoseActivity}
07-27 11:10:34.808 I/WindowManager( 1699): TopFullScreen status bar state changed, topIsFullscreen:true topWin:Window{29542b3 u0 com.yishouapp.fumi/com.yishouapp.fumi.activity.ApiChoseActivity} topActivityIsFullscreen:true
07-27 11:10:34.808 I/StatusBarManagerService( 1699): topIsFullscreen fullscreen true
07-27 11:10:34.808 I/WindowManager( 1699): finishPostLayoutPolicyLw (statusbar != null ) true topIsFullscreen true top = Window{29542b3 u0 com.yishouapp.fumi/com.yishouapp.fumi.activity.ApiChoseActivity} topActivityIsFullscreen true
07-27 11:10:34.808 I/StatusBarManagerService( 1699): topIsFullscreen fullscreen true
07-27 11:10:35.155 I/WindowManager( 1699): handleOpeningSpecialApp (statusbar != null ) true pkg: com.oppo.launcher start: 3
07-27 11:10:35.155 I/WindowManager( 1699): handleOpeningSpecialApp (statusbar != null ) true pkg: com.coloros.recents start: 4
07-27 11:10:36.185 V/SettingsProvider( 1699): getSystemSetting(sound_effects_enabled, getCallingPackage = com.yishouapp.fumi
07-27 11:10:36.192 W/ActivityManager( 1699): preloadAction is 0, starting intent = cmp=com.yishouapp.fumi/.activity.SplashActivity
07-27 11:10:36.193 I/ActivityManager( 1699): START u0 {cmp=com.yishouapp.fumi/.activity.SplashActivity} from uid 10231 and from pid 23658
07-27 11:10:36.213 V/WindowManager( 1699): Changing focus from Window{29542b3 u0 com.yishouapp.fumi/com.yishouapp.fumi.activity.ApiChoseActivity} to null
07-27 11:10:36.438 I/ActivityManager( 1699): Start proc 23909:com.yishouapp.fumi:QALSERVICE/u0a231 for service com.yishouapp.fumi/com.tencent.qalsdk.service.QalService
07-27 11:10:36.511 V/WindowManager( 1699): Changing focus from null to Window{93696d0 u0 com.yishouapp.fumi/com.yishouapp.fumi.activity.SplashActivity}
07-27 11:10:36.873 I/WindowManager( 1699): handleOpeningSpecialApp (statusbar != null ) true pkg: com.oppo.launcher start: 3
07-27 11:10:36.873 I/WindowManager( 1699): handleOpeningSpecialApp (statusbar != null ) true pkg: com.coloros.recents start: 4
07-27 11:10:36.924 W/ActivityManager( 1699): preloadAction is 0, starting intent = cmp=com.yishouapp.fumi/.activity.AdvertActivity
07-27 11:10:36.925 I/ActivityManager( 1699): START u0 {cmp=com.yishouapp.fumi/.activity.AdvertActivity} from uid 10231 and from pid 23658
07-27 11:10:36.949 V/WindowManager( 1699): Changing focus from Window{93696d0 u0 com.yishouapp.fumi/com.yishouapp.fumi.activity.SplashActivity} to null
07-27 11:10:37.095 W/ActivityManager( 1699): Unbind failed: could not find connection for android.os.BinderProxy@b538a7e
07-27 11:10:37.115 V/WindowManager( 1699): Changing focus from null to Window{a2bb02c u0 com.yishouapp.fumi/com.yishouapp.fumi.activity.AdvertActivity}
07-27 11:10:37.260 V/WindowOrientationListener( 1699): onSensorChanged mDesiredRotation = 0 newRotation = 0
07-27 11:10:37.472 I/WindowManager( 1699): handleOpeningSpecialApp (statusbar != null ) true pkg: com.oppo.launcher start: 3
07-27 11:10:37.473 I/WindowManager( 1699): handleOpeningSpecialApp (statusbar != null ) true pkg: com.coloros.recents start: 4
07-27 11:10:37.687 E/DexLoadReporter(23909): Could not create the profile directory: /data/app/com.yishouapp.fumi-zJpXfrdUQ-pAEfYU8Tc8Fw==/lib/arm/oat/libsgmain.so.cur.prof
07-27 11:10:37.756 E/DexLoadReporter(23909): Could not create the profile directory: /data/app/com.yishouapp.fumi-zJpXfrdUQ-pAEfYU8Tc8Fw==/lib/arm/oat/libsgsecuritybody.so.cur.prof
07-27 11:10:37.780 E/DexLoadReporter(23909): Could not create the profile directory: /data/app/com.yishouapp.fumi-zJpXfrdUQ-pAEfYU8Tc8Fw==/lib/arm/oat/libsgavmp.so.cur.prof
07-27 11:10:38.653 W/ActivityManager( 1699): Unbind failed: could not find connection for android.os.BinderProxy@5d5bd30
07-27 11:10:40.720 V/WindowOrientationListener( 1699): onSensorChanged mDesiredRotation = 4
07-27 11:10:41.970 V/WindowOrientationListener( 1699): onSensorChanged mDesiredRotation = 0 newRotation = 0
07-27 11:10:42.996 W/ActivityManager( 1699): preloadAction is 0, starting intent = cmp=com.yishouapp.fumi/.activity.YishouMainActivity
07-27 11:10:42.998 I/ActivityManager( 1699): START u0 {cmp=com.yishouapp.fumi/.activity.YishouMainActivity} from uid 10231 and from pid 23658
07-27 11:10:43.026 V/WindowManager( 1699): Changing focus from Window{a2bb02c u0 com.yishouapp.fumi/com.yishouapp.fumi.activity.AdvertActivity} to null
07-27 11:10:43.067 D/Dex2oatManagerService( 1699): Foreground changed, PID: 3385 UID: 10023 foreground: false
07-27 11:10:44.134 V/WindowManager( 1699): Changing focus from null to Window{b9efaf4 u0 com.yishouapp.fumi/com.yishouapp.fumi.activity.YishouMainActivity}
07-27 11:10:44.380 I/WindowManager( 1699): TopFullScreen status bar state changed, topIsFullscreen:false topWin:Window{b9efaf4 u0 com.yishouapp.fumi/com.yishouapp.fumi.activity.YishouMainActivity} topActivityIsFullscreen:false
07-27 11:10:44.380 I/StatusBarManagerService( 1699): topIsFullscreen fullscreen false
07-27 11:10:44.381 I/WindowManager( 1699): finishPostLayoutPolicyLw (statusbar != null ) true topIsFullscreen false top = Window{b9efaf4 u0 com.yishouapp.fumi/com.yishouapp.fumi.activity.YishouMainActivity} topActivityIsFullscreen false
07-27 11:10:44.381 I/StatusBarManagerService( 1699): topIsFullscreen fullscreen false
07-27 11:10:44.915 V/WindowManager( 1699): Changing focus from Window{b9efaf4 u0 com.yishouapp.fumi/com.yishouapp.fumi.activity.YishouMainActivity} to Window{7c45bea u0 com.yishouapp.fumi/com.yishouapp.fumi.activity.YishouMainActivity}
07-27 11:10:45.094 I/WindowManager( 1699): handleOpeningSpecialApp (statusbar != null ) true pkg: com.oppo.launcher start: 3
07-27 11:10:45.094 I/WindowManager( 1699): handleOpeningSpecialApp (statusbar != null ) true pkg: com.coloros.recents start: 4
07-27 11:10:45.633 V/WindowManager( 1699): Changing focus from Window{7c45bea u0 com.yishouapp.fumi/com.yishouapp.fumi.activity.YishouMainActivity EXITING} to Window{b9efaf4 u0 com.yishouapp.fumi/com.yishouapp.fumi.activity.YishouMainActivity}
07-27 11:10:49.726 V/WindowOrientationListener( 1699): onSensorChanged mDesiredRotation = 4
07-27 11:10:49.967 D/ViewRootImpl(23658): swipeFromBottom mIgnoring true downY 2296 mScreenHeight 2340 mStatusBarHeight 54 globalScale 1.125
07-27 11:10:50.015 D/WindowOrientationListener( 1699): scheduleRotationEvaluationLocked: ignoring, user is still touching the screen.
07-27 11:10:50.015 V/WindowOrientationListener( 1699): onSensorChanged mDesiredRotation = 0 newRotation = -1
07-27 11:10:50.071 D/WindowOrientationListener( 1699): scheduleRotationEvaluationLocked: ignoring, an evaluation is already scheduled or is unnecessary.
07-27 11:10:50.072 D/ViewRootImpl(23658): swipeFromBottom mIgnoring true downY 2296 mScreenHeight 2340 mStatusBarHeight 54 globalScale 1.125
07-27 11:10:50.072 D/ViewRootImpl(23658): swipeFromBottom mIgnoring === false downY 2296 mStatusBarHeight 54
07-27 11:10:50.562 V/WindowOrientationListener( 1699): Runnable mRotationEvaluator newRotation : -1
07-27 11:10:50.571 V/WindowOrientationListener( 1699): Runnable mRotationEvaluator newRotation : 0
07-27 11:10:52.289 D/ViewRootImpl(23658): swipeFromBottom mIgnoring true downY 2306 mScreenHeight 2340 mStatusBarHeight 54 globalScale 1.125
07-27 11:10:52.641 D/ViewRootImpl(23658): swipeFromBottom mIgnoring true downY 2306 mScreenHeight 2340 mStatusBarHeight 54 globalScale 1.125
07-27 11:10:52.641 D/ViewRootImpl(23658): swipeFromBottom mIgnoring === false downY 2306 mStatusBarHeight 54
07-27 11:10:52.912 V/WindowManager( 1699): Changing focus from Window{b9efaf4 u0 com.yishouapp.fumi/com.yishouapp.fumi.activity.YishouMainActivity} to Window{344d56d u0 com.yishouapp.fumi/com.yishouapp.fumi.activity.YishouMainActivity}
07-27 11:10:53.014 W/ActivityManager( 1699): Launch timeout has expired, giving up wake lock!
07-27 11:10:53.087 V/WindowManager( 1699): Changing focus from Window{344d56d u0 com.yishouapp.fumi/com.yishouapp.fumi.activity.YishouMainActivity EXITING} to Window{b9efaf4 u0 com.yishouapp.fumi/com.yishouapp.fumi.activity.YishouMainActivity}
07-27 11:10:53.277 D/ViewRootImpl(23658): swipeFromBottom mIgnoring true downY 2307 mScreenHeight 2340 mStatusBarHeight 54 globalScale 1.125
07-27 11:10:53.390 D/ViewRootImpl(23658): swipeFromBottom mIgnoring true downY 2307 mScreenHeight 2340 mStatusBarHeight 54 globalScale 1.125
07-27 11:10:53.390 D/ViewRootImpl(23658): swipeFromBottom mIgnoring === false downY 2307 mStatusBarHeight 54
07-27 11:10:56.866 V/WindowOrientationListener( 1699): onSensorChanged mDesiredRotation = 4
07-27 11:10:57.629 V/WindowOrientationListener( 1699): onSensorChanged mDesiredRotation = 0 newRotation = 0
07-27 11:10:58.008 V/WindowOrientationListener( 1699): onSensorChanged mDesiredRotation = 4
07-27 11:11:06.399 V/WindowOrientationListener( 1699): onSensorChanged mDesiredRotation = 0 newRotation = -1
07-27 11:11:06.771 V/WindowOrientationListener( 1699): Runnable mRotationEvaluator newRotation : 0
07-27 11:11:07.129 W/ActivityManager( 1699): preloadAction is 0, starting intent = cmp=com.yishouapp.fumi/.activity.SessionActivity (has extras)
07-27 11:11:07.130 I/ActivityManager( 1699): START u0 {cmp=com.yishouapp.fumi/.activity.SessionActivity (has extras)} from uid 10231 and from pid 23658
07-27 11:11:07.168 V/WindowManager( 1699): Changing focus from Window{b9efaf4 u0 com.yishouapp.fumi/com.yishouapp.fumi.activity.YishouMainActivity} to null
07-27 11:11:07.481 V/WindowManager( 1699): Changing focus from null to Window{dadf087 u0 com.yishouapp.fumi/com.yishouapp.fumi.activity.SessionActivity}
07-27 11:11:08.169 I/WindowManager( 1699): handleOpeningSpecialApp (statusbar != null ) true pkg: com.oppo.launcher start: 3
07-27 11:11:08.169 I/WindowManager( 1699): handleOpeningSpecialApp (statusbar != null ) true pkg: com.coloros.recents start: 4
07-27 11:11:18.887 V/WindowOrientationListener( 1699): onSensorChanged mDesiredRotation = 4
07-27 11:11:22.482 V/WindowManager( 1699): Changing focus from Window{dadf087 u0 com.yishouapp.fumi/com.yishouapp.fumi.activity.SessionActivity} to null
07-27 11:11:22.561 V/WindowManager( 1699): Changing focus from null to Window{b9efaf4 u0 com.yishouapp.fumi/com.yishouapp.fumi.activity.YishouMainActivity}
07-27 11:11:23.117 V/WindowManager( 1699): Changing focus from Window{b9efaf4 u0 com.yishouapp.fumi/com.yishouapp.fumi.activity.YishouMainActivity} to Window{8309f76 u0 com.yishouapp.fumi/com.yishouapp.fumi.activity.YishouMainActivity}
07-27 11:11:23.254 I/WindowManager( 1699): handleOpeningSpecialApp (statusbar != null ) true pkg: com.oppo.launcher start: 3
07-27 11:11:23.254 I/WindowManager( 1699): handleOpeningSpecialApp (statusbar != null ) true pkg: com.coloros.recents start: 4
07-27 11:11:23.647 V/WindowManager( 1699): Changing focus from Window{8309f76 u0 com.yishouapp.fumi/com.yishouapp.fumi.activity.YishouMainActivity EXITING} to Window{b9efaf4 u0 com.yishouapp.fumi/com.yishouapp.fumi.activity.YishouMainActivity}
07-27 11:11:24.270 V/WindowOrientationListener( 1699): onSensorChanged mDesiredRotation = 0 newRotation = 0
07-27 11:11:24.840 V/WindowOrientationListener( 1699): onSensorChanged mDesiredRotation = 4
07-27 11:11:25.555 W/ActivityManager( 1699): preloadAction is 0, starting intent = cmp=com.yishouapp.fumi/.refactor.activity.NewGoodsActivity
07-27 11:11:25.557 I/ActivityManager( 1699): START u0 {cmp=com.yishouapp.fumi/.refactor.activity.NewGoodsActivity} from uid 10231 and from pid 23658
07-27 11:11:25.592 V/WindowManager( 1699): Changing focus from Window{b9efaf4 u0 com.yishouapp.fumi/com.yishouapp.fumi.activity.YishouMainActivity} to null
07-27 11:11:25.707 V/WindowManager( 1699): Changing focus from null to Window{928274e u0 com.yishouapp.fumi/com.yishouapp.fumi.refactor.activity.NewGoodsActivity}
07-27 11:11:25.934 V/WindowManager( 1699): Changing focus from Window{928274e u0 com.yishouapp.fumi/com.yishouapp.fumi.refactor.activity.NewGoodsActivity EXITING} to Window{e5b3a05 u0 com.yishouapp.fumi/com.yishouapp.fumi.refactor.activity.NewGoodsActivity}
07-27 11:11:26.189 I/WindowManager( 1699): handleOpeningSpecialApp (statusbar != null ) true pkg: com.oppo.launcher start: 3
07-27 11:11:26.189 I/WindowManager( 1699): handleOpeningSpecialApp (statusbar != null ) true pkg: com.coloros.recents start: 4
07-27 11:11:28.019 V/WindowOrientationListener( 1699): onSensorChanged mDesiredRotation = 0 newRotation = 0
07-27 11:11:28.670 V/WindowManager( 1699): Changing focus from Window{e5b3a05 u0 com.yishouapp.fumi/com.yishouapp.fumi.refactor.activity.NewGoodsActivity} to null
07-27 11:11:28.717 V/WindowManager( 1699): Changing focus from null to Window{b9efaf4 u0 com.yishouapp.fumi/com.yishouapp.fumi.activity.YishouMainActivity}
07-27 11:11:28.867 V/WindowOrientationListener( 1699): onSensorChanged mDesiredRotation = 4
07-27 11:11:29.183 V/WindowManager( 1699): Changing focus from Window{b9efaf4 u0 com.yishouapp.fumi/com.yishouapp.fumi.activity.YishouMainActivity} to Window{2865a03 u0 com.yishouapp.fumi/com.yishouapp.fumi.activity.YishouMainActivity}
07-27 11:11:29.409 I/WindowManager( 1699): handleOpeningSpecialApp (statusbar != null ) true pkg: com.oppo.launcher start: 3
07-27 11:11:29.410 I/WindowManager( 1699): handleOpeningSpecialApp (statusbar != null ) true pkg: com.coloros.recents start: 4
07-27 11:11:29.415 V/WindowManager( 1699): Changing focus from Window{2865a03 u0 com.yishouapp.fumi/com.yishouapp.fumi.activity.YishouMainActivity EXITING} to Window{b9efaf4 u0 com.yishouapp.fumi/com.yishouapp.fumi.activity.YishouMainActivity}
07-27 11:11:30.057 W/ActivityManager( 1699): preloadAction is 0, starting intent = cmp=com.yishouapp.fumi/.refactor.activity.DiscountGoodsActivity
07-27 11:11:30.058 I/ActivityManager( 1699): START u0 {cmp=com.yishouapp.fumi/.refactor.activity.DiscountGoodsActivity} from uid 10231 and from pid 23658
07-27 11:11:30.087 V/WindowManager( 1699): Changing focus from Window{b9efaf4 u0 com.yishouapp.fumi/com.yishouapp.fumi.activity.YishouMainActivity} to null
07-27 11:11:30.191 V/WindowManager( 1699): Changing focus from null to Window{a6f067b u0 com.yishouapp.fumi/com.yishouapp.fumi.refactor.activity.DiscountGoodsActivity}
07-27 11:11:30.478 V/WindowManager( 1699): Changing focus from Window{a6f067b u0 com.yishouapp.fumi/com.yishouapp.fumi.refactor.activity.DiscountGoodsActivity EXITING} to Window{a5510d6 u0 com.yishouapp.fumi/com.yishouapp.fumi.refactor.activity.DiscountGoodsActivity}
07-27 11:11:30.630 I/WindowManager( 1699): handleOpeningSpecialApp (statusbar != null ) true pkg: com.oppo.launcher start: 3
07-27 11:11:30.630 I/WindowManager( 1699): handleOpeningSpecialApp (statusbar != null ) true pkg: com.coloros.recents start: 4
07-27 11:11:32.995 W/ActivityManager( 1699): preloadAction is 0, starting intent = cmp=com.yishouapp.fumi/.activity.GoodsDetailActivity (has extras)
07-27 11:11:32.997 I/ActivityManager( 1699): START u0 {cmp=com.yishouapp.fumi/.activity.GoodsDetailActivity (has extras)} from uid 10231 and from pid 23658
07-27 11:11:33.029 V/WindowManager( 1699): Changing focus from Window{a5510d6 u0 com.yishouapp.fumi/com.yishouapp.fumi.refactor.activity.DiscountGoodsActivity} to null
07-27 11:11:33.134 V/WindowManager( 1699): Changing focus from null to Window{88afc47 u0 com.yishouapp.fumi/com.yishouapp.fumi.activity.GoodsDetailActivity}
07-27 11:11:33.484 I/WindowManager( 1699): handleOpeningSpecialApp (statusbar != null ) true pkg: com.oppo.launcher start: 3
07-27 11:11:33.485 I/WindowManager( 1699): handleOpeningSpecialApp (statusbar != null ) true pkg: com.coloros.recents start: 4
07-27 11:11:34.165 V/WindowManager( 1699): Changing focus from Window{88afc47 u0 com.yishouapp.fumi/com.yishouapp.fumi.activity.GoodsDetailActivity} to null
07-27 11:11:34.217 V/WindowManager( 1699): Changing focus from null to Window{a5510d6 u0 com.yishouapp.fumi/com.yishouapp.fumi.refactor.activity.DiscountGoodsActivity}
07-27 11:11:34.582 I/WindowManager( 1699): handleOpeningSpecialApp (statusbar != null ) true pkg: com.oppo.launcher start: 3
07-27 11:11:34.582 I/WindowManager( 1699): handleOpeningSpecialApp (statusbar != null ) true pkg: com.coloros.recents start: 4
07-27 11:11:35.134 V/WindowManager( 1699): Changing focus from Window{a5510d6 u0 com.yishouapp.fumi/com.yishouapp.fumi.refactor.activity.DiscountGoodsActivity} to null
07-27 11:11:35.193 V/WindowManager( 1699): Changing focus from null to Window{b9efaf4 u0 com.yishouapp.fumi/com.yishouapp.fumi.activity.YishouMainActivity}
07-27 11:11:35.484 V/WindowManager( 1699): Changing focus from Window{b9efaf4 u0 com.yishouapp.fumi/com.yishouapp.fumi.activity.YishouMainActivity} to Window{ca18b55 u0 com.yishouapp.fumi/com.yishouapp.fumi.activity.YishouMainActivity}
07-27 11:11:35.567 I/WindowManager( 1699): handleOpeningSpecialApp (statusbar != null ) true pkg: com.oppo.launcher start: 3
07-27 11:11:35.567 I/WindowManager( 1699): handleOpeningSpecialApp (statusbar != null ) true pkg: com.coloros.recents start: 4
07-27 11:11:35.659 V/WindowManager( 1699): Changing focus from Window{ca18b55 u0 com.yishouapp.fumi/com.yishouapp.fumi.activity.YishouMainActivity EXITING} to Window{b9efaf4 u0 com.yishouapp.fumi/com.yishouapp.fumi.activity.YishouMainActivity}
07-27 11:11:36.115 W/ActivityManager( 1699): preloadAction is 0, starting intent = flg=0x10000000 cmp=com.yishouapp.fumi/.activity.WebViewActivity (has extras)
07-27 11:11:36.117 I/ActivityManager( 1699): START u0 {flg=0x10000000 cmp=com.yishouapp.fumi/.activity.WebViewActivity (has extras)} from uid 10231 and from pid 23658
07-27 11:11:36.146 V/WindowManager( 1699): Changing focus from Window{b9efaf4 u0 com.yishouapp.fumi/com.yishouapp.fumi.activity.YishouMainActivity} to null
07-27 11:11:36.333 I/ActivityManager( 1699): Start proc 24397:com.google.android.webview:sandboxed_process0/u0i83 for webview_service com.yishouapp.fumi/org.chromium.content.app.SandboxedProcessService0
07-27 11:11:36.565 V/WindowManager( 1699): Changing focus from null to Window{f4d263b u0 com.yishouapp.fumi/com.yishouapp.fumi.activity.WebViewActivity}
07-27 11:11:36.919 I/WindowManager( 1699): handleOpeningSpecialApp (statusbar != null ) true pkg: com.oppo.launcher start: 3
07-27 11:11:36.919 I/WindowManager( 1699): handleOpeningSpecialApp (statusbar != null ) true pkg: com.coloros.recents start: 4
07-27 11:11:37.370 D/OppoEngineerService( 1699): onReceive intent = Intent { act=android.intent.action.BATTERY_CHANGED flg=0x60000010 (has extras) }
07-27 11:11:39.817 V/WindowManager( 1699): Changing focus from Window{f4d263b u0 com.yishouapp.fumi/com.yishouapp.fumi.activity.WebViewActivity} to null
07-27 11:11:39.898 V/WindowManager( 1699): Changing focus from null to Window{b9efaf4 u0 com.yishouapp.fumi/com.yishouapp.fumi.activity.YishouMainActivity}
07-27 11:11:40.164 V/WindowManager( 1699): Changing focus from Window{b9efaf4 u0 com.yishouapp.fumi/com.yishouapp.fumi.activity.YishouMainActivity} to Window{dd9b0ff u0 com.yishouapp.fumi/com.yishouapp.fumi.activity.YishouMainActivity}
07-27 11:11:40.292 I/WindowManager( 1699): handleOpeningSpecialApp (statusbar != null ) true pkg: com.oppo.launcher start: 3
07-27 11:11:40.292 I/WindowManager( 1699): handleOpeningSpecialApp (statusbar != null ) true pkg: com.coloros.recents start: 4
07-27 11:11:40.325 V/WindowManager( 1699): Changing focus from Window{dd9b0ff u0 com.yishouapp.fumi/com.yishouapp.fumi.activity.YishouMainActivity EXITING} to Window{b9efaf4 u0 com.yishouapp.fumi/com.yishouapp.fumi.activity.YishouMainActivity}
07-27 11:11:40.770 W/ActivityManager( 1699): preloadAction is 0, starting intent = flg=0x10000000 cmp=com.yishouapp.fumi/.activity.WebViewActivity (has extras)
07-27 11:11:40.771 I/ActivityManager( 1699): START u0 {flg=0x10000000 cmp=com.yishouapp.fumi/.activity.WebViewActivity (has extras)} from uid 10231 and from pid 23658
07-27 11:11:40.815 V/WindowManager( 1699): Changing focus from Window{b9efaf4 u0 com.yishouapp.fumi/com.yishouapp.fumi.activity.YishouMainActivity} to null
07-27 11:11:41.014 W/ActivityManager( 1699): Duplicate finish request for ActivityRecord{1fa696a u0 com.yishouapp.fumi/.activity.WebViewActivity t1339 f}
07-27 11:11:41.059 V/WindowManager( 1699): Changing focus from null to Window{21b84f6 u0 com.yishouapp.fumi/com.yishouapp.fumi.activity.WebViewActivity}
07-27 11:11:41.439 I/WindowManager( 1699): handleOpeningSpecialApp (statusbar != null ) true pkg: com.oppo.launcher start: 3
07-27 11:11:41.439 I/WindowManager( 1699): handleOpeningSpecialApp (statusbar != null ) true pkg: com.coloros.recents start: 4
07-27 11:11:43.204 W/ActivityManager( 1699): preloadAction is 0, starting intent = cmp=com.yishouapp.fumi/.activity.GoodsDetailActivity (has extras)
07-27 11:11:43.206 I/ActivityManager( 1699): START u0 {cmp=com.yishouapp.fumi/.activity.GoodsDetailActivity (has extras)} from uid 10231 and from pid 23658
07-27 11:11:43.240 V/WindowManager( 1699): Changing focus from Window{21b84f6 u0 com.yishouapp.fumi/com.yishouapp.fumi.activity.WebViewActivity} to null
07-27 11:11:43.346 V/WindowManager( 1699): Changing focus from null to Window{2bd5e7 u0 com.yishouapp.fumi/com.yishouapp.fumi.activity.GoodsDetailActivity}
07-27 11:11:43.691 I/WindowManager( 1699): handleOpeningSpecialApp (statusbar != null ) true pkg: com.oppo.launcher start: 3
07-27 11:11:43.692 I/WindowManager( 1699): handleOpeningSpecialApp (statusbar != null ) true pkg: com.coloros.recents start: 4
07-27 11:11:44.790 V/WindowManager( 1699): Changing focus from Window{2bd5e7 u0 com.yishouapp.fumi/com.yishouapp.fumi.activity.GoodsDetailActivity} to null
07-27 11:11:44.832 V/WindowManager( 1699): Changing focus from null to Window{21b84f6 u0 com.yishouapp.fumi/com.yishouapp.fumi.activity.WebViewActivity}
07-27 11:11:45.193 I/WindowManager( 1699): handleOpeningSpecialApp (statusbar != null ) true pkg: com.oppo.launcher start: 3
07-27 11:11:45.194 I/WindowManager( 1699): handleOpeningSpecialApp (statusbar != null ) true pkg: com.coloros.recents start: 4
07-27 11:11:48.527 V/WindowManager( 1699): Changing focus from Window{21b84f6 u0 com.yishouapp.fumi/com.yishouapp.fumi.activity.WebViewActivity} to null
07-27 11:11:48.597 V/WindowManager( 1699): Changing focus from null to Window{b9efaf4 u0 com.yishouapp.fumi/com.yishouapp.fumi.activity.YishouMainActivity}
07-27 11:11:49.087 V/WindowManager( 1699): Changing focus from Window{b9efaf4 u0 com.yishouapp.fumi/com.yishouapp.fumi.activity.YishouMainActivity} to Window{fb3132c u0 com.yishouapp.fumi/com.yishouapp.fumi.activity.YishouMainActivity}
07-27 11:11:49.249 V/WindowManager( 1699): Changing focus from Window{fb3132c u0 com.yishouapp.fumi/com.yishouapp.fumi.activity.YishouMainActivity EXITING} to Window{b9efaf4 u0 com.yishouapp.fumi/com.yishouapp.fumi.activity.YishouMainActivity}
07-27 11:11:49.313 I/WindowManager( 1699): handleOpeningSpecialApp (statusbar != null ) true pkg: com.oppo.launcher start: 3
07-27 11:11:49.313 I/WindowManager( 1699): handleOpeningSpecialApp (statusbar != null ) true pkg: com.coloros.recents start: 4
07-27 11:11:58.387 D/WindowOrientationListener( 1699): scheduleRotationEvaluationLocked: ignoring, user is still touching the screen.
07-27 11:11:58.387 V/WindowOrientationListener( 1699): onSensorChanged mDesiredRotation = 0 newRotation = -1
07-27 11:11:58.505 W/ActivityManager( 1699): Launch timeout has expired, giving up wake lock!
07-27 11:11:58.573 W/ActivityManager( 1699): Duplicate finish request for ActivityRecord{dd83ecc u0 com.yishouapp.fumi/.activity.WebViewActivity t1339 f}
07-27 11:11:58.645 I/ActivityManager( 1699): Killing 24397:com.google.android.webview:sandboxed_process0/u0a231i83 (adj 0): isolated not needed
07-27 11:11:58.663 D/Dex2oatManagerService( 1699): Process died; UID 10231 PID 24397
07-27 11:11:58.678 D/KernelUidCpuTimeReader( 1699): Removing uids 99083-99083
07-27 11:11:59.116 V/WindowOrientationListener( 1699): Runnable mRotationEvaluator newRotation : 0
07-27 11:11:59.434 V/WindowOrientationListener( 1699): onSensorChanged mDesiredRotation = 4
07-27 11:12:00.006 D/WindowOrientationListener( 1699): scheduleRotationEvaluationLocked: ignoring, user is still touching the screen.
07-27 11:12:00.006 V/WindowOrientationListener( 1699): onSensorChanged mDesiredRotation = 0 newRotation = -1
07-27 11:12:00.880 D/WindowOrientationListener( 1699): scheduleRotationEvaluationLocked: ignoring, user is still touching the screen.
07-27 11:12:00.880 V/WindowOrientationListener( 1699): Runnable mRotationEvaluator newRotation : -1
07-27 11:12:01.658 V/WindowOrientationListener( 1699): Runnable mRotationEvaluator newRotation : 0
07-27 11:12:01.807 W/ActivityManager( 1699): preloadAction is 0, starting intent = cmp=com.yishouapp.fumi/.activity.VideoListActivity
07-27 11:12:01.809 I/ActivityManager( 1699): START u0 {cmp=com.yishouapp.fumi/.activity.VideoListActivity} from uid 10231 and from pid 23658
07-27 11:12:01.841 V/WindowManager( 1699): Changing focus from Window{b9efaf4 u0 com.yishouapp.fumi/com.yishouapp.fumi.activity.YishouMainActivity} to null
07-27 11:12:02.041 V/WindowManager( 1699): Changing focus from null to Window{68a3aad u0 com.yishouapp.fumi/com.yishouapp.fumi.activity.VideoListActivity}
07-27 11:12:02.258 V/WindowManager( 1699): Changing focus from Window{68a3aad u0 com.yishouapp.fumi/com.yishouapp.fumi.activity.VideoListActivity EXITING} to Window{4fb030 u0 com.yishouapp.fumi/com.yishouapp.fumi.activity.VideoListActivity}
07-27 11:12:02.460 I/WindowManager( 1699): handleOpeningSpecialApp (statusbar != null ) true pkg: com.oppo.launcher start: 3
07-27 11:12:02.460 I/WindowManager( 1699): handleOpeningSpecialApp (statusbar != null ) true pkg: com.coloros.recents start: 4
07-27 11:12:03.462 V/WindowOrientationListener( 1699): onSensorChanged mDesiredRotation = 4
07-27 11:12:07.342 W/ActivityManager( 1699): preloadAction is 0, starting intent = cmp=com.yishouapp.fumi/.activity.VideoActivity (has extras)
07-27 11:12:07.344 I/ActivityManager( 1699): START u0 {cmp=com.yishouapp.fumi/.activity.VideoActivity (has extras)} from uid 10231 and from pid 23658
07-27 11:12:07.376 V/WindowManager( 1699): Changing focus from Window{4fb030 u0 com.yishouapp.fumi/com.yishouapp.fumi.activity.VideoListActivity} to null
07-27 11:12:07.575 V/WindowManager( 1699): Changing focus from null to Window{a328792 u0 com.yishouapp.fumi/com.yishouapp.fumi.activity.VideoActivity}
07-27 11:12:07.930 V/MediaRouterService( 1699): restoreBluetoothA2dp(false)
07-27 11:12:08.141 V/WindowManager( 1699): Changing focus from Window{a328792 u0 com.yishouapp.fumi/com.yishouapp.fumi.activity.VideoActivity EXITING} to Window{a973a19 u0 com.yishouapp.fumi/com.yishouapp.fumi.activity.VideoActivity}
07-27 11:12:08.340 I/WindowManager( 1699): handleOpeningSpecialApp (statusbar != null ) true pkg: com.oppo.launcher start: 3
07-27 11:12:08.341 I/WindowManager( 1699): handleOpeningSpecialApp (statusbar != null ) true pkg: com.coloros.recents start: 4
07-27 11:12:13.708 V/WindowOrientationListener( 1699): onSensorChanged mDesiredRotation = 0 newRotation = -1
07-27 11:12:13.943 V/WindowOrientationListener( 1699): Runnable mRotationEvaluator newRotation : 0
07-27 11:12:13.993 V/WindowOrientationListener( 1699): onSensorChanged mDesiredRotation = 4
07-27 11:12:15.295 V/WindowManager( 1699): Changing focus from Window{a973a19 u0 com.yishouapp.fumi/com.yishouapp.fumi.activity.VideoActivity} to null
07-27 11:12:15.312 V/MediaRouterService( 1699): restoreBluetoothA2dp(false)
07-27 11:12:15.329 V/WindowManager( 1699): Changing focus from null to Window{4fb030 u0 com.yishouapp.fumi/com.yishouapp.fumi.activity.VideoListActivity}
07-27 11:12:15.420 V/WindowOrientationListener( 1699): onSensorChanged mDesiredRotation = 0 newRotation = -1
07-27 11:12:15.682 I/WindowManager( 1699): handleOpeningSpecialApp (statusbar != null ) true pkg: com.oppo.launcher start: 3
07-27 11:12:15.682 I/WindowManager( 1699): handleOpeningSpecialApp (statusbar != null ) true pkg: com.coloros.recents start: 4
07-27 11:12:15.703 V/WindowOrientationListener( 1699): Runnable mRotationEvaluator newRotation : 0
07-27 11:12:15.801 V/WindowOrientationListener( 1699): onSensorChanged mDesiredRotation = 4
07-27 11:12:20.183 D/WindowOrientationListener( 1699): scheduleRotationEvaluationLocked: ignoring, user is still touching the screen.
07-27 11:12:20.183 V/WindowOrientationListener( 1699): onSensorChanged mDesiredRotation = 0 newRotation = -1
07-27 11:12:20.899 D/WindowOrientationListener( 1699): scheduleRotationEvaluationLocked: ignoring, user is still touching the screen.
07-27 11:12:20.899 V/WindowOrientationListener( 1699): Runnable mRotationEvaluator newRotation : -1
07-27 11:12:21.307 D/WindowOrientationListener( 1699): scheduleRotationEvaluationLocked: ignoring, an evaluation is already scheduled or is unnecessary.
07-27 11:12:21.343 V/WindowManager( 1699): Changing focus from Window{4fb030 u0 com.yishouapp.fumi/com.yishouapp.fumi.activity.VideoListActivity} to Window{10879fd u0 com.yishouapp.fumi/com.yishouapp.fumi.activity.VideoListActivity}
07-27 11:12:21.465 V/WindowOrientationListener( 1699): Runnable mRotationEvaluator newRotation : -1
07-27 11:12:21.473 V/WindowManager( 1699): Changing focus from Window{10879fd u0 com.yishouapp.fumi/com.yishouapp.fumi.activity.VideoListActivity EXITING} to Window{4fb030 u0 com.yishouapp.fumi/com.yishouapp.fumi.activity.VideoListActivity}
07-27 11:12:21.490 W/ActivityManager( 1699): preloadAction is 0, starting intent = cmp=com.yishouapp.fumi/.activity.VideoPreViewActivity (has extras)
07-27 11:12:21.492 I/ActivityManager( 1699): START u0 {cmp=com.yishouapp.fumi/.activity.VideoPreViewActivity (has extras)} from uid 10231 and from pid 23658
07-27 11:12:21.527 V/WindowManager( 1699): Changing focus from Window{4fb030 u0 com.yishouapp.fumi/com.yishouapp.fumi.activity.VideoListActivity} to null
07-27 11:12:21.615 V/WindowManager( 1699): Changing focus from null to Window{3c5cbec u0 com.yishouapp.fumi/com.yishouapp.fumi.activity.VideoPreViewActivity}
07-27 11:12:21.807 V/WindowOrientationListener( 1699): Runnable mRotationEvaluator newRotation : 0
07-27 11:12:21.895 V/WindowOrientationListener( 1699): onSensorChanged mDesiredRotation = 4
07-27 11:12:21.956 I/WindowManager( 1699): handleOpeningSpecialApp (statusbar != null ) true pkg: com.oppo.launcher start: 3
07-27 11:12:21.956 I/WindowManager( 1699): handleOpeningSpecialApp (statusbar != null ) true pkg: com.coloros.recents start: 4
07-27 11:12:24.917 V/WindowManager( 1699): Changing focus from Window{3c5cbec u0 com.yishouapp.fumi/com.yishouapp.fumi.activity.VideoPreViewActivity} to null
07-27 11:12:24.942 V/WindowManager( 1699): Changing focus from null to Window{4fb030 u0 com.yishouapp.fumi/com.yishouapp.fumi.activity.VideoListActivity}
07-27 11:12:25.306 I/WindowManager( 1699): handleOpeningSpecialApp (statusbar != null ) true pkg: com.oppo.launcher start: 3
07-27 11:12:25.306 I/WindowManager( 1699): handleOpeningSpecialApp (statusbar != null ) true pkg: com.coloros.recents start: 4
07-27 11:12:25.772 V/WindowManager( 1699): Changing focus from Window{4fb030 u0 com.yishouapp.fumi/com.yishouapp.fumi.activity.VideoListActivity} to Window{8c90cf0 u0 com.yishouapp.fumi/com.yishouapp.fumi.activity.VideoListActivity}
07-27 11:12:25.884 V/WindowManager( 1699): Changing focus from Window{8c90cf0 u0 com.yishouapp.fumi/com.yishouapp.fumi.activity.VideoListActivity EXITING} to Window{4fb030 u0 com.yishouapp.fumi/com.yishouapp.fumi.activity.VideoListActivity}
07-27 11:12:25.892 W/ActivityManager( 1699): preloadAction is 0, starting intent = cmp=com.yishouapp.fumi/.activity.VideoPreViewActivity (has extras)
07-27 11:12:25.893 I/ActivityManager( 1699): START u0 {cmp=com.yishouapp.fumi/.activity.VideoPreViewActivity (has extras)} from uid 10231 and from pid 23658
07-27 11:12:25.919 V/WindowManager( 1699): Changing focus from Window{4fb030 u0 com.yishouapp.fumi/com.yishouapp.fumi.activity.VideoListActivity} to null
07-27 11:12:25.933 V/WindowOrientationListener( 1699): onSensorChanged mDesiredRotation = 0 newRotation = -1
