07-27 11:21:57.824 D/msm8974_platform( 711): platform_split_snd_device: snd_device(2) num devices(1) new_snd_devices(0)
07-27 11:21:57.824 D/msm8974_platform( 711): platform_split_snd_device: snd_device(2) num devices(1) new_snd_devices(0)
07-27 11:21:57.824 D/audio_hw_primary( 711): copl(0xee3ef000):send new gapless metadata
07-27 11:21:57.830 D/OpenGLRenderer(26715): endAllActiveAnimators on 0xb66e7000 (RippleDrawable) with handle 0xcda79560
07-27 11:21:57.835 D/APM_AudioPolicyManager( 1196): stopOutput() output 21, stream 3, session 625
07-27 11:21:57.835 D/APM_AudioPolicyManager( 1196): setOutputDevice() output 21 device 0000 force 0 delayMs 160
07-27 11:21:57.835 D/APM_AudioPolicyManager( 1196): setOutputDevice() output 181 device 0002 force 0 delayMs 0
07-27 11:21:57.835 D/msm8974_platform( 711): platform_split_snd_device: snd_device(2) num devices(1) new_snd_devices(0)
07-27 11:21:57.835 D/msm8974_platform( 711): platform_split_snd_device: snd_device(2) num devices(1) new_snd_devices(0)
07-27 11:21:57.854 I/MSF.C.NetConnTag(23909): netRecv ssoSeq:45788 uin:*4102 cmd:group_open_long_polling_svc.get_msg 46588
07-27 11:21:57.856 D/MSF.C.MsfCore(23909): service recv msg . ssoCmd:group_open_long_polling_svc.get_msg ssoSeq:45788
07-27 11:21:57.858 D/MSF.S.RespHandler(23909): service getMsfMessagePairs resp:group_open_long_polling_svc.get_msg:45788:1170
07-27 11:21:57.858 D/MSF.S.AppProcessManager(23909): service add queue last:1564197717858|group_open_long_polling_svc.get_msg|45788
07-27 11:21:57.859 I/MSF.S.AppProcessManager(23909): service send resp :com.yishouapp.fumi| from:144115213350774102|group_open_long_polling_svc.get_msg|45788|1170
07-27 11:21:57.860 D/MsfServiceProxy(26715): msfProxy onReceiveResp:144115213350774102:group_open_long_polling_svc.get_msg :45788:1170
07-27 11:21:57.860 D/MsfServiceProxy(26715): waiteSendSeqSet receiveResp remove:144115213350774102:group_open_long_polling_svc.get_msg :45788:1170
07-27 11:21:57.860 D/MsfServiceProxy(26715): onReceiveResp SsoCmd:group_open_long_polling_svc.get_msg ssoSeq:45788
07-27 11:21:57.860 D/MsfServiceProxy(26715): sdk add queue req:ToServiceMsg msName:unknown ssoSeq:45788 appId:537050853 appSeq:1170 sName:com.tencent.qalsdk.service.QalService uin:144115213350774102 sCmd:group_open_long_polling_svc.get_msg t:5000 needResp:truehttpReq:false from:FromServiceMsg msName:unknown ssoSeq:45788 failCode:1000 errorMsg: uin:144115213350774102 serviceCmd:group_open_long_polling_svc.get_msg appId:537050853 appSeq:1170
07-27 11:21:57.860 D/MsfServiceSub(26715): serviceSub add last:1564197717860|group_open_long_polling_svc.get_msg|45788
07-27 11:21:57.860 I/CoreWrapper(26715): [CoreWrapper handleRespMsg] recv resp msg:1564197717860|group_open_long_polling_svc.get_msg|45788|1170
07-27 11:21:57.861 D/jni_imsdk(26715): [19-07-27 11:21:57.861][DEBUG][][CoreWrapper][CoreWrapper handleRespMsg] recv resp msg:1564197717860|group_open_long_polling_svc.get_msg|45788|1170
07-27 11:21:57.861 D/jni_imsdk(26715): [19-07-27 11:21:57.861][DEBUG][][imsdk.IMMsfCoreProxy]request user: userid_1898141|cmd:group_open_long_polling_svc.get_msg|rsp
07-27 11:21:57.861 D/jni_imsdk(26715): [19-07-27 11:21:57.861][DEBUG][sso_task.cc:53][operator()][IMCore]sso recv cmd:group_open_long_polling_svc.get_msg|rsp
07-27 11:21:57.862 D/QALSDKManager(26715): sendmsg:userid_1898141:group_open_long_polling_svc.get_msg:5000
07-27 11:21:57.862 D/MsfServiceSdk(26715): sdk sendMsg. ssoCmd:group_open_long_polling_svc.get_msg msfCmd:unknown appSeq:1174
07-27 11:21:57.862 D/MSF.D.RemoteServiceProxy(26715): waiteSendSeqSet put:144115213350774102group_open_long_polling_svc.get_msg :-1:1174
07-27 11:21:57.862 D/MsfServiceProxy(26715): send req to msfService:ToServiceMsg msName:unknown ssoSeq:-1 appId:537050853 appSeq:1174 sName:com.tencent.qalsdk.service.QalService uin:144115213350774102 sCmd:group_open_long_polling_svc.get_msg t:5000 needResp:truehttpReq:false
07-27 11:21:57.864 D/QalService(23909): service rcvmsg. ssoCmd:group_open_long_polling_svc.get_msg msfCmd:unknown appSeq:1174
07-27 11:21:57.864 D/MSF.C.NetConnTag(23909): ping pkg sent, buffer size: 21
07-27 11:21:57.865 D/jni_imsdk(26715): [19-07-27 11:21:57.865][INFO][sso_proto.cc:265][ProcGroupMsgPush][IMCore]RecvMsg|3-ParseOver|Succ|GRP:groupid=@TGS#aSQBYD7FQ, flag=0, seq=4559, subtype=0x6, rand=3766338373, time=1564197717
07-27 11:21:57.865 D/jni_imsdk(26715): [19-07-27 11:21:57.865][DEBUG][msg.cc:1701][GetMsgTinyidList][IMCore]write tinyid: sdkappid=, acctype=, identifier=userid_ys156419427092, tinyid=144115214158580424
07-27 11:21:57.865 D/jni_imsdk(26715): [19-07-27 11:21:57.865][DEBUG][msg_manager.cc:1520][ProcSyncMsgsResult][IMCore]MsgManager ProcSyncMsgsResultDone update session: 2|@TGS#aSQBYD7FQ
07-27 11:21:57.865 D/jni_imsdk(26715): [19-07-27 11:21:57.865][DEBUG][msg_manager.cc:270][CheckGroupDupMsg][IMCore]check group dup: is_self=0, rand=3766338373, client_time=1564197717, server_time=1564197717, seq=4559
07-27 11:21:57.865 D/jni_imsdk(26715): [19-07-27 11:21:57.865][WARN][msg_manager.cc:278][CheckGroupDupMsg][IMCore]dup group msg: is_self=0, rand=3766338373, client_time=1564197717, server_time=1564197717, seq=4559
07-27 11:21:57.865 D/jni_imsdk(26715): [19-07-27 11:21:57.865][DEBUG][msg_cache.cc:213][AddMsg][IMCore]insert into grp_msg: client_time=1564197717, server_time=1564197717, seq=4559, rand=3766338373
07-27 11:21:57.865 D/jni_imsdk(26715): [19-07-27 11:21:57.865][INFO][long_polling_msg.cc:136][run][IMCore]long polling ret: code=0, msg=
07-27 11:21:57.865 D/jni_imsdk(26715): [19-07-27 11:21:57.865][DEBUG][sso_task.cc:42][run][IMCore]sso send cmd:group_open_long_polling_svc.get_msg|req:0a40675544304f494636474f784f34347969674464356d6d7779334b6c623231424a50716c784e7761732b4b634d2b353437634b7a417a4246556968562b664e774710d0231805
07-27 11:21:57.865 D/jni_imsdk(26715): [19-07-27 11:21:57.865][DEBUG][][imcore_jni]request user: userid_1898141|cmd:group_open_long_polling_svc.get_msg
07-27 11:21:57.865 D/jni_imsdk(26715): [19-07-27 11:21:57.865][DEBUG][][imsdk.IMMsfCoreProxy]request user: userid_1898141|cmd:group_open_long_polling_svc.get_msg|req
07-27 11:21:57.865 D/jni_imsdk(26715): [19-07-27 11:21:57.865][EVENT][][IMMsgSender]sendmsg cb: com.tencent.imsdk.ac@8dbe0a8
07-27 11:21:57.866 D/MSF.C.NetConnTag(23909): add ToServiceMsg msName:qal_Hello ssoSeq:45796 appId:537050853 appSeq:-1 sName: uin:0 sCmd:MSF t:10000 needResp:truehttpReq:false to send
07-27 11:21:57.868 D/jni_imsdk(26715): [19-07-27 11:21:57.868][DEBUG][msg.cc:1701][GetMsgTinyidList][IMCore]write tinyid: sdkappid=, acctype=, identifier=@TIM#SYSTEM, tinyid=144115198244471703
07-27 11:21:57.868 D/jni_imsdk(26715): [19-07-27 11:21:57.868][DEBUG][msg.cc:1750][GetMsgTinyidList][IMCore]write tinyid: sdkappid=, acctype=, identifier=userid_1898141, tinyid=144115213350774102
07-27 11:21:57.868 D/jni_imsdk(26715): [19-07-27 11:21:57.868][DEBUG][msg.cc:1763][GetMsgTinyidList][IMCore]write tinyid: sdkappid=, acctype=, identifier=userid_1898141, tinyid=144115213350774102
07-27 11:21:57.868 D/jni_imsdk(26715): [19-07-27 11:21:57.868][INFO][online_msg_task.cc:132][run][IMCore]subtype 0x38
07-27 11:21:57.868 I/MSF.C.NetConnTag(23909): netSend ssoSeq:45796 appSeq:-1 uin:0 cmd:MSF 45817
07-27 11:21:57.868 D/jni_imsdk(26715): [19-07-27 11:21:57.868][INFO][online_msg_task.cc:336][run][IMCore]msg 0x38: 080110d6ca8294de8080800218d6ca8294de80808002321d08d6ca8294de8080800210c801420e7573657269645f313839383134313a1d08d6ca8294de8080800210c801420e7573657269645f3138393831343140a801
07-27 11:21:57.868 D/jni_imsdk(26715): [19-07-27 11:21:57.868][INFO][online_msg_task.cc:378][run][IMCore]group member update, 0x1
07-27 11:21:57.868 D/jni_imsdk(26715): [19-07-27 11:21:57.868][DEBUG][sso_task.cc:42][run][IMCore]sso send cmd:group_open_svc.get_group_info|req:081032240a0e405447532361535142594437465110d6ca8294de808080021a081000280030004200
07-27 11:21:57.868 D/QALSDKManager(26715): sendmsg:userid_1898141:group_open_svc.get_group_info:0
07-27 11:21:57.869 D/jni_imsdk(26715): [19-07-27 11:21:57.869][DEBUG][][imcore_jni]request user: userid_1898141|cmd:group_open_svc.get_group_info
07-27 11:21:57.869 D/jni_imsdk(26715): [19-07-27 11:21:57.869][DEBUG][][imsdk.IMMsfCoreProxy]request user: userid_1898141|cmd:group_open_svc.get_group_info|req
07-27 11:21:57.869 D/jni_imsdk(26715): [19-07-27 11:21:57.869][EVENT][][IMMsgSender]sendmsg cb: com.tencent.imsdk.ac@e0207c1
07-27 11:21:57.869 D/MsfServiceSdk(26715): sdk sendMsg. ssoCmd:group_open_svc.get_group_info msfCmd:unknown appSeq:1175
07-27 11:21:57.869 D/MSF.D.RemoteServiceProxy(26715): waiteSendSeqSet put:144115213350774102group_open_svc.get_group_info :-1:1175
07-27 11:21:57.869 D/MsfServiceProxy(26715): send req to msfService:ToServiceMsg msName:unknown ssoSeq:-1 appId:537050853 appSeq:1175 sName:com.tencent.qalsdk.service.QalService uin:144115213350774102 sCmd:group_open_svc.get_group_info t:10000 needResp:truehttpReq:false
07-27 11:21:57.870 I/MSF.C.NetConnTag(23909): netSend ssoSeq:45795 appSeq:1174 uin:*4102 cmd:group_open_long_polling_svc.get_msg 46191
07-27 11:21:57.871 D/CoreWrapper(26715): [CoreWrapper handlePushMsg] recv push cmd: im_open_push.msg_push:msf cmd:onRecvPushMsg:-2014593059
07-27 11:21:57.872 D/jni_imsdk(26715): [19-07-27 11:21:57.872][DEBUG][][CoreWrapper][CoreWrapper handlePushMsg] recv push cmd: im_open_push.msg_push:msf cmd:onRecvPushMsg:-2014593059
07-27 11:21:57.872 D/jni_imsdk(26715): [19-07-27 11:21:57.872][DEBUG][][imsdk.IMMsfCoreProxy]cmd:im_open_push.msg_push|req:0AD6010A97010A2108B404101718A4E803209598BFC00228D586EFE90530D586EFE905409598BFC00212680A171A1510E5FD8A800228A883D29B055A07416E64726F6964224B089787E3F0A58080800210D6CA8294DE808080021805200538928CF0F117420C44656661756C7447726F7570620E4054475323615351425944374651720D320B4054494D2353595354454D3A0022082202080028005002123A1238080210D6CA8294DE8080800218A88ACC8BC32D22002A0032003A1D08D6CA8294DE8080800210C801420E7573657269645F3138393831343112210D0ADF291515176F00001894D6AFF0A5E1ABAA9B012A0A10D6CA8294DE8080800218012000
07-27 11:21:57.872 D/jni_imsdk(26715): [19-07-27 11:21:57.872][DEBUG][sqlite_store.cc:1056][WriteGroupMsgLatestSeq][IMCore]WriteGroupLatestSeq: ret=1, gid=@TGS#aSQBYD7FQ, seq=4559
07-27 11:21:57.872 D/jni_imsdk(26715): [19-07-27 11:21:57.872][INFO][online_msg_task.cc:384][operator()][IMCore]group member update callback invoke
07-27 11:21:57.873 D/jni_imsdk(26715): [19-07-27 11:21:57.873][DEBUG][][IMCoreGroupUpdateCallback]no group member update listener registered
07-27 11:21:57.873 D/jni_imsdk(26715): [19-07-27 11:21:57.873][INFO][online_msg_task.cc:539][operator()][IMCore]group tips event callback invoke
07-27 11:21:57.874 D/QalService(23909): service rcvmsg. ssoCmd:group_open_svc.get_group_info msfCmd:unknown appSeq:1175
07-27 11:21:57.875 I/MSF.C.NetConnTag(23909): netSend ssoSeq:45797 appSeq:1175 uin:*4102 cmd:group_open_svc.get_group_info 46153
07-27 11:21:57.875 D/jni_imsdk(26715): [19-07-27 11:21:57.875][DEBUG][sqlite_store.cc:1071][WriteGroupMsgReadedSeq][IMCore]WriteGroupReadedSeq: ret=1, gid=@TGS#aSQBYD7FQ, seq=4558
07-27 11:21:57.878 D/jni_imsdk(26715): [19-07-27 11:21:57.878][INFO][][imsdk.IMMsfCoreProxy]RecvMsg|1-OnlinePush|Succ|cmd=im_open_push.msg_push, userid_1898141|userid_1898141
07-27 11:21:57.879 D/jni_imsdk(26715): [19-07-27 11:21:57.879][DEBUG][imcore_user_impl.cc:272][ManualPush][IMCore]manual push need_ack|1 need_sync|1
07-27 11:21:57.880 D/jni_imsdk(26715): [19-07-27 11:21:57.879][DEBUG][][imcore_jni]request user: userid_1898141|cmd:im_open_push.msg_push
07-27 11:21:57.880 D/jni_imsdk(26715): [19-07-27 11:21:57.880][DEBUG][][imsdk.IMMsfCoreProxy]request user: userid_1898141|cmd:im_open_push.msg_push|req
07-27 11:21:57.880 D/QALSDKManager(26715): sendmsg:userid_1898141:im_open_push.msg_push:0
07-27 11:21:57.880 D/MsfServiceSdk(26715): sdk sendMsg. ssoCmd:im_open_push.msg_push msfCmd:unknown appSeq:1176
07-27 11:21:57.880 D/MsfServiceProxy(26715): send req to msfService:ToServiceMsg msName:unknown ssoSeq:-1 appId:537050853 appSeq:1176 sName:com.tencent.qalsdk.service.QalService uin:144115213350774102 sCmd:im_open_push.msg_push t:10000 needResp:falsehttpReq:false
07-27 11:21:57.881 D/jni_imsdk(26715): [19-07-27 11:21:57.881][EVENT][][IMMsgSender]sendmsg cb: null
07-27 11:21:57.883 D/paramsStr(26715): uid=1898141&version_name=4.3.0&_abtest=1&plat_type=Android&version_code=430&t_t=1564197717&model=PBEM00&udid=7ad5a76f-5add-4b35-8191-13d25815b6ef_ys&version=27&token=c73cd61253f12578927e4cd14e8e4f75
07-27 11:21:57.883 D/QalService(23909): service rcvmsg. ssoCmd:im_open_push.msg_push msfCmd:unknown appSeq:1176
07-27 11:21:57.884 D/jni_imsdk(26715): [19-07-27 11:21:57.884][INFO][imcore_user_impl.cc:284][ManualPush][IMCore]RecvMsg|2-IMBegin|Succ|msgtype=564 subtype=23
07-27 11:21:57.885 D/jni_imsdk(26715): [19-07-27 11:21:57.885][DEBUG][imcore_user_impl.cc:294][ManualPush][IMCore]msgtype: 0x234 subtype:0x17
07-27 11:21:57.885 D/jni_imsdk(26715): [19-07-27 11:21:57.885][DEBUG][msg.cc:1701][GetMsgTinyidList][IMCore]write tinyid: sdkappid=, acctype=, identifier=@TIM#SYSTEM, tinyid=144115198244471703
07-27 11:21:57.885 D/jni_imsdk(26715): [19-07-27 11:21:57.885][DEBUG][msg.cc:1790][GetMsgTinyidList][IMCore]write tinyid: sdkappid=, acctype=, identifier=userid_1898141, tinyid=144115213350774102
07-27 11:21:57.885 D/jni_imsdk(26715): [19-07-27 11:21:57.885][INFO][msg.cc:1254][BuildLocalPbMsg][IMCore]group report|0x2: GetMsgSeq
07-27 11:21:57.885 D/jni_imsdk(26715): [19-07-27 11:21:57.885][INFO][msg.cc:1256][BuildLocalPbMsg][IMCore]group report|0x6: GetMsgSeq
07-27 11:21:57.885 I/MSF.C.NetConnTag(23909): netSend ssoSeq:45798 appSeq:1176 uin:*4102 cmd:im_open_push.msg_push 46138
07-27 11:21:57.885 D/jni_imsdk(26715): [19-07-27 11:21:57.885][INFO][msg.cc:1258][BuildLocalPbMsg][IMCore]group report|0x7: GetMsgSeq
07-27 11:21:57.885 D/jni_imsdk(26715): [19-07-27 11:21:57.885][DEBUG][][imcore_jni]request user: userid_1898141|cmd:group_open_svc.get_group_info
07-27 11:21:57.885 D/jni_imsdk(26715): [19-07-27 11:21:57.885][INFO][][IMCoreNotify]listeners size: 1|msg size: 1|pid:26715
07-27 11:21:57.885 D/QALSDKManager(26715): sendmsg:userid_1898141:group_open_svc.get_group_info:0
07-27 11:21:57.885 D/jni_imsdk(26715): [19-07-27 11:21:57.885][DEBUG][][imsdk.IMMsfCoreProxy]request user: userid_1898141|cmd:group_open_svc.get_group_info|req
07-27 11:21:57.885 D/jni_imsdk(26715): [19-07-27 11:21:57.885][EVENT][][IMMsgSender]sendmsg cb: com.tencent.imsdk.ac@5625f54
07-27 11:21:57.886 D/MsfServiceSdk(26715): sdk sendMsg. ssoCmd:group_open_svc.get_group_info msfCmd:unknown appSeq:1177
07-27 11:21:57.886 D/MSF.D.RemoteServiceProxy(26715): waiteSendSeqSet put:144115213350774102group_open_svc.get_group_info :-1:1177
07-27 11:21:57.887 D/MsfServiceProxy(26715): send req to msfService:ToServiceMsg msName:unknown ssoSeq:-1 appId:537050853 appSeq:1177 sName:com.tencent.qalsdk.service.QalService uin:144115213350774102 sCmd:group_open_svc.get_group_info t:10000 needResp:truehttpReq:false
07-27 11:21:57.888 D/MSF.C.NetConnTag(23909): ping pkg ack received
07-27 11:21:57.889 I/MSF.C.NetConnTag(23909): netRecv ssoSeq:45796 uin: cmd:MSF 45817
07-27 11:21:57.890 D/QalService(23909): service rcvmsg. ssoCmd:group_open_svc.get_group_info msfCmd:unknown appSeq:1177
07-27 11:21:57.890 D/MSF.C.NetConnTag(23909): ping pkg sent, buffer size: 21
07-27 11:21:57.892 D/jni_imsdk(26715): [19-07-27 11:21:57.892][INFO][][imsdk.TIMMessage]msgid 3766338373
07-27 11:21:57.893 D/jni_imsdk(26715): [19-07-27 11:21:57.893][INFO][][IMCoreNotify]RecvMsg|4-Callback|Succ|type=Group, sid=@TGS#aSQBYD7FQ, msgid=3766338373, seq=4559, rand=3766338373, time=1564197717, isRead=false
07-27 11:21:57.893 D/MSF.C.NetConnTag(23909): add ToServiceMsg msName:qal_Hello ssoSeq:45800 appId:537050853 appSeq:-1 sName: uin:0 sCmd:MSF t:10000 needResp:truehttpReq:false to send
07-27 11:21:57.896 I/MSF.C.NetConnTag(23909): netSend ssoSeq:45800 appSeq:-1 uin:0 cmd:MSF 45821
07-27 11:21:57.897 D/jni_imsdk(26715): [19-07-27 11:21:57.897][DEBUG][msg.cc:1287][BuildLocalPbMsg][IMCore]0x17 Message: type=2, group=@TGS#aSQBYD7FQ, op_user=userid_1898141 msg_key=1564197717288 auth_size=0
07-27 11:21:57.897 D/jni_imsdk(26715): [19-07-27 11:21:57.897][INFO][msg_manager.cc:1918][operator()][IMCore]RecvMsg|3-ParseOver|Succ|C2C:sid=@TIM#SYSTEM, tinyid=144115198244471703, subtype=0x17, rand=672123925, seq=672123925, time=1564197717, isRead=0 status=2
07-27 11:21:57.897 D/jni_imsdk(26715): [19-07-27 11:21:57.897][DEBUG][msg_manager.cc:1520][ProcSyncMsgsResult][IMCore]MsgManager ProcSyncMsgsResultDone update session: 3|
07-27 11:21:57.897 D/jni_imsdk(26715): [19-07-27 11:21:57.897][DEBUG][msg_manager.cc:326][CheckC2COtherDupMsg][IMCore]CheckC2COtherDup: is_self=0, seq=672123925, rand=672123925, sid=, type=3, time=1564197717
07-27 11:21:57.897 D/jni_imsdk(26715): [19-07-27 11:21:57.897][DEBUG][msg_cache.cc:227][AddMsg][IMCore]insert into c2c_msgs: client_time=1564197717, server_time=1564197717, seq=672123925, rand=672123925
07-27 11:21:57.897 D/jni_imsdk(26715): [19-07-27 11:21:57.897][DEBUG][group_assistant.cc:193][OnGroupAdd][IMCore]group @TGS#aSQBYD7FQ not exist, sync from server
07-27 11:21:57.897 D/jni_imsdk(26715): [19-07-27 11:21:57.897][DEBUG][group_assistant.cc:184][SyncFreqenceCheck][IMCore]sync group info prevented by frequence control, groupid: @TGS#aSQBYD7FQ
07-27 11:21:57.897 D/jni_imsdk(26715): [19-07-27 11:21:57.897][DEBUG][sso_task.cc:42][run][IMCore]sso send cmd:im_open_msg.msg_sync|req:0a1808cf86efe90510cf86efe905288af4949b0238a6c5c6e00b100020012800
07-27 11:21:57.897 D/jni_imsdk(26715): [19-07-27 11:21:57.897][DEBUG][][imcore_jni]request user: userid_1898141|cmd:im_open_msg.msg_sync
07-27 11:21:57.897 D/QALSDKManager(26715): sendmsg:userid_1898141:im_open_msg.msg_sync:0
07-27 11:21:57.897 D/jni_imsdk(26715): [19-07-27 11:21:57.897][DEBUG][][imsdk.IMMsfCoreProxy]request user: userid_1898141|cmd:im_open_msg.msg_sync|req
07-27 11:21:57.897 D/jni_imsdk(26715): [19-07-27 11:21:57.897][EVENT][][IMMsgSender]sendmsg cb: com.tencent.imsdk.ac@2e65efd
07-27 11:21:57.897 D/MsfServiceSdk(26715): sdk sendMsg. ssoCmd:im_open_msg.msg_sync msfCmd:unknown appSeq:1178
07-27 11:21:57.898 D/MSF.D.RemoteServiceProxy(26715): waiteSendSeqSet put:144115213350774102im_open_msg.msg_sync :-1:1178
07-27 11:21:57.898 D/MsfServiceProxy(26715): send req to msfService:ToServiceMsg msName:unknown ssoSeq:-1 appId:537050853 appSeq:1178 sName:com.tencent.qalsdk.service.QalService uin:144115213350774102 sCmd:im_open_msg.msg_sync t:10000 needResp:truehttpReq:false
07-27 11:21:57.899 I/MSF.C.NetConnTag(23909): netSend ssoSeq:45799 appSeq:1177 uin:*4102 cmd:group_open_svc.get_group_info 46163
07-27 11:21:57.900 D/QalService(23909): service rcvmsg. ssoCmd:im_open_msg.msg_sync msfCmd:unknown appSeq:1178
07-27 11:21:57.901 I/MSF.C.NetConnTag(23909): netSend ssoSeq:45801 appSeq:1178 uin:*4102 cmd:im_open_msg.msg_sync 46141
07-27 11:21:57.905 I/MSF.C.NetConnTag(23909): netRecv ssoSeq:45797 uin:*4102 cmd:group_open_svc.get_group_info 45957
07-27 11:21:57.906 D/MSF.C.MsfCore(23909): service recv msg . ssoCmd:group_open_svc.get_group_info ssoSeq:45797
07-27 11:21:57.906 D/logUrlResponse(26715): http://api.yishouapp.com/live/room_user_enter
07-27 11:21:57.906 D/logUrlResponse(26715): room_id=3598&_abtest=1&plat_type=Android&version_code=430&t_t=1564197717&version=27&token=c73cd61253f12578927e4cd14e8e4f75&uid=1898141&version_name=4.3.0&im_user_id=userid_1898141&model=PBEM00&udid=7ad5a76f-5add-4b35-8191-13d25815b6ef_ys&is_login=1
07-27 11:21:57.906 D/logUrlResponse(26715): {"data":{},"msg":"success","code":"200"}
07-27 11:21:57.907 D/MSF.S.RespHandler(23909): service getMsfMessagePairs resp:group_open_svc.get_group_info:45797:1175
07-27 11:21:57.907 D/MSF.S.AppProcessManager(23909): service add queue last:1564197717907|group_open_svc.get_group_info|45797
07-27 11:21:57.910 I/MSF.S.AppProcessManager(23909): service send resp :com.yishouapp.fumi| from:144115213350774102|group_open_svc.get_group_info|45797|1175
07-27 11:21:57.911 D/MsfServiceProxy(26715): msfProxy onReceiveResp:144115213350774102:group_open_svc.get_group_info :45797:1175
07-27 11:21:57.912 D/MsfServiceProxy(26715): waiteSendSeqSet receiveResp remove:144115213350774102:group_open_svc.get_group_info :45797:1175
07-27 11:21:57.912 D/MsfServiceProxy(26715): onReceiveResp SsoCmd:group_open_svc.get_group_info ssoSeq:45797
07-27 11:21:57.912 D/MsfServiceProxy(26715): sdk add queue req:ToServiceMsg msName:unknown ssoSeq:45797 appId:537050853 appSeq:1175 sName:com.tencent.qalsdk.service.QalService uin:144115213350774102 sCmd:group_open_svc.get_group_info t:10000 needResp:truehttpReq:false from:FromServiceMsg msName:unknown ssoSeq:45797 failCode:1000 errorMsg: uin:144115213350774102 serviceCmd:group_open_svc.get_group_info appId:537050853 appSeq:1175
07-27 11:21:57.912 D/MsfServiceSub(26715): serviceSub add last:1564197717912|group_open_svc.get_group_info|45797
07-27 11:21:57.912 I/CoreWrapper(26715): [CoreWrapper handleRespMsg] recv resp msg:1564197717912|group_open_svc.get_group_info|45797|1175
07-27 11:21:57.912 D/jni_imsdk(26715): [19-07-27 11:21:57.912][DEBUG][][CoreWrapper][CoreWrapper handleRespMsg] recv resp msg:1564197717912|group_open_svc.get_group_info|45797|1175
07-27 11:21:57.912 D/jni_imsdk(26715): [19-07-27 11:21:57.912][DEBUG][][imsdk.IMMsfCoreProxy]request user: userid_1898141|cmd:group_open_svc.get_group_info|rsp
07-27 11:21:57.912 D/jni_imsdk(26715): [19-07-27 11:21:57.912][DEBUG][sso_task.cc:51][operator()][IMCore]sso recv cmd:group_open_svc.get_group_info|rsp:0a06080012026f6b10103a270a0e4054475323615351425944374651121508d6ca8294de8080800210e585efe90528c8013000
07-27 11:21:57.917 I/SocketReaderNew( 6366): SocketReader(2368) continue
07-27 11:21:57.917 D/MSF.C.NetConnTag( 6366): MsfCoreSocketReaderNew closeConn readError
07-27 11:21:57.919 D/MSF.C.NetConnTag( 6366): conn is already closed on readError
07-27 11:21:57.920 W/System.err( 6366): java.net.SocketException: Socket is closed
07-27 11:21:57.921 W/System.err( 6366): at java.net.Socket.getSoTimeout(Socket.java:1191)
07-27 11:21:57.921 W/System.err( 6366): at com.tencent.qphone.base.util.MsfSocketInputBuffer.isDataAvailable(MsfSocketInputBuffer.java:71)
07-27 11:21:57.921 W/System.err( 6366): at com.tencent.mobileqq.msf.core.net.l$b.run(SocketEngine.java:525)
07-27 11:21:57.921 I/SocketReaderNew( 6366): SocketReader(2368) wait
07-27 11:21:57.951 D/MSF.C.NetConnTag(23909): ping pkg ack received
07-27 11:21:57.954 I/MSF.C.NetConnTag(23909): netRecv ssoSeq:45800 uin: cmd:MSF 45821
07-27 11:21:57.955 I/MSF.C.NetConnTag(23909): netRecv ssoSeq:45799 uin:*4102 cmd:group_open_svc.get_group_info 45975
07-27 11:21:57.956 D/MSF.C.MsfCore(23909): service recv msg . ssoCmd:group_open_svc.get_group_info ssoSeq:45799
07-27 11:21:57.958 D/MSF.S.RespHandler(23909): service getMsfMessagePairs resp:group_open_svc.get_group_info:45799:1177
07-27 11:21:57.958 D/MSF.S.AppProcessManager(23909): service add queue last:1564197717958|group_open_svc.get_group_info|45799
07-27 11:21:57.959 I/MSF.S.AppProcessManager(23909): service send resp :com.yishouapp.fumi| from:144115213350774102|group_open_svc.get_group_info|45799|1177
07-27 11:21:57.960 D/MsfServiceProxy(26715): msfProxy onReceiveResp:144115213350774102:group_open_svc.get_group_info :45799:1177
07-27 11:21:57.961 D/MsfServiceProxy(26715): waiteSendSeqSet receiveResp remove:144115213350774102:group_open_svc.get_group_info :45799:1177
07-27 11:21:57.961 D/MsfServiceProxy(26715): onReceiveResp SsoCmd:group_open_svc.get_group_info ssoSeq:45799
07-27 11:21:57.961 D/MsfServiceProxy(26715): sdk add queue req:ToServiceMsg msName:unknown ssoSeq:45799 appId:537050853 appSeq:1177 sName:com.tencent.qalsdk.service.QalService uin:144115213350774102 sCmd:group_open_svc.get_group_info t:10000 needResp:truehttpReq:false from:FromServiceMsg msName:unknown ssoSeq:45799 failCode:1000 errorMsg: uin:144115213350774102 serviceCmd:group_open_svc.get_group_info appId:537050853 appSeq:1177
07-27 11:21:57.961 D/MsfServiceSub(26715): serviceSub add last:1564197717961|group_open_svc.get_group_info|45799
07-27 11:21:57.961 I/CoreWrapper(26715): [CoreWrapper handleRespMsg] recv resp msg:1564197717961|group_open_svc.get_group_info|45799|1177
07-27 11:21:57.962 D/jni_imsdk(26715): [19-07-27 11:21:57.962][DEBUG][][CoreWrapper][CoreWrapper handleRespMsg] recv resp msg:1564197717961|group_open_svc.get_group_info|45799|1177
07-27 11:21:57.962 D/jni_imsdk(26715): [19-07-27 11:21:57.962][DEBUG][][imsdk.IMMsfCoreProxy]request user: userid_1898141|cmd:group_open_svc.get_group_info|rsp
07-27 11:21:57.962 D/jni_imsdk(26715): [19-07-27 11:21:57.962][INFO][group_manager_proto.cc:1676][operator()][IMCore]ApiCall(group_open_svc.get_group_info) done.
07-27 11:21:57.962 D/jni_imsdk(26715): [19-07-27 11:21:57.962][DEBUG][group_manager_proto.cc:1696][operator()][IMCore]cmd: group_open_svc.get_group_info|rsp: 0a06080012026f6b10091a170a150a0e4054475323615351425944374651100040d023321f0a0e4054475323615351425944374651120d08d6ca8294de8080800220cf23
07-27 11:21:57.962 D/jni_imsdk(26715): [19-07-27 11:21:57.962][DEBUG][group_manager_proto.cc:1715][operator()][IMCore]update group seq: @TGS#aSQBYD7FQ|svrseq: 4559|readseq: 4559
07-27 11:21:57.962 D/jni_imsdk(26715): [19-07-27 11:21:57.962][INFO][msg.cc:1261][operator()][IMCore]group report: GetMsgSeq
07-27 11:21:57.962 I/MSF.C.NetConnTag(23909): netRecv ssoSeq:45801 uin:*4102 cmd:im_open_msg.msg_sync 46185
07-27 11:21:57.964 D/MSF.C.MsfCore(23909): service recv msg . ssoCmd:im_open_msg.msg_sync ssoSeq:45801
07-27 11:21:57.965 D/jni_imsdk(26715): [19-07-27 11:21:57.965][DEBUG][sqlite_store.cc:1071][WriteGroupMsgReadedSeq][IMCore]WriteGroupReadedSeq: ret=1, gid=@TGS#aSQBYD7FQ, seq=4559
07-27 11:21:57.966 D/MSF.S.RespHandler(23909): service getMsfMessagePairs resp:im_open_msg.msg_sync:45801:1178
07-27 11:21:57.966 D/MSF.S.AppProcessManager(23909): service add queue last:1564197717966|im_open_msg.msg_sync|45801
07-27 11:21:57.968 I/MSF.S.AppProcessManager(23909): service send resp :com.yishouapp.fumi| from:144115213350774102|im_open_msg.msg_sync|45801|1178
07-27 11:21:57.970 D/MsfServiceProxy(26715): msfProxy onReceiveResp:144115213350774102:im_open_msg.msg_sync :45801:1178
07-27 11:21:57.970 D/MsfServiceProxy(26715): waiteSendSeqSet receiveResp remove:144115213350774102:im_open_msg.msg_sync :45801:1178
07-27 11:21:57.970 D/MsfServiceProxy(26715): onReceiveResp SsoCmd:im_open_msg.msg_sync ssoSeq:45801
07-27 11:21:57.970 D/MsfServiceProxy(26715): sdk add queue req:ToServiceMsg msName:unknown ssoSeq:45801 appId:537050853 appSeq:1178 sName:com.tencent.qalsdk.service.QalService uin:144115213350774102 sCmd:im_open_msg.msg_sync t:10000 needResp:truehttpReq:false from:FromServiceMsg msName:unknown ssoSeq:45801 failCode:1000 errorMsg: uin:144115213350774102 serviceCmd:im_open_msg.msg_sync appId:537050853 appSeq:1178
07-27 11:21:57.971 I/CoreWrapper(26715): [CoreWrapper handleRespMsg] recv resp msg:1564197717971|im_open_msg.msg_sync|45801|1178
07-27 11:21:57.971 D/MsfServiceSub(26715): serviceSub add last:1564197717971|im_open_msg.msg_sync|45801
07-27 11:21:57.971 D/jni_imsdk(26715): [19-07-27 11:21:57.971][DEBUG][][CoreWrapper][CoreWrapper handleRespMsg] recv resp msg:1564197717971|im_open_msg.msg_sync|45801|1178
07-27 11:21:57.971 D/jni_imsdk(26715): [19-07-27 11:21:57.971][DEBUG][][imsdk.IMMsfCoreProxy]request user: userid_1898141|cmd:im_open_msg.msg_sync|rsp
07-27 11:21:57.973 D/jni_imsdk(26715): [19-07-27 11:21:57.973][DEBUG][sso_task.cc:51][operator()][IMCore]sso recv cmd:im_open_msg.msg_sync|rsp:0a020800121808d586efe90510d586efe905288ae0b39b0a38bcd4c3e00b180222f60108d486efe905109787e3f0a5808080021ae1010aa2010a2108b404101718a4e803209598bfc00228d586efe90530d586efe905409598bfc00212680a171a1510e5fd8a800228a883d29b055a07416e64726f6964224b089787e3f0a58080800210d6ca8294de808080021805200538928cf0f117420c44656661756c7447726f7570620e4054475323615351425944374651720d320b4054494d2353595354454d3a002213220d320b4054494d2353595354454d28005002123a1238080210d6ca8294de8080800218a88acc8bc32d22002a0032003a1d08d6ca8294de8080800210c801420e7573657269645f31383938313431200128d586efe9053001
07-27 11:21:57.973 D/jni_imsdk(26715): [19-07-27 11:21:57.973][DEBUG][msg.cc:1701][GetMsgTinyidList][IMCore]write tinyid: sdkappid=, acctype=, identifier=@TIM#SYSTEM, tinyid=144115198244471703
07-27 11:21:57.973 D/jni_imsdk(26715): [19-07-27 11:21:57.973][DEBUG][msg.cc:1790][GetMsgTinyidList][IMCore]write tinyid: sdkappid=, acctype=, identifier=userid_1898141, tinyid=144115213350774102
07-27 11:21:57.973 D/jni_imsdk(26715): [19-07-27 11:21:57.973][INFO][msg.cc:1254][BuildLocalPbMsg][IMCore]group report|0x2: GetMsgSeq
07-27 11:21:57.973 D/jni_imsdk(26715): [19-07-27 11:21:57.973][INFO][msg.cc:1256][BuildLocalPbMsg][IMCore]group report|0x6: GetMsgSeq
07-27 11:21:57.973 D/jni_imsdk(26715): [19-07-27 11:21:57.973][INFO][msg.cc:1258][BuildLocalPbMsg][IMCore]group report|0x7: GetMsgSeq
07-27 11:21:57.973 D/QALSDKManager(26715): sendmsg:userid_1898141:group_open_svc.get_group_info:0
07-27 11:21:57.974 D/jni_imsdk(26715): [19-07-27 11:21:57.973][DEBUG][][imcore_jni]request user: userid_1898141|cmd:group_open_svc.get_group_info
07-27 11:21:57.974 D/jni_imsdk(26715): [19-07-27 11:21:57.974][DEBUG][][imsdk.IMMsfCoreProxy]request user: userid_1898141|cmd:group_open_svc.get_group_info|req
07-27 11:21:57.974 D/jni_imsdk(26715): [19-07-27 11:21:57.974][EVENT][][IMMsgSender]sendmsg cb: com.tencent.imsdk.ac@32a8a8f
07-27 11:21:57.974 D/MsfServiceSdk(26715): sdk sendMsg. ssoCmd:group_open_svc.get_group_info msfCmd:unknown appSeq:1179
07-27 11:21:57.974 D/MSF.D.RemoteServiceProxy(26715): waiteSendSeqSet put:144115213350774102group_open_svc.get_group_info :-1:1179
07-27 11:21:57.974 D/MsfServiceProxy(26715): send req to msfService:ToServiceMsg msName:unknown ssoSeq:-1 appId:537050853 appSeq:1179 sName:com.tencent.qalsdk.service.QalService uin:144115213350774102 sCmd:group_open_svc.get_group_info t:10000 needResp:truehttpReq:false
07-27 11:21:57.975 D/logUrlResponse(26715): http://api.yishouapp.com/live/get_white_list
07-27 11:21:57.975 D/logUrlResponse(26715): uid=1898141&version_name=4.3.0&_abtest=1&plat_type=Android&version_code=430&t_t=1564197717&model=PBEM00&udid=7ad5a76f-5add-4b35-8191-13d25815b6ef_ys&version=27&token=c73cd61253f12578927e4cd14e8e4f75
07-27 11:21:57.975 D/logUrlResponse(26715): {"data":["1667436","userid_1438125","220160","userid_1931748","2158300","userid_851226","userid_799715","userid_220160","269075","1931748","993","1345905","733468","784","userid_2028368","2090191","2028368","1856701","764440","userid_1667436","725062","1375194","userid_2198925","2","userid_733468","userid_1917770","2218242","userid_2152492","1348444","3251","1766523","userid_184279","1363697","userid_994912","userid_1348444","userid_925518","userid_1998710","tel:1766523","1296477","1726584","1294604","1518594","userid_1638601","userid_2090191","userid_1296477","2198925","1414147","114500","18445332468","677870","userid_1726584","799715","userid_725062","userid_1518594","1438125","userid_332815","userid_784","2047561","userid_1554924","1460026","433729","761336","917836","userid_269075","1917770","userid_2047561","962088","1554924\t","userid_18758241615","userid_1460026","994912","1735330","1998710","userid_1345905","925518","userid_1005430","785511","1295502"],"msg":"success","code":"200"}
07-27 11:21:57.976 D/QalService(23909): service rcvmsg. ssoCmd:group_open_svc.get_group_info msfCmd:unknown appSeq:1179
07-27 11:21:57.976 D/MSF.C.NetConnTag(23909): ping pkg sent, buffer size: 21
07-27 11:21:57.978 D/MSF.C.NetConnTag(23909): add ToServiceMsg msName:qal_Hello ssoSeq:45803 appId:537050853 appSeq:-1 sName: uin:0 sCmd:MSF t:10000 needResp:truehttpReq:false to send
07-27 11:21:57.980 I/MSF.C.NetConnTag(23909): netSend ssoSeq:45803 appSeq:-1 uin:0 cmd:MSF 45824
07-27 11:21:57.980 D/QALSDKManager(26715): sendmsg:userid_1898141:im_open_msg.msg_sync:0
07-27 11:21:57.980 D/MsfServiceSdk(26715): sdk sendMsg. ssoCmd:im_open_msg.msg_sync msfCmd:unknown appSeq:1180
07-27 11:21:57.980 D/MsfServiceProxy(26715): send req to msfService:ToServiceMsg msName:unknown ssoSeq:-1 appId:537050853 appSeq:1180 sName:com.tencent.qalsdk.service.QalService uin:144115213350774102 sCmd:im_open_msg.msg_sync t:10000 needResp:falsehttpReq:false
07-27 11:21:57.981 D/jni_imsdk(26715): [19-07-27 11:21:57.981][DEBUG][msg.cc:1287][BuildLocalPbMsg][IMCore]0x17 Message: type=2, group=@TGS#aSQBYD7FQ, op_user=userid_1898141 msg_key=1564197717288 auth_size=0
07-27 11:21:57.981 D/jni_imsdk(26715): [19-07-27 11:21:57.981][DEBUG][login_task.cc:147][run][IMCore]cmd: im_open_msg.msg_sync|req: 0a1808d586efe90510d586efe905288ae0b39b0a38bcd4c3e00b100220012800
07-27 11:21:57.981 D/jni_imsdk(26715): [19-07-27 11:21:57.981][DEBUG][][imcore_jni]request user: userid_1898141|cmd:im_open_msg.msg_sync
07-27 11:21:57.981 D/jni_imsdk(26715): [19-07-27 11:21:57.981][DEBUG][][imsdk.IMMsfCoreProxy]request user: userid_1898141|cmd:im_open_msg.msg_sync|req
07-27 11:21:57.981 D/jni_imsdk(26715): [19-07-27 11:21:57.981][EVENT][][IMMsgSender]sendmsg cb: null
07-27 11:21:57.981 I/MSF.C.NetConnTag(23909): netSend ssoSeq:45802 appSeq:1179 uin:*4102 cmd:group_open_svc.get_group_info 46166
07-27 11:21:57.982 D/QalService(23909): service rcvmsg. ssoCmd:im_open_msg.msg_sync msfCmd:unknown appSeq:1180
07-27 11:21:57.984 D/QALSDKManager(26715): sendmsg:userid_1898141:im_open_msg.msg_remove:0
07-27 11:21:57.984 D/MsfServiceSdk(26715): sdk sendMsg. ssoCmd:im_open_msg.msg_remove msfCmd:unknown appSeq:1181
07-27 11:21:57.984 D/jni_imsdk(26715): [19-07-27 11:21:57.984][DEBUG][login_task.cc:151][run][IMCore]send im_open_msg.msg_sync:SYNC_END
07-27 11:21:57.984 D/jni_imsdk(26715): [19-07-27 11:21:57.984][DEBUG][msg_manager.cc:1520][ProcSyncMsgsResult][IMCore]MsgManager ProcSyncMsgsResultDone update session: 3|
07-27 11:21:57.985 D/jni_imsdk(26715): [19-07-27 11:21:57.985][DEBUG][msg_manager.cc:326][CheckC2COtherDupMsg][IMCore]CheckC2COtherDup: is_self=0, seq=672123925, rand=672123925, sid=, type=3, time=1564197717
07-27 11:21:57.985 D/jni_imsdk(26715): [19-07-27 11:21:57.985][WARN][msg_manager.cc:330][CheckC2COtherDupMsg][IMCore]dup msg key: 3--S-672123925
07-27 11:21:57.985 D/jni_imsdk(26715): [19-07-27 11:21:57.985][INFO][msg_manager.cc:1543][ProcSyncMsgsResult][IMCore]RecvMsg|CheckDup|found dup:type=3, conversation=, seq=672123925, rand=672123925, time=1564197717
07-27 11:21:57.985 D/jni_imsdk(26715): [19-07-27 11:21:57.985][DEBUG][sso_task.cc:42][run][IMCore]sso send cmd:im_open_msg.msg_remove|req:0a1e089787e3f0a58080800210d6ca8294de8080800218a4e803209598bfc002
07-27 11:21:57.985 D/jni_imsdk(26715): [19-07-27 11:21:57.985][DEBUG][][imcore_jni]request user: userid_1898141|cmd:im_open_msg.msg_remove
07-27 11:21:57.985 D/jni_imsdk(26715): [19-07-27 11:21:57.985][DEBUG][][imsdk.IMMsfCoreProxy]request user: userid_1898141|cmd:im_open_msg.msg_remove|req
07-27 11:21:57.985 D/jni_imsdk(26715): [19-07-27 11:21:57.985][EVENT][][IMMsgSender]sendmsg cb: com.tencent.imsdk.ac@8eec11c
07-27 11:21:57.985 D/MSF.D.RemoteServiceProxy(26715): waiteSendSeqSet put:144115213350774102im_open_msg.msg_remove :-1:1181
07-27 11:21:57.985 D/MsfServiceProxy(26715): send req to msfService:ToServiceMsg msName:unknown ssoSeq:-1 appId:537050853 appSeq:1181 sName:com.tencent.qalsdk.service.QalService uin:144115213350774102 sCmd:im_open_msg.msg_remove t:10000 needResp:truehttpReq:false
07-27 11:21:57.987 D/QalService(23909): service rcvmsg. ssoCmd:im_open_msg.msg_remove msfCmd:unknown appSeq:1181
07-27 11:21:57.988 I/MSF.C.NetConnTag(23909): netSend ssoSeq:45804 appSeq:1180 uin:*4102 cmd:im_open_msg.msg_sync 46144
07-27 11:21:57.990 I/MSF.C.NetConnTag(23909): netSend ssoSeq:45805 appSeq:1181 uin:*4102 cmd:im_open_msg.msg_remove 46145
07-27 11:21:58.000 D/MSF.C.NetConnTag(23909): ping pkg ack received
07-27 11:21:58.004 I/MSF.C.NetConnTag(23909): netRecv ssoSeq:45803 uin: cmd:MSF 45824
07-27 11:21:58.004 I/RESP (26715): response = {"data":{},"code":200,"msg":"success"}
07-27 11:21:58.011 I/RESP (26715): response = {"data":["1667436","userid_1438125","220160","userid_1931748","2158300","userid_851226","userid_799715","userid_220160","269075","1931748","993","1345905","733468","784","userid_2028368","2090191","2028368","1856701","764440","userid_1667436","725062","1375194","userid_2198925","2","userid_733468","userid_1917770","2218242","userid_2152492","1348444","3251","1766523","userid_184279","1363697","userid_994912","userid_1348444","userid_925518","userid_1998710","tel:1766523","1296477","1726584","1294604","1518594","userid_1638601","userid_2090191","userid_1296477","2198925","1414147","114500","18445332468","677870","userid_1726584","799715","userid_725062","userid_1518594","1438125","userid_332815","userid_784","2047561","userid_1554924","1460026","433729","761336","917836","userid_269075","1917770","userid_2047561","962088","1554924\t","userid_18758241615","userid_1460026","994912","1735330","1998710","userid_1345905","925518","userid_1005430","785511","1295502"],"code":200,"msg":"success"}
07-27 11:21:58.012 D/jni_imsdk(26715): [19-07-27 11:21:58.12][INFO][][IMCoreNotify]listeners size: 1|msg size: 1|pid:26715
07-27 11:21:58.012 D/jni_imsdk(26715): [19-07-27 11:21:58.12][INFO][][imsdk.TIMMessage]msgid 672123925
07-27 11:21:58.012 D/jni_imsdk(26715): [19-07-27 11:21:58.12][INFO][][IMCoreNotify]RecvMsg|4-Callback|Succ|type=System, sid=, msgid=672123925, seq=672123925, rand=672123925, time=1564197717, isRead=false
07-27 11:21:58.046 I/MSF.C.NetConnTag(23909): netRecv ssoSeq:45802 uin:*4102 cmd:group_open_svc.get_group_info 45978
07-27 11:21:58.047 D/MSF.C.MsfCore(23909): service recv msg . ssoCmd:group_open_svc.get_group_info ssoSeq:45802
07-27 11:21:58.048 D/MSF.S.RespHandler(23909): service getMsfMessagePairs resp:group_open_svc.get_group_info:45802:1179
07-27 11:21:58.048 D/MSF.S.AppProcessManager(23909): service add queue last:1564197718048|group_open_svc.get_group_info|45802
07-27 11:21:58.048 I/MSF.C.NetConnTag(23909): netRecv ssoSeq:45805 uin:*4102 cmd:im_open_msg.msg_remove 45901
07-27 11:21:58.049 I/MSF.S.AppProcessManager(23909): service send resp :com.yishouapp.fumi| from:144115213350774102|group_open_svc.get_group_info|45802|1179
07-27 11:21:58.050 D/MSF.C.MsfCore(23909): service recv msg . ssoCmd:im_open_msg.msg_remove ssoSeq:45805
07-27 11:21:58.052 I/MSF.C.NetConnTag(23909): netRecv ssoSeq:45804 uin:*4102 cmd:im_open_msg.msg_sync 45908
07-27 11:21:58.052 D/MSF.S.RespHandler(23909): service getMsfMessagePairs resp:im_open_msg.msg_remove:45805:1181
07-27 11:21:58.052 D/MSF.S.AppProcessManager(23909): service add queue last:1564197718052|im_open_msg.msg_remove|45805
07-27 11:21:58.053 D/MsfServiceProxy(26715): msfProxy onReceiveResp:144115213350774102:group_open_svc.get_group_info :45802:1179
07-27 11:21:58.053 D/MsfServiceProxy(26715): waiteSendSeqSet receiveResp remove:144115213350774102:group_open_svc.get_group_info :45802:1179
07-27 11:21:58.053 D/MsfServiceProxy(26715): onReceiveResp SsoCmd:group_open_svc.get_group_info ssoSeq:45802
07-27 11:21:58.053 W/MSF.C.PushManager(23909): found not handle push msg FromServiceMsg msName:unknown ssoSeq:45804 failCode:1000 errorMsg: uin:144115213350774102 serviceCmd:im_open_msg.msg_sync appId:-1 appSeq:45804
07-27 11:21:58.053 D/MsfServiceProxy(26715): sdk add queue req:ToServiceMsg msName:unknown ssoSeq:45802 appId:537050853 appSeq:1179 sName:com.tencent.qalsdk.service.QalService uin:144115213350774102 sCmd:group_open_svc.get_group_info t:10000 needResp:truehttpReq:false from:FromServiceMsg msName:unknown ssoSeq:45802 failCode:1000 errorMsg: uin:144115213350774102 serviceCmd:group_open_svc.get_group_info appId:537050853 appSeq:1179
07-27 11:21:58.053 I/MSF.S.AppProcessManager(23909): service send resp :com.yishouapp.fumi| from:144115213350774102|im_open_msg.msg_remove|45805|1181
07-27 11:21:58.053 D/MsfServiceSub(26715): serviceSub add last:1564197718053|group_open_svc.get_group_info|45802
07-27 11:21:58.053 I/CoreWrapper(26715): [CoreWrapper handleRespMsg] recv resp msg:1564197718053|group_open_svc.get_group_info|45802|1179
07-27 11:21:58.054 D/jni_imsdk(26715): [19-07-27 11:21:58.54][DEBUG][][CoreWrapper][CoreWrapper handleRespMsg] recv resp msg:1564197718053|group_open_svc.get_group_info|45802|1179
07-27 11:21:58.054 D/jni_imsdk(26715): [19-07-27 11:21:58.54][DEBUG][][imsdk.IMMsfCoreProxy]request user: userid_1898141|cmd:group_open_svc.get_group_info|rsp
07-27 11:21:58.054 D/jni_imsdk(26715): [19-07-27 11:21:58.54][INFO][group_manager_proto.cc:1676][operator()][IMCore]ApiCall(group_open_svc.get_group_info) done.
07-27 11:21:58.054 D/jni_imsdk(26715): [19-07-27 11:21:58.54][DEBUG][group_manager_proto.cc:1696][operator()][IMCore]cmd: group_open_svc.get_group_info|rsp: 0a06080012026f6b10091a170a150a0e4054475323615351425944374651100040d023321f0a0e4054475323615351425944374651120d08d6ca8294de8080800220cf23
07-27 11:21:58.054 D/jni_imsdk(26715): [19-07-27 11:21:58.54][DEBUG][group_manager_proto.cc:1715][operator()][IMCore]update group seq: @TGS#aSQBYD7FQ|svrseq: 4559|readseq: 4559
07-27 11:21:58.054 D/jni_imsdk(26715): [19-07-27 11:21:58.54][INFO][msg.cc:1261][operator()][IMCore]group report: GetMsgSeq
07-27 11:21:58.060 D/MsfServiceProxy(26715): msfProxy onReceiveResp:144115213350774102:im_open_msg.msg_remove :45805:1181
07-27 11:21:58.060 D/MsfServiceProxy(26715): waiteSendSeqSet receiveResp remove:144115213350774102:im_open_msg.msg_remove :45805:1181
07-27 11:21:58.060 D/MsfServiceProxy(26715): onReceiveResp SsoCmd:im_open_msg.msg_remove ssoSeq:45805
07-27 11:21:58.063 D/MsfServiceProxy(26715): sdk add queue req:ToServiceMsg msName:unknown ssoSeq:45805 appId:537050853 appSeq:1181 sName:com.tencent.qalsdk.service.QalService uin:144115213350774102 sCmd:im_open_msg.msg_remove t:10000 needResp:truehttpReq:false from:FromServiceMsg msName:unknown ssoSeq:45805 failCode:1000 errorMsg: uin:144115213350774102 serviceCmd:im_open_msg.msg_remove appId:537050853 appSeq:1181
07-27 11:21:58.063 I/CoreWrapper(26715): [CoreWrapper handleRespMsg] recv resp msg:1564197718063|im_open_msg.msg_remove|45805|1181
07-27 11:21:58.064 D/jni_imsdk(26715): [19-07-27 11:21:58.64][DEBUG][][CoreWrapper][CoreWrapper handleRespMsg] recv resp msg:1564197718063|im_open_msg.msg_remove|45805|1181
07-27 11:21:58.064 D/jni_imsdk(26715): [19-07-27 11:21:58.64][EVENT][][imsdk.IMMsfCoreProxy]cmd:im_open_msg.msg_remove|rsp: null or zero size buff from server
07-27 11:21:58.064 D/jni_imsdk(26715): [19-07-27 11:21:58.64][DEBUG][][imsdk.IMMsfCoreProxy]request user: userid_1898141|cmd:im_open_msg.msg_remove|rsp
07-27 11:21:58.064 D/jni_imsdk(26715): [19-07-27 11:21:58.64][DEBUG][sso_task.cc:51][operator()][IMCore]sso recv cmd:im_open_msg.msg_remove|rsp:
07-27 11:21:58.064 D/MsfServiceSub(26715): serviceSub add last:1564197718064|im_open_msg.msg_remove|45805
07-27 11:21:58.088 I/WindowManager( 1699): handleOpeningSpecialApp (statusbar != null ) true pkg: com.oppo.launcher start: 3
07-27 11:21:58.088 I/WindowManager( 1699): handleOpeningSpecialApp (statusbar != null ) true pkg: com.coloros.recents start: 4
07-27 11:21:58.099 D/GoodsDetailActivity(26715): onStop
07-27 11:21:58.099 D/GoodsDetailActivity(26715): onDestroy
07-27 11:21:59.443 E/ANDR-PERF-MPCTL( 736): Invalid profile no. 0, total profiles 0 only
07-27 11:21:59.443 E/ANDR-PERF-OPTSHANDLER( 736): Max bounds check failed
07-27 11:21:59.443 E/ANDR-PERF-OPTSHANDLER( 736): Error! Perflock failed, invalid request value 49
07-27 11:21:59.443 E/ANDR-PERF-RESOURCEQS( 736): Failed to apply optimization [6, 0]
07-27 11:21:59.453 D/jni_imsdk(26715): [19-07-27 11:21:59.453][INFO][msg_manager.cc:2015][QuitLongPollingGroup][IMCore]QuitLongPollingGroup: group|@TGS#aSQBYD7FQ
07-27 11:21:59.453 D/jni_imsdk(26715): [19-07-27 11:21:59.453][INFO][group_manager_proto.cc:458][QuitGroup][IMCore]quit_group|groupid: @TGS#aSQBYD7FQ
07-27 11:21:59.453 D/jni_imsdk(26715): [19-07-27 11:21:59.453][DEBUG][][imcore_jni]request user: userid_1898141|cmd:group_open_svc.quit_group
07-27 11:21:59.453 D/jni_imsdk(26715): [19-07-27 11:21:59.453][DEBUG][][imsdk.IMMsfCoreProxy]request user: userid_1898141|cmd:group_open_svc.quit_group|req
07-27 11:21:59.453 I/IMMsgSender(26715): need resend
07-27 11:21:59.453 D/QALSDKManager(26715): sendmsg:userid_1898141:group_open_svc.quit_group:0
07-27 11:21:59.453 D/paramsStr(26715): room_id=3598&_abtest=1&plat_type=Android&version_code=430&t_t=1564197719&version=27&token=c73cd61253f12578927e4cd14e8e4f75&uid=1898141&version_name=4.3.0&im_user_id=userid_1898141&model=PBEM00&udid=7ad5a76f-5add-4b35-8191-13d25815b6ef_ys&is_login=2
07-27 11:21:59.454 D/MsfServiceSdk(26715): sdk sendMsg. ssoCmd:group_open_svc.quit_group msfCmd:unknown appSeq:1182
07-27 11:21:59.454 D/MSF.D.RemoteServiceProxy(26715): waiteSendSeqSet put:144115213350774102group_open_svc.quit_group :-1:1182
07-27 11:21:59.455 D/MsfServiceProxy(26715): send req to msfService:ToServiceMsg msName:unknown ssoSeq:-1 appId:537050853 appSeq:1182 sName:com.tencent.qalsdk.service.QalService uin:144115213350774102 sCmd:group_open_svc.quit_group t:10000 needResp:truehttpReq:false
07-27 11:21:59.456 D/QalService(23909): service rcvmsg. ssoCmd:group_open_svc.quit_group msfCmd:unknown appSeq:1182
07-27 11:21:59.457 D/MSF.C.NetConnTag(23909): ping pkg sent, buffer size: 21
07-27 11:21:59.459 D/MSF.C.NetConnTag(23909): add ToServiceMsg msName:qal_Hello ssoSeq:45807 appId:537050853 appSeq:-1 sName: uin:0 sCmd:MSF t:10000 needResp:truehttpReq:false to send
07-27 11:21:59.461 I/MSF.C.NetConnTag(23909): netSend ssoSeq:45807 appSeq:-1 uin:0 cmd:MSF 45828
07-27 11:21:59.462 D/jni_imsdk(26715): [19-07-27 11:21:59.462][INFO][][IMMsgSender]resend msg original request, qalSeq:1182|ResendMsg{sender:userid_1898141, serviceCmd:group_open_svc.quit_group, randKey:228988781, remainRetries:2}
07-27 11:21:59.463 I/MSF.C.NetConnTag(23909): netSend ssoSeq:45806 appSeq:1182 uin:*4102 cmd:group_open_svc.quit_group 46130
07-27 11:21:59.465 D/TXLivePlayer(26715): liteav_api stopPlay true, com.tencent.rtmp.TXLivePlayer@85268cd
07-27 11:21:59.466 V/TXCLivePlayer(26715): play: stop
07-27 11:21:59.467 D/network.TXCFLVDownloader(26715): stop pull
07-27 11:21:59.467 I/AudioCenter:b(26715): stop play audio!
07-27 11:21:59.469 W/AudioCenter:d(26715): mult-track-player stop!
07-27 11:21:59.469 W/AudioCenter:d(26715): mult-track-player stop finish!
07-27 11:21:59.469 I/AudioCenter:b(26715): finish stop play audio!
07-27 11:21:59.471 D/MSF.C.NetConnTag(23909): ping pkg ack received
07-27 11:21:59.473 I/MSF.C.NetConnTag(23909): netRecv ssoSeq:45807 uin: cmd:MSF 45828
07-27 11:21:59.473 E/TXCDataReport(26715): play http://playlive.yishouapp.com/live/32234_13856_5d3aae5feea8d.flv failed
07-27 11:21:59.480 I/MSF.C.NetConnTag(23909): netRecv ssoSeq:45806 uin:*4102 cmd:group_open_svc.quit_group 45934
07-27 11:21:59.481 D/MSF.C.MsfCore(23909): service recv msg . ssoCmd:group_open_svc.quit_group ssoSeq:45806
07-27 11:21:59.481 D/Unknow (26715): [txg_jni_util.cpp, getEnv, 173]:JniHelper::getEnv() env == null ptr
07-27 11:21:59.481 D/Unknow (26715): [txg_jni_util.cpp, cacheEnv, 301]:Success cacheEnv JNI_OK
07-27 11:21:59.481 D/MSF.S.RespHandler(23909): service getMsfMessagePairs resp:group_open_svc.quit_group:45806:1182
07-27 11:21:59.482 D/MSF.S.AppProcessManager(23909): service add queue last:1564197719481|group_open_svc.quit_group|45806
07-27 11:21:59.483 D/Unknow (26715): [tx_dr_base.cpp, RecvResponse, 404]:moudleID:1005, streamID:32234_13856_5d3aae5feea8d, result:0, errInfo:
07-27 11:21:59.483 D/TXCDataReport(26715): report evt 40101: token=d24d1aff-fb27-42f8-8f56-aeb0c73e5952 u64_timestamp=1564197719482 str_device_type=PBEM00 u32_network_type=1 u32_dns_time=-1 u32_server_ip= u32_connect_server_time=-1 u32_stream_begin=-1 u32_first_i_frame=-1 u32_first_frame_down=-1 str_user_id=8c9336a4d97de2e2fef9baf5b77a3983;e3f5536a141811db40efd6400f1d0a4e;0f61c71a2a01b3501b082b1e437891c3 str_package_name=com.yishouapp.fumi str_app_version= dev_uuid=f61b7a1c0c60b07b4df059687440825e u32_isp2p=0
07-27 11:21:59.484 D/TXLivePlayer(26715): liteav_api stopPlay true, com.tencent.rtmp.TXLivePlayer@a57ccd0
07-27 11:21:59.484 I/MSF.S.AppProcessManager(23909): service send resp :com.yishouapp.fumi| from:144115213350774102|group_open_svc.quit_group|45806|1182
07-27 11:21:59.484 W/TXCLivePlayer(26715): play: ignore stop play when not started
07-27 11:21:59.486 D/MsfServiceProxy(26715): msfProxy onReceiveResp:144115213350774102:group_open_svc.quit_group :45806:1182
07-27 11:21:59.486 D/MsfServiceProxy(26715): waiteSendSeqSet receiveResp remove:144115213350774102:group_open_svc.quit_group :45806:1182
07-27 11:21:59.486 D/MsfServiceProxy(26715): onReceiveResp SsoCmd:group_open_svc.quit_group ssoSeq:45806
07-27 11:21:59.486 D/MsfServiceProxy(26715): sdk add queue req:ToServiceMsg msName:unknown ssoSeq:45806 appId:537050853 appSeq:1182 sName:com.tencent.qalsdk.service.QalService uin:144115213350774102 sCmd:group_open_svc.quit_group t:10000 needResp:truehttpReq:false from:FromServiceMsg msName:unknown ssoSeq:45806 failCode:1000 errorMsg: uin:144115213350774102 serviceCmd:group_open_svc.quit_group appId:537050853 appSeq:1182
07-27 11:21:59.486 D/MsfServiceSub(26715): serviceSub add last:1564197719486|group_open_svc.quit_group|45806
07-27 11:21:59.486 I/CoreWrapper(26715): [CoreWrapper handleRespMsg] recv resp msg:1564197719486|group_open_svc.quit_group|45806|1182
07-27 11:21:59.488 D/QALSDKManager(26715): sendmsg:userid_1898141:Recentcontact.Delete_PB:0
07-27 11:21:59.488 D/MsfServiceSdk(26715): sdk sendMsg. ssoCmd:Recentcontact.Delete_PB msfCmd:unknown appSeq:1183
07-27 11:21:59.488 D/MSF.D.RemoteServiceProxy(26715): waiteSendSeqSet put:144115213350774102Recentcontact.Delete_PB :-1:1183
