07-26 11:39:42.503 D/ViewRootImpl(29551): swipeFromBottom mIgnoring true downY 2324 mScreenHeight 2340 mStatusBarHeight 54 globalScale 1.125
07-26 11:39:42.512 D/ViewRootImpl(29551): swipeFromBottom mIgnoring true downY 2324 mScreenHeight 2340 mStatusBarHeight 54 globalScale 1.125
07-26 11:39:42.512 D/ViewRootImpl(29551): swipeFromBottom mIgnoring === false downY 2324 mStatusBarHeight 54
07-26 11:39:42.831 I/chatty ( 1699): uid=1000(system) Binder:1699_1A expire 1 line
07-26 11:39:59.773 I/chatty ( 1699): uid=1000(system) Binder:1699_2 expire 8 lines
07-26 11:40:19.137 I/chatty ( 1699): uid=1000(system) Binder:1699_1F expire 3 lines
07-26 11:41:20.214 I/chatty ( 1699): uid=1000(system) Binder:1699_1 expire 1 line
07-26 11:46:17.040 I/chatty ( 1699): uid=1000(system) Binder:1699_F expire 2 lines
07-26 11:46:17.060 I/chatty ( 1699): uid=1000(system) Binder:1699_5 expire 2 lines
07-26 11:51:17.232 I/chatty ( 1699): uid=1000(system) android.bg expire 1 line
07-26 11:52:32.094 I/chatty ( 1699): uid=1000(system) Binder:1699_B expire 1 line
07-26 11:52:32.244 I/chatty ( 1699): uid=1000(system) Binder:1699_11 expire 1 line
07-26 11:53:28.781 I/chatty ( 1699): uid=1000(system) BroadcastQueue expire 3 lines
07-26 11:53:29.316 I/chatty ( 1699): uid=1000(system) Binder:1699_18 expire 1 line
07-26 11:53:34.268 D/ViewRootImpl( 3385): swipeFromBottom mIgnoring true downY 2308 mScreenHeight 2340 mStatusBarHeight 54 globalScale 1.125
07-26 11:53:34.420 I/chatty ( 1699): uid=1000(system) BroadcastQueue expire 28 lines
07-26 11:53:34.426 I/chatty ( 1699): uid=1000(system) Binder:1699_1E expire 2 lines
07-26 11:53:34.794 I/chatty ( 1699): uid=1000(system) android.ui expire 21 lines
07-26 11:53:41.347 I/chatty ( 1699): uid=1000 system_server expire 34 lines
07-26 11:54:17.437 I/chatty ( 1699): uid=1000(system) Binder:1699_4 expire 5 lines
07-26 11:54:17.453 I/chatty ( 1699): uid=1000(system) Binder:1699_2 expire 3 lines
07-26 11:54:17.482 I/chatty ( 1699): uid=1000(system) ns expire 5 lines
07-26 11:54:17.535 I/chatty ( 1699): uid=1000(system) Binder:1699_1C expire 2 lines
07-26 11:54:17.956 I/chatty ( 1699): uid=1000(system) android.anim expire 4 lines
07-26 11:54:20.619 I/chatty ( 1699): uid=1000(system) Binder:1699_20 expire 3 lines
07-26 11:54:29.382 I/chatty ( 1699): uid=1000(system) Binder:1699_1B expire 7 lines
07-26 11:54:29.485 I/chatty ( 1699): uid=1000(system) Binder:1699_D expire 2 lines
07-26 11:56:04.465 I/chatty ( 1699): uid=1000(system) batterystats-wo expire 5 lines
07-26 12:05:32.028 I/chatty ( 1699): uid=1000(system) Binder:1699_17 expire 1 line
07-26 12:05:32.050 I/chatty ( 1699): uid=1000(system) Binder:1699_1D expire 1 line
07-26 12:13:28.819 I/chatty ( 1699): uid=1000(system) android.bg expire 10 lines
07-26 12:24:56.582 I/chatty ( 1699): uid=1000(system) PowerManagerSer expire 11 lines
07-26 12:24:56.585 I/chatty ( 1699): uid=1000(system) aceService.Main expire 1 line
07-26 12:24:56.897 I/chatty ( 1699): uid=1000(system) android.display expire 2 lines
07-26 12:24:57.146 I/chatty ( 1699): uid=1000(system) Thread-140 expire 15 lines
07-26 12:24:57.217 I/chatty ( 1699): uid=1000(system) Binder:1699_11 expire 1 line
07-26 12:24:57.223 I/chatty ( 1699): uid=1000(system) Binder:1699_12 expire 6 lines
07-26 12:29:37.885 I/chatty ( 1699): uid=1000(system) PackageManager expire 31 lines
07-26 12:29:37.899 W/PackageParser( 3385): Unknown element under : meta-data at /storage/emulated/0/ColorOS/Market/app/.au/21127782.apk Binary XML file line #80
07-26 12:29:37.899 W/PackageParser( 3385): Unknown element under : meta-data at /storage/emulated/0/ColorOS/Market/app/.au/21127782.apk Binary XML file line #91
07-26 12:29:38.125 I/chatty ( 1699): uid=1000(system) BroadcastQueue expire 11 lines
07-26 12:29:38.234 I/chatty ( 1699): uid=1000(system) Binder:1699_1A expire 2 lines
07-26 12:29:38.236 I/chatty ( 1699): uid=1000(system) android.ui expire 8 lines
07-26 12:29:38.239 D/DefContainer(11989): Copying /storage/emulated/0/ColorOS/Market/app/.au/21127782.apk to base.apk
07-26 12:29:39.575 W/PackageParser( 4779): Unknown element under : meta-data at /storage/emulated/0/ColorOS/Market/app/.au/21127782.apk Binary XML file line #80
07-26 12:29:39.575 W/PackageParser( 4779): Unknown element under : meta-data at /storage/emulated/0/ColorOS/Market/app/.au/21127782.apk Binary XML file line #91
07-26 12:29:39.797 I/chatty ( 1699): uid=1000(system) ActivityManager expire 1 line
07-26 12:29:51.449 I/chatty ( 1699): uid=1000 system_server expire 9 lines
07-26 12:29:53.336 I/chatty ( 1699): uid=1000(system) InputReader expire 2 lines
07-26 12:29:53.378 I/chatty ( 1699): uid=1000(system) Binder:1699_14 expire 1 line
07-26 12:29:53.451 I/chatty ( 1699): uid=1000(system) PhoneWinHandler expire 2 lines
07-26 12:29:54.068 I/chatty ( 1699): uid=1000(system) Binder:1699_19 expire 3 lines
07-26 12:29:54.192 I/chatty ( 1699): uid=1000(system) BroadcastQueue expire 42 lines
07-26 12:29:54.221 I/chatty ( 1699): uid=1000(system) Binder:1699_15 expire 4 lines
07-26 12:29:54.246 I/chatty ( 1699): uid=1000(system) Binder:1699_16 expire 13 lines
07-26 12:29:54.269 I/chatty ( 1699): uid=1000(system) Binder:1699_1A expire 5 lines
07-26 12:29:54.277 I/chatty ( 1699): uid=1000(system) android.ui expire 16 lines
07-26 12:29:54.363 I/chatty ( 1699): uid=1000(system) aceService.Main expire 1 line
07-26 12:29:54.617 I/chatty ( 1699): uid=1000(system) PowerManagerSer expire 8 lines
07-26 12:29:54.704 I/chatty ( 1699): uid=1000(system) android.display expire 2 lines
07-26 12:29:55.064 I/chatty ( 1699): uid=1000(system) Binder:1699_11 expire 7 lines
07-26 12:29:55.141 I/chatty ( 1699): uid=1000(system) PhoneWinHandler expire 2 lines
07-26 12:29:55.568 I/chatty ( 1699): uid=1000(system) Binder:1699_C expire 3 lines
07-26 12:29:55.645 I/chatty ( 1699): uid=1000(system) Thread-140 expire 21 lines
07-26 12:29:55.665 I/chatty ( 1699): uid=1000 system_server expire 4 lines
07-26 12:29:55.739 I/chatty ( 1699): uid=1000(system) android.bg expire 1 line
07-26 12:29:55.987 I/chatty ( 1699): uid=1000(system) Binder:1699_E expire 5 lines
07-26 12:29:56.002 I/chatty ( 1699): uid=1000(system) Binder:1699_9 expire 4 lines
07-26 12:29:58.161 I/chatty ( 1699): uid=1000(system) Binder:1699_D expire 3 lines
07-26 12:29:59.634 I/chatty ( 1699): uid=1000(system) Binder:1699_A expire 3 lines
07-26 12:29:59.763 I/chatty ( 1699): uid=1000(system) android.anim expire 11 lines
07-26 12:30:04.294 I/chatty ( 1699): uid=1000(system) Binder:1699_2 expire 6 lines
07-26 12:30:04.383 I/chatty ( 1699): uid=1000(system) Binder:1699_8 expire 2 lines
07-26 12:30:07.516 I/chatty ( 1699): uid=1000(system) Binder:1699_17 expire 2 lines
07-26 12:30:07.554 I/chatty ( 1699): uid=1000(system) Binder:1699_7 expire 4 lines
07-26 12:30:07.587 I/chatty ( 1699): uid=1000(system) ns expire 10 lines
07-26 12:30:07.954 I/chatty ( 1699): uid=1000(system) ActivityManager expire 3 lines
07-26 12:30:09.351 I/chatty ( 1699): uid=1000(system) Binder:1699_14 expire 2 lines
07-26 12:30:10.586 I/chatty ( 1699): uid=1000(system) Binder:1699_1F expire 4 lines
07-26 12:30:10.587 I/chatty ( 1699): uid=1000(system) Binder:1699_18 expire 3 lines
07-26 12:30:10.589 I/chatty ( 1699): uid=1000(system) Binder:1699_1C expire 3 lines
07-26 12:30:16.921 I/chatty ( 1699): uid=1000(system) Binder:1699_B expire 3 lines
07-26 12:30:17.265 D/ViewRootImpl( 9543): swipeFromBottom mIgnoring true downY 2322 mScreenHeight 2340 mStatusBarHeight 54 globalScale 1.125
07-26 12:30:17.528 I/chatty ( 1699): uid=1000(system) android.ui expire 11 lines
07-26 12:30:17.992 I/chatty ( 1699): uid=1000(system) Binder:1699_12 expire 3 lines
07-26 12:30:21.230 I/chatty ( 1699): uid=1000(system) Binder:1699_10 expire 6 lines
07-26 12:30:24.830 I/chatty ( 1699): uid=1000(system) Binder:1699_F expire 1 line
07-26 12:30:39.449 I/chatty ( 1699): uid=1000(system) Binder:1699_6 expire 1 line
07-26 12:30:57.745 I/chatty ( 1699): uid=1000(system) Binder:1699_1B expire 1 line
07-26 12:31:04.340 D/ViewRootImpl(29551): swipeFromBottom mIgnoring true downY 2322 mScreenHeight 2340 mStatusBarHeight 54 globalScale 1.125
07-26 12:31:04.352 D/ViewRootImpl(29551): swipeFromBottom mIgnoring true downY 2322 mScreenHeight 2340 mStatusBarHeight 54 globalScale 1.125
07-26 12:31:04.352 D/ViewRootImpl(29551): swipeFromBottom mIgnoring === false downY 2322 mStatusBarHeight 54
07-26 12:31:10.337 I/chatty ( 1699): uid=1000(system) Binder:1699_20 expire 10 lines
07-26 12:31:10.399 I/chatty ( 1699): uid=1000(system) batterystats-wo expire 2 lines
07-26 12:31:10.431 I/chatty ( 1699): uid=1000(system) Binder:1699_13 expire 4 lines
07-26 12:31:10.559 I/chatty ( 1699): uid=1000(system) android.ui expire 20 lines
07-26 12:31:10.717 I/chatty ( 1699): uid=1000(system) android.anim expire 16 lines
07-26 12:31:11.376 I/chatty ( 1699): uid=1000(system) ActivityManager expire 6 lines
07-26 12:31:11.801 I/chatty ( 1699): uid=1000(system) Binder:1699_12 expire 1 line
07-26 12:31:16.449 I/chatty ( 1699): uid=1000 system_server expire 10 lines
07-26 12:31:57.354 I/chatty ( 1699): uid=1000(system) Binder:1699_1F expire 10 lines
07-26 12:31:58.793 I/chatty ( 1699): uid=1000(system) Binder:1699_17 expire 5 lines
07-26 12:31:58.979 I/chatty ( 1699): uid=1000(system) Binder:1699_1C expire 2 lines
07-26 12:32:02.062 I/chatty ( 1699): uid=1000(system) Binder:1699_D expire 3 lines
07-26 12:32:02.116 I/chatty ( 1699): uid=1000(system) Binder:1699_5 expire 3 lines
07-26 12:32:02.134 I/chatty ( 1699): uid=1000(system) ns expire 10 lines
07-26 12:32:02.210 I/chatty ( 1699): uid=1000(system) Binder:1699_E expire 2 lines
07-26 12:32:02.433 I/chatty ( 1699): uid=1000(system) Binder:1699_2 expire 4 lines
07-26 12:32:02.559 W/PackageParser(12228): No actions in intent filter at /storage/emulated/0/Android/data/com.android.packageinstaller/cache/package1377345977082647858.apk Binary XML file line #911
07-26 12:32:02.573 I/chatty (12228): uid=10028(com.android.packageinstaller) identical 1 line
07-26 12:32:02.603 W/PackageParser(12228): No actions in intent filter at /storage/emulated/0/Android/data/com.android.packageinstaller/cache/package1377345977082647858.apk Binary XML file line #911
07-26 12:32:03.355 W/PackageParser( 4779): No actions in intent filter at /storage/emulated/0/baidu/AppSearch_Lite/downloads/yishou.apk Binary XML file line #911
07-26 12:32:04.667 W/PackageParser( 4779): No actions in intent filter at /storage/emulated/0/Android/data/com.android.packageinstaller/cache/package1377345977082647858.apk Binary XML file line #911
07-26 12:32:05.326 I/chatty ( 1699): uid=1000(system) BroadcastQueue expire 31 lines
07-26 12:32:06.650 I/chatty ( 1699): uid=1000(system) Binder:1699_20 expire 4 lines
07-26 12:32:10.698 W/PackageParser(12228): No actions in intent filter at /storage/emulated/0/Android/data/com.android.packageinstaller/cache/package1377345977082647858.apk Binary XML file line #911
07-26 12:32:11.640 I/chatty ( 1699): uid=1000(system) PackageInstalle expire 1 line
07-26 12:32:11.676 W/PackageParser( 3385): No actions in intent filter at /data/app/vmdl58349939.tmp/base.apk Binary XML file line #911
07-26 12:32:11.876 I/chatty ( 1699): uid=1000(system) PackageManager expire 25 lines
07-26 12:32:16.570 I/chatty ( 1699): uid=1000(system) Binder:1699_11 expire 1 line
07-26 12:32:20.340 I/chatty ( 1699): uid=1000(system) android.bg expire 3 lines
07-26 12:32:20.457 I/chatty ( 1699): uid=1000(system) FileObserver expire 1 line
07-26 12:32:20.800 I/chatty ( 1699): uid=1000(system) Binder:1699_1A expire 6 lines
07-26 12:32:20.816 I/chatty ( 1699): uid=1000(system) Binder:1699_7 expire 3 lines
07-26 12:32:20.870 I/chatty ( 1699): uid=1000(system) Binder:1699_1D expire 7 lines
07-26 12:32:22.276 I/chatty ( 1699): uid=1000(system) Binder:1699_19 expire 2 lines
07-26 12:32:22.947 I/chatty ( 1699): uid=1000(system) backup expire 1 line
07-26 12:32:23.748 I/chatty ( 1699): uid=1000(system) Binder:1699_C expire 1 line
07-26 12:32:24.038 I/chatty ( 1699): uid=1000(system) Binder:1699_B expire 4 lines
07-26 12:32:24.361 I/chatty ( 1699): uid=1000(system) Binder:1699_A expire 1 line
07-26 12:32:27.830 D/vold ( 571): Remounting 10229 as mode read
07-26 12:32:27.856 D/vold ( 571): Found matching PID 13236
07-26 12:32:27.860 D/vold ( 571): Found matching PID 13267
07-26 12:32:27.862 D/vold ( 571): Found matching PID 13288
07-26 12:32:27.865 D/vold ( 571): Found matching PID 13437
07-26 12:32:27.868 D/vold ( 571): Found matching PID 13700
07-26 12:32:27.875 D/vold ( 571): Remounting 10229 as mode write
07-26 12:32:27.889 D/vold ( 571): Found matching PID 13236
07-26 12:32:27.892 D/vold ( 571): Found matching PID 13267
07-26 12:32:27.895 D/vold ( 571): Found matching PID 13288
07-26 12:32:27.898 D/vold ( 571): Found matching PID 13437
07-26 12:32:27.901 D/vold ( 571): Found matching PID 13700
07-26 12:32:27.945 I/chatty ( 1699): uid=1000(system) ns expire 5 lines
07-26 12:32:28.030 I/chatty ( 1699): uid=1000(system) android.ui expire 1 line
07-26 12:32:29.355 I/chatty ( 1699): uid=1000(system) Binder:1699_1B expire 1 line
07-26 12:32:31.437 I/chatty ( 1699): uid=1000(system) BroadcastQueue expire 86 lines
07-26 12:32:32.292 I/chatty ( 1699): uid=1000(system) android.bg expire 3 lines
07-26 12:32:48.047 I/chatty ( 1699): uid=1000(system) Binder:1699_3 expire 1 line
07-26 12:32:48.126 I/chatty ( 1699): uid=1000(system) Binder:1699_13 expire 2 lines
07-26 12:32:48.127 I/chatty ( 1699): uid=1000(system) Binder:1699_1C expire 9 lines
07-26 12:32:48.130 I/chatty ( 1699): uid=1000(system) android.ui expire 17 lines
07-26 12:32:48.227 I/chatty ( 1699): uid=1000(system) Binder:1699_A expire 3 lines
07-26 12:32:48.807 I/chatty ( 1699): uid=1000(system) Binder:1699_10 expire 2 lines
07-26 12:32:49.033 I/chatty ( 1699): uid=1000(system) android.anim expire 26 lines
07-26 12:32:49.152 I/chatty ( 1699): uid=1000(system) ActivityManager expire 11 lines
07-26 12:32:50.860 I/chatty ( 1699): uid=1000(system) Binder:1699_7 expire 4 lines
07-26 12:32:52.724 I/chatty ( 1699): uid=1000(system) Binder:1699_6 expire 2 lines
07-26 12:32:53.124 I/chatty ( 1699): uid=1000(system) Binder:1699_9 expire 1 line
07-26 12:32:53.465 I/chatty ( 1699): uid=1000(system) Binder:1699_4 expire 1 line
07-26 12:32:53.983 I/chatty ( 1699): uid=1000(system) Binder:1699_8 expire 4 lines
07-26 12:33:01.874 I/chatty ( 1699): uid=1000(system) Binder:1699_C expire 2 lines
07-26 12:33:23.224 I/chatty ( 1699): uid=1000(system) Binder:1699_20 expire 10 lines
07-26 12:33:24.048 I/chatty ( 1699): uid=1000(system) Binder:1699_1D expire 14 lines
07-26 12:33:29.414 I/chatty ( 1699): uid=1000(system) Binder:1699_19 expire 1 line
07-26 12:33:29.444 I/chatty ( 1699): uid=1000(system) Binder:1699_18 expire 9 lines
07-26 12:33:38.068 I/chatty ( 1699): uid=1000(system) Binder:1699_17 expire 3 lines
07-26 12:33:38.170 I/chatty ( 1699): uid=1000(system) Binder:1699_5 expire 1 line
07-26 12:33:51.968 I/chatty ( 1699): uid=1000(system) Binder:1699_1A expire 3 lines
07-26 12:35:38.335 I/chatty ( 1699): uid=1000 system_server expire 7 lines
07-26 12:35:58.694 I/chatty ( 1699): uid=1000(system) Binder:1699_16 expire 1 line
07-26 12:36:07.083 I/chatty ( 1699): uid=1000(system) Binder:1699_1B expire 2 lines
07-26 12:36:22.432 I/chatty ( 1699): uid=1000(system) Binder:1699_E expire 2 lines
07-26 12:37:33.572 I/chatty ( 1699): uid=1000(system) Binder:1699_1E expire 2 lines
07-26 12:41:35.499 I/chatty ( 1699): uid=1000(system) batterystats-wo expire 2 lines
07-26 12:42:24.058 I/chatty ( 1699): uid=1000(system) Binder:1699_1F expire 1 line
07-26 12:45:21.363 I/chatty ( 1699): uid=1000(system) Binder:1699_D expire 1 line
07-26 12:47:56.225 I/chatty ( 1699): uid=1000(system) InputReader expire 4 lines
07-26 12:47:56.229 I/chatty ( 1699): uid=1000(system) aceService.Main expire 1 line
07-26 12:47:56.436 I/chatty ( 1699): uid=1000(system) PowerManagerSer expire 9 lines
07-26 12:47:56.498 I/chatty ( 1699): uid=1000(system) android.display expire 5 lines
07-26 12:47:56.743 I/chatty ( 1699): uid=1000(system) Thread-140 expire 15 lines
07-26 12:47:56.753 I/chatty ( 1699): uid=1000 system_server expire 13 lines
07-26 12:47:56.779 I/chatty ( 1699): uid=1000(system) Binder:1699_19 expire 2 lines
07-26 12:47:56.833 I/chatty ( 1699): uid=1000(system) Binder:1699_1B expire 6 lines
07-26 12:47:57.099 I/chatty ( 1699): uid=1000(system) android.bg expire 3 lines
07-26 12:47:57.169 I/chatty ( 1699): uid=1000(system) Binder:1699_20 expire 5 lines
07-26 12:47:57.309 I/chatty ( 1699): uid=1000(system) Binder:1699_12 expire 3 lines
07-26 12:47:57.311 I/chatty ( 1699): uid=1000(system) BroadcastQueue expire 40 lines
07-26 12:48:02.420 I/chatty ( 1699): uid=1000(system) Thread-40 expire 2 lines
07-26 12:52:58.309 I/chatty ( 1699): uid=1000(system) AlarmManager expire 2 lines
07-26 12:52:58.405 I/chatty ( 1699): uid=1000(system) Binder:1699_7 expire 7 lines
07-26 12:57:58.277 I/chatty ( 1699): uid=1000 system_server expire 1 line
07-26 12:57:58.308 I/chatty ( 1699): uid=1000(system) Binder:1699_8 expire 11 lines
07-26 12:57:58.310 I/chatty ( 1699): uid=1000(system) Binder:1699_10 expire 5 lines
07-26 12:57:58.362 I/chatty ( 1699): uid=1000(system) Binder:1699_9 expire 8 lines
07-26 12:57:58.374 I/chatty ( 1699): uid=1000(system) Binder:1699_6 expire 5 lines
07-26 12:58:02.383 I/chatty ( 1699): uid=1000(system) Binder:1699_1F expire 2 lines
07-26 13:02:58.470 I/chatty ( 1699): uid=1000(system) Binder:1699_11 expire 22 lines
07-26 13:02:58.481 I/chatty ( 1699): uid=1000(system) android.ui expire 13 lines
07-26 13:02:58.584 I/chatty ( 1699): uid=1000(system) ns expire 5 lines
07-26 13:02:58.629 I/chatty ( 1699): uid=1000(system) Binder:1699_1D expire 24 lines
07-26 13:02:58.672 I/chatty ( 1699): uid=1000(system) Binder:1699_B expire 3 lines
07-26 13:02:58.673 I/chatty ( 1699): uid=1000(system) Binder:1699_1A expire 4 lines
07-26 13:02:58.676 I/chatty ( 1699): uid=1000(system) Binder:1699_F expire 1 line
07-26 13:02:58.811 I/chatty ( 1699): uid=1000(system) batterystats-wo expire 1 line
07-26 13:02:58.816 I/chatty ( 1699): uid=1000(system) Binder:1699_1C expire 1 line
07-26 13:02:58.816 I/chatty ( 1699): uid=1000(system) Binder:1699_14 expire 4 lines
07-26 13:02:58.818 I/chatty ( 1699): uid=1000(system) ConnectivitySer expire 1 line
07-26 13:02:58.862 I/chatty ( 1699): uid=1000(system) Binder:1699_D expire 3 lines
07-26 13:02:58.954 I/chatty ( 1699): uid=1000(system) ActivityManager expire 2 lines
07-26 13:07:59.864 I/chatty ( 1699): uid=1000(system) Binder:1699_A expire 1 line
07-26 13:08:09.543 I/chatty ( 1699): uid=1000(system) Binder:1699_1 expire 1 line
07-26 13:15:29.245 I/chatty ( 1699): uid=1000(system) Binder:1699_17 expire 2 lines
07-26 13:15:29.988 I/chatty ( 1699): uid=1000(system) Binder:1699_4 expire 4 lines
07-26 13:36:11.372 I/chatty ( 1699): uid=1000(system) InputReader expire 2 lines
07-26 13:36:11.408 I/chatty ( 1699): uid=1000(system) PhoneWinHandler expire 2 lines
07-26 13:36:11.928 I/chatty ( 1699): uid=1000(system) android.ui expire 52 lines
07-26 13:36:12.940 I/chatty ( 1699): uid=1000(system) Binder:1699_16 expire 6 lines
07-26 13:36:13.298 I/chatty ( 1699): uid=1000(system) BroadcastQueue expire 11 lines
07-26 13:36:13.364 I/chatty ( 1699): uid=1000(system) Binder:1699_15 expire 3 lines
07-26 13:36:13.619 W/ActivityThread(15199): ClassLoader.loadClass: The class loader returned by Thread.getContextClassLoader() may fail for processes that host multiple applications. You should explicitly specify a context class loader. For example: Thread.setContextClassLoader(getClass().getClassLoader());
07-26 13:36:14.341 I/chatty ( 1699): uid=1000(system) Binder:1699_1F expire 12 lines
07-26 13:36:15.689 I/chatty ( 1699): uid=1000(system) Binder:1699_20 expire 16 lines
07-26 13:36:15.726 I/chatty ( 1699): uid=1000(system) Binder:1699_11 expire 1 line
07-26 13:36:15.779 I/chatty ( 1699): uid=1000(system) Binder:1699_1D expire 8 lines
07-26 13:36:15.780 I/chatty ( 1699): uid=1000(system) PowerManagerSer expire 1 line
07-26 13:36:15.787 I/chatty ( 1699): uid=1000(system) ns expire 5 lines
07-26 13:36:15.815 I/chatty ( 1699): uid=1000(system) Thread-140 expire 6 lines
07-26 13:36:15.879 I/chatty ( 1699): uid=1000(system) android.anim expire 55 lines
07-26 13:36:17.358 I/chatty ( 1699): uid=1000(system) Binder:1699_1B expire 8 lines
07-26 13:36:17.376 I/chatty ( 1699): uid=1000(system) BpmThread expire 1 line
07-26 13:36:17.773 I/chatty ( 1699): uid=1000(system) ActivityManager expire 1 line
07-26 13:36:21.597 I/chatty ( 1699): uid=1000(system) Binder:1699_8 expire 5 lines
07-26 13:36:27.049 I/chatty ( 1699): uid=1000 system_server expire 5 lines
07-26 13:36:28.472 I/chatty ( 1699): uid=1000(system) Binder:1699_9 expire 2 lines
07-26 13:36:28.504 I/chatty ( 1699): uid=1000(system) Binder:1699_3 expire 1 line
07-26 13:36:28.710 I/chatty ( 1699): uid=1000(system) Binder:1699_4 expire 1 line
07-26 13:36:30.466 I/chatty ( 1699): uid=1000(system) Binder:1699_13 expire 5 lines
07-26 13:37:35.047 I/chatty ( 1699): uid=1000(system) Binder:1699_19 expire 3 lines
07-26 13:37:42.103 I/chatty ( 1699): uid=1000(system) batterystats-wo expire 1 line
07-26 13:38:06.898 I/chatty ( 1699): uid=1000(system) Binder:1699_17 expire 5 lines
07-26 13:38:25.955 I/chatty ( 1699): uid=1000(system) Binder:1699_10 expire 1 line
07-26 13:40:43.768 I/chatty ( 1699): uid=1000(system) Binder:1699_6 expire 1 line
07-26 13:40:45.189 I/chatty ( 1699): uid=1000(system) Binder:1699_1C expire 1 line
07-26 13:42:06.386 I/chatty ( 1699): uid=1000(system) Binder:1699_14 expire 2 lines
07-26 13:42:19.737 I/chatty ( 1699): uid=1000(system) Binder:1699_18 expire 2 lines
07-26 13:42:21.824 I/chatty ( 1699): uid=1000(system) Binder:1699_5 expire 3 lines
07-26 13:43:51.978 I/chatty ( 1699): uid=1000(system) Binder:1699_F expire 3 lines
07-26 13:43:52.014 I/chatty ( 1699): uid=1000(system) Binder:1699_7 expire 1 line
07-26 13:43:54.030 I/chatty ( 1699): uid=1000(system) Binder:1699_12 expire 2 lines
07-26 13:45:19.575 I/chatty ( 1699): uid=1000(system) Binder:1699_1E expire 2 lines
07-26 13:45:24.564 I/chatty ( 1699): uid=1000(system) Binder:1699_1A expire 1 line
07-26 13:45:24.599 I/chatty ( 1699): uid=1000(system) Binder:1699_C expire 1 line
07-26 13:45:24.984 I/chatty ( 1699): uid=1000(system) android.anim expire 57 lines
07-26 13:45:25.269 I/chatty ( 1699): uid=1000(system) android.ui expire 46 lines
07-26 13:45:26.458 I/chatty ( 1699): uid=1000(system) Binder:1699_1F expire 13 lines
07-26 13:45:26.551 I/chatty ( 1699): uid=1000(system) Binder:1699_1B expire 1 line
07-26 13:45:53.921 I/chatty ( 1699): uid=1000(system) Binder:1699_3 expire 3 lines
07-26 13:45:57.378 I/chatty ( 1699): uid=1000(system) Binder:1699_1C expire 7 lines
07-26 13:46:02.204 I/chatty ( 1699): uid=1000(system) Binder:1699_20 expire 17 lines
07-26 13:46:08.955 I/chatty ( 1699): uid=1000 system_server expire 9 lines
07-26 13:46:08.969 I/chatty ( 1699): uid=1000(system) BroadcastQueue expire 14 lines
07-26 13:46:12.769 I/chatty ( 1699): uid=1000(system) Binder:1699_16 expire 2 lines
07-26 13:46:29.497 I/chatty ( 1699): uid=1000(system) Binder:1699_A expire 1 line
07-26 13:46:29.945 I/chatty ( 1699): uid=1000(system) batterystats-wo expire 5 lines
07-26 13:46:37.435 I/chatty ( 1699): uid=1000(system) Binder:1699_1D expire 6 lines
07-26 13:46:39.354 I/chatty ( 1699): uid=1000(system) Binder:1699_2 expire 1 line
07-26 13:52:26.782 I/chatty ( 1699): uid=1000(system) Binder:1699_19 expire 13 lines
07-26 13:54:59.131 I/chatty ( 1699): uid=1000(system) android.bg expire 1 line
07-26 13:57:27.394 I/chatty ( 1699): uid=1000(system) Binder:1699_7 expire 2 lines
07-26 13:57:32.748 I/chatty ( 1699): uid=1000(system) Binder:1699_11 expire 4 lines
07-26 13:57:58.403 I/chatty ( 1699): uid=1000(system) Binder:1699_10 expire 3 lines
07-26 13:57:58.428 I/chatty ( 1699): uid=1000(system) Binder:1699_1 expire 1 line
07-26 13:58:40.216 I/chatty ( 1699): uid=1000(system) Binder:1699_1A expire 4 lines
07-26 13:58:43.339 I/chatty ( 1699): uid=1000(system) Binder:1699_1E expire 1 line
07-26 13:58:50.235 I/chatty ( 1699): uid=1000(system) ActivityManager expire 3 lines
07-26 13:59:36.276 I/chatty ( 1699): uid=1000(system) Binder:1699_12 expire 6 lines
07-26 13:59:36.382 I/chatty ( 1699): uid=1000(system) Binder:1699_13 expire 3 lines
07-26 13:59:36.427 I/chatty ( 1699): uid=1000(system) ns expire 5 lines
07-26 13:59:37.366 I/chatty ( 1699): uid=1000(system) Binder:1699_18 expire 10 lines
07-26 14:13:26.088 I/chatty ( 1699): uid=1000(system) android.anim expire 48 lines
07-26 14:13:26.845 I/chatty ( 1699): uid=1000(system) Binder:1699_20 expire 12 lines
07-26 14:13:26.890 I/chatty ( 1699): uid=1000(system) Binder:1699_1D expire 8 lines
07-26 14:13:28.053 I/chatty ( 1699): uid=1000(system) Binder:1699_1E expire 3 lines
07-26 14:13:30.238 I/chatty ( 1699): uid=1000(system) Binder:1699_3 expire 7 lines
07-26 14:13:34.551 I/chatty ( 1699): uid=1000(system) android.ui expire 38 lines
07-26 14:17:04.967 I/chatty ( 1699): uid=1000 system_server expire 14 lines
07-26 14:17:05.003 I/chatty ( 1699): uid=1000(system) BroadcastQueue expire 27 lines
07-26 14:17:05.006 I/chatty ( 1699): uid=1000(system) batterystats-wo expire 7 lines
07-26 14:17:27.391 I/chatty ( 1699): uid=1000(system) android.bg expire 2 lines
07-26 14:19:47.324 I/chatty ( 1699): uid=1000(system) ActivityManager expire 4 lines
07-26 14:24:27.345 I/chatty ( 1699): uid=1000(system) Binder:1699_1C expire 7 lines
07-26 14:24:27.714 I/chatty ( 1699): uid=1000(system) Binder:1699_15 expire 2 lines
07-26 14:27:43.132 I/chatty ( 1699): uid=1000(system) Binder:1699_5 expire 4 lines
07-26 14:27:45.367 I/chatty ( 1699): uid=1000(system) Binder:1699_13 expire 9 lines
07-26 14:28:02.325 I/chatty ( 1699): uid=1000(system) Binder:1699_16 expire 4 lines
07-26 14:43:40.780 I/chatty ( 1699): uid=1000(system) Binder:1699_1F expire 9 lines
07-26 14:43:42.524 I/chatty ( 1699): uid=1000(system) Binder:1699_1B expire 5 lines
07-26 14:43:59.843 I/chatty ( 1699): uid=1000(system) Binder:1699_4 expire 1 line
07-26 14:44:20.858 I/chatty ( 1699): uid=1000(system) Binder:1699_1A expire 3 lines
07-26 14:46:03.300 I/chatty ( 1699): uid=1000(system) Binder:1699_17 expire 2 lines
07-26 14:46:22.104 I/chatty ( 1699): uid=1000(system) Binder:1699_12 expire 2 lines
07-26 14:51:46.822 I/chatty ( 1699): uid=1000(system) ns expire 10 lines
07-26 14:51:46.854 I/chatty ( 1699): uid=1000(system) Binder:1699_1D expire 10 lines
07-26 14:51:46.899 I/chatty ( 1699): uid=1000(system) android.ui expire 35 lines
07-26 14:51:47.170 I/chatty ( 1699): uid=1000(system) android.anim expire 11 lines
07-26 14:51:47.471 I/chatty ( 1699): uid=1000(system) Binder:1699_1E expire 6 lines
07-26 14:51:47.990 I/chatty ( 1699): uid=1000(system) Binder:1699_1A expire 12 lines
07-26 14:51:47.991 I/chatty ( 1699): uid=1000(system) android.display expire 1 line
07-26 14:51:48.422 I/chatty ( 1699): uid=1000(system) Binder:1699_6 expire 5 lines
07-26 14:51:51.087 I/chatty ( 1699): uid=1000(system) Binder:1699_7 expire 5 lines
07-26 14:51:52.201 I/chatty ( 1699): uid=1000(system) PackageManager expire 32 lines
07-26 14:51:52.275 I/chatty ( 1699): uid=1000(system) ActivityManager expire 3 lines
07-26 14:51:52.323 I/chatty ( 1699): uid=1000(system) android.bg expire 5 lines
07-26 14:51:52.869 I/chatty ( 1699): uid=1000(system) backup expire 1 line
07-26 14:51:53.306 I/chatty ( 1699): uid=1000 system_server expire 3 lines
07-26 14:51:53.332 I/chatty ( 1699): uid=1000(system) BroadcastQueue expire 10 lines
07-26 14:51:53.483 I/chatty ( 1699): uid=1000(system) Binder:1699_E expire 1 line
07-26 14:51:53.486 I/chatty ( 1699): uid=1000(system) FileObserver expire 1 line
07-26 14:51:53.642 I/chatty ( 1699): uid=1000(system) Binder:1699_9 expire 1 line
07-26 14:51:53.662 I/chatty ( 1699): uid=1000(system) Binder:1699_20 expire 8 lines
07-26 14:51:53.904 I/chatty ( 1699): uid=1000(system) Binder:1699_17 expire 6 lines
07-26 14:51:54.185 I/chatty ( 1699): uid=1000(system) Binder:1699_12 expire 4 lines
07-26 14:51:54.306 I/chatty ( 1699): uid=1000(system) Binder:1699_5 expire 7 lines
07-26 14:51:56.299 I/chatty ( 1699): uid=1000(system) Binder:1699_11 expire 7 lines
07-26 14:51:56.581 I/chatty ( 1699): uid=1000(system) Binder:1699_F expire 4 lines
07-26 14:51:57.745 I/chatty ( 1699): uid=1000(system) Binder:1699_19 expire 2 lines
07-26 14:52:09.911 I/chatty ( 1699): uid=1000(system) Binder:1699_8 expire 1 line
07-26 14:52:14.918 W/PackageParser(21292): No actions in intent filter at /storage/emulated/0/ColorOS/Browser/Download/pp_v4.2.0_190723_1739_Debug.apk Binary XML file line #912
07-26 14:52:14.922 W/PackageParser(21292): No actions in intent filter at /storage/emulated/0/ColorOS/Browser/Download/pp_v4.2.0_190723_1739_Debug.apk Binary XML file line #912
07-26 14:52:14.963 W/PackageParser(19240): No actions in intent filter at /storage/emulated/0/ColorOS/Browser/Download/pp_v4.2.0_190723_1739_Debug.apk Binary XML file line #912
07-26 14:52:14.998 I/chatty ( 1699): uid=1000(system) Binder:1699_14 expire 2 lines
07-26 14:52:15.035 I/chatty ( 1699): uid=1000(system) Binder:1699_15 expire 4 lines
07-26 14:52:15.061 I/chatty ( 1699): uid=1000(system) ns expire 5 lines
07-26 14:52:15.083 I/chatty ( 1699): uid=1000(system) android.ui expire 9 lines
07-26 14:52:15.113 W/PackageParser(21292): No actions in intent filter at /storage/emulated/0/ColorOS/Browser/Download/pp_v4.2.0_190723_1739_Debug.apk Binary XML file line #912
07-26 14:52:16.187 W/PackageParser(13063): No actions in intent filter at /storage/emulated/0/ColorOS/Browser/Download/pp_v4.2.0_190723_1739_Debug.apk Binary XML file line #912
07-26 14:52:19.860 I/chatty ( 1699): uid=1000(system) Binder:1699_1C expire 2 lines
07-26 14:52:19.985 I/chatty ( 1699): uid=1000(system) Binder:1699_1B expire 1 line
07-26 14:52:20.163 W/PackageParser(12228): No actions in intent filter at /storage/emulated/0/Android/data/com.android.packageinstaller/cache/package8719148551241964839.apk Binary XML file line #912
07-26 14:52:20.176 W/PackageParser(12228): No actions in intent filter at /storage/emulated/0/Android/data/com.android.packageinstaller/cache/package8719148551241964839.apk Binary XML file line #912
07-26 14:52:20.205 W/PackageParser(12228): No actions in intent filter at /storage/emulated/0/Android/data/com.android.packageinstaller/cache/package8719148551241964839.apk Binary XML file line #912
07-26 14:52:20.398 I/chatty ( 1699): uid=1000(system) android.anim expire 4 lines
07-26 14:52:22.146 W/PackageParser(13063): No actions in intent filter at /storage/emulated/0/Android/data/com.android.packageinstaller/cache/package8719148551241964839.apk Binary XML file line #912
07-26 14:53:08.557 I/chatty ( 1699): uid=1000(system) Binder:1699_1D expire 3 lines
07-26 14:53:08.660 W/PackageParser(12228): No actions in intent filter at /storage/emulated/0/Android/data/com.android.packageinstaller/cache/package8719148551241964839.apk Binary XML file line #912
07-26 14:53:09.566 I/chatty ( 1699): uid=1000(system) PackageInstalle expire 1 line
07-26 14:53:09.587 W/PackageParser( 3385): No actions in intent filter at /data/app/vmdl1032970655.tmp/base.apk Binary XML file line #912
07-26 14:53:09.690 I/chatty ( 1699): uid=1000(system) BroadcastQueue expire 1 line
07-26 14:53:09.803 I/chatty ( 1699): uid=1000(system) PackageManager expire 24 lines
07-26 14:53:13.737 I/chatty ( 1699): uid=1000(system) android.bg expire 6 lines
07-26 14:53:13.757 I/chatty ( 1699): uid=1000(system) FileObserver expire 1 line
07-26 14:53:13.783 I/chatty ( 1699): uid=1000 system_server expire 28 lines
07-26 14:53:13.875 I/chatty ( 1699): uid=1000(system) BroadcastQueue expire 12 lines
07-26 14:53:14.758 I/chatty ( 1699): uid=1000(system) Binder:1699_7 expire 1 line
07-26 14:53:16.312 I/chatty ( 1699): uid=1000(system) backup expire 1 line
07-26 14:53:21.908 I/chatty ( 1699): uid=1000(system) Binder:1699_1B expire 5 lines
07-26 14:53:21.967 I/chatty ( 1699): uid=1000(system) android.ui expire 11 lines
07-26 14:53:22.041 I/chatty ( 1699): uid=1000(system) ns expire 10 lines
07-26 14:53:22.245 I/chatty ( 1699): uid=1000(system) Binder:1699_18 expire 2 lines
07-26 14:53:22.334 I/chatty ( 1699): uid=1000(system) ActivityManager expire 4 lines
07-26 14:53:22.344 I/chatty ( 1699): uid=1000(system) Binder:1699_1C expire 20 lines
07-26 14:53:23.834 I/chatty ( 1699): uid=1000(system) Binder:1699_9 expire 5 lines
07-26 14:53:24.187 I/chatty ( 1699): uid=1000(system) Binder:1699_19 expire 3 lines
07-26 14:53:24.352 I/chatty ( 1699): uid=1000(system) android.anim expire 24 lines
07-26 14:53:24.702 I/chatty ( 1699): uid=1000(system) Binder:1699_F expire 4 lines
07-26 14:53:28.055 I/chatty ( 1699): uid=1000(system) Binder:1699_C expire 1 line
07-26 14:54:05.666 I/chatty ( 1699): uid=1000(system) Binder:1699_1F expire 6 lines
07-26 14:54:06.403 I/chatty ( 1699): uid=1000(system) Binder:1699_4 expire 2 lines
07-26 14:54:08.698 D/vold ( 571): Remounting 10230 as mode read
07-26 14:54:08.726 D/vold ( 571): Found matching PID 21900
07-26 14:54:08.731 D/vold ( 571): Found matching PID 21923
07-26 14:54:08.735 D/vold ( 571): Found matching PID 21946
07-26 14:54:08.740 D/vold ( 571): Found matching PID 22160
07-26 14:54:08.747 D/vold ( 571): Found matching PID 22354
07-26 14:54:08.759 D/vold ( 571): Remounting 10230 as mode write
07-26 14:54:08.792 D/vold ( 571): Found matching PID 21900
07-26 14:54:08.808 D/vold ( 571): Found matching PID 21923
07-26 14:54:08.824 D/vold ( 571): Found matching PID 21946
07-26 14:54:08.830 D/vold ( 571): Found matching PID 22160
07-26 14:54:08.835 D/vold ( 571): Found matching PID 22354
07-26 14:54:08.879 I/chatty ( 1699): uid=1000(system) Binder:1699_1 expire 6 lines
07-26 14:54:08.974 I/chatty ( 1699): uid=1000(system) android.ui expire 4 lines
07-26 14:54:15.217 I/chatty ( 1699): uid=1000(system) Binder:1699_1E expire 1 line
07-26 14:54:15.899 I/chatty ( 1699): uid=1000(system) Binder:1699_1D expire 2 lines
07-26 14:54:21.625 I/chatty ( 1699): uid=1000(system) Binder:1699_8 expire 1 line
07-26 14:54:54.701 I/chatty ( 1699): uid=1000(system) BroadcastQueue expire 40 lines
07-26 14:55:22.122 I/chatty ( 1699): uid=1000(system) Binder:1699_20 expire 1 line
07-26 14:57:42.096 I/chatty ( 1699): uid=1000(system) batterystats-wo expire 3 lines
07-26 15:12:00.415 I/chatty ( 1699): uid=1000(system) Binder:1699_2 expire 1 line
07-26 15:17:32.002 I/chatty ( 1699): uid=1000(system) batterystats-wo expire 4 lines
07-26 15:20:47.698 I/chatty ( 1699): uid=1000(system) Binder:1699_18 expire 2 lines
07-26 15:27:23.099 I/chatty ( 1699): uid=1000 system_server expire 14 lines
07-26 15:27:23.106 I/chatty ( 1699): uid=1000(system) BroadcastQueue expire 19 lines
07-26 15:32:00.199 I/chatty ( 1699): uid=1000(system) android.bg expire 12 lines
07-26 15:38:45.545 I/chatty ( 1699): uid=1000(system) InputReader expire 4 lines
07-26 15:38:45.547 I/chatty ( 1699): uid=1000(system) aceService.Main expire 3 lines
07-26 15:38:45.755 I/chatty ( 1699): uid=1000(system) PowerManagerSer expire 21 lines
07-26 15:38:45.808 I/chatty ( 1699): uid=1000(system) android.display expire 6 lines
07-26 15:38:46.056 I/chatty ( 1699): uid=1000(system) Thread-140 expire 9 lines
07-26 15:38:46.085 I/chatty ( 1699): uid=1000(system) Binder:1699_1D expire 11 lines
07-26 15:38:46.509 I/chatty ( 1699): uid=1000(system) Binder:1699_F expire 1 line
07-26 15:38:47.595 I/chatty ( 1699): uid=1000(system) Binder:1699_11 expire 2 lines
07-26 15:38:47.632 I/chatty ( 1699): uid=1000(system) Binder:1699_1C expire 3 lines
07-26 15:38:47.752 I/chatty ( 1699): uid=1000(system) PhoneWinHandler expire 4 lines
07-26 15:38:48.088 I/chatty ( 1699): uid=1000(system) android.ui expire 11 lines
07-26 15:38:48.305 I/chatty ( 1699): uid=1000(system) Binder:1699_15 expire 4 lines
07-26 15:38:48.982 I/chatty ( 1699): uid=1000(system) Binder:1699_17 expire 2 lines
07-26 15:38:49.513 I/chatty ( 1699): uid=1000(system) Binder:1699_13 expire 2 lines
07-26 15:38:49.954 I/chatty ( 1699): uid=1000(system) Binder:1699_16 expire 7 lines
07-26 15:38:51.719 I/chatty ( 1699): uid=1000(system) Binder:1699_12 expire 2 lines
07-26 15:38:57.877 I/chatty ( 1699): uid=1000(system) Thread-40 expire 2 lines
07-26 15:40:41.074 I/chatty ( 1699): uid=1000(system) Binder:1699_20 expire 2 lines
07-26 15:40:41.133 W/PackageParser( 3385): No actions in intent filter at /storage/emulated/0/ColorOS/Market/app/.au/21129130.apk Binary XML file line #816
07-26 15:40:41.364 D/DefContainer(11989): Copying /storage/emulated/0/ColorOS/Market/app/.au/21129130.apk to base.apk
07-26 15:40:42.455 W/PackageParser(13063): No actions in intent filter at /storage/emulated/0/ColorOS/Market/app/.au/21129130.apk Binary XML file line #816
07-26 15:40:42.635 I/chatty ( 1699): uid=1000(system) PackageManager expire 30 lines
07-26 15:40:43.906 I/chatty ( 1699): uid=1000(system) ActivityManager expire 2 lines
07-26 15:48:54.355 I/chatty ( 1699): uid=1000(system) Binder:1699_19 expire 1 line
07-26 15:48:54.381 I/chatty ( 1699): uid=1000(system) Binder:1699_1F expire 22 lines
07-26 15:48:54.502 I/chatty ( 1699): uid=1000(system) ns expire 5 lines
07-26 15:48:54.540 I/chatty ( 1699): uid=1000(system) Binder:1699_1E expire 1 line
07-26 15:48:54.541 I/chatty ( 1699): uid=1000(system) Binder:1699_A expire 1 line
07-26 15:48:54.556 I/chatty ( 1699): uid=1000(system) Binder:1699_6 expire 1 line
07-26 15:48:54.573 I/chatty ( 1699): uid=1000(system) Binder:1699_1B expire 1 line
07-26 15:48:54.591 I/chatty ( 1699): uid=1000(system) Binder:1699_C expire 3 lines
07-26 15:48:54.617 I/chatty ( 1699): uid=1000(system) PowerManagerSer expire 1 line
07-26 15:52:40.055 I/chatty ( 1699): uid=1000(system) Binder:1699_1 expire 1 line
07-26 15:53:53.209 I/chatty ( 1699): uid=1000(system) Binder:1699_8 expire 2 lines
07-26 15:53:54.016 I/chatty ( 1699): uid=1000(system) Binder:1699_1 expire 9 lines
07-26 15:58:53.217 I/chatty ( 1699): uid=1000(system) Binder:1699_1A expire 4 lines
07-26 16:00:38.192 I/chatty ( 1699): uid=1000(system) Binder:1699_1C expire 6 lines
07-26 16:00:38.544 I/chatty ( 1699): uid=1000(system) Binder:1699_5 expire 7 lines
07-26 16:03:27.751 I/chatty ( 1699): uid=1000(system) Binder:1699_16 expire 4 lines
07-26 16:03:27.769 I/chatty ( 1699): uid=1000(system) PowerManagerSer expire 14 lines
07-26 16:03:27.783 I/chatty ( 1699): uid=1000(system) android.display expire 3 lines
07-26 16:03:27.784 I/chatty ( 1699): uid=1000(system) BroadcastQueue expire 12 lines
07-26 16:03:27.833 I/chatty ( 1699): uid=1000 system_server expire 12 lines
07-26 16:03:27.847 I/chatty ( 1699): uid=1000(system) android.ui expire 29 lines
07-26 16:03:27.956 I/chatty ( 1699): uid=1000(system) PhoneWinHandler expire 4 lines
07-26 16:03:29.973 I/chatty ( 1699): uid=1000(system) Binder:1699_11 expire 1 line
07-26 16:03:33.799 I/chatty ( 1699): uid=1000(system) aceService.Main expire 1 line
07-26 16:03:34.371 I/chatty ( 1699): uid=1000(system) Binder:1699_F expire 9 lines
07-26 16:03:34.410 I/chatty ( 1699): uid=1000(system) android.bg expire 3 lines
07-26 16:03:34.461 I/chatty ( 1699): uid=1000(system) Binder:1699_17 expire 1 line
07-26 16:08:36.166 I/chatty ( 1699): uid=1000 system_server expire 1 line
07-26 16:08:36.200 I/chatty ( 1699): uid=1000(system) Binder:1699_B expire 6 lines
07-26 16:08:36.207 I/chatty ( 1699): uid=1000(system) Binder:1699_9 expire 6 lines
07-26 16:08:36.223 I/chatty ( 1699): uid=1000(system) DeviceIdleHelpe expire 2 lines
07-26 16:08:36.246 I/chatty ( 1699): uid=1000(system) OppoAlarmHandle expire 2 lines
07-26 16:09:11.125 I/chatty ( 1699): uid=1000(system) InputReader expire 2 lines
07-26 16:09:11.133 I/chatty ( 1699): uid=1000(system) ns expire 11 lines
07-26 16:09:11.891 D/ViewRootImpl(29551): swipeFromBottom mIgnoring true downY 2302 mScreenHeight 2340 mStatusBarHeight 54 globalScale 1.125
07-26 16:09:11.896 D/ViewRootImpl(29551): swipeFromBottom mIgnoring true downY 2302 mScreenHeight 2340 mStatusBarHeight 54 globalScale 1.125
07-26 16:09:11.896 D/ViewRootImpl(29551): swipeFromBottom mIgnoring === false downY 2302 mStatusBarHeight 54
07-26 16:09:11.989 I/chatty ( 1699): uid=1000(system) Binder:1699_14 expire 7 lines
07-26 16:09:12.002 I/chatty ( 1699): uid=1000 system_server expire 3 lines
07-26 16:09:14.074 I/chatty ( 1699): uid=1000(system) Binder:1699_20 expire 7 lines
07-26 16:09:14.120 I/chatty ( 1699): uid=1000(system) PowerManagerSer expire 1 line
07-26 16:09:14.312 I/chatty ( 1699): uid=1000(system) Thread-140 expire 9 lines
07-26 16:09:14.315 I/chatty ( 1699): uid=1000(system) Binder:1699_1E expire 7 lines
07-26 16:09:14.413 I/chatty ( 1699): uid=1000(system) Binder:1699_E expire 1 line
07-26 16:09:14.802 I/chatty ( 1699): uid=1000(system) Binder:1699_10 expire 2 lines
07-26 16:09:15.399 I/chatty ( 1699): uid=1000(system) Binder:1699_15 expire 1 line
07-26 16:09:20.954 D/ViewRootImpl(19240): swipeFromBottom mIgnoring true downY 2324 mScreenHeight 2340 mStatusBarHeight 54 globalScale 1.125
07-26 16:09:21.084 I/chatty ( 1699): uid=1000(system) Binder:1699_1F expire 6 lines
07-26 16:09:21.184 I/chatty ( 1699): uid=1000(system) BroadcastQueue expire 9 lines
07-26 16:09:21.301 I/chatty ( 1699): uid=1000(system) android.anim expire 11 lines
07-26 16:10:30.276 I/chatty ( 1699): uid=1000(system) Binder:1699_1B expire 1 line
07-26 16:12:33.084 I/chatty ( 1699): uid=1000(system) BpmThread expire 1 line
07-26 16:12:33.144 I/chatty ( 1699): uid=1000(system) Binder:1699_3 expire 2 lines
07-26 16:12:33.197 I/chatty ( 1699): uid=1000(system) Binder:1699_4 expire 1 line
07-26 16:12:33.484 I/chatty ( 1699): uid=1000(system) ActivityManager expire 2 lines
07-26 16:13:07.654 I/chatty ( 1699): uid=1000(system) android.anim expire 52 lines
07-26 16:13:09.091 I/chatty ( 1699): uid=1000(system) Binder:1699_20 expire 25 lines
07-26 16:13:10.858 I/chatty ( 1699): uid=1000(system) Binder:1699_1D expire 8 lines
07-26 16:13:23.330 I/chatty ( 1699): uid=1000(system) Binder:1699_15 expire 5 lines
07-26 16:13:23.471 I/chatty ( 1699): uid=1000(system) Binder:1699_4 expire 1 line
07-26 16:13:24.814 I/chatty ( 1699): uid=1000(system) Binder:1699_14 expire 3 lines
07-26 16:13:25.392 I/chatty ( 1699): uid=1000(system) android.ui expire 28 lines
07-26 16:13:26.085 I/chatty ( 1699): uid=1000(system) Binder:1699_B expire 1 line
07-26 16:13:29.045 I/chatty ( 1699): uid=1000(system) Binder:1699_1C expire 14 lines
07-26 16:13:29.080 I/chatty ( 1699): uid=1000(system) Binder:1699_1 expire 1 line
07-26 16:13:31.310 I/chatty ( 1699): uid=1000 system_server expire 3 lines
07-26 16:13:31.324 I/chatty ( 1699): uid=1000(system) BroadcastQueue expire 9 lines
07-26 16:13:31.324 I/chatty ( 1699): uid=1000(system) batterystats-wo expire 4 lines
07-26 16:13:34.094 I/chatty ( 1699): uid=1000(system) Binder:1699_5 expire 6 lines
07-26 16:13:38.727 I/chatty ( 1699): uid=1000(system) Binder:1699_1E expire 9 lines
07-26 16:13:39.079 I/chatty ( 1699): uid=1000(system) Binder:1699_1F expire 10 lines
07-26 16:13:41.653 I/chatty ( 1699): uid=1000(system) Binder:1699_1B expire 6 lines
07-26 16:15:43.094 I/chatty ( 1699): uid=1000(system) Binder:1699_13 expire 2 lines
07-26 16:17:16.736 I/chatty ( 1699): uid=1000(system) Binder:1699_19 expire 6 lines
07-26 16:17:57.174 I/chatty ( 1699): uid=1000(system) Thread-140 expire 6 lines
07-26 16:17:57.220 I/chatty ( 1699): uid=1000(system) ns expire 5 lines
07-26 16:17:59.014 I/chatty ( 1699): uid=1000(system) android.display expire 1 line
07-26 16:17:59.815 I/chatty ( 1699): uid=1000(system) BroadcastQueue expire 12 lines
07-26 16:18:00.019 I/chatty ( 1699): uid=1000(system) Binder:1699_13 expire 8 lines
07-26 16:18:00.048 I/chatty ( 1699): uid=1000(system) android.ui expire 16 lines
07-26 16:18:00.053 I/chatty ( 1699): uid=1000(system) Binder:1699_1E expire 4 lines
07-26 16:18:00.078 I/chatty ( 1699): uid=1000(system) Binder:1699_11 expire 5 lines
07-26 16:18:00.122 I/chatty ( 1699): uid=1000(system) android.anim expire 17 lines
07-26 16:18:02.292 I/chatty ( 1699): uid=1000(system) Binder:1699_1C expire 2 lines
07-26 16:18:02.326 I/chatty ( 1699): uid=1000(system) Binder:1699_12 expire 7 lines
07-26 16:18:03.342 I/chatty ( 1699): uid=1000(system) PackageManager expire 32 lines
07-26 16:18:03.375 I/chatty ( 1699): uid=1000(system) ActivityManager expire 3 lines
07-26 16:18:03.826 I/chatty ( 1699): uid=1000(system) android.bg expire 5 lines
07-26 16:18:03.864 I/chatty ( 1699): uid=1000(system) backup expire 1 line
07-26 16:18:04.549 I/chatty ( 1699): uid=1000 system_server expire 2 lines
07-26 16:18:04.604 I/chatty ( 1699): uid=1000(system) FileObserver expire 1 line
07-26 16:18:05.134 I/chatty ( 1699): uid=1000(system) Binder:1699_D expire 12 lines
07-26 16:18:05.584 I/chatty ( 1699): uid=1000(system) BpmThread expire 1 line
07-26 16:18:05.605 I/chatty ( 1699): uid=1000(system) ns expire 10 lines
07-26 16:18:05.642 I/chatty ( 1699): uid=1000(system) Binder:1699_20 expire 3 lines
07-26 16:18:05.751 I/chatty ( 1699): uid=1000(system) Binder:1699_1F expire 7 lines
07-26 16:18:05.917 I/chatty ( 1699): uid=1000(system) Binder:1699_10 expire 1 line
07-26 16:18:11.480 I/chatty ( 1699): uid=1000(system) Binder:1699_1D expire 8 lines
07-26 16:18:16.186 I/chatty ( 1699): uid=1000(system) Binder:1699_18 expire 2 lines
07-26 16:18:35.124 I/chatty ( 1699): uid=1000(system) Binder:1699_14 expire 2 lines
07-26 16:18:36.078 I/chatty ( 1699): uid=1000(system) Binder:1699_15 expire 1 line
07-26 16:18:43.547 I/chatty ( 1699): uid=1000(system) Binder:1699_9 expire 2 lines
07-26 16:18:43.585 I/chatty ( 1699): uid=1000(system) Binder:1699_B expire 2 lines
07-26 16:18:43.640 I/chatty ( 1699): uid=1000(system) Binder:1699_A expire 2 lines
07-26 16:18:43.871 W/PackageParser(12228): No actions in intent filter at /storage/emulated/0/Android/data/com.android.packageinstaller/cache/package3624015444233546560.apk Binary XML file line #958
07-26 16:18:43.881 I/chatty (12228): uid=10028(com.android.packageinstaller) identical 1 line
07-26 16:18:43.904 W/PackageParser(12228): No actions in intent filter at /storage/emulated/0/Android/data/com.android.packageinstaller/cache/package3624015444233546560.apk Binary XML file line #958
07-26 16:18:44.160 I/chatty ( 1699): uid=1000(system) android.anim expire 4 lines
07-26 16:18:44.233 I/chatty ( 1699): uid=1000(system) android.ui expire 2 lines
07-26 16:18:44.797 W/PackageParser(13063): No actions in intent filter at /storage/emulated/0/baidu/AppSearch_Lite/downloads/oppo_v4_3_0_190725_1026_Debug.apk Binary XML file line #958
07-26 16:18:45.787 W/PackageParser(13063): No actions in intent filter at /storage/emulated/0/Android/data/com.android.packageinstaller/cache/package3624015444233546560.apk Binary XML file line #958
07-26 16:18:49.495 W/PackageParser(12228): No actions in intent filter at /storage/emulated/0/Android/data/com.android.packageinstaller/cache/package3624015444233546560.apk Binary XML file line #958
07-26 16:18:50.211 I/chatty ( 1699): uid=1000(system) PackageInstalle expire 1 line
07-26 16:18:50.244 W/PackageParser( 3385): No actions in intent filter at /data/app/vmdl1874658076.tmp/base.apk Binary XML file line #958
07-26 16:18:50.317 I/chatty ( 1699): uid=1000(system) BroadcastQueue expire 1 line
07-26 16:18:50.415 I/chatty ( 1699): uid=1000(system) PackageManager expire 21 lines
07-26 16:18:50.419 I/chatty ( 1699): uid=1000(system) Binder:1699_2 expire 6 lines
07-26 16:18:50.778 I/chatty ( 1699): uid=1000(system) PackageManager expire 4 lines
07-26 16:18:55.042 I/chatty ( 1699): uid=1000(system) Binder:1699_6 expire 2 lines
07-26 16:18:55.063 I/chatty ( 1699): uid=1000(system) Binder:1699_1B expire 1 line
07-26 16:18:55.108 I/chatty ( 1699): uid=1000(system) Binder:1699_14 expire 2 lines
07-26 16:18:57.957 I/chatty ( 1699): uid=1000(system) android.bg expire 5 lines
07-26 16:18:58.009 I/chatty ( 1699): uid=1000 system_server expire 9 lines
07-26 16:18:58.030 I/chatty ( 1699): uid=1000(system) FileObserver expire 1 line
07-26 16:18:58.083 I/chatty ( 1699): uid=1000(system) BroadcastQueue expire 34 lines
07-26 16:18:58.197 I/chatty ( 1699): uid=1000(system) Binder:1699_1F expire 3 lines
07-26 16:18:58.210 I/chatty ( 1699): uid=1000(system) Binder:1699_1C expire 1 line
07-26 16:18:58.975 I/chatty ( 1699): uid=1000(system) Binder:1699_11 expire 1 line
07-26 16:19:00.533 I/chatty ( 1699): uid=1000(system) backup expire 1 line
07-26 16:19:02.483 I/chatty ( 1699): uid=1000(system) Binder:1699_A expire 5 lines
07-26 16:19:05.965 I/chatty ( 1699): uid=1000(system) Binder:1699_1E expire 7 lines
07-26 16:19:06.416 D/ViewRootImpl(29551): swipeFromBottom mIgnoring true downY 2317 mScreenHeight 2340 mStatusBarHeight 54 globalScale 1.125
07-26 16:19:06.421 D/ViewRootImpl(29551): swipeFromBottom mIgnoring true downY 2317 mScreenHeight 2340 mStatusBarHeight 54 globalScale 1.125
07-26 16:19:06.421 D/ViewRootImpl(29551): swipeFromBottom mIgnoring === false downY 2317 mStatusBarHeight 54
07-26 16:19:06.787 I/chatty ( 1699): uid=1000(system) Binder:1699_1D expire 9 lines
07-26 16:19:08.144 I/chatty ( 1699): uid=1000(system) ns expire 10 lines
07-26 16:19:08.157 I/chatty ( 1699): uid=1000(system) android.ui expire 15 lines
07-26 16:19:08.200 I/chatty ( 1699): uid=1000(system) Binder:1699_15 expire 2 lines
07-26 16:19:08.291 I/chatty ( 1699): uid=1000(system) android.anim expire 13 lines
07-26 16:19:08.332 I/chatty ( 1699): uid=1000(system) Binder:1699_17 expire 5 lines
07-26 16:19:08.515 I/chatty ( 1699): uid=1000(system) ActivityManager expire 11 lines
07-26 16:19:09.432 I/chatty ( 1699): uid=1000(system) Thread-140 expire 3 lines
07-26 16:19:12.773 I/chatty ( 1699): uid=1000(system) Binder:1699_20 expire 8 lines
07-26 16:19:13.277 I/chatty ( 1699): uid=1000(system) Binder:1699_E expire 1 line
07-26 16:19:13.917 I/chatty ( 1699): uid=1000(system) Binder:1699_B expire 3 lines
07-26 16:19:15.453 I/chatty ( 1699): uid=1000(system) Binder:1699_9 expire 1 line
07-26 16:19:21.931 I/chatty ( 1699): uid=1000(system) Binder:1699_10 expire 4 lines
