07-27 11:21:51.952 D/MsfServiceProxy(26715): sdk add queue req:ToServiceMsg msName:_msf_RegPush ssoSeq:45734 appId:537050853 appSeq:1134 sName: uin:144115213350774102 sCmd:im_open_status.stat_reg t:10000 needResp:truehttpReq:false from:FromServiceMsg msName:registerPush ssoSeq:45734 failCode:1000 errorMsg: uin:144115213350774102 serviceCmd:im_open_status.stat_reg appId:537050853 appSeq:1134
07-27 11:21:51.952 D/MsfServiceSub(26715): serviceSub add last:1564197711952|im_open_status.stat_reg|45734
07-27 11:21:51.952 I/CoreWrapper(26715): [CoreWrapper handleRespMsg] recv resp msg:1564197711952|im_open_status.stat_reg|45734|1134
07-27 11:21:51.953 D/CoreWrapper(26715): handle server msg [register push]
07-27 11:21:51.953 I/CoreWrapper(26715): userid_1898141 register resp.im_open_status.stat_reg:1000:45734
07-27 11:21:51.954 D/MSF.S.AppProcessManager(23909): send push com.yishouapp.fumi from:0|cmd_connInfo|-1
07-27 11:21:51.954 D/MsfServiceSdk(26715): sdk sendMsg. ssoCmd:push.cmdRegister msfCmd:registerCmdCallback appSeq:-1
07-27 11:21:51.954 D/MSF.D.RemoteServiceProxy(26715): waiteSendSeqSet put:144115213350774102push.cmdRegister :-1:1135
07-27 11:21:51.954 D/MsfServiceProxy(26715): send req to msfService:ToServiceMsg msName:registerCmdCallback ssoSeq:-1 appId:537050853 appSeq:1135 sName:com.tencent.qalsdk.service.QalService uin:144115213350774102 sCmd:push.cmdRegister t:10000 needResp:truehttpReq:false
07-27 11:21:51.955 D/MsfServiceProxy(26715): onRecvPushResp FromServiceMsg msName:onConnInfo ssoSeq:-1 failCode:1000 errorMsg: uin:0 serviceCmd:cmd_connInfo appId:537050853 appSeq:45736
07-27 11:21:51.955 D/MsfServiceProxy(26715): onRecvServicePushResp SsoCmd:cmd_connInfo ssoSeq:-1
07-27 11:21:51.955 D/jni_imsdk(26715): [19-07-27 11:21:51.955][DEBUG][][CoreWrapper][CoreWrapper handleRespMsg] recv resp msg:1564197711952|im_open_status.stat_reg|45734|1134
07-27 11:21:51.955 D/jni_imsdk(26715): [19-07-27 11:21:51.955][DEBUG][][CoreWrapper]userid_1898141 register resp.im_open_status.stat_reg:1000:45734
07-27 11:21:51.956 D/QalService(23909): service rcvmsg. ssoCmd:push.cmdRegister msfCmd:registerCmdCallback appSeq:1135
07-27 11:21:51.957 D/MSF.C.PushManager(23909): recv processName:com.yishouapp.fumi appCmdCallbacker uin: 144115213350774102
07-27 11:21:51.957 D/MSF.C.PushManager(23909): cmds: 2, [
07-27 11:21:51.957 D/MSF.C.PushManager(23909): im_open_push.msg_push
07-27 11:21:51.957 D/MSF.C.PushManager(23909): im_open_status.stat_forceoffline
07-27 11:21:51.957 D/MSF.C.PushManager(23909): ]
07-27 11:21:51.958 D/MSF.C.MsfCore(23909): service recv msg . ssoCmd:push.cmdRegister ssoSeq:45737
07-27 11:21:51.959 D/MSF.S.RespHandler(23909): service getMsfMessagePairs resp:push.cmdRegister:45737:1135
07-27 11:21:51.959 D/MSF.S.AppProcessManager(23909): service add queue last:1564197711959|push.cmdRegister|45737
07-27 11:21:51.961 I/MSF.S.AppProcessManager(23909): service send resp :com.yishouapp.fumi| from:144115213350774102|push.cmdRegister|45737|1135
07-27 11:21:51.961 D/CoreWrapper(26715): pushReason:appRegistercmd:registerPush:im_open_status.stat_reg
07-27 11:21:51.962 D/CoreWrapper(26715): setRegisterStatus:REGISTERD
07-27 11:21:51.963 I/CoreWrapper(26715): im_open_status.stat_reg succ,app cb return. registerPush
07-27 11:21:51.963 D/jni_imsdk(26715): [19-07-27 11:21:51.963][DEBUG][][CoreWrapper]im_open_status.stat_reg succ,app cb return. registerPush
07-27 11:21:51.963 D/jni_imsdk(26715): [19-07-27 11:21:51.963][DEBUG][][IMMsfUserInfo]update login state: 1-->2|userid_1898141
07-27 11:21:51.963 D/jni_imsdk(26715): [19-07-27 11:21:51.963][EVENT][][imsdk.IMMsfCoreProxy]Login|3-Online|Succ|bindID succ
07-27 11:21:51.963 D/jni_imsdk(26715): [19-07-27 11:21:51.963][INFO][][imsdk.IMCoreWrapper]welcome to imsdk, version: 2.7.2.13738.13756
07-27 11:21:51.964 D/jni_imsdk(26715): [19-07-27 11:21:51.964][INFO][][imsdk.IMCoreWrapper]servertimediff: 0
07-27 11:21:51.964 D/MsfServiceProxy(26715): msfProxy onReceiveResp:144115213350774102:push.cmdRegister :45737:1135
07-27 11:21:51.964 I/tls_sdk (26715): [TLSHelper.java:2268]GetLocalSig name:userid_1898141
07-27 11:21:51.964 D/jni_imsdk(26715): [19-07-27 11:21:51.964][DEBUG][][tls_sdk][TLSHelper.java:2268]GetLocalSig name:userid_1898141
07-27 11:21:51.964 D/MsfServiceProxy(26715): waiteSendSeqSet receiveResp remove:144115213350774102:push.cmdRegister :45737:1135
07-27 11:21:51.964 I/tls_sdk (26715): [account_sig_info_map.java:285]getTinyInfo [TLSHelper.java:2269][TLSHelper.java:409]
07-27 11:21:51.964 D/MsfServiceProxy(26715): onReceiveResp SsoCmd:push.cmdRegister ssoSeq:45737
07-27 11:21:51.964 D/jni_imsdk(26715): [19-07-27 11:21:51.964][DEBUG][][tls_sdk][account_sig_info_map.java:285]getTinyInfo [TLSHelper.java:2269][TLSHelper.java:409]
07-27 11:21:51.964 I/tls_sdk (26715): [req_global.java:425][2000005e280a556]get_siginfo
07-27 11:21:51.964 D/MsfServiceProxy(26715): sdk add queue req:ToServiceMsg msName:registerCmdCallback ssoSeq:45737 appId:537050853 appSeq:1135 sName:com.tencent.qalsdk.service.QalService uin:144115213350774102 sCmd:push.cmdRegister t:10000 needResp:truehttpReq:false from:FromServiceMsg msName:registerCmdCallback ssoSeq:45737 failCode:1000 errorMsg: uin:144115213350774102 serviceCmd:push.cmdRegister appId:537050853 appSeq:1135
07-27 11:21:51.964 I/tls_sdk (26715): [account_sig_info_map.java:148][2000005e280a556]get_siginfo
07-27 11:21:51.964 D/jni_imsdk(26715): [19-07-27 11:21:51.964][DEBUG][][tls_sdk][req_global.java:425][2000005e280a556]get_siginfo
07-27 11:21:51.965 D/jni_imsdk(26715): [19-07-27 11:21:51.965][DEBUG][][tls_sdk][account_sig_info_map.java:148][2000005e280a556]get_siginfo
07-27 11:21:51.965 D/MsfServiceSub(26715): serviceSub add last:1564197711964|push.cmdRegister|45737
07-27 11:21:51.965 I/tls_sdk (26715): [account_sig_info_map.java:109][2000005e280a556]get_all_siginfo
07-27 11:21:51.965 D/jni_imsdk(26715): [19-07-27 11:21:51.965][DEBUG][][tls_sdk][account_sig_info_map.java:109][2000005e280a556]get_all_siginfo
07-27 11:21:51.965 I/tls_sdk (26715): [TLSHelper.java:2315] type:40 sig:72 key:0 create time:1564197711 expire time:1566357711
07-27 11:21:51.965 D/jni_imsdk(26715): [19-07-27 11:21:51.965][DEBUG][][tls_sdk][TLSHelper.java:2315] type:40 sig:72 key:0 create time:1564197711 expire time:1566357711
07-27 11:21:51.966 I/tls_sdk (26715): [TLSHelper.java:2315] type:40000 sig:72 key:16 create time:1564197711 expire time:1566357711
07-27 11:21:51.967 D/jni_imsdk(26715): [19-07-27 11:21:51.967][DEBUG][][tls_sdk][TLSHelper.java:2315] type:40000 sig:72 key:16 create time:1564197711 expire time:1566357711
07-27 11:21:51.971 D/jni_imsdk(26715): [19-07-27 11:21:51.971][INFO][imcore_user_impl.cc:140][InitUser][IMCore]IMCoreCtx init: build-Jun 25 2018...
07-27 11:21:51.971 D/jni_imsdk(26715): [19-07-27 11:21:51.971][DEBUG][imcore_user_impl.cc:191][InitUser][IMCore]init pic_up_mgr : tinyid=144115213350774102 sdkappid=1400144296
07-27 11:21:51.971 D/jni_imsdk(26715): [19-07-27 11:21:51.971][DEBUG][timer_queue.cc:81][AddTimer][IMCore]add timer: id=userid_1898141_UpdatePicAddrAndKey
07-27 11:21:51.971 D/jni_imsdk(26715): [19-07-27 11:21:51.971][DEBUG][timer_queue.cc:121][RunLoop][IMCore]timer runloop: name|ctx_timer_queue fire_time_ms|829915669
07-27 11:21:51.977 D/jni_imsdk(26715): [19-07-27 11:21:51.977][DEBUG][sqlite_store.cc:247][UpgradeForOpenDB][IMCore]colName :id
07-27 11:21:51.978 D/jni_imsdk(26715): [19-07-27 11:21:51.978][DEBUG][sqlite_store.cc:247][UpgradeForOpenDB][IMCore]colName :type
07-27 11:21:51.978 D/jni_imsdk(26715): [19-07-27 11:21:51.978][DEBUG][sqlite_store.cc:247][UpgradeForOpenDB][IMCore]colName :sid
07-27 11:21:51.978 D/jni_imsdk(26715): [19-07-27 11:21:51.978][DEBUG][sqlite_store.cc:247][UpgradeForOpenDB][IMCore]colName :msg_unread
07-27 11:21:51.978 D/jni_imsdk(26715): [19-07-27 11:21:51.978][DEBUG][sqlite_store.cc:247][UpgradeForOpenDB][IMCore]colName :active_time
07-27 11:21:51.978 D/jni_imsdk(26715): [19-07-27 11:21:51.978][DEBUG][sqlite_store.cc:247][UpgradeForOpenDB][IMCore]colName :content
07-27 11:21:51.978 D/jni_imsdk(26715): [19-07-27 11:21:51.978][INFO][sqlite_store.cc:269][UpgradeForOpenDB][IMCore]session table has been update before
07-27 11:21:51.979 D/jni_imsdk(26715): [19-07-27 11:21:51.979][EVENT][msg_manager.cc:962][DoLoadFromStore][IMCore]read msgs to cache begin
07-27 11:21:51.979 D/jni_imsdk(26715): [19-07-27 11:21:51.979][EVENT][sqlite_store.cc:471][ReadMsgs][IMCore]ReadMsgs: last == nullptr, use time now
07-27 11:21:51.979 D/jni_imsdk(26715): [19-07-27 11:21:51.979][DEBUG][msg_cache.cc:227][AddMsg][IMCore]insert into c2c_msgs: client_time=1564197597, server_time=1564197597, seq=1805758002, rand=1805758002
07-27 11:21:51.979 D/jni_imsdk(26715): [19-07-27 11:21:51.979][DEBUG][msg_manager.cc:326][CheckC2COtherDupMsg][IMCore]CheckC2COtherDup: is_self=0, seq=1805758002, rand=1805758002, sid=, type=3, time=1564197597
07-27 11:21:51.979 D/jni_imsdk(26715): [19-07-27 11:21:51.979][DEBUG][msg_cache.cc:227][AddMsg][IMCore]insert into c2c_msgs: client_time=1564197589, server_time=1564197589, seq=1055261218, rand=1055261218
07-27 11:21:51.979 D/jni_imsdk(26715): [19-07-27 11:21:51.979][DEBUG][msg_manager.cc:326][CheckC2COtherDupMsg][IMCore]CheckC2COtherDup: is_self=0, seq=1055261218, rand=1055261218, sid=, type=3, time=1564197589
07-27 11:21:51.979 D/jni_imsdk(26715): [19-07-27 11:21:51.979][DEBUG][msg_cache.cc:227][AddMsg][IMCore]insert into c2c_msgs: client_time=1564197246, server_time=1564197246, seq=2283303623, rand=2283303623
07-27 11:21:51.979 D/jni_imsdk(26715): [19-07-27 11:21:51.979][DEBUG][msg_manager.cc:326][CheckC2COtherDupMsg][IMCore]CheckC2COtherDup: is_self=0, seq=2283303623, rand=2283303623, sid=, type=3, time=1564197246
07-27 11:21:51.979 D/jni_imsdk(26715): [19-07-27 11:21:51.979][DEBUG][msg_cache.cc:227][AddMsg][IMCore]insert into c2c_msgs: client_time=1564197236, server_time=1564197236, seq=1567016821, rand=1567016821
07-27 11:21:51.979 D/jni_imsdk(26715): [19-07-27 11:21:51.979][DEBUG][msg_manager.cc:326][CheckC2COtherDupMsg][IMCore]CheckC2COtherDup: is_self=0, seq=1567016821, rand=1567016821, sid=, type=3, time=1564197236
07-27 11:21:51.980 D/jni_imsdk(26715): [19-07-27 11:21:51.979][DEBUG][msg_cache.cc:227][AddMsg][IMCore]insert into c2c_msgs: client_time=1564197220, server_time=1564197220, seq=1387920833, rand=1387920833
07-27 11:21:51.980 D/jni_imsdk(26715): [19-07-27 11:21:51.980][DEBUG][msg_manager.cc:326][CheckC2COtherDupMsg][IMCore]CheckC2COtherDup: is_self=0, seq=1387920833, rand=1387920833, sid=, type=3, time=1564197220
07-27 11:21:51.980 D/jni_imsdk(26715): [19-07-27 11:21:51.980][DEBUG][msg_cache.cc:227][AddMsg][IMCore]insert into c2c_msgs: client_time=1564197210, server_time=1564197210, seq=598922808, rand=598922808
07-27 11:21:51.980 D/jni_imsdk(26715): [19-07-27 11:21:51.980][DEBUG][msg_manager.cc:326][CheckC2COtherDupMsg][IMCore]CheckC2COtherDup: is_self=0, seq=598922808, rand=598922808, sid=, type=3, time=1564197210
07-27 11:21:51.980 D/jni_imsdk(26715): [19-07-27 11:21:51.980][DEBUG][msg_cache.cc:227][AddMsg][IMCore]insert into c2c_msgs: client_time=1564197127, server_time=1564197127, seq=1566997526, rand=1566997526
07-27 11:21:51.980 D/jni_imsdk(26715): [19-07-27 11:21:51.980][DEBUG][msg_manager.cc:326][CheckC2COtherDupMsg][IMCore]CheckC2COtherDup: is_self=0, seq=1566997526, rand=1566997526, sid=, type=3, time=1564197127
07-27 11:21:51.980 D/jni_imsdk(26715): [19-07-27 11:21:51.980][DEBUG][msg_cache.cc:227][AddMsg][IMCore]insert into c2c_msgs: client_time=1564192992, server_time=1564192992, seq=482479698, rand=482479698
07-27 11:21:51.980 D/jni_imsdk(26715): [19-07-27 11:21:51.980][DEBUG][msg_manager.cc:326][CheckC2COtherDupMsg][IMCore]CheckC2COtherDup: is_self=0, seq=482479698, rand=482479698, sid=, type=3, time=1564192992
07-27 11:21:51.980 D/jni_imsdk(26715): [19-07-27 11:21:51.980][DEBUG][msg_cache.cc:227][AddMsg][IMCore]insert into c2c_msgs: client_time=1564192976, server_time=1564192976, seq=508078538, rand=508078538
07-27 11:21:51.980 D/jni_imsdk(26715): [19-07-27 11:21:51.980][DEBUG][msg_manager.cc:326][CheckC2COtherDupMsg][IMCore]CheckC2COtherDup: is_self=0, seq=508078538, rand=508078538, sid=, type=3, time=1564192976
07-27 11:21:51.980 D/jni_imsdk(26715): [19-07-27 11:21:51.980][DEBUG][msg_cache.cc:227][AddMsg][IMCore]insert into c2c_msgs: client_time=1564192957, server_time=1564192957, seq=508074824, rand=508074824
07-27 11:21:51.980 D/jni_imsdk(26715): [19-07-27 11:21:51.980][DEBUG][msg_manager.cc:326][CheckC2COtherDupMsg][IMCore]CheckC2COtherDup: is_self=0, seq=508074824, rand=508074824, sid=, type=3, time=1564192957
07-27 11:21:51.980 D/jni_imsdk(26715): [19-07-27 11:21:51.980][DEBUG][session.cc:780][AddSession][IMCore]add session, type: 3, sid:
07-27 11:21:51.980 D/jni_imsdk(26715): [19-07-27 11:21:51.980][EVENT][msg_manager.cc:979][DoLoadFromStore][IMCore]read msgs to cache end
07-27 11:21:51.981 D/jni_imsdk(26715): [19-07-27 11:21:51.981][WARN][][imsdk.QualityReportHelper]ignore reportQrEvent event:1|code:0|descr:
07-27 11:21:51.982 I/CoreWrapper(26715): [CoreWrapper handleRespMsg] recv resp msg:1564197711982|push.cmdRegister|45737|1135
07-27 11:21:51.982 D/CoreWrapper(26715): [CoreWrapper handlePushMsg] recv push cmd: cmd_connInfo:msf cmd:onConnInfo:-1
07-27 11:21:51.982 D/jni_imsdk(26715): [19-07-27 11:21:51.982][INFO][imcore_user_impl.cc:216][operator()][IMCore]IMCoreCtx init done
07-27 11:21:51.982 D/jni_imsdk(26715): [19-07-27 11:21:51.982][DEBUG][group_assistant.cc:59][Init][IMCore]GroupAssistant init begin, isEnabled: 1, isInited: 0
07-27 11:21:51.982 D/jni_imsdk(26715): [19-07-27 11:21:51.982][EVENT][fake_store.cc:8][FakeMsgStore][IMCore]FakeMsgStore
07-27 11:21:51.982 D/jni_imsdk(26715): [19-07-27 11:21:51.982][DEBUG][][CoreWrapper][CoreWrapper handleRespMsg] recv resp msg:1564197711982|push.cmdRegister|45737|1135
07-27 11:21:51.982 D/jni_imsdk(26715): [19-07-27 11:21:51.982][DEBUG][][CoreWrapper][CoreWrapper handlePushMsg] recv push cmd: cmd_connInfo:msf cmd:onConnInfo:-1
07-27 11:21:51.987 D/jni_imsdk(26715): [19-07-27 11:21:51.987][DEBUG][sqlite_store.cc:2750][WriteMemberInfoFlags][IMCore]WriteMemberInfoFlags: ret=1, flags=0xb740ff47
07-27 11:21:51.987 D/jni_imsdk(26715): [19-07-27 11:21:51.987][DEBUG][sqlite_store.cc:2693][ReadGroupInfoFlags][IMCore]ReadGroupInfoFlags: flags=0xffff7fff
07-27 11:21:51.988 D/jni_imsdk(26715): [19-07-27 11:21:51.988][DEBUG][group_assistant.cc:99][Init][IMCore]GroupAssistant isSettingChanged 0
07-27 11:21:51.988 D/jni_imsdk(26715): [19-07-27 11:21:51.988][DEBUG][sqlite_store.cc:2540][ReadGroupInfosAll][IMCore]ReadGroupInfosAll, total 0
07-27 11:21:51.988 D/jni_imsdk(26715): [19-07-27 11:21:51.988][DEBUG][group_assistant.cc:114][operator()][IMCore]GroupAssistant init end
07-27 11:21:51.989 D/jni_imsdk(26715): [19-07-27 11:21:51.988][DEBUG][sso_task.cc:42][run][IMCore]sso send cmd:IMBDH.GetKeyAndIp|req:0a1231343431313532313333353037373431303210001a52082310a883d29b051a48a935b672cad2f0b5c6ecec5b60f09a0d7e83f91965ef909116a8675323d84e782dd73cc9eb4f00780974fbaf1b311c8dc17a56ac65dfbac28733cf2662e070c450b00b0c9bce291d200328012802280430e5fd8a8002
07-27 11:21:51.989 D/jni_imsdk(26715): [19-07-27 11:21:51.989][DEBUG][][imcore_jni]request user: userid_1898141|cmd:IMBDH.GetKeyAndIp
07-27 11:21:51.989 D/jni_imsdk(26715): [19-07-27 11:21:51.989][DEBUG][][imsdk.IMMsfCoreProxy]request user: userid_1898141|cmd:IMBDH.GetKeyAndIp|req
07-27 11:21:51.990 D/QALSDKManager(26715): sendmsg:userid_1898141:IMBDH.GetKeyAndIp:0
07-27 11:21:51.990 D/jni_imsdk(26715): [19-07-27 11:21:51.990][EVENT][][IMMsgSender]sendmsg cb: com.tencent.imsdk.ac@4ff3d00
07-27 11:21:51.991 D/MsfServiceSdk(26715): sdk sendMsg. ssoCmd:IMBDH.GetKeyAndIp msfCmd:unknown appSeq:1136
07-27 11:21:51.991 D/MSF.D.RemoteServiceProxy(26715): waiteSendSeqSet put:144115213350774102IMBDH.GetKeyAndIp :-1:1136
07-27 11:21:51.991 D/MsfServiceProxy(26715): send req to msfService:ToServiceMsg msName:unknown ssoSeq:-1 appId:537050853 appSeq:1136 sName:com.tencent.qalsdk.service.QalService uin:144115213350774102 sCmd:IMBDH.GetKeyAndIp t:10000 needResp:truehttpReq:false
07-27 11:21:51.993 D/QalService(23909): service rcvmsg. ssoCmd:IMBDH.GetKeyAndIp msfCmd:unknown appSeq:1136
07-27 11:21:51.993 D/MSF.C.NetConnTag(23909): ping pkg sent, buffer size: 21
07-27 11:21:51.995 D/MSF.C.NetConnTag(23909): add ToServiceMsg msName:qal_Hello ssoSeq:45739 appId:537050853 appSeq:-1 sName: uin:0 sCmd:MSF t:10000 needResp:truehttpReq:false to send
07-27 11:21:51.999 I/MSF.C.NetConnTag(23909): netSend ssoSeq:45739 appSeq:-1 uin:0 cmd:MSF 45760
07-27 11:21:52.000 D/jni_imsdk(26715): [19-07-27 11:21:51.999][EVENT][][imsdk.IMCoreWrapper]Login|4-InitIMCore|Succ|imcore init succ
07-27 11:21:52.000 D/jni_imsdk(26715): [19-07-27 11:21:52.0][DEBUG][][IMMsfUserInfo]update login state: 2-->2|userid_1898141
07-27 11:21:52.001 D/QALSDKManager(26715): sendmsg:userid_1898141:group_open_tcp_svc.get_group_list:0
07-27 11:21:52.001 I/MSF.C.NetConnTag(23909): netSend ssoSeq:45738 appSeq:1136 uin:*4102 cmd:IMBDH.GetKeyAndIp 46158
07-27 11:21:52.001 D/jni_imsdk(26715): [19-07-27 11:21:52.1][DEBUG][sso_task.cc:42][run][IMCore]sso send cmd:group_open_tcp_svc.get_group_list|req:080112370a300a001200180120012801300138014001500158016a0072007a00820100880100a2010a10011800200128013001a801011090031800
07-27 11:21:52.001 D/jni_imsdk(26715): [19-07-27 11:21:52.1][INFO][ctx.cc:395][operator()][IMCore]ClearLog begin! this:0xb7615d58
07-27 11:21:52.001 D/MsfServiceSdk(26715): sdk sendMsg. ssoCmd:group_open_tcp_svc.get_group_list msfCmd:unknown appSeq:1137
07-27 11:21:52.001 D/jni_imsdk(26715): [19-07-27 11:21:52.1][DEBUG][][imcore_jni]request user: userid_1898141|cmd:group_open_tcp_svc.get_group_list
07-27 11:21:52.001 D/jni_imsdk(26715): [19-07-27 11:21:52.1][DEBUG][][imsdk.IMMsfCoreProxy]request user: userid_1898141|cmd:group_open_tcp_svc.get_group_list|req
07-27 11:21:52.001 D/jni_imsdk(26715): [19-07-27 11:21:52.1][EVENT][][IMMsgSender]sendmsg cb: com.tencent.imsdk.ac@3432939
07-27 11:21:52.001 D/jni_imsdk(26715): [19-07-27 11:21:52.1][INFO][][HeartBeatHelper]schedule timer: userid_1898141|AppHelloTask|180000
07-27 11:21:52.001 D/MSF.D.RemoteServiceProxy(26715): waiteSendSeqSet put:144115213350774102group_open_tcp_svc.get_group_list :-1:1137
07-27 11:21:52.001 D/jni_imsdk(26715): [19-07-27 11:21:52.1][INFO][ctx.cc:452][operator()][IMCore]ClearLog end!
07-27 11:21:52.002 D/MsfServiceProxy(26715): send req to msfService:ToServiceMsg msName:unknown ssoSeq:-1 appId:537050853 appSeq:1137 sName:com.tencent.qalsdk.service.QalService uin:144115213350774102 sCmd:group_open_tcp_svc.get_group_list t:10000 needResp:truehttpReq:false
07-27 11:21:52.002 D/jni_imsdk(26715): [19-07-27 11:21:52.2][EVENT][][imsdk.IMMsfCoreProxy]Login|5-Callback|Succ|Login succ with imcore
07-27 11:21:52.002 D/jni_imsdk(26715): [19-07-27 11:21:52.2][INFO][][imsdk.IMMsfCoreProxy]1400144296::userid_1898141: login succ. tinyid: 144115213350774102 env: 0 mode: 1
07-27 11:21:52.002 D/jni_imsdk(26715): [19-07-27 11:21:52.2][INFO][][MSF.C.TIMGroupManager]JoinGroup|1-Begin|Succ|group id=@TGS#aSQBYD7FQ
07-27 11:21:52.003 D/jni_imsdk(26715): [19-07-27 11:21:52.3][DEBUG][group_manager_proto.cc:372][ApplyJoinGroup][IMCore]cmd: group_open_svc.apply_join_group|req: 080112180a0e40544753236153514259443746511206e6b58be8af95
07-27 11:21:52.003 D/jni_imsdk(26715): [19-07-27 11:21:52.3][DEBUG][][imcore_jni]request user: userid_1898141|cmd:group_open_svc.apply_join_group
07-27 11:21:52.003 D/jni_imsdk(26715): [19-07-27 11:21:52.3][DEBUG][][imsdk.IMMsfCoreProxy]request user: userid_1898141|cmd:group_open_svc.apply_join_group|req
07-27 11:21:52.003 I/IMMsgSender(26715): need resend
07-27 11:21:52.003 D/QALSDKManager(26715): sendmsg:userid_1898141:group_open_svc.apply_join_group:0
07-27 11:21:52.004 D/MsfServiceSdk(26715): sdk sendMsg. ssoCmd:group_open_svc.apply_join_group msfCmd:unknown appSeq:1138
07-27 11:21:52.004 D/MSF.D.RemoteServiceProxy(26715): waiteSendSeqSet put:144115213350774102group_open_svc.apply_join_group :-1:1138
07-27 11:21:52.004 D/MsfServiceProxy(26715): send req to msfService:ToServiceMsg msName:unknown ssoSeq:-1 appId:537050853 appSeq:1138 sName:com.tencent.qalsdk.service.QalService uin:144115213350774102 sCmd:group_open_svc.apply_join_group t:10000 needResp:truehttpReq:false
07-27 11:21:52.005 D/QalService(23909): service rcvmsg. ssoCmd:group_open_tcp_svc.get_group_list msfCmd:unknown appSeq:1137
07-27 11:21:52.006 D/jni_imsdk(26715): [19-07-27 11:21:52.6][DEBUG][sso_task.cc:42][run][IMCore]sso send cmd:Profile.PortraitGet_PB|req:08d6ca8294de8080800210d6ca8294de808080021a135461675f50726f66696c655f494d5f4e69636b1a185461675f50726f66696c655f494d5f416c6c6f77547970651a145461675f50726f66696c655f494d5f496d6167651a1c5461675f50726f66696c655f494d5f53656c665369676e61747572651a155461675f50726f66696c655f494d5f47656e6465721a175461675f50726f66696c655f494d5f4269727468446179
07-27 11:21:52.006 I/MSF.C.NetConnTag(23909): netSend ssoSeq:45740 appSeq:1137 uin:*4102 cmd:group_open_tcp_svc.get_group_list 46120
07-27 11:21:52.006 D/QalService(23909): service rcvmsg. ssoCmd:group_open_svc.apply_join_group msfCmd:unknown appSeq:1138
07-27 11:21:52.007 D/QALSDKManager(26715): sendmsg:userid_1898141:Profile.PortraitGet_PB:0
07-27 11:21:52.007 D/jni_imsdk(26715): [19-07-27 11:21:52.7][DEBUG][][imcore_jni]request user: userid_1898141|cmd:Profile.PortraitGet_PB
07-27 11:21:52.007 D/jni_imsdk(26715): [19-07-27 11:21:52.7][DEBUG][][imsdk.IMMsfCoreProxy]request user: userid_1898141|cmd:Profile.PortraitGet_PB|req
07-27 11:21:52.007 D/MsfServiceSdk(26715): sdk sendMsg. ssoCmd:Profile.PortraitGet_PB msfCmd:unknown appSeq:1139
07-27 11:21:52.007 D/jni_imsdk(26715): [19-07-27 11:21:52.7][EVENT][][IMMsgSender]sendmsg cb: com.tencent.imsdk.ac@53e1b7e
07-27 11:21:52.007 D/MSF.D.RemoteServiceProxy(26715): waiteSendSeqSet put:144115213350774102Profile.PortraitGet_PB :-1:1139
07-27 11:21:52.007 D/MsfServiceProxy(26715): send req to msfService:ToServiceMsg msName:unknown ssoSeq:-1 appId:537050853 appSeq:1139 sName:com.tencent.qalsdk.service.QalService uin:144115213350774102 sCmd:Profile.PortraitGet_PB t:10000 needResp:truehttpReq:false
07-27 11:21:52.008 D/MSF.C.NetConnTag(23909): ping pkg ack received
07-27 11:21:52.008 D/jni_imsdk(26715): [19-07-27 11:21:52.8][INFO][][IMMsgSender]resend msg original request, qalSeq:1138|ResendMsg{sender:userid_1898141, serviceCmd:group_open_svc.apply_join_group, randKey:1887908321, remainRetries:2}
07-27 11:21:52.009 I/MSF.C.NetConnTag(23909): netSend ssoSeq:45741 appSeq:1138 uin:*4102 cmd:group_open_svc.apply_join_group 46089
07-27 11:21:52.009 I/MSF.C.NetConnTag(23909): netRecv ssoSeq:45739 uin: cmd:MSF 45760
07-27 11:21:52.010 D/QalService(23909): service rcvmsg. ssoCmd:Profile.PortraitGet_PB msfCmd:unknown appSeq:1139
07-27 11:21:52.011 D/MSF.C.NetConnTag(23909): ping pkg sent, buffer size: 21
07-27 11:21:52.012 D/MSF.C.NetConnTag(23909): add ToServiceMsg msName:qal_Hello ssoSeq:45743 appId:537050853 appSeq:-1 sName: uin:0 sCmd:MSF t:10000 needResp:truehttpReq:false to send
07-27 11:21:52.014 I/MSF.C.NetConnTag(23909): netSend ssoSeq:45743 appSeq:-1 uin:0 cmd:MSF 45764
07-27 11:21:52.017 I/MSF.C.NetConnTag(23909): netSend ssoSeq:45742 appSeq:1139 uin:*4102 cmd:Profile.PortraitGet_PB 46218
07-27 11:21:52.017 D/jni_imsdk(26715): [19-07-27 11:21:52.17][DEBUG][sso_task.cc:42][run][IMCore]sso send cmd:im_open_msg.msg_sync|req:0a1708dd85efe90510e385efe905288ae2f332389493cbde0b100020002800
07-27 11:21:52.017 D/jni_imsdk(26715): [19-07-27 11:21:52.17][DEBUG][][imcore_jni]request user: userid_1898141|cmd:im_open_msg.msg_sync
07-27 11:21:52.017 D/jni_imsdk(26715): [19-07-27 11:21:52.17][DEBUG][][imsdk.IMMsfCoreProxy]request user: userid_1898141|cmd:im_open_msg.msg_sync|req
07-27 11:21:52.020 I/MSF.C.NetConnTag(23909): netRecv ssoSeq:45738 uin:*4102 cmd:IMBDH.GetKeyAndIp 46274
07-27 11:21:52.022 D/MSF.C.MsfCore(23909): service recv msg . ssoCmd:IMBDH.GetKeyAndIp ssoSeq:45738
07-27 11:21:52.022 D/QALSDKManager(26715): sendmsg:userid_1898141:im_open_msg.msg_sync:0
07-27 11:21:52.022 D/jni_imsdk(26715): [19-07-27 11:21:52.22][EVENT][][IMMsgSender]sendmsg cb: com.tencent.imsdk.ac@94648df
07-27 11:21:52.022 D/MsfServiceSdk(26715): sdk sendMsg. ssoCmd:im_open_msg.msg_sync msfCmd:unknown appSeq:1140
07-27 11:21:52.022 D/MSF.D.RemoteServiceProxy(26715): waiteSendSeqSet put:144115213350774102im_open_msg.msg_sync :-1:1140
07-27 11:21:52.022 D/MsfServiceProxy(26715): send req to msfService:ToServiceMsg msName:unknown ssoSeq:-1 appId:537050853 appSeq:1140 sName:com.tencent.qalsdk.service.QalService uin:144115213350774102 sCmd:im_open_msg.msg_sync t:10000 needResp:truehttpReq:false
07-27 11:21:52.024 D/QalService(23909): service rcvmsg. ssoCmd:im_open_msg.msg_sync msfCmd:unknown appSeq:1140
07-27 11:21:52.024 D/MSF.S.RespHandler(23909): service getMsfMessagePairs resp:IMBDH.GetKeyAndIp:45738:1136
07-27 11:21:52.025 D/jni_imsdk(26715): [19-07-27 11:21:52.25][DEBUG][sso_task.cc:42][run][IMCore]sso send cmd:group_open_tcp_svc.get_group_list|req:080112170a100a0028013801a2010418002001a801011090031800
07-27 11:21:52.025 D/MSF.S.AppProcessManager(23909): service add queue last:1564197712025|IMBDH.GetKeyAndIp|45738
07-27 11:21:52.025 I/MSF.C.NetConnTag(23909): netSend ssoSeq:45744 appSeq:1140 uin:*4102 cmd:im_open_msg.msg_sync 46084
07-27 11:21:52.027 I/MSF.S.AppProcessManager(23909): service send resp :com.yishouapp.fumi| from:144115213350774102|IMBDH.GetKeyAndIp|45738|1136
07-27 11:21:52.030 D/QALSDKManager(26715): sendmsg:userid_1898141:group_open_tcp_svc.get_group_list:0
07-27 11:21:52.030 D/MsfServiceProxy(26715): msfProxy onReceiveResp:144115213350774102:IMBDH.GetKeyAndIp :45738:1136
07-27 11:21:52.030 D/MsfServiceProxy(26715): waiteSendSeqSet receiveResp remove:144115213350774102:IMBDH.GetKeyAndIp :45738:1136
07-27 11:21:52.030 D/MsfServiceProxy(26715): onReceiveResp SsoCmd:IMBDH.GetKeyAndIp ssoSeq:45738
07-27 11:21:52.030 D/MsfServiceProxy(26715): sdk add queue req:ToServiceMsg msName:unknown ssoSeq:45738 appId:537050853 appSeq:1136 sName:com.tencent.qalsdk.service.QalService uin:144115213350774102 sCmd:IMBDH.GetKeyAndIp t:10000 needResp:truehttpReq:false from:FromServiceMsg msName:unknown ssoSeq:45738 failCode:1000 errorMsg: uin:144115213350774102 serviceCmd:IMBDH.GetKeyAndIp appId:537050853 appSeq:1136
07-27 11:21:52.030 D/jni_imsdk(26715): [19-07-27 11:21:52.30][DEBUG][][imcore_jni]request user: userid_1898141|cmd:group_open_tcp_svc.get_group_list
07-27 11:21:52.030 I/CoreWrapper(26715): [CoreWrapper handleRespMsg] recv resp msg:1564197712030|IMBDH.GetKeyAndIp|45738|1136
07-27 11:21:52.030 D/MsfServiceSdk(26715): sdk sendMsg. ssoCmd:group_open_tcp_svc.get_group_list msfCmd:unknown appSeq:1141
07-27 11:21:52.030 D/jni_imsdk(26715): [19-07-27 11:21:52.30][DEBUG][][imsdk.IMMsfCoreProxy]request user: userid_1898141|cmd:group_open_tcp_svc.get_group_list|req
07-27 11:21:52.030 D/jni_imsdk(26715): [19-07-27 11:21:52.30][EVENT][][IMMsgSender]sendmsg cb: com.tencent.imsdk.ac@89b292c
07-27 11:21:52.030 D/MSF.D.RemoteServiceProxy(26715): waiteSendSeqSet put:144115213350774102group_open_tcp_svc.get_group_list :-1:1141
07-27 11:21:52.031 D/MsfServiceProxy(26715): send req to msfService:ToServiceMsg msName:unknown ssoSeq:-1 appId:537050853 appSeq:1141 sName:com.tencent.qalsdk.service.QalService uin:144115213350774102 sCmd:group_open_tcp_svc.get_group_list t:10000 needResp:truehttpReq:false
07-27 11:21:52.032 D/jni_imsdk(26715): [19-07-27 11:21:52.31][DEBUG][][CoreWrapper][CoreWrapper handleRespMsg] recv resp msg:1564197712030|IMBDH.GetKeyAndIp|45738|1136
07-27 11:21:52.032 D/jni_imsdk(26715): [19-07-27 11:21:52.32][DEBUG][][imsdk.IMMsfCoreProxy]request user: userid_1898141|cmd:IMBDH.GetKeyAndIp|rsp
07-27 11:21:52.032 D/jni_imsdk(26715): [19-07-27 11:21:52.32][DEBUG][sso_task.cc:51][operator()][IMCore]sso recv cmd:IMBDH.GetKeyAndIp|rsp:0a384e23ee824da6493be2225411c9d7786573e64bacc3e49f0567873b04e33dd3296689c0d94049f0c8cb090569524fc9055d1983693378697b121033547762597576546b377434324875571a4e0802120b0801150e1129c41880a001120b080115b7246ca61880a001120b080115b73d26ca1880a001120b0801157933a2201880a001120b0801159dffad0f1880a0011a09702e717069632e636e1a4e0803120b0801150e1129c41880a001120b080115b7246ca61880a001120b080115b73d26ca1880a001120b0801157933a2201880a001120b0801159dffad0f1880a0011a09702e717069632e636e1a87010804120b080115b703fdc91880a001120b0801150e7489531880a001120b080115b4a316241880a001120b080115b4a316171880a001224f080112453043020101043c303a0201010201010204e280a55602037a1db90204c9fd03b702045389740e02037a1afd02042416a3b402041716a3b402045d43ac4f020416b779e4040018cfd88eea051a450801120b0801153d97ba26189fa002120b0801153d97ba26189fa002120b080115b73d26cf189fa002120b080115b73d26cf189fa0021a0d75702e6264682e71712e636f6d
07-27 11:21:52.032 D/MsfServiceSub(26715): serviceSub add last:1564197712032|IMBDH.GetKeyAndIp|45738
07-27 11:21:52.033 D/QalService(23909): service rcvmsg. ssoCmd:group_open_tcp_svc.get_group_list msfCmd:unknown appSeq:1141
07-27 11:21:52.034 I/MSF.C.NetConnTag(23909): netRecv ssoSeq:45741 uin:*4102 cmd:group_open_svc.apply_join_group 45925
07-27 11:21:52.034 I/MSF.C.NetConnTag(23909): netSend ssoSeq:45745 appSeq:1141 uin:*4102 cmd:group_open_tcp_svc.get_group_list 46093
07-27 11:21:52.035 D/jni_imsdk(26715): [19-07-27 11:21:52.35][EVENT][sessionConf.cpp:48][setBdhSessionInfo][IMCore][bdh]setSessionInfo, ticket:56, key:3TwbYuvTk7t42HuW
07-27 11:21:52.035 D/jni_imsdk(26715):
07-27 11:21:52.035 D/jni_imsdk(26715): [19-07-27 11:21:52.35][EVENT][serverConf.cpp:133][setCommFileSrvAddr][IMCore][bdh]setCommFileSrvAddr:183.3.253.201
07-27 11:21:52.035 D/jni_imsdk(26715):
07-27 11:21:52.035 D/jni_imsdk(26715): [19-07-27 11:21:52.35][EVENT][serverConf.cpp:133][setCommFileSrvAddr][IMCore][bdh]setCommFileSrvAddr:14.116.137.83
07-27 11:21:52.035 D/jni_imsdk(26715):
07-27 11:21:52.035 D/jni_imsdk(26715): [19-07-27 11:21:52.35][EVENT][serverConf.cpp:133][setCommFileSrvAddr][IMCore][bdh]setCommFileSrvAddr:180.163.22.36
07-27 11:21:52.035 D/jni_imsdk(26715):
07-27 11:21:52.035 D/jni_imsdk(26715): [19-07-27 11:21:52.35][EVENT][serverConf.cpp:133][setCommFileSrvAddr][IMCore][bdh]setCommFileSrvAddr:180.163.22.23
07-27 11:21:52.035 D/jni_imsdk(26715):
07-27 11:21:52.035 D/jni_imsdk(26715): [19-07-27 11:21:52.35][EVENT][serverConf.cpp:150][setCommFileAuthKey][IMCore][bdh]setCommFileAuthKey, authkey:69, expiretime:1564716111, ver:1
07-27 11:21:52.035 D/jni_imsdk(26715):
07-27 11:21:52.035 D/jni_imsdk(26715): [19-07-27 11:21:52.35][EVENT][serverConf.cpp:66][setServerAddr][IMCore][bdh]setServerAddr:61.151.186.38
07-27 11:21:52.035 D/jni_imsdk(26715):
07-27 11:21:52.035 D/jni_imsdk(26715): [19-07-27 11:21:52.35][EVENT][serverConf.cpp:66][setServerAddr][IMCore][bdh]setServerAddr:61.151.186.38
07-27 11:21:52.035 D/jni_imsdk(26715):
07-27 11:21:52.035 D/jni_imsdk(26715): [19-07-27 11:21:52.35][EVENT][serverConf.cpp:66][setServerAddr][IMCore][bdh]setServerAddr:183.61.38.207
07-27 11:21:52.035 D/jni_imsdk(26715):
07-27 11:21:52.035 D/jni_imsdk(26715): [19-07-27 11:21:52.35][EVENT][serverConf.cpp:66][setServerAddr][IMCore][bdh]setServerAddr:183.61.38.207
07-27 11:21:52.035 D/jni_imsdk(26715):
07-27 11:21:52.035 D/jni_imsdk(26715): [19-07-27 11:21:52.35][EVENT][serverConf.cpp:73][setServerAddr][IMCore][bdh]setServerAddr domain:up.bdh.qq.com
07-27 11:21:52.035 D/jni_imsdk(26715):
07-27 11:21:52.036 D/MSF.C.MsfCore(23909): service recv msg . ssoCmd:group_open_svc.apply_join_group ssoSeq:45741
07-27 11:21:52.037 D/MSF.S.RespHandler(23909): service getMsfMessagePairs resp:group_open_svc.apply_join_group:45741:1138
07-27 11:21:52.037 D/MSF.S.AppProcessManager(23909): service add queue last:1564197712037|group_open_svc.apply_join_group|45741
07-27 11:21:52.040 I/MSF.S.AppProcessManager(23909): service send resp :com.yishouapp.fumi| from:144115213350774102|group_open_svc.apply_join_group|45741|1138
07-27 11:21:52.040 I/MSF.C.NetConnTag(23909): netRecv ssoSeq:45740 uin:*4102 cmd:group_open_tcp_svc.get_group_list 45868
07-27 11:21:52.041 D/MsfServiceProxy(26715): msfProxy onReceiveResp:144115213350774102:group_open_svc.apply_join_group :45741:1138
07-27 11:21:52.041 D/MsfServiceProxy(26715): waiteSendSeqSet receiveResp remove:144115213350774102:group_open_svc.apply_join_group :45741:1138
07-27 11:21:52.041 D/MsfServiceProxy(26715): onReceiveResp SsoCmd:group_open_svc.apply_join_group ssoSeq:45741
07-27 11:21:52.041 D/MsfServiceProxy(26715): sdk add queue req:ToServiceMsg msName:unknown ssoSeq:45741 appId:537050853 appSeq:1138 sName:com.tencent.qalsdk.service.QalService uin:144115213350774102 sCmd:group_open_svc.apply_join_group t:10000 needResp:truehttpReq:false from:FromServiceMsg msName:unknown ssoSeq:45741 failCode:1000 errorMsg: uin:144115213350774102 serviceCmd:group_open_svc.apply_join_group appId:537050853 appSeq:1138
07-27 11:21:52.041 D/MsfServiceSub(26715): serviceSub add last:1564197712041|group_open_svc.apply_join_group|45741
07-27 11:21:52.042 I/CoreWrapper(26715): [CoreWrapper handleRespMsg] recv resp msg:1564197712042|group_open_svc.apply_join_group|45741|1138
07-27 11:21:52.043 D/QALSDKManager(26715): sendmsg:userid_1898141:group_open_long_polling_svc.get_msg:5000
07-27 11:21:52.043 D/jni_imsdk(26715): [19-07-27 11:21:52.43][DEBUG][][CoreWrapper][CoreWrapper handleRespMsg] recv resp msg:1564197712042|group_open_svc.apply_join_group|45741|1138
07-27 11:21:52.043 D/jni_imsdk(26715): [19-07-27 11:21:52.43][INFO][][IMMsgSender]resend msg reply onSucc, qalSeq:1138
07-27 11:21:52.043 D/jni_imsdk(26715): [19-07-27 11:21:52.43][INFO][][IMMsgSender]resend msg reply callback, qalSeq:1138|randKey:1887908321
07-27 11:21:52.043 D/jni_imsdk(26715): [19-07-27 11:21:52.43][DEBUG][][imsdk.IMMsfCoreProxy]request user: userid_1898141|cmd:group_open_svc.apply_join_group|rsp
07-27 11:21:52.043 D/MSF.C.MsfCore(23909): service recv msg . ssoCmd:group_open_tcp_svc.get_group_list ssoSeq:45740
07-27 11:21:52.043 D/jni_imsdk(26715): [19-07-27 11:21:52.43][DEBUG][group_manager_proto.cc:376][operator()][IMCore]cmd: group_open_svc.apply_join_group|rsp: 0a06080012026f6b10011a3c080012386c4e6e7774414f6e544e674c5a476e486e55742f754369574b6c626b4b414b637459754530444e646f594b68714d72432b4f393634413d3d
07-27 11:21:52.043 D/jni_imsdk(26715): [19-07-27 11:21:52.43][INFO][group_manager_proto.cc:379][operator()][IMCore]JoinGroup|2-Send|Succ|group id=@TGS#aSQBYD7FQ
07-27 11:21:52.043 D/jni_imsdk(26715): [19-07-27 11:21:52.43][INFO][group_manager_proto.cc:406][operator()][IMCore]applyJoin group succ
07-27 11:21:52.043 D/jni_imsdk(26715): [19-07-27 11:21:52.43][INFO][group_manager_proto.cc:409][operator()][IMCore]join long polling group : group=@TGS#aSQBYD7FQ
07-27 11:21:52.043 D/jni_imsdk(26715): [19-07-27 11:21:52.43][INFO][msg_manager.cc:2007][JoinLongPollingGroup][IMCore]JoinLongPollingGroup: group|@TGS#aSQBYD7FQ
07-27 11:21:52.043 D/jni_imsdk(26715): [19-07-27 11:21:52.43][INFO][long_polling_msg.cc:130][run][IMCore]Enter Long Polling: group=@TGS#aSQBYD7FQ
07-27 11:21:52.043 D/jni_imsdk(26715): [19-07-27 11:21:52.43][DEBUG][sso_task.cc:42][run][IMCore]sso send cmd:group_open_long_polling_svc.get_msg|req:0a386c4e6e7774414f6e544e674c5a476e486e55742f754369574b6c626b4b414b637459754530444e646f594b68714d72432b4f393634413d3d10001805
07-27 11:21:52.043 D/jni_imsdk(26715): [19-07-27 11:21:52.43][DEBUG][][imcore_jni]request user: userid_1898141|cmd:group_open_long_polling_svc.get_msg
07-27 11:21:52.043 D/MsfServiceSdk(26715): sdk sendMsg. ssoCmd:group_open_long_polling_svc.get_msg msfCmd:unknown appSeq:1142
07-27 11:21:52.043 D/jni_imsdk(26715): [19-07-27 11:21:52.43][DEBUG][][imsdk.IMMsfCoreProxy]request user: userid_1898141|cmd:group_open_long_polling_svc.get_msg|req
07-27 11:21:52.043 D/jni_imsdk(26715): [19-07-27 11:21:52.43][EVENT][][IMMsgSender]sendmsg cb: com.tencent.imsdk.ac@4a41ff5
07-27 11:21:52.043 D/MSF.D.RemoteServiceProxy(26715): waiteSendSeqSet put:144115213350774102group_open_long_polling_svc.get_msg :-1:1142
07-27 11:21:52.043 D/MsfServiceProxy(26715): send req to msfService:ToServiceMsg msName:unknown ssoSeq:-1 appId:537050853 appSeq:1142 sName:com.tencent.qalsdk.service.QalService uin:144115213350774102 sCmd:group_open_long_polling_svc.get_msg t:5000 needResp:truehttpReq:false
07-27 11:21:52.044 D/MSF.S.RespHandler(23909): service getMsfMessagePairs resp:group_open_tcp_svc.get_group_list:45740:1137
07-27 11:21:52.044 D/MSF.C.NetConnTag(23909): ping pkg ack received
07-27 11:21:52.044 D/MSF.S.AppProcessManager(23909): service add queue last:1564197712044|group_open_tcp_svc.get_group_list|45740
07-27 11:21:52.044 D/QalService(23909): service rcvmsg. ssoCmd:group_open_long_polling_svc.get_msg msfCmd:unknown appSeq:1142
07-27 11:21:52.046 I/MSF.C.NetConnTag(23909): netRecv ssoSeq:45743 uin: cmd:MSF 45764
07-27 11:21:52.046 I/MSF.C.NetConnTag(23909): netSend ssoSeq:45746 appSeq:1142 uin:*4102 cmd:group_open_long_polling_svc.get_msg 46126
07-27 11:21:52.046 I/MSF.S.AppProcessManager(23909): service send resp :com.yishouapp.fumi| from:144115213350774102|group_open_tcp_svc.get_group_list|45740|1137
07-27 11:21:52.047 D/jni_imsdk(26715): [19-07-27 11:21:52.47][INFO][][MSF.C.TIMGroupManager]JoinGroup|3-Callback|Succ|code=0
07-27 11:21:52.048 I/MSF.C.NetConnTag(23909): netRecv ssoSeq:45742 uin:*4102 cmd:Profile.PortraitGet_PB 45878
07-27 11:21:52.048 D/jni_imsdk(26715): [19-07-27 11:21:52.48][EVENT][session.cc:727][GetSession][IMCore]get sess in cache failed: type|2 sid|@TGS#aSQBYD7FQ
07-27 11:21:52.049 D/MsfServiceProxy(26715): msfProxy onReceiveResp:144115213350774102:group_open_tcp_svc.get_group_list :45740:1137
07-27 11:21:52.049 D/MsfServiceProxy(26715): waiteSendSeqSet receiveResp remove:144115213350774102:group_open_tcp_svc.get_group_list :45740:1137
07-27 11:21:52.049 D/MsfServiceProxy(26715): onReceiveResp SsoCmd:group_open_tcp_svc.get_group_list ssoSeq:45740
07-27 11:21:52.049 D/MsfServiceProxy(26715): sdk add queue req:ToServiceMsg msName:unknown ssoSeq:45740 appId:537050853 appSeq:1137 sName:com.tencent.qalsdk.service.QalService uin:144115213350774102 sCmd:group_open_tcp_svc.get_group_list t:10000 needResp:truehttpReq:false from:FromServiceMsg msName:unknown ssoSeq:45740 failCode:1000 errorMsg: uin:144115213350774102 serviceCmd:group_open_tcp_svc.get_group_list appId:537050853 appSeq:1137
07-27 11:21:52.049 I/CoreWrapper(26715): [CoreWrapper handleRespMsg] recv resp msg:1564197712049|group_open_tcp_svc.get_group_list|45740|1137
07-27 11:21:52.049 D/jni_imsdk(26715): [19-07-27 11:21:52.49][DEBUG][][CoreWrapper][CoreWrapper handleRespMsg] recv resp msg:1564197712049|group_open_tcp_svc.get_group_list|45740|1137
07-27 11:21:52.049 D/jni_imsdk(26715): [19-07-27 11:21:52.49][DEBUG][][imsdk.IMMsfCoreProxy]request user: userid_1898141|cmd:group_open_tcp_svc.get_group_list|rsp
07-27 11:21:52.049 D/jni_imsdk(26715): [19-07-27 11:21:52.49][DEBUG][sso_task.cc:51][operator()][IMCore]sso recv cmd:group_open_tcp_svc.get_group_list|rsp:0a06080012026f6b10011a021000
07-27 11:21:52.049 D/jni_imsdk(26715): [19-07-27 11:21:52.49][DEBUG][group_manager_task.cc:855][run][IMCore]group sync begin...
07-27 11:21:52.050 D/jni_imsdk(26715): [19-07-27 11:21:52.50][DEBUG][group_manager_task.cc:891][run][IMCore]group sync, need to sync groups count: 0
07-27 11:21:52.050 D/jni_imsdk(26715): [19-07-27 11:21:52.50][EVENT][group_manager_task.cc:828][fillinCacheInfo][IMCore]group sync final size: 0
07-27 11:21:52.050 D/jni_imsdk(26715): [19-07-27 11:21:52.50][DEBUG][group_manager_task.cc:919][run][IMCore]group sync end...
07-27 11:21:52.050 D/jni_imsdk(26715): [19-07-27 11:21:52.50][DEBUG][sso_task.cc:42][run][IMCore]sso send cmd:group_open_svc.get_group_info|req:08082a1c0a0e4054475323615351425944374651120a10001800280030004200
07-27 11:21:52.050 D/jni_imsdk(26715): [19-07-27 11:21:52.50][DEBUG][][imcore_jni]request user: userid_1898141|cmd:group_open_svc.get_group_info
07-27 11:21:52.050 D/jni_imsdk(26715): [19-07-27 11:21:52.50][DEBUG][][imsdk.IMMsfCoreProxy]request user: userid_1898141|cmd:group_open_svc.get_group_info|req
07-27 11:21:52.050 D/MsfServiceSub(26715): serviceSub add last:1564197712050|group_open_tcp_svc.get_group_list|45740
07-27 11:21:52.050 D/jni_imsdk(26715): [19-07-27 11:21:52.50][EVENT][][IMMsgSender]sendmsg cb: com.tencent.imsdk.ac@81c718a
07-27 11:21:52.050 D/QALSDKManager(26715): sendmsg:userid_1898141:group_open_svc.get_group_info:0
07-27 11:21:52.050 D/MsfServiceSdk(26715): sdk sendMsg. ssoCmd:group_open_svc.get_group_info msfCmd:unknown appSeq:1143
07-27 11:21:52.050 D/MSF.D.RemoteServiceProxy(26715): waiteSendSeqSet put:144115213350774102group_open_svc.get_group_info :-1:1143
07-27 11:21:52.050 D/MsfServiceProxy(26715): send req to msfService:ToServiceMsg msName:unknown ssoSeq:-1 appId:537050853 appSeq:1143 sName:com.tencent.qalsdk.service.QalService uin:144115213350774102 sCmd:group_open_svc.get_group_info t:10000 needResp:truehttpReq:false
07-27 11:21:52.050 D/MSF.C.MsfCore(23909): service recv msg . ssoCmd:Profile.PortraitGet_PB ssoSeq:45742
07-27 11:21:52.051 D/MSF.S.RespHandler(23909): service getMsfMessagePairs resp:Profile.PortraitGet_PB:45742:1139
07-27 11:21:52.051 D/MSF.S.AppProcessManager(23909): service add queue last:1564197712051|Profile.PortraitGet_PB|45742
07-27 11:21:52.052 D/QalService(23909): service rcvmsg. ssoCmd:group_open_svc.get_group_info msfCmd:unknown appSeq:1143
07-27 11:21:52.052 I/MSF.C.NetConnTag(23909): netRecv ssoSeq:45744 uin:*4102 cmd:im_open_msg.msg_sync 46128
07-27 11:21:52.052 D/MSF.C.NetConnTag(23909): ping pkg sent, buffer size: 21
07-27 11:21:52.053 D/MSF.C.NetConnTag(23909): add ToServiceMsg msName:qal_Hello ssoSeq:45748 appId:537050853 appSeq:-1 sName: uin:0 sCmd:MSF t:10000 needResp:truehttpReq:false to send
07-27 11:21:52.053 I/MSF.S.AppProcessManager(23909): service send resp :com.yishouapp.fumi| from:144115213350774102|Profile.PortraitGet_PB|45742|1139
07-27 11:21:52.055 D/jni_imsdk(26715): [19-07-27 11:21:52.55][DEBUG][sso_task.cc:42][run][IMCore]sso send cmd:group_open_svc.get_group_info|req:0801125e0a0e4054475323615351425944374651124c1a002001280130013801400148015001580160016a0072007a008001008a0100a001009203140a0f556e5365617263686162696c69747912013092030f0a0a5669736962696c697479120130
07-27 11:21:52.055 D/jni_imsdk(26715): [19-07-27 11:21:52.55][DEBUG][][imcore_jni]request user: userid_1898141|cmd:group_open_svc.get_group_info
07-27 11:21:52.055 D/jni_imsdk(26715): [19-07-27 11:21:52.55][DEBUG][][imsdk.IMMsfCoreProxy]request user: userid_1898141|cmd:group_open_svc.get_group_info|req
07-27 11:21:52.055 D/jni_imsdk(26715): [19-07-27 11:21:52.55][EVENT][][IMMsgSender]sendmsg cb: com.tencent.imsdk.ac@97093fb
07-27 11:21:52.055 D/QALSDKManager(26715): sendmsg:userid_1898141:group_open_svc.get_group_info:0
07-27 11:21:52.055 D/MsfServiceSdk(26715): sdk sendMsg. ssoCmd:group_open_svc.get_group_info msfCmd:unknown appSeq:1144
07-27 11:21:52.055 D/MSF.D.RemoteServiceProxy(26715): waiteSendSeqSet put:144115213350774102group_open_svc.get_group_info :-1:1144
07-27 11:21:52.055 D/MsfServiceProxy(26715): send req to msfService:ToServiceMsg msName:unknown ssoSeq:-1 appId:537050853 appSeq:1144 sName:com.tencent.qalsdk.service.QalService uin:144115213350774102 sCmd:group_open_svc.get_group_info t:10000 needResp:truehttpReq:false
07-27 11:21:52.055 D/MsfServiceProxy(26715): msfProxy onReceiveResp:144115213350774102:Profile.PortraitGet_PB :45742:1139
07-27 11:21:52.055 D/MsfServiceProxy(26715): waiteSendSeqSet receiveResp remove:144115213350774102:Profile.PortraitGet_PB :45742:1139
07-27 11:21:52.056 D/MsfServiceProxy(26715): onReceiveResp SsoCmd:Profile.PortraitGet_PB ssoSeq:45742
07-27 11:21:52.056 D/MsfServiceProxy(26715): sdk add queue req:ToServiceMsg msName:unknown ssoSeq:45742 appId:537050853 appSeq:1139 sName:com.tencent.qalsdk.service.QalService uin:144115213350774102 sCmd:Profile.PortraitGet_PB t:10000 needResp:truehttpReq:false from:FromServiceMsg msName:unknown ssoSeq:45742 failCode:1000 errorMsg: uin:144115213350774102 serviceCmd:Profile.PortraitGet_PB appId:537050853 appSeq:1139
07-27 11:21:52.056 I/MSF.C.NetConnTag(23909): netSend ssoSeq:45748 appSeq:-1 uin:0 cmd:MSF 45769
07-27 11:21:52.056 I/CoreWrapper(26715): [CoreWrapper handleRespMsg] recv resp msg:1564197712056|Profile.PortraitGet_PB|45742|1139
07-27 11:21:52.056 D/MSF.C.MsfCore(23909): service recv msg . ssoCmd:im_open_msg.msg_sync ssoSeq:45744
07-27 11:21:52.056 D/jni_imsdk(26715): [19-07-27 11:21:52.56][DEBUG][][CoreWrapper][CoreWrapper handleRespMsg] recv resp msg:1564197712056|Profile.PortraitGet_PB|45742|1139
07-27 11:21:52.056 D/jni_imsdk(26715): [19-07-27 11:21:52.56][DEBUG][][imsdk.IMMsfCoreProxy]request user: userid_1898141|cmd:Profile.PortraitGet_PB|rsp
07-27 11:21:52.056 D/jni_imsdk(26715): [19-07-27 11:21:52.56][DEBUG][sso_task.cc:51][operator()][IMCore]sso recv cmd:Profile.PortraitGet_PB|rsp:0a0e08d6ca8294de808080021800220020a8ddb214c23e024f4bc83e00d23e00da3e00
07-27 11:21:52.056 D/MsfServiceSub(26715): serviceSub add last:1564197712056|Profile.PortraitGet_PB|45742
07-27 11:21:52.057 D/MSF.S.RespHandler(23909): service getMsfMessagePairs resp:im_open_msg.msg_sync:45744:1140
07-27 11:21:52.057 D/MSF.S.AppProcessManager(23909): service add queue last:1564197712057|im_open_msg.msg_sync|45744
07-27 11:21:52.058 I/MSF.C.NetConnTag(23909): netRecv ssoSeq:45745 uin:*4102 cmd:group_open_tcp_svc.get_group_list 45873
07-27 11:21:52.059 D/QalService(23909): service rcvmsg. ssoCmd:group_open_svc.get_group_info msfCmd:unknown appSeq:1144
07-27 11:21:52.060 I/MSF.C.NetConnTag(23909): netSend ssoSeq:45747 appSeq:1143 uin:*4102 cmd:group_open_svc.get_group_info 46095
07-27 11:21:52.060 I/MSF.S.AppProcessManager(23909): service send resp :com.yishouapp.fumi| from:144115213350774102|im_open_msg.msg_sync|45744|1140
07-27 11:21:52.060 D/paramsStr(26715): room_id=3598&_abtest=1&plat_type=Android&version_code=430&t_t=1564197712&version=27&token=c73cd61253f12578927e4cd14e8e4f75&uid=1898141&version_name=4.3.0&im_user_id=userid_1898141&model=PBEM00&udid=7ad5a76f-5add-4b35-8191-13d25815b6ef_ys&is_login=1
07-27 11:21:52.060 D/jni_imsdk(26715): [19-07-27 11:21:52.60][INFO][][imsdk.TIMManager]AddMessageListener: com.yishouapp.fumi.video.MessageEvent@6e3c671
07-27 11:21:52.061 D/jni_imsdk(26715): [19-07-27 11:21:52.60][DEBUG][qr_task.cc:62][AddEvent][IMCore]add event: eventId=9, code=0, desc=, start=1564197712001, end=1564197712060
07-27 11:21:52.061 D/MSF.C.MsfCore(23909): service recv msg . ssoCmd:group_open_tcp_svc.get_group_list ssoSeq:45745
07-27 11:21:52.064 D/MsfServiceProxy(26715): msfProxy onReceiveResp:144115213350774102:im_open_msg.msg_sync :45744:1140
07-27 11:21:52.064 D/MsfServiceProxy(26715): waiteSendSeqSet receiveResp remove:144115213350774102:im_open_msg.msg_sync :45744:1140
07-27 11:21:52.064 D/MsfServiceProxy(26715): onReceiveResp SsoCmd:im_open_msg.msg_sync ssoSeq:45744
07-27 11:21:52.064 D/MsfServiceProxy(26715): sdk add queue req:ToServiceMsg msName:unknown ssoSeq:45744 appId:537050853 appSeq:1140 sName:com.tencent.qalsdk.service.QalService uin:144115213350774102 sCmd:im_open_msg.msg_sync t:10000 needResp:truehttpReq:false from:FromServiceMsg msName:unknown ssoSeq:45744 failCode:1000 errorMsg: uin:144115213350774102 serviceCmd:im_open_msg.msg_sync appId:537050853 appSeq:1140
07-27 11:21:52.064 D/MSF.C.NetConnTag(23909): ping pkg ack received
07-27 11:21:52.064 D/MsfServiceSub(26715): serviceSub add last:1564197712064|im_open_msg.msg_sync|45744
07-27 11:21:52.064 I/MSF.C.NetConnTag(23909): netSend ssoSeq:45749 appSeq:1144 uin:*4102 cmd:group_open_svc.get_group_info 46161
07-27 11:21:52.064 I/CoreWrapper(26715): [CoreWrapper handleRespMsg] recv resp msg:1564197712064|im_open_msg.msg_sync|45744|1140
07-27 11:21:52.065 D/jni_imsdk(26715): [19-07-27 11:21:52.65][DEBUG][][CoreWrapper][CoreWrapper handleRespMsg] recv resp msg:1564197712064|im_open_msg.msg_sync|45744|1140
07-27 11:21:52.065 D/MSF.S.RespHandler(23909): service getMsfMessagePairs resp:group_open_tcp_svc.get_group_list:45745:1141
07-27 11:21:52.065 D/jni_imsdk(26715): [19-07-27 11:21:52.65][DEBUG][][imsdk.IMMsfCoreProxy]request user: userid_1898141|cmd:im_open_msg.msg_sync|rsp
07-27 11:21:52.065 D/MSF.S.AppProcessManager(23909): service add queue last:1564197712065|group_open_tcp_svc.get_group_list|45745
07-27 11:21:52.066 I/MSF.C.NetConnTag(23909): netRecv ssoSeq:45748 uin: cmd:MSF 45769
07-27 11:21:52.067 I/MSF.S.AppProcessManager(23909): service send resp :com.yishouapp.fumi| from:144115213350774102|group_open_tcp_svc.get_group_list|45745|1141
07-27 11:21:52.070 D/jni_imsdk(26715): [19-07-27 11:21:52.70][DEBUG][sso_task.cc:51][operator()][IMCore]sso recv cmd:im_open_msg.msg_sync|rsp:0a020800121808cf86efe90510cf86efe905288ae0a7dc0838a4acb5de0b180222f60108e485efe905109787e3f0a5808080021ae1010aa2010a2108b404101718f5ee0320ca8daf850328e585efe90530e585efe90540ca8daf850312680a171a1510e5fd8a800228a883d29b055a07416e64726f6964224b089787e3f0a58080800210d6ca8294de808080021805200538928cf0f117420c44656661756c7447726f7570620e4054475323615351425944374651720d320b4054494d2353595354454d3a002213220d320b4054494d2353595354454d28005002123a1238080210d6ca8294de8080800218ac9ec58bc32d22002a0032003a1d08d6ca8294de8080800210c801420e7573657269645f31383938313431200128cf86efe9053000
07-27 11:21:52.070 D/jni_imsdk(26715): [19-07-27 11:21:52.70][DEBUG][msg.cc:1701][GetMsgTinyidList][IMCore]write tinyid: sdkappid=, acctype=, identifier=@TIM#SYSTEM, tinyid=144115198244471703
07-27 11:21:52.070 D/jni_imsdk(26715): [19-07-27 11:21:52.70][DEBUG][msg.cc:1790][GetMsgTinyidList][IMCore]write tinyid: sdkappid=, acctype=, identifier=userid_1898141, tinyid=144115213350774102
07-27 11:21:52.070 D/jni_imsdk(26715): [19-07-27 11:21:52.70][INFO][msg.cc:1254][BuildLocalPbMsg][IMCore]group report|0x2: GetMsgSeq
07-27 11:21:52.070 D/jni_imsdk(26715): [19-07-27 11:21:52.70][INFO][msg.cc:1256][BuildLocalPbMsg][IMCore]group report|0x6: GetMsgSeq
07-27 11:21:52.070 D/jni_imsdk(26715): [19-07-27 11:21:52.70][INFO][msg.cc:1258][BuildLocalPbMsg][IMCore]group report|0x7: GetMsgSeq
